[INFO] fetching crate sentry-error-chain 0.21.0...
[INFO] testing sentry-error-chain-0.21.0 against beta-2021-08-01 for beta-1.55-1
[INFO] extracting crate sentry-error-chain 0.21.0 into /workspace/builds/worker-8/source
[INFO] validating manifest of crates.io crate sentry-error-chain 0.21.0 on toolchain beta-2021-08-01
[INFO] running `Command { std: "/workspace/cargo-home/bin/cargo" "+beta-2021-08-01" "metadata" "--manifest-path" "Cargo.toml" "--no-deps", kill_on_drop: false }`
[INFO] started tweaking crates.io crate sentry-error-chain 0.21.0
[INFO] finished tweaking crates.io crate sentry-error-chain 0.21.0
[INFO] tweaked toml for crates.io crate sentry-error-chain 0.21.0 written to /workspace/builds/worker-8/source/Cargo.toml
[INFO] running `Command { std: "/workspace/cargo-home/bin/cargo" "+beta-2021-08-01" "generate-lockfile" "--manifest-path" "Cargo.toml" "-Zno-index-update", kill_on_drop: false }`
[INFO] running `Command { std: "/workspace/cargo-home/bin/cargo" "+beta-2021-08-01" "fetch" "--manifest-path" "Cargo.toml", kill_on_drop: false }`
[INFO] running `Command { std: "docker" "create" "-v" "/var/lib/crater-agent-workspace/builds/worker-8/target:/opt/rustwide/target:rw,Z" "-v" "/var/lib/crater-agent-workspace/builds/worker-8/source:/opt/rustwide/workdir:ro,Z" "-v" "/var/lib/crater-agent-workspace/cargo-home:/opt/rustwide/cargo-home:ro,Z" "-v" "/var/lib/crater-agent-workspace/rustup-home:/opt/rustwide/rustup-home:ro,Z" "-e" "SOURCE_DIR=/opt/rustwide/workdir" "-e" "CARGO_TARGET_DIR=/opt/rustwide/target" "-e" "CARGO_HOME=/opt/rustwide/cargo-home" "-e" "RUSTUP_HOME=/opt/rustwide/rustup-home" "-w" "/opt/rustwide/workdir" "-m" "1610612736" "--user" "0:0" "--network" "none" "ghcr.io/rust-lang/crates-build-env/linux@sha256:34b6a614d2c27851fe6cbf88fbd1137609cefab8b10d0615aaeb6fd47975d74e" "/opt/rustwide/cargo-home/bin/cargo" "+beta-2021-08-01" "metadata" "--no-deps" "--format-version=1", kill_on_drop: false }`
[INFO] [stdout] 837289c5b88d3a1568d53225b8987959d087b103613cb44731db9baedc909b21
[INFO] [stderr] WARNING: Your kernel does not support swap limit capabilities or the cgroup is not mounted. Memory limited without swap.
[INFO] running `Command { std: "docker" "start" "-a" "837289c5b88d3a1568d53225b8987959d087b103613cb44731db9baedc909b21", kill_on_drop: false }`
[INFO] running `Command { std: "docker" "inspect" "837289c5b88d3a1568d53225b8987959d087b103613cb44731db9baedc909b21", kill_on_drop: false }`
[INFO] running `Command { std: "docker" "rm" "-f" "837289c5b88d3a1568d53225b8987959d087b103613cb44731db9baedc909b21", kill_on_drop: false }`
[INFO] [stdout] 837289c5b88d3a1568d53225b8987959d087b103613cb44731db9baedc909b21
[INFO] running `Command { std: "docker" "create" "-v" "/var/lib/crater-agent-workspace/builds/worker-8/target:/opt/rustwide/target:rw,Z" "-v" "/var/lib/crater-agent-workspace/builds/worker-8/source:/opt/rustwide/workdir:ro,Z" "-v" "/var/lib/crater-agent-workspace/cargo-home:/opt/rustwide/cargo-home:ro,Z" "-v" "/var/lib/crater-agent-workspace/rustup-home:/opt/rustwide/rustup-home:ro,Z" "-e" "SOURCE_DIR=/opt/rustwide/workdir" "-e" "CARGO_TARGET_DIR=/opt/rustwide/target" "-e" "CARGO_INCREMENTAL=0" "-e" "RUST_BACKTRACE=full" "-e" "RUSTFLAGS=--cap-lints=warn" "-e" "CARGO_HOME=/opt/rustwide/cargo-home" "-e" "RUSTUP_HOME=/opt/rustwide/rustup-home" "-w" "/opt/rustwide/workdir" "-m" "1610612736" "--user" "0:0" "--network" "none" "ghcr.io/rust-lang/crates-build-env/linux@sha256:34b6a614d2c27851fe6cbf88fbd1137609cefab8b10d0615aaeb6fd47975d74e" "/opt/rustwide/cargo-home/bin/cargo" "+beta-2021-08-01" "build" "--frozen" "--message-format=json", kill_on_drop: false }`
[INFO] [stdout] 86720af73ef112a7ad9ae7c940117a34708d85ba93a2f9b6216645816d7c42ff
[INFO] [stderr] WARNING: Your kernel does not support swap limit capabilities or the cgroup is not mounted. Memory limited without swap.
[INFO] running `Command { std: "docker" "start" "-a" "86720af73ef112a7ad9ae7c940117a34708d85ba93a2f9b6216645816d7c42ff", kill_on_drop: false }`
[INFO] [stderr]    Compiling getrandom v0.2.3
[INFO] [stderr]    Compiling error-chain v0.12.4
[INFO] [stderr]    Compiling chrono v0.4.19
[INFO] [stderr]    Compiling url v2.2.2
[INFO] [stderr]    Compiling uuid v0.8.2
[INFO] [stderr]    Compiling debugid v0.7.2
[INFO] [stderr]    Compiling sentry-types v0.21.0
[INFO] [stderr]    Compiling sentry-core v0.21.0
[INFO] [stderr]    Compiling sentry-backtrace v0.21.0
[INFO] [stderr]    Compiling sentry-error-chain v0.21.0 (/opt/rustwide/workdir)
[INFO] [stderr]     Finished dev [unoptimized + debuginfo] target(s) in 14.21s
[INFO] running `Command { std: "docker" "inspect" "86720af73ef112a7ad9ae7c940117a34708d85ba93a2f9b6216645816d7c42ff", kill_on_drop: false }`
[INFO] running `Command { std: "docker" "rm" "-f" "86720af73ef112a7ad9ae7c940117a34708d85ba93a2f9b6216645816d7c42ff", kill_on_drop: false }`
[INFO] [stdout] 86720af73ef112a7ad9ae7c940117a34708d85ba93a2f9b6216645816d7c42ff
[INFO] running `Command { std: "docker" "create" "-v" "/var/lib/crater-agent-workspace/builds/worker-8/target:/opt/rustwide/target:rw,Z" "-v" "/var/lib/crater-agent-workspace/builds/worker-8/source:/opt/rustwide/workdir:ro,Z" "-v" "/var/lib/crater-agent-workspace/cargo-home:/opt/rustwide/cargo-home:ro,Z" "-v" "/var/lib/crater-agent-workspace/rustup-home:/opt/rustwide/rustup-home:ro,Z" "-e" "SOURCE_DIR=/opt/rustwide/workdir" "-e" "CARGO_TARGET_DIR=/opt/rustwide/target" "-e" "CARGO_INCREMENTAL=0" "-e" "RUST_BACKTRACE=full" "-e" "RUSTFLAGS=--cap-lints=warn" "-e" "CARGO_HOME=/opt/rustwide/cargo-home" "-e" "RUSTUP_HOME=/opt/rustwide/rustup-home" "-w" "/opt/rustwide/workdir" "-m" "1610612736" "--user" "0:0" "--network" "none" "ghcr.io/rust-lang/crates-build-env/linux@sha256:34b6a614d2c27851fe6cbf88fbd1137609cefab8b10d0615aaeb6fd47975d74e" "/opt/rustwide/cargo-home/bin/cargo" "+beta-2021-08-01" "test" "--frozen" "--no-run" "--message-format=json", kill_on_drop: false }`
[INFO] [stdout] 136275d23dcca64d42fb2513aed900f7a1a4323034f718f087818eaaebc23372
[INFO] [stderr] WARNING: Your kernel does not support swap limit capabilities or the cgroup is not mounted. Memory limited without swap.
[INFO] running `Command { std: "docker" "start" "-a" "136275d23dcca64d42fb2513aed900f7a1a4323034f718f087818eaaebc23372", kill_on_drop: false }`
[INFO] [stderr]    Compiling sentry-error-chain v0.21.0 (/opt/rustwide/workdir)
[INFO] [stderr]     Finished test [unoptimized + debuginfo] target(s) in 1.31s
[INFO] running `Command { std: "docker" "inspect" "136275d23dcca64d42fb2513aed900f7a1a4323034f718f087818eaaebc23372", kill_on_drop: false }`
[INFO] running `Command { std: "docker" "rm" "-f" "136275d23dcca64d42fb2513aed900f7a1a4323034f718f087818eaaebc23372", kill_on_drop: false }`
[INFO] [stdout] 136275d23dcca64d42fb2513aed900f7a1a4323034f718f087818eaaebc23372
[INFO] running `Command { std: "docker" "create" "-v" "/var/lib/crater-agent-workspace/builds/worker-8/target:/opt/rustwide/target:rw,Z" "-v" "/var/lib/crater-agent-workspace/builds/worker-8/source:/opt/rustwide/workdir:ro,Z" "-v" "/var/lib/crater-agent-workspace/cargo-home:/opt/rustwide/cargo-home:ro,Z" "-v" "/var/lib/crater-agent-workspace/rustup-home:/opt/rustwide/rustup-home:ro,Z" "-e" "SOURCE_DIR=/opt/rustwide/workdir" "-e" "CARGO_TARGET_DIR=/opt/rustwide/target" "-e" "CARGO_INCREMENTAL=0" "-e" "RUST_BACKTRACE=full" "-e" "RUSTFLAGS=--cap-lints=warn" "-e" "CARGO_HOME=/opt/rustwide/cargo-home" "-e" "RUSTUP_HOME=/opt/rustwide/rustup-home" "-w" "/opt/rustwide/workdir" "-m" "1610612736" "--user" "0:0" "--network" "none" "ghcr.io/rust-lang/crates-build-env/linux@sha256:34b6a614d2c27851fe6cbf88fbd1137609cefab8b10d0615aaeb6fd47975d74e" "/opt/rustwide/cargo-home/bin/cargo" "+beta-2021-08-01" "test" "--frozen", kill_on_drop: false }`
[INFO] [stderr] WARNING: Your kernel does not support swap limit capabilities or the cgroup is not mounted. Memory limited without swap.
[INFO] [stdout] c149299b0a80725049bfca680d63a87d0c3dc500eb2b84bb9904d3a13a47b854
[INFO] running `Command { std: "docker" "start" "-a" "c149299b0a80725049bfca680d63a87d0c3dc500eb2b84bb9904d3a13a47b854", kill_on_drop: false }`
[INFO] [stderr]     Finished test [unoptimized + debuginfo] target(s) in 0.07s
[INFO] [stderr]      Running unittests (/opt/rustwide/target/debug/deps/sentry_error_chain-4f1b21249b5b25d0)
[INFO] [stdout] 
[INFO] [stderr]    Doc-tests sentry-error-chain
[INFO] [stdout] running 0 tests
[INFO] [stdout] 
[INFO] [stdout] test result: ok. 0 passed; 0 failed; 0 ignored; 0 measured; 0 filtered out; finished in 0.00s
[INFO] [stdout] 
[INFO] [stdout] 
[INFO] [stdout] running 1 test
[INFO] [stderr] error: test failed, to rerun pass '--doc'
[INFO] [stdout] test src/lib.rs - (line 8) - compile ... FAILED
[INFO] [stdout] 
[INFO] [stdout] failures:
[INFO] [stdout] 
[INFO] [stdout] ---- src/lib.rs - (line 8) stdout ----
[INFO] [stdout] error[E0433]: failed to resolve: use of undeclared crate or module `sentry`
[INFO] [stdout]   --> src/lib.rs:15:5
[INFO] [stdout]    |
[INFO] [stdout] 10 |     sentry::init(sentry::ClientOptions::default().add_integration(ErrorChainIntegration));
[INFO] [stdout]    |     ^^^^^^ use of undeclared crate or module `sentry`
[INFO] [stdout] 
[INFO] [stdout] error[E0433]: failed to resolve: use of undeclared crate or module `sentry`
[INFO] [stdout]   --> src/lib.rs:15:26
[INFO] [stdout]    |
[INFO] [stdout] 10 |     sentry::init(sentry::ClientOptions::default().add_integration(ErrorChainIntegration));
[INFO] [stdout]    |                          ^^^^^^^^^^^^^ not found in `sentry`
[INFO] [stdout]    |
[INFO] [stdout] help: consider importing this struct
[INFO] [stdout]    |
[INFO] [stdout] 4  | use sentry_core::ClientOptions;
[INFO] [stdout]    |
[INFO] [stdout] 
[INFO] [stdout] warning: use of deprecated function `sentry_error_chain::capture_error_chain`: The `error_chain` integration is deprecated and will be removed in the future.
[INFO] [stdout]  --> src/lib.rs:11:26
[INFO] [stdout]   |
[INFO] [stdout] 6 | use sentry_error_chain::{capture_error_chain, ErrorChainIntegration};
[INFO] [stdout]   |                          ^^^^^^^^^^^^^^^^^^^
[INFO] [stdout]   |
[INFO] [stdout]   = note: `#[warn(deprecated)]` on by default
[INFO] [stdout] 
[INFO] [stdout] warning: use of deprecated struct `sentry_error_chain::ErrorChainIntegration`: The `error_chain` integration is deprecated and will be removed in the future.
[INFO] [stdout]  --> src/lib.rs:11:47
[INFO] [stdout]   |
[INFO] [stdout] 6 | use sentry_error_chain::{capture_error_chain, ErrorChainIntegration};
[INFO] [stdout]   |                                               ^^^^^^^^^^^^^^^^^^^^^
[INFO] [stdout] 
[INFO] [stdout] warning: use of deprecated struct `sentry_error_chain::ErrorChainIntegration`: The `error_chain` integration is deprecated and will be removed in the future.
[INFO] [stdout]   --> src/lib.rs:15:67
[INFO] [stdout]    |
[INFO] [stdout] 10 |     sentry::init(sentry::ClientOptions::default().add_integration(ErrorChainIntegration));
[INFO] [stdout]    |                                                                   ^^^^^^^^^^^^^^^^^^^^^
[INFO] [stdout] 
[INFO] [stdout] warning: use of deprecated function `sentry_error_chain::capture_error_chain`: The `error_chain` integration is deprecated and will be removed in the future.
[INFO] [stdout]   --> src/lib.rs:19:9
[INFO] [stdout]    |
[INFO] [stdout] 14 |         capture_error_chain(&err);
[INFO] [stdout]    |         ^^^^^^^^^^^^^^^^^^^
[INFO] [stdout] 
[INFO] [stdout] error: aborting due to 2 previous errors; 4 warnings emitted
[INFO] [stdout] 
[INFO] [stdout] For more information about this error, try `rustc --explain E0433`.
[INFO] [stdout] Couldn't compile the test.
[INFO] [stdout] 
[INFO] [stdout] failures:
[INFO] [stdout]     src/lib.rs - (line 8)
[INFO] [stdout] 
[INFO] [stdout] test result: FAILED. 0 passed; 1 failed; 0 ignored; 0 measured; 0 filtered out; finished in 0.33s
[INFO] [stdout] 
[INFO] running `Command { std: "docker" "inspect" "c149299b0a80725049bfca680d63a87d0c3dc500eb2b84bb9904d3a13a47b854", kill_on_drop: false }`
[INFO] running `Command { std: "docker" "rm" "-f" "c149299b0a80725049bfca680d63a87d0c3dc500eb2b84bb9904d3a13a47b854", kill_on_drop: false }`
[INFO] [stdout] c149299b0a80725049bfca680d63a87d0c3dc500eb2b84bb9904d3a13a47b854
