[INFO] fetching crate sentry-contexts 0.23.0...
[INFO] testing sentry-contexts-0.23.0 against beta-2021-08-01 for beta-1.55-1
[INFO] extracting crate sentry-contexts 0.23.0 into /workspace/builds/worker-3/source
[INFO] validating manifest of crates.io crate sentry-contexts 0.23.0 on toolchain beta-2021-08-01
[INFO] running `Command { std: "/workspace/cargo-home/bin/cargo" "+beta-2021-08-01" "metadata" "--manifest-path" "Cargo.toml" "--no-deps", kill_on_drop: false }`
[INFO] started tweaking crates.io crate sentry-contexts 0.23.0
[INFO] finished tweaking crates.io crate sentry-contexts 0.23.0
[INFO] tweaked toml for crates.io crate sentry-contexts 0.23.0 written to /workspace/builds/worker-3/source/Cargo.toml
[INFO] running `Command { std: "/workspace/cargo-home/bin/cargo" "+beta-2021-08-01" "generate-lockfile" "--manifest-path" "Cargo.toml" "-Zno-index-update", kill_on_drop: false }`
[INFO] running `Command { std: "/workspace/cargo-home/bin/cargo" "+beta-2021-08-01" "fetch" "--manifest-path" "Cargo.toml", kill_on_drop: false }`
[INFO] [stderr]     Blocking waiting for file lock on package cache
[INFO] running `Command { std: "docker" "create" "-v" "/var/lib/crater-agent-workspace/builds/worker-3/target:/opt/rustwide/target:rw,Z" "-v" "/var/lib/crater-agent-workspace/builds/worker-3/source:/opt/rustwide/workdir:ro,Z" "-v" "/var/lib/crater-agent-workspace/cargo-home:/opt/rustwide/cargo-home:ro,Z" "-v" "/var/lib/crater-agent-workspace/rustup-home:/opt/rustwide/rustup-home:ro,Z" "-e" "SOURCE_DIR=/opt/rustwide/workdir" "-e" "CARGO_TARGET_DIR=/opt/rustwide/target" "-e" "CARGO_HOME=/opt/rustwide/cargo-home" "-e" "RUSTUP_HOME=/opt/rustwide/rustup-home" "-w" "/opt/rustwide/workdir" "-m" "1610612736" "--user" "0:0" "--network" "none" "ghcr.io/rust-lang/crates-build-env/linux@sha256:34b6a614d2c27851fe6cbf88fbd1137609cefab8b10d0615aaeb6fd47975d74e" "/opt/rustwide/cargo-home/bin/cargo" "+beta-2021-08-01" "metadata" "--no-deps" "--format-version=1", kill_on_drop: false }`
[INFO] [stdout] 208736405d9dab7e96e881a6b30cf16b6ab32b5b8e1696ea71f2d41bd83c8a82
[INFO] [stderr] WARNING: Your kernel does not support swap limit capabilities or the cgroup is not mounted. Memory limited without swap.
[INFO] running `Command { std: "docker" "start" "-a" "208736405d9dab7e96e881a6b30cf16b6ab32b5b8e1696ea71f2d41bd83c8a82", kill_on_drop: false }`
[INFO] running `Command { std: "docker" "inspect" "208736405d9dab7e96e881a6b30cf16b6ab32b5b8e1696ea71f2d41bd83c8a82", kill_on_drop: false }`
[INFO] running `Command { std: "docker" "rm" "-f" "208736405d9dab7e96e881a6b30cf16b6ab32b5b8e1696ea71f2d41bd83c8a82", kill_on_drop: false }`
[INFO] [stdout] 208736405d9dab7e96e881a6b30cf16b6ab32b5b8e1696ea71f2d41bd83c8a82
[INFO] running `Command { std: "docker" "create" "-v" "/var/lib/crater-agent-workspace/builds/worker-3/target:/opt/rustwide/target:rw,Z" "-v" "/var/lib/crater-agent-workspace/builds/worker-3/source:/opt/rustwide/workdir:ro,Z" "-v" "/var/lib/crater-agent-workspace/cargo-home:/opt/rustwide/cargo-home:ro,Z" "-v" "/var/lib/crater-agent-workspace/rustup-home:/opt/rustwide/rustup-home:ro,Z" "-e" "SOURCE_DIR=/opt/rustwide/workdir" "-e" "CARGO_TARGET_DIR=/opt/rustwide/target" "-e" "CARGO_INCREMENTAL=0" "-e" "RUST_BACKTRACE=full" "-e" "RUSTFLAGS=--cap-lints=warn" "-e" "CARGO_HOME=/opt/rustwide/cargo-home" "-e" "RUSTUP_HOME=/opt/rustwide/rustup-home" "-w" "/opt/rustwide/workdir" "-m" "1610612736" "--user" "0:0" "--network" "none" "ghcr.io/rust-lang/crates-build-env/linux@sha256:34b6a614d2c27851fe6cbf88fbd1137609cefab8b10d0615aaeb6fd47975d74e" "/opt/rustwide/cargo-home/bin/cargo" "+beta-2021-08-01" "build" "--frozen" "--message-format=json", kill_on_drop: false }`
[INFO] [stderr] WARNING: Your kernel does not support swap limit capabilities or the cgroup is not mounted. Memory limited without swap.
[INFO] [stdout] 3881cfd27ce4ead00efbe86479301f6635a2b28a74d526582b5646273f74152e
[INFO] running `Command { std: "docker" "start" "-a" "3881cfd27ce4ead00efbe86479301f6635a2b28a74d526582b5646273f74152e", kill_on_drop: false }`
[INFO] [stderr]    Compiling match_cfg v0.1.0
[INFO] [stderr]    Compiling getrandom v0.2.3
[INFO] [stderr]    Compiling uname v0.1.1
[INFO] [stderr]    Compiling sentry-contexts v0.23.0 (/opt/rustwide/workdir)
[INFO] [stderr]    Compiling chrono v0.4.19
[INFO] [stderr]    Compiling url v2.2.2
[INFO] [stderr]    Compiling hostname v0.3.1
[INFO] [stderr]    Compiling uuid v0.8.2
[INFO] [stderr]    Compiling debugid v0.7.2
[INFO] [stderr]    Compiling sentry-types v0.23.0
[INFO] [stderr]    Compiling sentry-core v0.23.0
[INFO] [stderr]     Finished dev [unoptimized + debuginfo] target(s) in 15.24s
[INFO] running `Command { std: "docker" "inspect" "3881cfd27ce4ead00efbe86479301f6635a2b28a74d526582b5646273f74152e", kill_on_drop: false }`
[INFO] running `Command { std: "docker" "rm" "-f" "3881cfd27ce4ead00efbe86479301f6635a2b28a74d526582b5646273f74152e", kill_on_drop: false }`
[INFO] [stdout] 3881cfd27ce4ead00efbe86479301f6635a2b28a74d526582b5646273f74152e
[INFO] running `Command { std: "docker" "create" "-v" "/var/lib/crater-agent-workspace/builds/worker-3/target:/opt/rustwide/target:rw,Z" "-v" "/var/lib/crater-agent-workspace/builds/worker-3/source:/opt/rustwide/workdir:ro,Z" "-v" "/var/lib/crater-agent-workspace/cargo-home:/opt/rustwide/cargo-home:ro,Z" "-v" "/var/lib/crater-agent-workspace/rustup-home:/opt/rustwide/rustup-home:ro,Z" "-e" "SOURCE_DIR=/opt/rustwide/workdir" "-e" "CARGO_TARGET_DIR=/opt/rustwide/target" "-e" "CARGO_INCREMENTAL=0" "-e" "RUST_BACKTRACE=full" "-e" "RUSTFLAGS=--cap-lints=warn" "-e" "CARGO_HOME=/opt/rustwide/cargo-home" "-e" "RUSTUP_HOME=/opt/rustwide/rustup-home" "-w" "/opt/rustwide/workdir" "-m" "1610612736" "--user" "0:0" "--network" "none" "ghcr.io/rust-lang/crates-build-env/linux@sha256:34b6a614d2c27851fe6cbf88fbd1137609cefab8b10d0615aaeb6fd47975d74e" "/opt/rustwide/cargo-home/bin/cargo" "+beta-2021-08-01" "test" "--frozen" "--no-run" "--message-format=json", kill_on_drop: false }`
[INFO] [stdout] edc2d9acd27c9b5f63975d7edde18e6ffc28a1cb0702129ff6f287595222c9c0
[INFO] [stderr] WARNING: Your kernel does not support swap limit capabilities or the cgroup is not mounted. Memory limited without swap.
[INFO] running `Command { std: "docker" "start" "-a" "edc2d9acd27c9b5f63975d7edde18e6ffc28a1cb0702129ff6f287595222c9c0", kill_on_drop: false }`
[INFO] [stderr]     Blocking waiting for file lock on package cache
[INFO] [stderr]    Compiling sentry-contexts v0.23.0 (/opt/rustwide/workdir)
[INFO] [stderr]     Finished test [unoptimized + debuginfo] target(s) in 1.26s
[INFO] running `Command { std: "docker" "inspect" "edc2d9acd27c9b5f63975d7edde18e6ffc28a1cb0702129ff6f287595222c9c0", kill_on_drop: false }`
[INFO] running `Command { std: "docker" "rm" "-f" "edc2d9acd27c9b5f63975d7edde18e6ffc28a1cb0702129ff6f287595222c9c0", kill_on_drop: false }`
[INFO] [stdout] edc2d9acd27c9b5f63975d7edde18e6ffc28a1cb0702129ff6f287595222c9c0
[INFO] running `Command { std: "docker" "create" "-v" "/var/lib/crater-agent-workspace/builds/worker-3/target:/opt/rustwide/target:rw,Z" "-v" "/var/lib/crater-agent-workspace/builds/worker-3/source:/opt/rustwide/workdir:ro,Z" "-v" "/var/lib/crater-agent-workspace/cargo-home:/opt/rustwide/cargo-home:ro,Z" "-v" "/var/lib/crater-agent-workspace/rustup-home:/opt/rustwide/rustup-home:ro,Z" "-e" "SOURCE_DIR=/opt/rustwide/workdir" "-e" "CARGO_TARGET_DIR=/opt/rustwide/target" "-e" "CARGO_INCREMENTAL=0" "-e" "RUST_BACKTRACE=full" "-e" "RUSTFLAGS=--cap-lints=warn" "-e" "CARGO_HOME=/opt/rustwide/cargo-home" "-e" "RUSTUP_HOME=/opt/rustwide/rustup-home" "-w" "/opt/rustwide/workdir" "-m" "1610612736" "--user" "0:0" "--network" "none" "ghcr.io/rust-lang/crates-build-env/linux@sha256:34b6a614d2c27851fe6cbf88fbd1137609cefab8b10d0615aaeb6fd47975d74e" "/opt/rustwide/cargo-home/bin/cargo" "+beta-2021-08-01" "test" "--frozen", kill_on_drop: false }`
[INFO] [stdout] e5963d9b8be9a2a8764f3f212568567680e7f50d1c66615cd15edbdf2884d736
[INFO] [stderr] WARNING: Your kernel does not support swap limit capabilities or the cgroup is not mounted. Memory limited without swap.
[INFO] running `Command { std: "docker" "start" "-a" "e5963d9b8be9a2a8764f3f212568567680e7f50d1c66615cd15edbdf2884d736", kill_on_drop: false }`
[INFO] [stdout] 
[INFO] [stderr]     Finished test [unoptimized + debuginfo] target(s) in 0.05s
[INFO] [stdout] running 0 tests
[INFO] [stderr]      Running unittests (/opt/rustwide/target/debug/deps/sentry_contexts-ecb133caf988f29c)
[INFO] [stdout] 
[INFO] [stdout] test result: ok. 0 passed; 0 failed; 0 ignored; 0 measured; 0 filtered out; finished in 0.00s
[INFO] [stdout] 
[INFO] [stderr]    Doc-tests sentry-contexts
[INFO] [stdout] 
[INFO] [stdout] running 2 tests
[INFO] [stdout] test src/integration.rs - integration::ContextIntegration (line 19) ... FAILED
[INFO] [stdout] test src/lib.rs - (line 11) ... FAILED
[INFO] [stdout] 
[INFO] [stdout] failures:
[INFO] [stdout] 
[INFO] [stdout] ---- src/integration.rs - integration::ContextIntegration (line 19) stdout ----
[INFO] [stdout] error[E0433]: failed to resolve: use of undeclared crate or module `sentry`
[INFO] [stdout]  --> src/integration.rs:21:15
[INFO] [stdout]   |
[INFO] [stdout] 5 | let _sentry = sentry::init(sentry::ClientOptions::new().add_integration(integration));
[INFO] [stdout]   |               ^^^^^^ use of undeclared crate or module `sentry`
[INFO] [stdout] 
[INFO] [stdout] error[E0433]: failed to resolve: use of undeclared crate or module `sentry`
[INFO] [stdout]  --> src/integration.rs:21:36
[INFO] [stdout]   |
[INFO] [stdout] 5 | let _sentry = sentry::init(sentry::ClientOptions::new().add_integration(integration));
[INFO] [stdout]   |                                    ^^^^^^^^^^^^^ not found in `sentry`
[INFO] [stdout]   |
[INFO] [stdout] help: consider importing this struct
[INFO] [stdout]   |
[INFO] [stdout] 3 | use sentry_core::ClientOptions;
[INFO] [stdout]   |
[INFO] [stdout] 
[INFO] [stdout] error: aborting due to 2 previous errors
[INFO] [stdout] 
[INFO] [stdout] For more information about this error, try `rustc --explain E0433`.
[INFO] [stdout] Couldn't compile the test.
[INFO] [stdout] ---- src/lib.rs - (line 11) stdout ----
[INFO] [stdout] error[E0433]: failed to resolve: use of undeclared crate or module `sentry`
[INFO] [stdout]  --> src/lib.rs:13:15
[INFO] [stdout]   |
[INFO] [stdout] 5 | let _sentry = sentry::init(sentry::ClientOptions::new().add_integration(integration));
[INFO] [stdout]   |               ^^^^^^ use of undeclared crate or module `sentry`
[INFO] [stdout] 
[INFO] [stdout] error[E0433]: failed to resolve: use of undeclared crate or module `sentry`
[INFO] [stdout]  --> src/lib.rs:13:36
[INFO] [stdout]   |
[INFO] [stdout] 5 | let _sentry = sentry::init(sentry::ClientOptions::new().add_integration(integration));
[INFO] [stdout]   |                                    ^^^^^^^^^^^^^ not found in `sentry`
[INFO] [stdout]   |
[INFO] [stdout] help: consider importing this struct
[INFO] [stdout]   |
[INFO] [stdout] 3 | use sentry_core::ClientOptions;
[INFO] [stdout]   |
[INFO] [stdout] 
[INFO] [stdout] error: aborting due to 2 previous errors
[INFO] [stdout] 
[INFO] [stdout] For more information about this error, try `rustc --explain E0433`.
[INFO] [stdout] Couldn't compile the test.
[INFO] [stdout] 
[INFO] [stdout] failures:
[INFO] [stdout]     src/integration.rs - integration::ContextIntegration (line 19)
[INFO] [stdout]     src/lib.rs - (line 11)
[INFO] [stdout] 
[INFO] [stdout] test result: FAILED. 0 passed; 2 failed; 0 ignored; 0 measured; 0 filtered out; finished in 0.50s
[INFO] [stdout] 
[INFO] [stderr] error: test failed, to rerun pass '--doc'
[INFO] running `Command { std: "docker" "inspect" "e5963d9b8be9a2a8764f3f212568567680e7f50d1c66615cd15edbdf2884d736", kill_on_drop: false }`
[INFO] running `Command { std: "docker" "rm" "-f" "e5963d9b8be9a2a8764f3f212568567680e7f50d1c66615cd15edbdf2884d736", kill_on_drop: false }`
[INFO] [stdout] e5963d9b8be9a2a8764f3f212568567680e7f50d1c66615cd15edbdf2884d736
