[INFO] fetching crate sensitive-words-recognizer 0.1.1...
[INFO] testing sensitive-words-recognizer-0.1.1 against 1.54.0 for beta-1.55-1
[INFO] extracting crate sensitive-words-recognizer 0.1.1 into /workspace/builds/worker-6/source
[INFO] validating manifest of crates.io crate sensitive-words-recognizer 0.1.1 on toolchain 1.54.0
[INFO] running `Command { std: "/workspace/cargo-home/bin/cargo" "+1.54.0" "metadata" "--manifest-path" "Cargo.toml" "--no-deps", kill_on_drop: false }`
[INFO] started tweaking crates.io crate sensitive-words-recognizer 0.1.1
[INFO] finished tweaking crates.io crate sensitive-words-recognizer 0.1.1
[INFO] tweaked toml for crates.io crate sensitive-words-recognizer 0.1.1 written to /workspace/builds/worker-6/source/Cargo.toml
[INFO] running `Command { std: "/workspace/cargo-home/bin/cargo" "+1.54.0" "generate-lockfile" "--manifest-path" "Cargo.toml" "-Zno-index-update", kill_on_drop: false }`
[INFO] running `Command { std: "/workspace/cargo-home/bin/cargo" "+1.54.0" "fetch" "--manifest-path" "Cargo.toml", kill_on_drop: false }`
[INFO] running `Command { std: "docker" "create" "-v" "/var/lib/crater-agent-workspace/builds/worker-6/target:/opt/rustwide/target:rw,Z" "-v" "/var/lib/crater-agent-workspace/builds/worker-6/source:/opt/rustwide/workdir:ro,Z" "-v" "/var/lib/crater-agent-workspace/cargo-home:/opt/rustwide/cargo-home:ro,Z" "-v" "/var/lib/crater-agent-workspace/rustup-home:/opt/rustwide/rustup-home:ro,Z" "-e" "SOURCE_DIR=/opt/rustwide/workdir" "-e" "CARGO_TARGET_DIR=/opt/rustwide/target" "-e" "CARGO_HOME=/opt/rustwide/cargo-home" "-e" "RUSTUP_HOME=/opt/rustwide/rustup-home" "-w" "/opt/rustwide/workdir" "-m" "1610612736" "--user" "0:0" "--network" "none" "ghcr.io/rust-lang/crates-build-env/linux@sha256:34b6a614d2c27851fe6cbf88fbd1137609cefab8b10d0615aaeb6fd47975d74e" "/opt/rustwide/cargo-home/bin/cargo" "+1.54.0" "metadata" "--no-deps" "--format-version=1", kill_on_drop: false }`
[INFO] [stdout] 7b93f629c9aea8dfc7c0ef37c6acfc929de05f39a584ffa79ed5246138122578
[INFO] [stderr] WARNING: Your kernel does not support swap limit capabilities or the cgroup is not mounted. Memory limited without swap.
[INFO] running `Command { std: "docker" "start" "-a" "7b93f629c9aea8dfc7c0ef37c6acfc929de05f39a584ffa79ed5246138122578", kill_on_drop: false }`
[INFO] running `Command { std: "docker" "inspect" "7b93f629c9aea8dfc7c0ef37c6acfc929de05f39a584ffa79ed5246138122578", kill_on_drop: false }`
[INFO] running `Command { std: "docker" "rm" "-f" "7b93f629c9aea8dfc7c0ef37c6acfc929de05f39a584ffa79ed5246138122578", kill_on_drop: false }`
[INFO] [stdout] 7b93f629c9aea8dfc7c0ef37c6acfc929de05f39a584ffa79ed5246138122578
[INFO] running `Command { std: "docker" "create" "-v" "/var/lib/crater-agent-workspace/builds/worker-6/target:/opt/rustwide/target:rw,Z" "-v" "/var/lib/crater-agent-workspace/builds/worker-6/source:/opt/rustwide/workdir:ro,Z" "-v" "/var/lib/crater-agent-workspace/cargo-home:/opt/rustwide/cargo-home:ro,Z" "-v" "/var/lib/crater-agent-workspace/rustup-home:/opt/rustwide/rustup-home:ro,Z" "-e" "SOURCE_DIR=/opt/rustwide/workdir" "-e" "CARGO_TARGET_DIR=/opt/rustwide/target" "-e" "CARGO_INCREMENTAL=0" "-e" "RUST_BACKTRACE=full" "-e" "RUSTFLAGS=--cap-lints=warn" "-e" "CARGO_HOME=/opt/rustwide/cargo-home" "-e" "RUSTUP_HOME=/opt/rustwide/rustup-home" "-w" "/opt/rustwide/workdir" "-m" "1610612736" "--user" "0:0" "--network" "none" "ghcr.io/rust-lang/crates-build-env/linux@sha256:34b6a614d2c27851fe6cbf88fbd1137609cefab8b10d0615aaeb6fd47975d74e" "/opt/rustwide/cargo-home/bin/cargo" "+1.54.0" "build" "--frozen" "--message-format=json", kill_on_drop: false }`
[INFO] [stderr] WARNING: Your kernel does not support swap limit capabilities or the cgroup is not mounted. Memory limited without swap.
[INFO] [stdout] 485fe2e28c47d59e3b83085e51cda12f0cfff19f90ff2acb7d1ff6fe86f4cc8d
[INFO] running `Command { std: "docker" "start" "-a" "485fe2e28c47d59e3b83085e51cda12f0cfff19f90ff2acb7d1ff6fe86f4cc8d", kill_on_drop: false }`
[INFO] [stderr]    Compiling sensitive-words-recognizer v0.1.1 (/opt/rustwide/workdir)
[INFO] [stdout] warning: function is never used: `read_sensitive_word_file`
[INFO] [stdout]   --> src/lib.rs:34:4
[INFO] [stdout]    |
[INFO] [stdout] 34 | fn read_sensitive_word_file(path: &str) -> BTreeSet<String> {
[INFO] [stdout]    |    ^^^^^^^^^^^^^^^^^^^^^^^^
[INFO] [stdout]    |
[INFO] [stdout]    = note: `#[warn(dead_code)]` on by default
[INFO] [stdout] 
[INFO] [stdout] 
[INFO] [stdout] warning: 1 warning emitted
[INFO] [stdout] 
[INFO] [stdout] 
[INFO] [stderr]     Finished dev [unoptimized + debuginfo] target(s) in 2.35s
[INFO] running `Command { std: "docker" "inspect" "485fe2e28c47d59e3b83085e51cda12f0cfff19f90ff2acb7d1ff6fe86f4cc8d", kill_on_drop: false }`
[INFO] running `Command { std: "docker" "rm" "-f" "485fe2e28c47d59e3b83085e51cda12f0cfff19f90ff2acb7d1ff6fe86f4cc8d", kill_on_drop: false }`
[INFO] [stdout] 485fe2e28c47d59e3b83085e51cda12f0cfff19f90ff2acb7d1ff6fe86f4cc8d
[INFO] running `Command { std: "docker" "create" "-v" "/var/lib/crater-agent-workspace/builds/worker-6/target:/opt/rustwide/target:rw,Z" "-v" "/var/lib/crater-agent-workspace/builds/worker-6/source:/opt/rustwide/workdir:ro,Z" "-v" "/var/lib/crater-agent-workspace/cargo-home:/opt/rustwide/cargo-home:ro,Z" "-v" "/var/lib/crater-agent-workspace/rustup-home:/opt/rustwide/rustup-home:ro,Z" "-e" "SOURCE_DIR=/opt/rustwide/workdir" "-e" "CARGO_TARGET_DIR=/opt/rustwide/target" "-e" "CARGO_INCREMENTAL=0" "-e" "RUST_BACKTRACE=full" "-e" "RUSTFLAGS=--cap-lints=warn" "-e" "CARGO_HOME=/opt/rustwide/cargo-home" "-e" "RUSTUP_HOME=/opt/rustwide/rustup-home" "-w" "/opt/rustwide/workdir" "-m" "1610612736" "--user" "0:0" "--network" "none" "ghcr.io/rust-lang/crates-build-env/linux@sha256:34b6a614d2c27851fe6cbf88fbd1137609cefab8b10d0615aaeb6fd47975d74e" "/opt/rustwide/cargo-home/bin/cargo" "+1.54.0" "test" "--frozen" "--no-run" "--message-format=json", kill_on_drop: false }`
[INFO] [stdout] 3801628cb46f83e36b118d0b6087d87b02cc0aa6c16cce3f082c78d54aab1c81
[INFO] [stderr] WARNING: Your kernel does not support swap limit capabilities or the cgroup is not mounted. Memory limited without swap.
[INFO] running `Command { std: "docker" "start" "-a" "3801628cb46f83e36b118d0b6087d87b02cc0aa6c16cce3f082c78d54aab1c81", kill_on_drop: false }`
[INFO] [stderr]    Compiling sensitive-words-recognizer v0.1.1 (/opt/rustwide/workdir)
[INFO] [stdout] warning: function is never used: `read_sensitive_word_file`
[INFO] [stdout]   --> src/lib.rs:34:4
[INFO] [stdout]    |
[INFO] [stdout] 34 | fn read_sensitive_word_file(path: &str) -> BTreeSet<String> {
[INFO] [stdout]    |    ^^^^^^^^^^^^^^^^^^^^^^^^
[INFO] [stdout]    |
[INFO] [stdout]    = note: `#[warn(dead_code)]` on by default
[INFO] [stdout] 
[INFO] [stdout] 
[INFO] [stdout] warning: 1 warning emitted
[INFO] [stdout] 
[INFO] [stdout] 
[INFO] [stdout] warning: function is never used: `read_sensitive_word_file`
[INFO] [stdout]   --> src/lib.rs:34:4
[INFO] [stdout]    |
[INFO] [stdout] 34 | fn read_sensitive_word_file(path: &str) -> BTreeSet<String> {
[INFO] [stdout]    |    ^^^^^^^^^^^^^^^^^^^^^^^^
[INFO] [stdout]    |
[INFO] [stdout]    = note: `#[warn(dead_code)]` on by default
[INFO] [stdout] 
[INFO] [stdout] 
[INFO] [stdout] warning: 1 warning emitted
[INFO] [stdout] 
[INFO] [stdout] 
[INFO] [stderr]     Finished test [unoptimized + debuginfo] target(s) in 1.92s
[INFO] running `Command { std: "docker" "inspect" "3801628cb46f83e36b118d0b6087d87b02cc0aa6c16cce3f082c78d54aab1c81", kill_on_drop: false }`
[INFO] running `Command { std: "docker" "rm" "-f" "3801628cb46f83e36b118d0b6087d87b02cc0aa6c16cce3f082c78d54aab1c81", kill_on_drop: false }`
[INFO] [stdout] 3801628cb46f83e36b118d0b6087d87b02cc0aa6c16cce3f082c78d54aab1c81
[INFO] running `Command { std: "docker" "create" "-v" "/var/lib/crater-agent-workspace/builds/worker-6/target:/opt/rustwide/target:rw,Z" "-v" "/var/lib/crater-agent-workspace/builds/worker-6/source:/opt/rustwide/workdir:ro,Z" "-v" "/var/lib/crater-agent-workspace/cargo-home:/opt/rustwide/cargo-home:ro,Z" "-v" "/var/lib/crater-agent-workspace/rustup-home:/opt/rustwide/rustup-home:ro,Z" "-e" "SOURCE_DIR=/opt/rustwide/workdir" "-e" "CARGO_TARGET_DIR=/opt/rustwide/target" "-e" "CARGO_INCREMENTAL=0" "-e" "RUST_BACKTRACE=full" "-e" "RUSTFLAGS=--cap-lints=warn" "-e" "CARGO_HOME=/opt/rustwide/cargo-home" "-e" "RUSTUP_HOME=/opt/rustwide/rustup-home" "-w" "/opt/rustwide/workdir" "-m" "1610612736" "--user" "0:0" "--network" "none" "ghcr.io/rust-lang/crates-build-env/linux@sha256:34b6a614d2c27851fe6cbf88fbd1137609cefab8b10d0615aaeb6fd47975d74e" "/opt/rustwide/cargo-home/bin/cargo" "+1.54.0" "test" "--frozen", kill_on_drop: false }`
[INFO] [stdout] b7cc53c2ad9c17f7d0703d85df8777141f372d150d0c5befa6851da4671499d9
[INFO] [stderr] WARNING: Your kernel does not support swap limit capabilities or the cgroup is not mounted. Memory limited without swap.
[INFO] running `Command { std: "docker" "start" "-a" "b7cc53c2ad9c17f7d0703d85df8777141f372d150d0c5befa6851da4671499d9", kill_on_drop: false }`
[INFO] [stderr] warning: function is never used: `read_sensitive_word_file`
[INFO] [stderr]   --> src/lib.rs:34:4
[INFO] [stderr]    |
[INFO] [stderr] 34 | fn read_sensitive_word_file(path: &str) -> BTreeSet<String> {
[INFO] [stderr]    |    ^^^^^^^^^^^^^^^^^^^^^^^^
[INFO] [stderr]    |
[INFO] [stderr]    = note: `#[warn(dead_code)]` on by default
[INFO] [stderr] 
[INFO] [stderr] warning: 1 warning emitted
[INFO] [stderr] 
[INFO] [stderr] warning: function is never used: `read_sensitive_word_file`
[INFO] [stderr]   --> src/lib.rs:34:4
[INFO] [stderr]    |
[INFO] [stderr] 34 | fn read_sensitive_word_file(path: &str) -> BTreeSet<String> {
[INFO] [stderr]    |    ^^^^^^^^^^^^^^^^^^^^^^^^
[INFO] [stderr]    |
[INFO] [stderr]    = note: `#[warn(dead_code)]` on by default
[INFO] [stderr] 
[INFO] [stderr] warning: 1 warning emitted
[INFO] [stderr] 
[INFO] [stderr]     Finished test [unoptimized + debuginfo] target(s) in 0.01s
[INFO] [stderr]      Running unittests (/opt/rustwide/target/debug/deps/sensitive_words_recognizer-f0f6080e6fb69012)
[INFO] [stdout] 
[INFO] [stderr]    Doc-tests sensitive-words-recognizer
[INFO] [stdout] running 1 test
[INFO] [stdout] test filter_sensitive_words ... ok
[INFO] [stdout] 
[INFO] [stdout] test result: ok. 1 passed; 0 failed; 0 ignored; 0 measured; 0 filtered out; finished in 0.00s
[INFO] [stdout] 
[INFO] [stdout] 
[INFO] [stdout] running 1 test
[INFO] [stdout] test src/lib.rs - replace_sensitive_word (line 305) ... FAILED
[INFO] [stdout] 
[INFO] [stdout] failures:
[INFO] [stdout] 
[INFO] [stdout] ---- src/lib.rs - replace_sensitive_word (line 305) stdout ----
[INFO] [stdout] error: expected `;`, found `assert_eq`
[INFO] [stdout]  --> src/lib.rs:306:98
[INFO] [stdout]   |
[INFO] [stdout] 3 | let result = rust_by_example::dfa::replace_sensitive_word("信用卡之家", &MatchType::MinMatchType, '*')
[INFO] [stdout]   |                                                                                                       ^ help: add `;` here
[INFO] [stdout] 4 | assert_eq!(result,"**卡之家");
[INFO] [stdout]   | --------- unexpected token
[INFO] [stdout] 
[INFO] [stdout] error[E0433]: failed to resolve: use of undeclared crate or module `rust_by_example`
[INFO] [stdout]  --> src/lib.rs:306:14
[INFO] [stdout]   |
[INFO] [stdout] 3 | let result = rust_by_example::dfa::replace_sensitive_word("信用卡之家", &MatchType::MinMatchType, '*')
[INFO] [stdout]   |              ^^^^^^^^^^^^^^^ use of undeclared crate or module `rust_by_example`
[INFO] [stdout] 
[INFO] [stdout] error[E0433]: failed to resolve: use of undeclared type `MatchType`
[INFO] [stdout]  --> src/lib.rs:306:69
[INFO] [stdout]   |
[INFO] [stdout] 3 | let result = rust_by_example::dfa::replace_sensitive_word("信用卡之家", &MatchType::MinMatchType, '*')
[INFO] [stdout]   |                                                                          ^^^^^^^^^ use of undeclared type `MatchType`
[INFO] [stdout] 
[INFO] [stdout] error: aborting due to 3 previous errors
[INFO] [stdout] 
[INFO] [stdout] For more information about this error, try `rustc --explain E0433`.
[INFO] [stdout] Couldn't compile the test.
[INFO] [stdout] 
[INFO] [stdout] failures:
[INFO] [stdout]     src/lib.rs - replace_sensitive_word (line 305)
[INFO] [stdout] 
[INFO] [stdout] test result: FAILED. 0 passed; 1 failed; 0 ignored; 0 measured; 0 filtered out; finished in 0.21s
[INFO] [stdout] 
[INFO] [stderr] error: test failed, to rerun pass '--doc'
[INFO] running `Command { std: "docker" "inspect" "b7cc53c2ad9c17f7d0703d85df8777141f372d150d0c5befa6851da4671499d9", kill_on_drop: false }`
[INFO] running `Command { std: "docker" "rm" "-f" "b7cc53c2ad9c17f7d0703d85df8777141f372d150d0c5befa6851da4671499d9", kill_on_drop: false }`
[INFO] [stdout] b7cc53c2ad9c17f7d0703d85df8777141f372d150d0c5befa6851da4671499d9
