[INFO] fetching crate seax_util 0.1.2...
[INFO] testing seax_util-0.1.2 against beta-2021-08-01 for beta-1.55-1
[INFO] extracting crate seax_util 0.1.2 into /workspace/builds/worker-4/source
[INFO] validating manifest of crates.io crate seax_util 0.1.2 on toolchain beta-2021-08-01
[INFO] running `Command { std: "/workspace/cargo-home/bin/cargo" "+beta-2021-08-01" "metadata" "--manifest-path" "Cargo.toml" "--no-deps", kill_on_drop: false }`
[INFO] started tweaking crates.io crate seax_util 0.1.2
[INFO] finished tweaking crates.io crate seax_util 0.1.2
[INFO] tweaked toml for crates.io crate seax_util 0.1.2 written to /workspace/builds/worker-4/source/Cargo.toml
[INFO] running `Command { std: "/workspace/cargo-home/bin/cargo" "+beta-2021-08-01" "generate-lockfile" "--manifest-path" "Cargo.toml" "-Zno-index-update", kill_on_drop: false }`
[INFO] [stderr]     Blocking waiting for file lock on package cache
[INFO] running `Command { std: "/workspace/cargo-home/bin/cargo" "+beta-2021-08-01" "fetch" "--manifest-path" "Cargo.toml", kill_on_drop: false }`
[INFO] [stderr]     Blocking waiting for file lock on package cache
[INFO] running `Command { std: "docker" "create" "-v" "/var/lib/crater-agent-workspace/builds/worker-4/target:/opt/rustwide/target:rw,Z" "-v" "/var/lib/crater-agent-workspace/builds/worker-4/source:/opt/rustwide/workdir:ro,Z" "-v" "/var/lib/crater-agent-workspace/cargo-home:/opt/rustwide/cargo-home:ro,Z" "-v" "/var/lib/crater-agent-workspace/rustup-home:/opt/rustwide/rustup-home:ro,Z" "-e" "SOURCE_DIR=/opt/rustwide/workdir" "-e" "CARGO_TARGET_DIR=/opt/rustwide/target" "-e" "CARGO_HOME=/opt/rustwide/cargo-home" "-e" "RUSTUP_HOME=/opt/rustwide/rustup-home" "-w" "/opt/rustwide/workdir" "-m" "1610612736" "--user" "0:0" "--network" "none" "ghcr.io/rust-lang/crates-build-env/linux@sha256:34b6a614d2c27851fe6cbf88fbd1137609cefab8b10d0615aaeb6fd47975d74e" "/opt/rustwide/cargo-home/bin/cargo" "+beta-2021-08-01" "metadata" "--no-deps" "--format-version=1", kill_on_drop: false }`
[INFO] [stdout] 279b63a7e19cd51394cf57c887c5d665f910e0b36254b926d52530508207d113
[INFO] [stderr] WARNING: Your kernel does not support swap limit capabilities or the cgroup is not mounted. Memory limited without swap.
[INFO] running `Command { std: "docker" "start" "-a" "279b63a7e19cd51394cf57c887c5d665f910e0b36254b926d52530508207d113", kill_on_drop: false }`
[INFO] running `Command { std: "docker" "inspect" "279b63a7e19cd51394cf57c887c5d665f910e0b36254b926d52530508207d113", kill_on_drop: false }`
[INFO] running `Command { std: "docker" "rm" "-f" "279b63a7e19cd51394cf57c887c5d665f910e0b36254b926d52530508207d113", kill_on_drop: false }`
[INFO] [stdout] 279b63a7e19cd51394cf57c887c5d665f910e0b36254b926d52530508207d113
[INFO] running `Command { std: "docker" "create" "-v" "/var/lib/crater-agent-workspace/builds/worker-4/target:/opt/rustwide/target:rw,Z" "-v" "/var/lib/crater-agent-workspace/builds/worker-4/source:/opt/rustwide/workdir:ro,Z" "-v" "/var/lib/crater-agent-workspace/cargo-home:/opt/rustwide/cargo-home:ro,Z" "-v" "/var/lib/crater-agent-workspace/rustup-home:/opt/rustwide/rustup-home:ro,Z" "-e" "SOURCE_DIR=/opt/rustwide/workdir" "-e" "CARGO_TARGET_DIR=/opt/rustwide/target" "-e" "CARGO_INCREMENTAL=0" "-e" "RUST_BACKTRACE=full" "-e" "RUSTFLAGS=--cap-lints=warn" "-e" "CARGO_HOME=/opt/rustwide/cargo-home" "-e" "RUSTUP_HOME=/opt/rustwide/rustup-home" "-w" "/opt/rustwide/workdir" "-m" "1610612736" "--user" "0:0" "--network" "none" "ghcr.io/rust-lang/crates-build-env/linux@sha256:34b6a614d2c27851fe6cbf88fbd1137609cefab8b10d0615aaeb6fd47975d74e" "/opt/rustwide/cargo-home/bin/cargo" "+beta-2021-08-01" "build" "--frozen" "--message-format=json", kill_on_drop: false }`
[INFO] [stdout] a0950ee7edfec7745f1fda9614dc90cf56749a260c3872c6a99255c85b78c09c
[INFO] [stderr] WARNING: Your kernel does not support swap limit capabilities or the cgroup is not mounted. Memory limited without swap.
[INFO] running `Command { std: "docker" "start" "-a" "a0950ee7edfec7745f1fda9614dc90cf56749a260c3872c6a99255c85b78c09c", kill_on_drop: false }`
[INFO] [stderr]    Compiling seax_util v0.1.2 (/opt/rustwide/workdir)
[INFO] [stdout] warning: use of deprecated macro `try`: use the `?` operator instead
[INFO] [stdout]    --> src/bytecode/mod.rs:355:17
[INFO] [stdout]     |
[INFO] [stdout] 355 |                 try!(self.source.read(&mut buf) // try to get next byte
[INFO] [stdout]     |                 ^^^
[INFO] [stdout]     |
[INFO] [stdout]     = note: `#[warn(deprecated)]` on by default
[INFO] [stdout] 
[INFO] [stdout] 
[INFO] [stdout] warning: trait objects without an explicit `dyn` are deprecated
[INFO] [stdout]   --> src/compiler_tools/ast.rs:41:21
[INFO] [stdout]    |
[INFO] [stdout] 41 | impl fmt::Debug for ASTNode {
[INFO] [stdout]    |                     ^^^^^^^ help: use `dyn`: `dyn ASTNode`
[INFO] [stdout]    |
[INFO] [stdout]    = note: `#[warn(bare_trait_objects)]` on by default
[INFO] [stdout]    = warning: this is accepted in the current edition (Rust 2015) but is a hard error in Rust 2021!
[INFO] [stdout]    = note: for more information, see issue #80165 <https://github.com/rust-lang/rust/issues/80165>
[INFO] [stdout] 
[INFO] [stdout] 
[INFO] [stdout] warning: use of deprecated associated function `std::error::Error::description`: use the Display impl or to_string()
[INFO] [stdout]    --> src/bytecode/mod.rs:236:45
[INFO] [stdout]     |
[INFO] [stdout] 236 |             .map_err(|why| String::from(why.description()))
[INFO] [stdout]     |                                             ^^^^^^^^^^^
[INFO] [stdout] 
[INFO] [stdout] 
[INFO] [stdout] warning: use of deprecated associated function `std::error::Error::description`: use the Display impl or to_string()
[INFO] [stdout]    --> src/bytecode/mod.rs:260:45
[INFO] [stdout]     |
[INFO] [stdout] 260 |             .map_err(|why| String::from(why.description()))
[INFO] [stdout]     |                                             ^^^^^^^^^^^
[INFO] [stdout] 
[INFO] [stdout] 
[INFO] [stdout] warning: use of deprecated associated function `std::error::Error::description`: use the Display impl or to_string()
[INFO] [stdout]    --> src/bytecode/mod.rs:309:53
[INFO] [stdout]     |
[INFO] [stdout] 309 |                     .map_err(|why| String::from(why.description()))
[INFO] [stdout]     |                                                     ^^^^^^^^^^^
[INFO] [stdout] 
[INFO] [stdout] 
[INFO] [stdout] warning: use of deprecated associated function `std::error::Error::description`: use the Display impl or to_string()
[INFO] [stdout]    --> src/bytecode/mod.rs:316:53
[INFO] [stdout]     |
[INFO] [stdout] 316 |                     .map_err(|why| String::from(why.description()))
[INFO] [stdout]     |                                                     ^^^^^^^^^^^
[INFO] [stdout] 
[INFO] [stdout] 
[INFO] [stdout] warning: use of deprecated associated function `std::error::Error::description`: use the Display impl or to_string()
[INFO] [stdout]    --> src/bytecode/mod.rs:322:55
[INFO] [stdout]     |
[INFO] [stdout] 322 |                     .map_err( |why | String::from(why.description()))
[INFO] [stdout]     |                                                       ^^^^^^^^^^^
[INFO] [stdout] 
[INFO] [stdout] 
[INFO] [stdout] warning: use of deprecated associated function `std::error::Error::description`: use the Display impl or to_string()
[INFO] [stdout]    --> src/bytecode/mod.rs:334:53
[INFO] [stdout]     |
[INFO] [stdout] 334 |                     .map_err(|why| String::from(why.description()))
[INFO] [stdout]     |                                                     ^^^^^^^^^^^
[INFO] [stdout] 
[INFO] [stdout] 
[INFO] [stdout] warning: use of deprecated associated function `std::error::Error::description`: use the Display impl or to_string()
[INFO] [stdout]    --> src/bytecode/mod.rs:356:58
[INFO] [stdout]     |
[INFO] [stdout] 356 |                          .map_err(|why| String::from(why.description())));
[INFO] [stdout]     |                                                          ^^^^^^^^^^^
[INFO] [stdout] 
[INFO] [stdout] 
[INFO] [stdout] warning: use of deprecated associated function `std::error::Error::description`: use the Display impl or to_string()
[INFO] [stdout]    --> src/bytecode/mod.rs:400:46
[INFO] [stdout]     |
[INFO] [stdout] 400 |             Err(why) => Err(String::from(why.description()))
[INFO] [stdout]     |                                              ^^^^^^^^^^^
[INFO] [stdout] 
[INFO] [stdout] 
[INFO] [stdout] warning: unused import: `ByteOrder`
[INFO] [stdout]    --> src/bytecode/mod.rs:127:23
[INFO] [stdout]     |
[INFO] [stdout] 127 | use self::byteorder::{ByteOrder, BigEndian, ReadBytesExt, WriteBytesExt};
[INFO] [stdout]     |                       ^^^^^^^^^
[INFO] [stdout]     |
[INFO] [stdout]     = note: `#[warn(unused_imports)]` on by default
[INFO] [stdout] 
[INFO] [stdout] 
[INFO] [stdout] warning: 11 warnings emitted
[INFO] [stdout] 
[INFO] [stdout] 
[INFO] [stderr]     Finished dev [unoptimized + debuginfo] target(s) in 0.50s
[INFO] running `Command { std: "docker" "inspect" "a0950ee7edfec7745f1fda9614dc90cf56749a260c3872c6a99255c85b78c09c", kill_on_drop: false }`
[INFO] running `Command { std: "docker" "rm" "-f" "a0950ee7edfec7745f1fda9614dc90cf56749a260c3872c6a99255c85b78c09c", kill_on_drop: false }`
[INFO] [stdout] a0950ee7edfec7745f1fda9614dc90cf56749a260c3872c6a99255c85b78c09c
[INFO] running `Command { std: "docker" "create" "-v" "/var/lib/crater-agent-workspace/builds/worker-4/target:/opt/rustwide/target:rw,Z" "-v" "/var/lib/crater-agent-workspace/builds/worker-4/source:/opt/rustwide/workdir:ro,Z" "-v" "/var/lib/crater-agent-workspace/cargo-home:/opt/rustwide/cargo-home:ro,Z" "-v" "/var/lib/crater-agent-workspace/rustup-home:/opt/rustwide/rustup-home:ro,Z" "-e" "SOURCE_DIR=/opt/rustwide/workdir" "-e" "CARGO_TARGET_DIR=/opt/rustwide/target" "-e" "CARGO_INCREMENTAL=0" "-e" "RUST_BACKTRACE=full" "-e" "RUSTFLAGS=--cap-lints=warn" "-e" "CARGO_HOME=/opt/rustwide/cargo-home" "-e" "RUSTUP_HOME=/opt/rustwide/rustup-home" "-w" "/opt/rustwide/workdir" "-m" "1610612736" "--user" "0:0" "--network" "none" "ghcr.io/rust-lang/crates-build-env/linux@sha256:34b6a614d2c27851fe6cbf88fbd1137609cefab8b10d0615aaeb6fd47975d74e" "/opt/rustwide/cargo-home/bin/cargo" "+beta-2021-08-01" "test" "--frozen" "--no-run" "--message-format=json", kill_on_drop: false }`
[INFO] [stderr] WARNING: Your kernel does not support swap limit capabilities or the cgroup is not mounted. Memory limited without swap.
[INFO] [stdout] 5b68ba65b2077ba0f758b9359b561565a2227f2f9908500a9f08a0934c12670e
[INFO] running `Command { std: "docker" "start" "-a" "5b68ba65b2077ba0f758b9359b561565a2227f2f9908500a9f08a0934c12670e", kill_on_drop: false }`
[INFO] [stderr]     Blocking waiting for file lock on package cache
[INFO] [stderr]     Blocking waiting for file lock on package cache
[INFO] [stderr]    Compiling getrandom v0.2.3
[INFO] [stderr]    Compiling regex v1.5.4
[INFO] [stdout] warning: use of deprecated macro `try`: use the `?` operator instead
[INFO] [stdout]    --> src/bytecode/mod.rs:355:17
[INFO] [stdout]     |
[INFO] [stdout] 355 |                 try!(self.source.read(&mut buf) // try to get next byte
[INFO] [stdout]     |                 ^^^
[INFO] [stdout]     |
[INFO] [stdout]     = note: `#[warn(deprecated)]` on by default
[INFO] [stdout] 
[INFO] [stdout] 
[INFO] [stdout] warning: trait objects without an explicit `dyn` are deprecated
[INFO] [stdout]   --> src/compiler_tools/ast.rs:41:21
[INFO] [stdout]    |
[INFO] [stdout] 41 | impl fmt::Debug for ASTNode {
[INFO] [stdout]    |                     ^^^^^^^ help: use `dyn`: `dyn ASTNode`
[INFO] [stdout]    |
[INFO] [stdout]    = note: `#[warn(bare_trait_objects)]` on by default
[INFO] [stdout]    = warning: this is accepted in the current edition (Rust 2015) but is a hard error in Rust 2021!
[INFO] [stdout]    = note: for more information, see issue #80165 <https://github.com/rust-lang/rust/issues/80165>
[INFO] [stdout] 
[INFO] [stdout] 
[INFO] [stdout] warning: use of deprecated associated function `std::error::Error::description`: use the Display impl or to_string()
[INFO] [stdout]    --> src/bytecode/mod.rs:236:45
[INFO] [stdout]     |
[INFO] [stdout] 236 |             .map_err(|why| String::from(why.description()))
[INFO] [stdout]     |                                             ^^^^^^^^^^^
[INFO] [stdout] 
[INFO] [stdout] 
[INFO] [stdout] warning: use of deprecated associated function `std::error::Error::description`: use the Display impl or to_string()
[INFO] [stdout]    --> src/bytecode/mod.rs:260:45
[INFO] [stdout]     |
[INFO] [stdout] 260 |             .map_err(|why| String::from(why.description()))
[INFO] [stdout]     |                                             ^^^^^^^^^^^
[INFO] [stdout] 
[INFO] [stdout] 
[INFO] [stdout] warning: use of deprecated associated function `std::error::Error::description`: use the Display impl or to_string()
[INFO] [stdout]    --> src/bytecode/mod.rs:309:53
[INFO] [stdout]     |
[INFO] [stdout] 309 |                     .map_err(|why| String::from(why.description()))
[INFO] [stdout]     |                                                     ^^^^^^^^^^^
[INFO] [stdout] 
[INFO] [stdout] 
[INFO] [stdout] warning: use of deprecated associated function `std::error::Error::description`: use the Display impl or to_string()
[INFO] [stdout]    --> src/bytecode/mod.rs:316:53
[INFO] [stdout]     |
[INFO] [stdout] 316 |                     .map_err(|why| String::from(why.description()))
[INFO] [stdout]     |                                                     ^^^^^^^^^^^
[INFO] [stdout] 
[INFO] [stdout] 
[INFO] [stdout] warning: use of deprecated associated function `std::error::Error::description`: use the Display impl or to_string()
[INFO] [stdout]    --> src/bytecode/mod.rs:322:55
[INFO] [stdout]     |
[INFO] [stdout] 322 |                     .map_err( |why | String::from(why.description()))
[INFO] [stdout]     |                                                       ^^^^^^^^^^^
[INFO] [stdout] 
[INFO] [stdout] 
[INFO] [stdout] warning: use of deprecated associated function `std::error::Error::description`: use the Display impl or to_string()
[INFO] [stdout]    --> src/bytecode/mod.rs:334:53
[INFO] [stdout]     |
[INFO] [stdout] 334 |                     .map_err(|why| String::from(why.description()))
[INFO] [stdout]     |                                                     ^^^^^^^^^^^
[INFO] [stdout] 
[INFO] [stdout] 
[INFO] [stdout] warning: use of deprecated associated function `std::error::Error::description`: use the Display impl or to_string()
[INFO] [stdout]    --> src/bytecode/mod.rs:356:58
[INFO] [stdout]     |
[INFO] [stdout] 356 |                          .map_err(|why| String::from(why.description())));
[INFO] [stdout]     |                                                          ^^^^^^^^^^^
[INFO] [stdout] 
[INFO] [stdout] 
[INFO] [stdout] warning: use of deprecated associated function `std::error::Error::description`: use the Display impl or to_string()
[INFO] [stdout]    --> src/bytecode/mod.rs:400:46
[INFO] [stdout]     |
[INFO] [stdout] 400 |             Err(why) => Err(String::from(why.description()))
[INFO] [stdout]     |                                              ^^^^^^^^^^^
[INFO] [stdout] 
[INFO] [stdout] 
[INFO] [stdout] warning: unused import: `ByteOrder`
[INFO] [stdout]    --> src/bytecode/mod.rs:127:23
[INFO] [stdout]     |
[INFO] [stdout] 127 | use self::byteorder::{ByteOrder, BigEndian, ReadBytesExt, WriteBytesExt};
[INFO] [stdout]     |                       ^^^^^^^^^
[INFO] [stdout]     |
[INFO] [stdout]     = note: `#[warn(unused_imports)]` on by default
[INFO] [stdout] 
[INFO] [stdout] 
[INFO] [stdout] warning: 11 warnings emitted
[INFO] [stdout] 
[INFO] [stdout] 
[INFO] [stderr]    Compiling rand_core v0.6.3
[INFO] [stderr]    Compiling rand v0.8.4
[INFO] [stderr]    Compiling env_logger v0.8.4
[INFO] [stderr]    Compiling quickcheck v1.0.3
[INFO] [stderr]    Compiling seax_util v0.1.2 (/opt/rustwide/workdir)
[INFO] [stdout] warning: use of deprecated macro `try`: use the `?` operator instead
[INFO] [stdout]    --> src/bytecode/mod.rs:355:17
[INFO] [stdout]     |
[INFO] [stdout] 355 |                 try!(self.source.read(&mut buf) // try to get next byte
[INFO] [stdout]     |                 ^^^
[INFO] [stdout]     |
[INFO] [stdout]     = note: `#[warn(deprecated)]` on by default
[INFO] [stdout] 
[INFO] [stdout] 
[INFO] [stdout] warning: trait objects without an explicit `dyn` are deprecated
[INFO] [stdout]   --> src/compiler_tools/ast.rs:41:21
[INFO] [stdout]    |
[INFO] [stdout] 41 | impl fmt::Debug for ASTNode {
[INFO] [stdout]    |                     ^^^^^^^ help: use `dyn`: `dyn ASTNode`
[INFO] [stdout]    |
[INFO] [stdout]    = note: `#[warn(bare_trait_objects)]` on by default
[INFO] [stdout]    = warning: this is accepted in the current edition (Rust 2015) but is a hard error in Rust 2021!
[INFO] [stdout]    = note: for more information, see issue #80165 <https://github.com/rust-lang/rust/issues/80165>
[INFO] [stdout] 
[INFO] [stdout] 
[INFO] [stdout] warning: use of deprecated associated function `std::error::Error::description`: use the Display impl or to_string()
[INFO] [stdout]    --> src/bytecode/mod.rs:236:45
[INFO] [stdout]     |
[INFO] [stdout] 236 |             .map_err(|why| String::from(why.description()))
[INFO] [stdout]     |                                             ^^^^^^^^^^^
[INFO] [stdout] 
[INFO] [stdout] 
[INFO] [stdout] warning: use of deprecated associated function `std::error::Error::description`: use the Display impl or to_string()
[INFO] [stdout]    --> src/bytecode/mod.rs:260:45
[INFO] [stdout]     |
[INFO] [stdout] 260 |             .map_err(|why| String::from(why.description()))
[INFO] [stdout]     |                                             ^^^^^^^^^^^
[INFO] [stdout] 
[INFO] [stdout] 
[INFO] [stdout] warning: use of deprecated associated function `std::error::Error::description`: use the Display impl or to_string()
[INFO] [stdout]    --> src/bytecode/mod.rs:309:53
[INFO] [stdout]     |
[INFO] [stdout] 309 |                     .map_err(|why| String::from(why.description()))
[INFO] [stdout]     |                                                     ^^^^^^^^^^^
[INFO] [stdout] 
[INFO] [stdout] 
[INFO] [stdout] warning: use of deprecated associated function `std::error::Error::description`: use the Display impl or to_string()
[INFO] [stdout]    --> src/bytecode/mod.rs:316:53
[INFO] [stdout]     |
[INFO] [stdout] 316 |                     .map_err(|why| String::from(why.description()))
[INFO] [stdout]     |                                                     ^^^^^^^^^^^
[INFO] [stdout] 
[INFO] [stdout] 
[INFO] [stdout] warning: use of deprecated associated function `std::error::Error::description`: use the Display impl or to_string()
[INFO] [stdout]    --> src/bytecode/mod.rs:322:55
[INFO] [stdout]     |
[INFO] [stdout] 322 |                     .map_err( |why | String::from(why.description()))
[INFO] [stdout]     |                                                       ^^^^^^^^^^^
[INFO] [stdout] 
[INFO] [stdout] 
[INFO] [stdout] warning: use of deprecated associated function `std::error::Error::description`: use the Display impl or to_string()
[INFO] [stdout]    --> src/bytecode/mod.rs:334:53
[INFO] [stdout]     |
[INFO] [stdout] 334 |                     .map_err(|why| String::from(why.description()))
[INFO] [stdout]     |                                                     ^^^^^^^^^^^
[INFO] [stdout] 
[INFO] [stdout] 
[INFO] [stdout] warning: use of deprecated associated function `std::error::Error::description`: use the Display impl or to_string()
[INFO] [stdout]    --> src/bytecode/mod.rs:356:58
[INFO] [stdout]     |
[INFO] [stdout] 356 |                          .map_err(|why| String::from(why.description())));
[INFO] [stdout]     |                                                          ^^^^^^^^^^^
[INFO] [stdout] 
[INFO] [stdout] 
[INFO] [stdout] warning: use of deprecated associated function `std::error::Error::description`: use the Display impl or to_string()
[INFO] [stdout]    --> src/bytecode/mod.rs:400:46
[INFO] [stdout]     |
[INFO] [stdout] 400 |             Err(why) => Err(String::from(why.description()))
[INFO] [stdout]     |                                              ^^^^^^^^^^^
[INFO] [stdout] 
[INFO] [stdout] 
[INFO] [stdout] warning: unused import: `ByteOrder`
[INFO] [stdout]    --> src/bytecode/mod.rs:127:23
[INFO] [stdout]     |
[INFO] [stdout] 127 | use self::byteorder::{ByteOrder, BigEndian, ReadBytesExt, WriteBytesExt};
[INFO] [stdout]     |                       ^^^^^^^^^
[INFO] [stdout]     |
[INFO] [stdout]     = note: `#[warn(unused_imports)]` on by default
[INFO] [stdout] 
[INFO] [stdout] 
[INFO] [stdout] warning: 11 warnings emitted
[INFO] [stdout] 
[INFO] [stdout] 
[INFO] [stderr]     Finished test [unoptimized + debuginfo] target(s) in 9.30s
[INFO] running `Command { std: "docker" "inspect" "5b68ba65b2077ba0f758b9359b561565a2227f2f9908500a9f08a0934c12670e", kill_on_drop: false }`
[INFO] running `Command { std: "docker" "rm" "-f" "5b68ba65b2077ba0f758b9359b561565a2227f2f9908500a9f08a0934c12670e", kill_on_drop: false }`
[INFO] [stdout] 5b68ba65b2077ba0f758b9359b561565a2227f2f9908500a9f08a0934c12670e
[INFO] running `Command { std: "docker" "create" "-v" "/var/lib/crater-agent-workspace/builds/worker-4/target:/opt/rustwide/target:rw,Z" "-v" "/var/lib/crater-agent-workspace/builds/worker-4/source:/opt/rustwide/workdir:ro,Z" "-v" "/var/lib/crater-agent-workspace/cargo-home:/opt/rustwide/cargo-home:ro,Z" "-v" "/var/lib/crater-agent-workspace/rustup-home:/opt/rustwide/rustup-home:ro,Z" "-e" "SOURCE_DIR=/opt/rustwide/workdir" "-e" "CARGO_TARGET_DIR=/opt/rustwide/target" "-e" "CARGO_INCREMENTAL=0" "-e" "RUST_BACKTRACE=full" "-e" "RUSTFLAGS=--cap-lints=warn" "-e" "CARGO_HOME=/opt/rustwide/cargo-home" "-e" "RUSTUP_HOME=/opt/rustwide/rustup-home" "-w" "/opt/rustwide/workdir" "-m" "1610612736" "--user" "0:0" "--network" "none" "ghcr.io/rust-lang/crates-build-env/linux@sha256:34b6a614d2c27851fe6cbf88fbd1137609cefab8b10d0615aaeb6fd47975d74e" "/opt/rustwide/cargo-home/bin/cargo" "+beta-2021-08-01" "test" "--frozen", kill_on_drop: false }`
[INFO] [stdout] 0af17311ae90097472a76334220b205719fca2de5b937b425c5e49a9c92009be
[INFO] [stderr] WARNING: Your kernel does not support swap limit capabilities or the cgroup is not mounted. Memory limited without swap.
[INFO] running `Command { std: "docker" "start" "-a" "0af17311ae90097472a76334220b205719fca2de5b937b425c5e49a9c92009be", kill_on_drop: false }`
[INFO] [stderr] warning: use of deprecated macro `try`: use the `?` operator instead
[INFO] [stderr]    --> src/bytecode/mod.rs:355:17
[INFO] [stderr]     |
[INFO] [stderr] 355 |                 try!(self.source.read(&mut buf) // try to get next byte
[INFO] [stderr]     |                 ^^^
[INFO] [stderr]     |
[INFO] [stderr]     = note: `#[warn(deprecated)]` on by default
[INFO] [stderr] 
[INFO] [stderr] warning: trait objects without an explicit `dyn` are deprecated
[INFO] [stderr]   --> src/compiler_tools/ast.rs:41:21
[INFO] [stderr]    |
[INFO] [stderr] 41 | impl fmt::Debug for ASTNode {
[INFO] [stderr]    |                     ^^^^^^^ help: use `dyn`: `dyn ASTNode`
[INFO] [stderr]    |
[INFO] [stderr]    = note: `#[warn(bare_trait_objects)]` on by default
[INFO] [stderr]    = warning: this is accepted in the current edition (Rust 2015) but is a hard error in Rust 2021!
[INFO] [stderr]    = note: for more information, see issue #80165 <https://github.com/rust-lang/rust/issues/80165>
[INFO] [stderr] 
[INFO] [stderr] warning: use of deprecated associated function `std::error::Error::description`: use the Display impl or to_string()
[INFO] [stderr]    --> src/bytecode/mod.rs:236:45
[INFO] [stderr]     |
[INFO] [stderr] 236 |             .map_err(|why| String::from(why.description()))
[INFO] [stderr]     |                                             ^^^^^^^^^^^
[INFO] [stderr] 
[INFO] [stderr] warning: use of deprecated associated function `std::error::Error::description`: use the Display impl or to_string()
[INFO] [stderr]    --> src/bytecode/mod.rs:260:45
[INFO] [stderr]     |
[INFO] [stderr] 260 |             .map_err(|why| String::from(why.description()))
[INFO] [stderr]     |                                             ^^^^^^^^^^^
[INFO] [stderr] 
[INFO] [stderr] warning: use of deprecated associated function `std::error::Error::description`: use the Display impl or to_string()
[INFO] [stderr]    --> src/bytecode/mod.rs:309:53
[INFO] [stderr]     |
[INFO] [stderr] 309 |                     .map_err(|why| String::from(why.description()))
[INFO] [stderr]     |                                                     ^^^^^^^^^^^
[INFO] [stderr] 
[INFO] [stderr] warning: use of deprecated associated function `std::error::Error::description`: use the Display impl or to_string()
[INFO] [stderr]    --> src/bytecode/mod.rs:316:53
[INFO] [stderr]     |
[INFO] [stderr] 316 |                     .map_err(|why| String::from(why.description()))
[INFO] [stderr]     |                                                     ^^^^^^^^^^^
[INFO] [stderr] 
[INFO] [stderr] warning: use of deprecated associated function `std::error::Error::description`: use the Display impl or to_string()
[INFO] [stderr]    --> src/bytecode/mod.rs:322:55
[INFO] [stderr]     |
[INFO] [stderr] 322 |                     .map_err( |why | String::from(why.description()))
[INFO] [stderr]     |                                                       ^^^^^^^^^^^
[INFO] [stderr] 
[INFO] [stderr] warning: use of deprecated associated function `std::error::Error::description`: use the Display impl or to_string()
[INFO] [stderr]    --> src/bytecode/mod.rs:334:53
[INFO] [stderr]     |
[INFO] [stderr] 334 |                     .map_err(|why| String::from(why.description()))
[INFO] [stderr]     |                                                     ^^^^^^^^^^^
[INFO] [stderr] 
[INFO] [stderr] warning: use of deprecated associated function `std::error::Error::description`: use the Display impl or to_string()
[INFO] [stderr]    --> src/bytecode/mod.rs:356:58
[INFO] [stderr]     |
[INFO] [stderr] 356 |                          .map_err(|why| String::from(why.description())));
[INFO] [stderr]     |                                                          ^^^^^^^^^^^
[INFO] [stderr] 
[INFO] [stderr] warning: use of deprecated associated function `std::error::Error::description`: use the Display impl or to_string()
[INFO] [stderr]    --> src/bytecode/mod.rs:400:46
[INFO] [stderr]     |
[INFO] [stderr] 400 |             Err(why) => Err(String::from(why.description()))
[INFO] [stderr]     |                                              ^^^^^^^^^^^
[INFO] [stderr] 
[INFO] [stderr] warning: unused import: `ByteOrder`
[INFO] [stderr]    --> src/bytecode/mod.rs:127:23
[INFO] [stderr]     |
[INFO] [stderr] 127 | use self::byteorder::{ByteOrder, BigEndian, ReadBytesExt, WriteBytesExt};
[INFO] [stderr]     |                       ^^^^^^^^^
[INFO] [stderr]     |
[INFO] [stderr]     = note: `#[warn(unused_imports)]` on by default
[INFO] [stderr] 
[INFO] [stderr] warning: `seax_util` (lib) generated 11 warnings
[INFO] [stderr] warning: `seax_util` (lib test) generated 11 warnings (11 duplicates)
[INFO] [stderr]     Finished test [unoptimized + debuginfo] target(s) in 0.03s
[INFO] [stderr]      Running unittests (/opt/rustwide/target/debug/deps/seax_util-4780eeedf493d1a3)
[INFO] [stdout] 
[INFO] [stdout] running 55 tests
[INFO] [stdout] test bytecode::tests::test_decode_program_no_ident ... ok
[INFO] [stdout] test bytecode::tests::test_decode_program ... ok
[INFO] [stdout] test bytecode::tests::test_encode_inst_atom ... ok
[INFO] [stdout] test bytecode::tests::test_encode_inst_car ... ok
[INFO] [stdout] test bytecode::tests::test_encode_inst_cdr ... ok
[INFO] [stdout] test bytecode::tests::test_encode_inst_div ... ok
[INFO] [stdout] test bytecode::tests::test_encode_inst_cons ... ok
[INFO] [stdout] test bytecode::tests::test_encode_inst_dum ... ok
[INFO] [stdout] test bytecode::tests::prop_encode_char ... ok
[INFO] [stdout] test bytecode::tests::test_encode_inst_eq ... ok
[INFO] [stdout] test bytecode::tests::test_encode_inst_gt ... ok
[INFO] [stdout] test bytecode::tests::test_encode_inst_fdiv ... ok
[INFO] [stdout] test bytecode::tests::test_encode_inst_join ... ok
[INFO] [stdout] test bytecode::tests::test_encode_inst_gte ... ok
[INFO] [stdout] test bytecode::tests::test_decode_program_wrong_version ... ok
[INFO] [stdout] test bytecode::tests::test_encode_inst_ap ... ok
[INFO] [stdout] test bytecode::tests::test_encode_inst_add ... ok
[INFO] [stdout] test bytecode::tests::test_encode_inst_apcc ... ok
[INFO] [stdout] test bytecode::tests::prop_encode_sint ... ok
[INFO] [stdout] test bytecode::tests::test_encode_inst_ldf ... ok
[INFO] [stdout] test bytecode::tests::test_encode_inst_ldc ... ok
[INFO] [stdout] test bytecode::tests::test_encode_inst_lte ... ok
[INFO] [stdout] test bytecode::tests::test_encode_inst_mod ... ok
[INFO] [stdout] test bytecode::tests::test_encode_inst_mul ... ok
[INFO] [stdout] test bytecode::tests::test_encode_inst_nil ... ok
[INFO] [stdout] test bytecode::tests::test_encode_inst_rap ... ok
[INFO] [stdout] test bytecode::tests::test_encode_inst_lt ... ok
[INFO] [stdout] test bytecode::tests::test_encode_inst_ret ... ok
[INFO] [stdout] test bytecode::tests::prop_encode_uint ... ok
[INFO] [stdout] test bytecode::tests::test_encode_inst_null ... ok
[INFO] [stdout] test bytecode::tests::test_encode_simple_program ... ok
[INFO] [stdout] test bytecode::tests::test_encode_uint_zero ... ok
[INFO] [stdout] test bytecode::tests::test_encode_program_nested_arith ... ok
[INFO] [stdout] test bytecode::tests::test_encode_program_list_creation ... ok
[INFO] [stdout] test bytecode::tests::test_encode_program_basic_branching_2 ... ok
[INFO] [stdout] test bytecode::tests::test_encode_program_basic_branching_1 ... ok
[INFO] [stdout] test bytecode::tests::test_encode_program_add ... ok
[INFO] [stdout] test bytecode::tests::test_encode_inst_sel ... ok
[INFO] [stdout] test bytecode::tests::test_encode_program_car ... ok
[INFO] [stdout] test bytecode::tests::test_encode_inst_sub ... ok
[INFO] [stdout] test list::tests::test_list_iter ... ok
[INFO] [stdout] test list::tests::test_list_length ... ok
[INFO] [stdout] test cell::tests::test_atom_show ... ok
[INFO] [stdout] test bytecode::tests::test_encode_program_cdr ... ok
[INFO] [stdout] test bytecode::tests::test_encode_inst_stop ... ok
[INFO] [stdout] test list::tests::test_list_isize_indexing ... ok
[INFO] [stdout] test bytecode::tests::test_encode_inst_ld ... ok
[INFO] [stdout] test list::tests::test_stack_peek ... ok
[INFO] [stdout] test list::tests::test_list_macro ... ok
[INFO] [stdout] test list::tests::test_list_usize_indexing ... ok
[INFO] [stdout] test list::tests::test_list_to_string ... ok
[INFO] [stdout] test list::tests::test_stack_length ... ok
[INFO] [stdout] test list::tests::test_stack_pop ... ok
[INFO] [stdout] test list::tests::test_stack_push ... ok
[INFO] [stdout] test bytecode::tests::prop_encode_float ... FAILED
[INFO] [stdout] 
[INFO] [stdout] failures:
[INFO] [stdout] 
[INFO] [stdout] ---- bytecode::tests::prop_encode_float stdout ----
[INFO] [stdout] thread 'bytecode::tests::prop_encode_float' panicked at '[quickcheck] TEST FAILED. Arguments: (NaN)', /opt/rustwide/cargo-home/registry/src/github.com-1ecc6299db9ec823/quickcheck-1.0.3/src/tester.rs:165:28
[INFO] [stdout] stack backtrace:
[INFO] [stdout]    0:     0x560133d876a0 - std::backtrace_rs::backtrace::libunwind::trace::hff4d1766e93f64f1
[INFO] [stdout]                                at /rustc/53fd98ca776cb875bc9e5514f56b52eb74f9e7a9/library/std/src/../../backtrace/src/backtrace/libunwind.rs:90:5
[INFO] [stdout]    1:     0x560133d876a0 - std::backtrace_rs::backtrace::trace_unsynchronized::h56bbc8eb78770bcb
[INFO] [stdout]                                at /rustc/53fd98ca776cb875bc9e5514f56b52eb74f9e7a9/library/std/src/../../backtrace/src/backtrace/mod.rs:66:5
[INFO] [stdout]    2:     0x560133d876a0 - std::sys_common::backtrace::_print_fmt::h5c8e75464faca780
[INFO] [stdout]                                at /rustc/53fd98ca776cb875bc9e5514f56b52eb74f9e7a9/library/std/src/sys_common/backtrace.rs:67:5
[INFO] [stdout]    3:     0x560133d876a0 - <std::sys_common::backtrace::_print::DisplayBacktrace as core::fmt::Display>::fmt::h48b88277def8b362
[INFO] [stdout]                                at /rustc/53fd98ca776cb875bc9e5514f56b52eb74f9e7a9/library/std/src/sys_common/backtrace.rs:46:22
[INFO] [stdout]    4:     0x560133daa01c - core::fmt::write::h3381b3176fe2b3d3
[INFO] [stdout]                                at /rustc/53fd98ca776cb875bc9e5514f56b52eb74f9e7a9/library/core/src/fmt/mod.rs:1115:17
[INFO] [stdout]    5:     0x560133d84605 - std::io::Write::write_fmt::h5f34a676f60246b5
[INFO] [stdout]                                at /rustc/53fd98ca776cb875bc9e5514f56b52eb74f9e7a9/library/std/src/io/mod.rs:1665:15
[INFO] [stdout]    6:     0x560133d8981b - std::sys_common::backtrace::_print::ha537687d6c17dd0d
[INFO] [stdout]                                at /rustc/53fd98ca776cb875bc9e5514f56b52eb74f9e7a9/library/std/src/sys_common/backtrace.rs:49:5
[INFO] [stdout]    7:     0x560133d8981b - std::sys_common::backtrace::print::h61376ae57d131d72
[INFO] [stdout]                                at /rustc/53fd98ca776cb875bc9e5514f56b52eb74f9e7a9/library/std/src/sys_common/backtrace.rs:36:9
[INFO] [stdout]    8:     0x560133d8981b - std::panicking::default_hook::{{closure}}::h0f7208c0b9644a54
[INFO] [stdout]                                at /rustc/53fd98ca776cb875bc9e5514f56b52eb74f9e7a9/library/std/src/panicking.rs:208:50
[INFO] [stdout]    9:     0x560133d8932c - std::panicking::default_hook::hdac7fc06578c14ce
[INFO] [stdout]                                at /rustc/53fd98ca776cb875bc9e5514f56b52eb74f9e7a9/library/std/src/panicking.rs:222:9
[INFO] [stdout]   10:     0x560133d89ee4 - std::panicking::rust_panic_with_hook::h72b21c283da3d1ef
[INFO] [stdout]                                at /rustc/53fd98ca776cb875bc9e5514f56b52eb74f9e7a9/library/std/src/panicking.rs:622:17
[INFO] [stdout]   11:     0x560133b6c6df - std::panicking::begin_panic::{{closure}}::h30731ea0c06adaf4
[INFO] [stdout]                                at /rustc/53fd98ca776cb875bc9e5514f56b52eb74f9e7a9/library/std/src/panicking.rs:542:9
[INFO] [stdout]   12:     0x560133b727ae - std::sys_common::backtrace::__rust_end_short_backtrace::h3bde8f5f994503a8
[INFO] [stdout]                                at /rustc/53fd98ca776cb875bc9e5514f56b52eb74f9e7a9/library/std/src/sys_common/backtrace.rs:141:18
[INFO] [stdout]   13:     0x560133b6c5e7 - std::panicking::begin_panic::he8306b0d9b4a06a5
[INFO] [stdout]                                at /rustc/53fd98ca776cb875bc9e5514f56b52eb74f9e7a9/library/std/src/panicking.rs:541:12
[INFO] [stdout]   14:     0x560133b63347 - quickcheck::tester::QuickCheck::quickcheck::h20180a80863153bc
[INFO] [stdout]                                at /opt/rustwide/cargo-home/registry/src/github.com-1ecc6299db9ec823/quickcheck-1.0.3/src/tester.rs:165:28
[INFO] [stdout]   15:     0x560133b64c0a - quickcheck::tester::quickcheck::h63c9c6446e8c7a28
[INFO] [stdout]                                at /opt/rustwide/cargo-home/registry/src/github.com-1ecc6299db9ec823/quickcheck-1.0.3/src/tester.rs:183:5
[INFO] [stdout]   16:     0x560133b491ad - seax_util::bytecode::tests::prop_encode_float::h87bdc5608c36294c
[INFO] [stdout]                                at /opt/rustwide/workdir/src/bytecode/tests.rs:46:5
[INFO] [stdout]   17:     0x560133b4918a - seax_util::bytecode::tests::prop_encode_float::{{closure}}::h9075449b6f776f05
[INFO] [stdout]                                at /opt/rustwide/workdir/src/bytecode/tests.rs:39:1
[INFO] [stdout]   18:     0x560133b7342e - core::ops::function::FnOnce::call_once::hb361c65fbab4bb77
[INFO] [stdout]                                at /rustc/53fd98ca776cb875bc9e5514f56b52eb74f9e7a9/library/core/src/ops/function.rs:227:5
[INFO] [stdout]   19:     0x560133ba91e3 - core::ops::function::FnOnce::call_once::hbb52c4519d3137b0
[INFO] [stdout]                                at /rustc/53fd98ca776cb875bc9e5514f56b52eb74f9e7a9/library/core/src/ops/function.rs:227:5
[INFO] [stdout]   20:     0x560133ba91e3 - test::__rust_begin_short_backtrace::h86fe3a2a5a5121af
[INFO] [stdout]                                at /rustc/53fd98ca776cb875bc9e5514f56b52eb74f9e7a9/library/test/src/lib.rs:578:5
[INFO] [stdout]   21:     0x560133ba7c98 - <alloc::boxed::Box<F,A> as core::ops::function::FnOnce<Args>>::call_once::hfd956bc3d57399be
[INFO] [stdout]                                at /rustc/53fd98ca776cb875bc9e5514f56b52eb74f9e7a9/library/alloc/src/boxed.rs:1572:9
[INFO] [stdout]   22:     0x560133ba7c98 - <std::panic::AssertUnwindSafe<F> as core::ops::function::FnOnce<()>>::call_once::h40dc93e0ddb5938a
[INFO] [stdout]                                at /rustc/53fd98ca776cb875bc9e5514f56b52eb74f9e7a9/library/std/src/panic.rs:347:9
[INFO] [stdout]   23:     0x560133ba7c98 - std::panicking::try::do_call::h90d07750cb47c562
[INFO] [stdout]                                at /rustc/53fd98ca776cb875bc9e5514f56b52eb74f9e7a9/library/std/src/panicking.rs:401:40
[INFO] [stdout]   24:     0x560133ba7c98 - std::panicking::try::h063c84733ad2a629
[INFO] [stdout]                                at /rustc/53fd98ca776cb875bc9e5514f56b52eb74f9e7a9/library/std/src/panicking.rs:365:19
[INFO] [stdout]   25:     0x560133ba7c98 - std::panic::catch_unwind::h0c464836a84e7c08
[INFO] [stdout]                                at /rustc/53fd98ca776cb875bc9e5514f56b52eb74f9e7a9/library/std/src/panic.rs:434:14
[INFO] [stdout]   26:     0x560133ba7c98 - test::run_test_in_process::h5cb06ef620b157fc
[INFO] [stdout]                                at /rustc/53fd98ca776cb875bc9e5514f56b52eb74f9e7a9/library/test/src/lib.rs:601:18
[INFO] [stdout]   27:     0x560133ba7c98 - test::run_test::run_test_inner::{{closure}}::h76f677f4b93f9828
[INFO] [stdout]                                at /rustc/53fd98ca776cb875bc9e5514f56b52eb74f9e7a9/library/test/src/lib.rs:493:39
[INFO] [stdout]   28:     0x560133b7642d - test::run_test::run_test_inner::{{closure}}::h366d01fe04f4d67a
[INFO] [stdout]                                at /rustc/53fd98ca776cb875bc9e5514f56b52eb74f9e7a9/library/test/src/lib.rs:520:37
[INFO] [stdout]   29:     0x560133b7642d - std::sys_common::backtrace::__rust_begin_short_backtrace::h7dfa0de4eb395af2
[INFO] [stdout]                                at /rustc/53fd98ca776cb875bc9e5514f56b52eb74f9e7a9/library/std/src/sys_common/backtrace.rs:125:18
[INFO] [stdout]   30:     0x560133b7abf8 - std::thread::Builder::spawn_unchecked::{{closure}}::{{closure}}::hf0a74bb58798037f
[INFO] [stdout]                                at /rustc/53fd98ca776cb875bc9e5514f56b52eb74f9e7a9/library/std/src/thread/mod.rs:476:17
[INFO] [stdout]   31:     0x560133b7abf8 - <std::panic::AssertUnwindSafe<F> as core::ops::function::FnOnce<()>>::call_once::hb024e854818586ac
[INFO] [stdout]                                at /rustc/53fd98ca776cb875bc9e5514f56b52eb74f9e7a9/library/std/src/panic.rs:347:9
[INFO] [stdout]   32:     0x560133b7abf8 - std::panicking::try::do_call::hb2dd9f1d0d48e41d
[INFO] [stdout]                                at /rustc/53fd98ca776cb875bc9e5514f56b52eb74f9e7a9/library/std/src/panicking.rs:401:40
[INFO] [stdout]   33:     0x560133b7abf8 - std::panicking::try::h4717ae7bac8b2bf3
[INFO] [stdout]                                at /rustc/53fd98ca776cb875bc9e5514f56b52eb74f9e7a9/library/std/src/panicking.rs:365:19
[INFO] [stdout]   34:     0x560133b7abf8 - std::panic::catch_unwind::h0dc8a061326ce8d8
[INFO] [stdout]                                at /rustc/53fd98ca776cb875bc9e5514f56b52eb74f9e7a9/library/std/src/panic.rs:434:14
[INFO] [stdout]   35:     0x560133b7abf8 - std::thread::Builder::spawn_unchecked::{{closure}}::haa369e2d6fd00aa1
[INFO] [stdout]                                at /rustc/53fd98ca776cb875bc9e5514f56b52eb74f9e7a9/library/std/src/thread/mod.rs:475:30
[INFO] [stdout]   36:     0x560133b7abf8 - core::ops::function::FnOnce::call_once{{vtable.shim}}::h36dcf3de8b056f17
[INFO] [stdout]                                at /rustc/53fd98ca776cb875bc9e5514f56b52eb74f9e7a9/library/core/src/ops/function.rs:227:5
[INFO] [stdout]   37:     0x560133d8ea57 - <alloc::boxed::Box<F,A> as core::ops::function::FnOnce<Args>>::call_once::h65c29e4642be2358
[INFO] [stdout]                                at /rustc/53fd98ca776cb875bc9e5514f56b52eb74f9e7a9/library/alloc/src/boxed.rs:1572:9
[INFO] [stdout]   38:     0x560133d8ea57 - <alloc::boxed::Box<F,A> as core::ops::function::FnOnce<Args>>::call_once::hd0f8f7fbbd9fffbf
[INFO] [stdout]                                at /rustc/53fd98ca776cb875bc9e5514f56b52eb74f9e7a9/library/alloc/src/boxed.rs:1572:9
[INFO] [stdout]   39:     0x560133d8ea57 - std::sys::unix::thread::Thread::new::thread_start::h2fd22fee3ca77b65
[INFO] [stdout]                                at /rustc/53fd98ca776cb875bc9e5514f56b52eb74f9e7a9/library/std/src/sys/unix/thread.rs:74:17
[INFO] [stdout]   40:     0x7f6ef4d9e609 - start_thread
[INFO] [stdout]   41:     0x7f6ef5029293 - clone
[INFO] [stdout]   42:                0x0 - <unknown>
[INFO] [stdout] 
[INFO] [stdout] 
[INFO] [stdout] failures:
[INFO] [stdout]     bytecode::tests::prop_encode_float
[INFO] [stdout] 
[INFO] [stdout] test result: FAILED. 54 passed; 1 failed; 0 ignored; 0 measured; 0 filtered out; finished in 0.08s
[INFO] [stdout] 
[INFO] [stderr] error: test failed, to rerun pass '--lib'
[INFO] running `Command { std: "docker" "inspect" "0af17311ae90097472a76334220b205719fca2de5b937b425c5e49a9c92009be", kill_on_drop: false }`
[INFO] running `Command { std: "docker" "rm" "-f" "0af17311ae90097472a76334220b205719fca2de5b937b425c5e49a9c92009be", kill_on_drop: false }`
[INFO] [stdout] 0af17311ae90097472a76334220b205719fca2de5b937b425c5e49a9c92009be
