[INFO] fetching crate sealed 0.3.0...
[INFO] testing sealed-0.3.0 against 1.54.0 for beta-1.55-1
[INFO] extracting crate sealed 0.3.0 into /workspace/builds/worker-5/source
[INFO] validating manifest of crates.io crate sealed 0.3.0 on toolchain 1.54.0
[INFO] running `Command { std: "/workspace/cargo-home/bin/cargo" "+1.54.0" "metadata" "--manifest-path" "Cargo.toml" "--no-deps", kill_on_drop: false }`
[INFO] started tweaking crates.io crate sealed 0.3.0
[INFO] finished tweaking crates.io crate sealed 0.3.0
[INFO] tweaked toml for crates.io crate sealed 0.3.0 written to /workspace/builds/worker-5/source/Cargo.toml
[INFO] crate crates.io crate sealed 0.3.0 already has a lockfile, it will not be regenerated
[INFO] running `Command { std: "/workspace/cargo-home/bin/cargo" "+1.54.0" "fetch" "--manifest-path" "Cargo.toml", kill_on_drop: false }`
[INFO] running `Command { std: "docker" "create" "-v" "/var/lib/crater-agent-workspace/builds/worker-5/target:/opt/rustwide/target:rw,Z" "-v" "/var/lib/crater-agent-workspace/builds/worker-5/source:/opt/rustwide/workdir:ro,Z" "-v" "/var/lib/crater-agent-workspace/cargo-home:/opt/rustwide/cargo-home:ro,Z" "-v" "/var/lib/crater-agent-workspace/rustup-home:/opt/rustwide/rustup-home:ro,Z" "-e" "SOURCE_DIR=/opt/rustwide/workdir" "-e" "CARGO_TARGET_DIR=/opt/rustwide/target" "-e" "CARGO_HOME=/opt/rustwide/cargo-home" "-e" "RUSTUP_HOME=/opt/rustwide/rustup-home" "-w" "/opt/rustwide/workdir" "-m" "1610612736" "--user" "0:0" "--network" "none" "ghcr.io/rust-lang/crates-build-env/linux@sha256:34b6a614d2c27851fe6cbf88fbd1137609cefab8b10d0615aaeb6fd47975d74e" "/opt/rustwide/cargo-home/bin/cargo" "+1.54.0" "metadata" "--no-deps" "--format-version=1", kill_on_drop: false }`
[INFO] [stdout] 21a8160d9a1747e41af5f2310f74c104a4c331e02727469c24f5b013a8db2a31
[INFO] [stderr] WARNING: Your kernel does not support swap limit capabilities or the cgroup is not mounted. Memory limited without swap.
[INFO] running `Command { std: "docker" "start" "-a" "21a8160d9a1747e41af5f2310f74c104a4c331e02727469c24f5b013a8db2a31", kill_on_drop: false }`
[INFO] running `Command { std: "docker" "inspect" "21a8160d9a1747e41af5f2310f74c104a4c331e02727469c24f5b013a8db2a31", kill_on_drop: false }`
[INFO] running `Command { std: "docker" "rm" "-f" "21a8160d9a1747e41af5f2310f74c104a4c331e02727469c24f5b013a8db2a31", kill_on_drop: false }`
[INFO] [stdout] 21a8160d9a1747e41af5f2310f74c104a4c331e02727469c24f5b013a8db2a31
[INFO] running `Command { std: "docker" "create" "-v" "/var/lib/crater-agent-workspace/builds/worker-5/target:/opt/rustwide/target:rw,Z" "-v" "/var/lib/crater-agent-workspace/builds/worker-5/source:/opt/rustwide/workdir:ro,Z" "-v" "/var/lib/crater-agent-workspace/cargo-home:/opt/rustwide/cargo-home:ro,Z" "-v" "/var/lib/crater-agent-workspace/rustup-home:/opt/rustwide/rustup-home:ro,Z" "-e" "SOURCE_DIR=/opt/rustwide/workdir" "-e" "CARGO_TARGET_DIR=/opt/rustwide/target" "-e" "CARGO_INCREMENTAL=0" "-e" "RUST_BACKTRACE=full" "-e" "RUSTFLAGS=--cap-lints=warn" "-e" "CARGO_HOME=/opt/rustwide/cargo-home" "-e" "RUSTUP_HOME=/opt/rustwide/rustup-home" "-w" "/opt/rustwide/workdir" "-m" "1610612736" "--user" "0:0" "--network" "none" "ghcr.io/rust-lang/crates-build-env/linux@sha256:34b6a614d2c27851fe6cbf88fbd1137609cefab8b10d0615aaeb6fd47975d74e" "/opt/rustwide/cargo-home/bin/cargo" "+1.54.0" "build" "--frozen" "--message-format=json", kill_on_drop: false }`
[INFO] [stderr] WARNING: Your kernel does not support swap limit capabilities or the cgroup is not mounted. Memory limited without swap.
[INFO] [stdout] a316a106c8e4bd046914d5ea1fb35c2ceae4f043d9aeaf13615a0eb7c776e7c9
[INFO] running `Command { std: "docker" "start" "-a" "a316a106c8e4bd046914d5ea1fb35c2ceae4f043d9aeaf13615a0eb7c776e7c9", kill_on_drop: false }`
[INFO] [stderr]    Compiling sealed v0.3.0 (/opt/rustwide/workdir)
[INFO] [stderr]     Finished dev [unoptimized + debuginfo] target(s) in 3.69s
[INFO] running `Command { std: "docker" "inspect" "a316a106c8e4bd046914d5ea1fb35c2ceae4f043d9aeaf13615a0eb7c776e7c9", kill_on_drop: false }`
[INFO] running `Command { std: "docker" "rm" "-f" "a316a106c8e4bd046914d5ea1fb35c2ceae4f043d9aeaf13615a0eb7c776e7c9", kill_on_drop: false }`
[INFO] [stdout] a316a106c8e4bd046914d5ea1fb35c2ceae4f043d9aeaf13615a0eb7c776e7c9
[INFO] running `Command { std: "docker" "create" "-v" "/var/lib/crater-agent-workspace/builds/worker-5/target:/opt/rustwide/target:rw,Z" "-v" "/var/lib/crater-agent-workspace/builds/worker-5/source:/opt/rustwide/workdir:ro,Z" "-v" "/var/lib/crater-agent-workspace/cargo-home:/opt/rustwide/cargo-home:ro,Z" "-v" "/var/lib/crater-agent-workspace/rustup-home:/opt/rustwide/rustup-home:ro,Z" "-e" "SOURCE_DIR=/opt/rustwide/workdir" "-e" "CARGO_TARGET_DIR=/opt/rustwide/target" "-e" "CARGO_INCREMENTAL=0" "-e" "RUST_BACKTRACE=full" "-e" "RUSTFLAGS=--cap-lints=warn" "-e" "CARGO_HOME=/opt/rustwide/cargo-home" "-e" "RUSTUP_HOME=/opt/rustwide/rustup-home" "-w" "/opt/rustwide/workdir" "-m" "1610612736" "--user" "0:0" "--network" "none" "ghcr.io/rust-lang/crates-build-env/linux@sha256:34b6a614d2c27851fe6cbf88fbd1137609cefab8b10d0615aaeb6fd47975d74e" "/opt/rustwide/cargo-home/bin/cargo" "+1.54.0" "test" "--frozen" "--no-run" "--message-format=json", kill_on_drop: false }`
[INFO] [stdout] bcf4252e8cae6d3e0f29276766edc8fcce26bdda4822c98b4bcb07dc2d427d26
[INFO] [stderr] WARNING: Your kernel does not support swap limit capabilities or the cgroup is not mounted. Memory limited without swap.
[INFO] running `Command { std: "docker" "start" "-a" "bcf4252e8cae6d3e0f29276766edc8fcce26bdda4822c98b4bcb07dc2d427d26", kill_on_drop: false }`
[INFO] [stderr]    Compiling syn v1.0.72
[INFO] [stderr]    Compiling trybuild v1.0.42
[INFO] [stderr]    Compiling dissimilar v1.0.2
[INFO] [stderr]    Compiling serde_derive v1.0.125
[INFO] [stderr]    Compiling sealed v0.3.0 (/opt/rustwide/workdir)
[INFO] [stderr]    Compiling serde v1.0.125
[INFO] [stderr]    Compiling toml v0.5.8
[INFO] [stderr]    Compiling serde_json v1.0.64
[INFO] [stderr]     Finished test [unoptimized + debuginfo] target(s) in 55.23s
[INFO] running `Command { std: "docker" "inspect" "bcf4252e8cae6d3e0f29276766edc8fcce26bdda4822c98b4bcb07dc2d427d26", kill_on_drop: false }`
[INFO] running `Command { std: "docker" "rm" "-f" "bcf4252e8cae6d3e0f29276766edc8fcce26bdda4822c98b4bcb07dc2d427d26", kill_on_drop: false }`
[INFO] [stdout] bcf4252e8cae6d3e0f29276766edc8fcce26bdda4822c98b4bcb07dc2d427d26
[INFO] running `Command { std: "docker" "create" "-v" "/var/lib/crater-agent-workspace/builds/worker-5/target:/opt/rustwide/target:rw,Z" "-v" "/var/lib/crater-agent-workspace/builds/worker-5/source:/opt/rustwide/workdir:ro,Z" "-v" "/var/lib/crater-agent-workspace/cargo-home:/opt/rustwide/cargo-home:ro,Z" "-v" "/var/lib/crater-agent-workspace/rustup-home:/opt/rustwide/rustup-home:ro,Z" "-e" "SOURCE_DIR=/opt/rustwide/workdir" "-e" "CARGO_TARGET_DIR=/opt/rustwide/target" "-e" "CARGO_INCREMENTAL=0" "-e" "RUST_BACKTRACE=full" "-e" "RUSTFLAGS=--cap-lints=warn" "-e" "CARGO_HOME=/opt/rustwide/cargo-home" "-e" "RUSTUP_HOME=/opt/rustwide/rustup-home" "-w" "/opt/rustwide/workdir" "-m" "1610612736" "--user" "0:0" "--network" "none" "ghcr.io/rust-lang/crates-build-env/linux@sha256:34b6a614d2c27851fe6cbf88fbd1137609cefab8b10d0615aaeb6fd47975d74e" "/opt/rustwide/cargo-home/bin/cargo" "+1.54.0" "test" "--frozen", kill_on_drop: false }`
[INFO] [stdout] 57ef950b24b5afe69a14e160dea4dc06144e3870dc1fb2590662679dab449081
[INFO] [stderr] WARNING: Your kernel does not support swap limit capabilities or the cgroup is not mounted. Memory limited without swap.
[INFO] running `Command { std: "docker" "start" "-a" "57ef950b24b5afe69a14e160dea4dc06144e3870dc1fb2590662679dab449081", kill_on_drop: false }`
[INFO] [stderr]     Finished test [unoptimized + debuginfo] target(s) in 0.04s
[INFO] [stderr]      Running unittests (/opt/rustwide/target/debug/deps/sealed-794ec464c016f6ef)
[INFO] [stderr]      Running tests/test.rs (/opt/rustwide/target/debug/deps/test-677dad080ac6adf7)
[INFO] [stdout] 
[INFO] [stdout] running 0 tests
[INFO] [stdout] 
[INFO] [stdout] test result: ok. 0 passed; 0 failed; 0 ignored; 0 measured; 0 filtered out; finished in 0.00s
[INFO] [stdout] 
[INFO] [stdout] 
[INFO] [stdout] running 1 test
[INFO] [stderr]    Compiling proc-macro2 v1.0.26
[INFO] [stderr]    Compiling syn v1.0.72
[INFO] [stderr]    Compiling unicode-xid v0.2.2
[INFO] [stderr]    Compiling unicode-segmentation v1.7.1
[INFO] [stderr]    Compiling heck v0.3.2
[INFO] [stderr]    Compiling quote v1.0.9
[INFO] [stderr]    Compiling sealed v0.3.0 (/opt/rustwide/workdir)
[INFO] [stderr]    Compiling sealed-tests v0.0.0 (/opt/rustwide/target/tests/sealed)
[INFO] [stderr]     Finished dev [unoptimized + debuginfo] target(s) in 38.30s
[INFO] [stderr] 
[INFO] [stderr] 
[INFO] [stderr] test 01-long-name.rs [should pass] ... ok
[INFO] [stderr] test 02-nesting.rs [should pass] ... ok
[INFO] [stderr] test 03-generics.rs [should pass] ... ok
[INFO] [stderr] test 04-multiple-traits.rs [should pass] ... ok
[INFO] [stderr] test 05-raw-ident.rs [should pass] ... ok
[INFO] [stderr] test 06-bounds.rs [should pass] ... ok
[INFO] [stderr] test 07-bound-erasure.rs [should pass] ... ok
[INFO] [stderr] test 08-bound-erasure-fn.rs [should pass] ... ok
[INFO] [stderr] test 09-enum.rs [should pass] ... ok
[INFO] [stderr] test 10-all-arguments.rs [should pass] ... ok
[INFO] [stderr] test 01-general.rs [should fail to compile] ... ok
[INFO] [stderr] test 02-nesting.rs [should fail to compile] ... ok
[INFO] [stderr] test 03-private-by-default.rs [should fail to compile] ... mismatch
[INFO] [stderr] 
[INFO] [stderr] EXPECTED:
[INFO] [stderr] ┈┈┈┈┈┈┈┈┈┈┈┈┈┈┈┈┈┈┈┈┈┈┈┈┈┈┈┈┈┈┈┈┈┈┈┈┈┈┈┈┈┈┈┈┈┈┈┈┈┈┈┈┈┈┈┈┈┈┈┈
[INFO] [stderr] error[E0603]: module `__seal_t` is private
[INFO] [stderr]   --> $DIR/03-private-by-default.rs:17:1
[INFO] [stderr]    |
[INFO] [stderr] 17 | #[sealed]
[INFO] [stderr]    | ^^^^^^^^^ private module
[INFO] [stderr]    |
[INFO] [stderr] note: the module `__seal_t` is defined here
[INFO] [stderr]   --> $DIR/03-private-by-default.rs:8:17
[INFO] [stderr]    |
[INFO] [stderr] 8  |                 #[sealed]
[INFO] [stderr]    |                 ^^^^^^^^^
[INFO] [stderr]    = note: this error originates in an attribute macro (in Nightly builds, run with -Z macro-backtrace for more info)
[INFO] [stderr] ┈┈┈┈┈┈┈┈┈┈┈┈┈┈┈┈┈┈┈┈┈┈┈┈┈┈┈┈┈┈┈┈┈┈┈┈┈┈┈┈┈┈┈┈┈┈┈┈┈┈┈┈┈┈┈┈┈┈┈┈
[INFO] [stderr] 
[INFO] [stderr] ACTUAL OUTPUT:
[INFO] [stderr] ┈┈┈┈┈┈┈┈┈┈┈┈┈┈┈┈┈┈┈┈┈┈┈┈┈┈┈┈┈┈┈┈┈┈┈┈┈┈┈┈┈┈┈┈┈┈┈┈┈┈┈┈┈┈┈┈┈┈┈┈
[INFO] [stderr] error[E0603]: module `__seal_t` is private
[INFO] [stderr]   --> $DIR/03-private-by-default.rs:17:1
[INFO] [stderr]    |
[INFO] [stderr] 17 | #[sealed]
[INFO] [stderr]    | ^^^^^^^^^ private module
[INFO] [stderr]    |
[INFO] [stderr] note: the module `__seal_t` is defined here
[INFO] [stderr]   --> $DIR/03-private-by-default.rs:8:17
[INFO] [stderr]    |
[INFO] [stderr] 8  |                 #[sealed]
[INFO] [stderr]    |                 ^^^^^^^^^
[INFO] [stderr]    = note: this error originates in the attribute macro `sealed` (in Nightly builds, run with -Z macro-backtrace for more info)
[INFO] [stderr] ┈┈┈┈┈┈┈┈┈┈┈┈┈┈┈┈┈┈┈┈┈┈┈┈┈┈┈┈┈┈┈┈┈┈┈┈┈┈┈┈┈┈┈┈┈┈┈┈┈┈┈┈┈┈┈┈┈┈┈┈
[INFO] [stderr] note: If the actual output is the correct output you can bless it by rerunning
[INFO] [stderr]       your test with the environment variable TRYBUILD=overwrite
[INFO] [stderr] 
[INFO] [stderr] test 04-no-full-pub.rs [should fail to compile] ... mismatch
[INFO] [stderr] 
[INFO] [stderr] EXPECTED:
[INFO] [stderr] ┈┈┈┈┈┈┈┈┈┈┈┈┈┈┈┈┈┈┈┈┈┈┈┈┈┈┈┈┈┈┈┈┈┈┈┈┈┈┈┈┈┈┈┈┈┈┈┈┈┈┈┈┈┈┈┈┈┈┈┈
[INFO] [stderr] error: `pub` visibility breaks the seal as allows to use it outside its crate.
[INFO] [stderr] Consider tightening the visibility (e.g. `pub(crate)`) if you actually need sealing.
[INFO] [stderr]  --> $DIR/04-no-full-pub.rs:8:26
[INFO] [stderr]   |
[INFO] [stderr] 8 |                 #[sealed(pub)]
[INFO] [stderr]   |                          ^^^
[INFO] [stderr] 
[INFO] [stderr] error[E0433]: failed to resolve: could not find `__seal_t` in `nesting`
[INFO] [stderr]   --> $DIR/04-no-full-pub.rs:17:1
[INFO] [stderr]    |
[INFO] [stderr] 17 | #[sealed]
[INFO] [stderr]    | ^^^^^^^^^ could not find `__seal_t` in `nesting`
[INFO] [stderr]    |
[INFO] [stderr]    = note: this error originates in an attribute macro (in Nightly builds, run with -Z macro-backtrace for more info)
[INFO] [stderr] 
[INFO] [stderr] error[E0405]: cannot find trait `T` in module `lets::attempt::some::nesting`
[INFO] [stderr]   --> $DIR/04-no-full-pub.rs:18:36
[INFO] [stderr]    |
[INFO] [stderr] 18 | impl lets::attempt::some::nesting::T for A {}
[INFO] [stderr]    |                                    ^ not found in `lets::attempt::some::nesting`
[INFO] [stderr] ┈┈┈┈┈┈┈┈┈┈┈┈┈┈┈┈┈┈┈┈┈┈┈┈┈┈┈┈┈┈┈┈┈┈┈┈┈┈┈┈┈┈┈┈┈┈┈┈┈┈┈┈┈┈┈┈┈┈┈┈
[INFO] [stderr] 
[INFO] [stderr] ACTUAL OUTPUT:
[INFO] [stderr] ┈┈┈┈┈┈┈┈┈┈┈┈┈┈┈┈┈┈┈┈┈┈┈┈┈┈┈┈┈┈┈┈┈┈┈┈┈┈┈┈┈┈┈┈┈┈┈┈┈┈┈┈┈┈┈┈┈┈┈┈
[INFO] [stderr] error: `pub` visibility breaks the seal as allows to use it outside its crate.
[INFO] [stderr] Consider tightening the visibility (e.g. `pub(crate)`) if you actually need sealing.
[INFO] [stderr]  --> $DIR/04-no-full-pub.rs:8:26
[INFO] [stderr]   |
[INFO] [stderr] 8 |                 #[sealed(pub)]
[INFO] [stderr]   |                          ^^^
[INFO] [stderr] 
[INFO] [stderr] error[E0433]: failed to resolve: could not find `__seal_t` in `nesting`
[INFO] [stderr]   --> $DIR/04-no-full-pub.rs:17:1
[INFO] [stderr]    |
[INFO] [stderr] 17 | #[sealed]
[INFO] [stderr]    | ^^^^^^^^^ could not find `__seal_t` in `nesting`
[INFO] [stderr]    |
[INFO] [stderr]    = note: this error originates in the attribute macro `sealed` (in Nightly builds, run with -Z macro-backtrace for more info)
[INFO] [stderr] 
[INFO] [stderr] error[E0405]: cannot find trait `T` in module `lets::attempt::some::nesting`
[INFO] [stderr]   --> $DIR/04-no-full-pub.rs:18:36
[INFO] [stderr]    |
[INFO] [stderr] 18 | impl lets::attempt::some::nesting::T for A {}
[INFO] [stderr]    |                                    ^ not found in `lets::attempt::some::nesting`
[INFO] [stderr] ┈┈┈┈┈┈┈┈┈┈┈┈┈┈┈┈┈┈┈┈┈┈┈┈┈┈┈┈┈┈┈┈┈┈┈┈┈┈┈┈┈┈┈┈┈┈┈┈┈┈┈┈┈┈┈┈┈┈┈┈
[INFO] [stderr] note: If the actual output is the correct output you can bless it by rerunning
[INFO] [stderr]       your test with the environment variable TRYBUILD=overwrite
[INFO] [stderr] 
[INFO] [stderr] test 05-no-comma.rs [should fail to compile] ... mismatch
[INFO] [stderr] 
[INFO] [stderr] EXPECTED:
[INFO] [stderr] ┈┈┈┈┈┈┈┈┈┈┈┈┈┈┈┈┈┈┈┈┈┈┈┈┈┈┈┈┈┈┈┈┈┈┈┈┈┈┈┈┈┈┈┈┈┈┈┈┈┈┈┈┈┈┈┈┈┈┈┈
[INFO] [stderr] error: expected followed by `,`
[INFO] [stderr]  --> $DIR/05-no-comma.rs:8:26
[INFO] [stderr]   |
[INFO] [stderr] 8 |                 #[sealed(erase pub(crate))]
[INFO] [stderr]   |                          ^^^^^
[INFO] [stderr] 
[INFO] [stderr] error[E0433]: failed to resolve: could not find `__seal_t` in `nesting`
[INFO] [stderr]   --> $DIR/05-no-comma.rs:17:1
[INFO] [stderr]    |
[INFO] [stderr] 17 | #[sealed]
[INFO] [stderr]    | ^^^^^^^^^ could not find `__seal_t` in `nesting`
[INFO] [stderr]    |
[INFO] [stderr]    = note: this error originates in an attribute macro (in Nightly builds, run with -Z macro-backtrace for more info)
[INFO] [stderr] 
[INFO] [stderr] error[E0405]: cannot find trait `T` in module `lets::attempt::some::nesting`
[INFO] [stderr]   --> $DIR/05-no-comma.rs:18:36
[INFO] [stderr]    |
[INFO] [stderr] 18 | impl lets::attempt::some::nesting::T for A {}
[INFO] [stderr]    |                                    ^ not found in `lets::attempt::some::nesting`
[INFO] [stderr] ┈┈┈┈┈┈┈┈┈┈┈┈┈┈┈┈┈┈┈┈┈┈┈┈┈┈┈┈┈┈┈┈┈┈┈┈┈┈┈┈┈┈┈┈┈┈┈┈┈┈┈┈┈┈┈┈┈┈┈┈
[INFO] [stderr] 
[INFO] [stderr] ACTUAL OUTPUT:
[INFO] [stderr] ┈┈┈┈┈┈┈┈┈┈┈┈┈┈┈┈┈┈┈┈┈┈┈┈┈┈┈┈┈┈┈┈┈┈┈┈┈┈┈┈┈┈┈┈┈┈┈┈┈┈┈┈┈┈┈┈┈┈┈┈
[INFO] [stderr] error: expected followed by `,`
[INFO] [stderr]  --> $DIR/05-no-comma.rs:8:26
[INFO] [stderr]   |
[INFO] [stderr] 8 |                 #[sealed(erase pub(crate))]
[INFO] [stderr]   |                          ^^^^^
[INFO] [stderr] 
[INFO] [stderr] error[E0433]: failed to resolve: could not find `__seal_t` in `nesting`
[INFO] [stderr]   --> $DIR/05-no-comma.rs:17:1
[INFO] [stderr]    |
[INFO] [stderr] 17 | #[sealed]
[INFO] [stderr]    | ^^^^^^^^^ could not find `__seal_t` in `nesting`
[INFO] [stderr]    |
[INFO] [stderr]    = note: this error originates in the attribute macro `sealed` (in Nightly builds, run with -Z macro-backtrace for more info)
[INFO] [stderr] 
[INFO] [stderr] error[E0405]: cannot find trait `T` in module `lets::attempt::some::nesting`
[INFO] [stderr]   --> $DIR/05-no-comma.rs:18:36
[INFO] [stderr]    |
[INFO] [stderr] 18 | impl lets::attempt::some::nesting::T for A {}
[INFO] [stderr]    |                                    ^ not found in `lets::attempt::some::nesting`
[INFO] [stderr] ┈┈┈┈┈┈┈┈┈┈┈┈┈┈┈┈┈┈┈┈┈┈┈┈┈┈┈┈┈┈┈┈┈┈┈┈┈┈┈┈┈┈┈┈┈┈┈┈┈┈┈┈┈┈┈┈┈┈┈┈
[INFO] [stderr] note: If the actual output is the correct output you can bless it by rerunning
[INFO] [stderr]       your test with the environment variable TRYBUILD=overwrite
[INFO] [stderr] 
[INFO] [stderr] test 06-wrong-argument.rs [should fail to compile] ... mismatch
[INFO] [stderr] 
[INFO] [stderr] EXPECTED:
[INFO] [stderr] ┈┈┈┈┈┈┈┈┈┈┈┈┈┈┈┈┈┈┈┈┈┈┈┈┈┈┈┈┈┈┈┈┈┈┈┈┈┈┈┈┈┈┈┈┈┈┈┈┈┈┈┈┈┈┈┈┈┈┈┈
[INFO] [stderr] error: unknown `erased` attribute argument
[INFO] [stderr]  --> $DIR/06-wrong-argument.rs:3:10
[INFO] [stderr]   |
[INFO] [stderr] 3 | #[sealed(erased)]
[INFO] [stderr]   |          ^^^^^^
[INFO] [stderr] 
[INFO] [stderr] error[E0433]: failed to resolve: use of undeclared crate or module `__seal_t`
[INFO] [stderr]  --> $DIR/06-wrong-argument.rs:8:1
[INFO] [stderr]   |
[INFO] [stderr] 8 | #[sealed]
[INFO] [stderr]   | ^^^^^^^^^ use of undeclared crate or module `__seal_t`
[INFO] [stderr]   |
[INFO] [stderr]   = note: this error originates in an attribute macro (in Nightly builds, run with -Z macro-backtrace for more info)
[INFO] [stderr] 
[INFO] [stderr] error[E0405]: cannot find trait `T` in this scope
[INFO] [stderr]  --> $DIR/06-wrong-argument.rs:9:6
[INFO] [stderr]   |
[INFO] [stderr] 9 | impl T for A {}
[INFO] [stderr]   |      ^ not found in this scope
[INFO] [stderr] ┈┈┈┈┈┈┈┈┈┈┈┈┈┈┈┈┈┈┈┈┈┈┈┈┈┈┈┈┈┈┈┈┈┈┈┈┈┈┈┈┈┈┈┈┈┈┈┈┈┈┈┈┈┈┈┈┈┈┈┈
[INFO] [stderr] 
[INFO] [stderr] ACTUAL OUTPUT:
[INFO] [stderr] ┈┈┈┈┈┈┈┈┈┈┈┈┈┈┈┈┈┈┈┈┈┈┈┈┈┈┈┈┈┈┈┈┈┈┈┈┈┈┈┈┈┈┈┈┈┈┈┈┈┈┈┈┈┈┈┈┈┈┈┈
[INFO] [stderr] error: unknown `erased` attribute argument
[INFO] [stderr]  --> $DIR/06-wrong-argument.rs:3:10
[INFO] [stderr]   |
[INFO] [stderr] 3 | #[sealed(erased)]
[INFO] [stderr]   |          ^^^^^^
[INFO] [stderr] 
[INFO] [stderr] error[E0433]: failed to resolve: use of undeclared crate or module `__seal_t`
[INFO] [stderr]  --> $DIR/06-wrong-argument.rs:8:1
[INFO] [stderr]   |
[INFO] [stderr] 8 | #[sealed]
[INFO] [stderr]   | ^^^^^^^^^ use of undeclared crate or module `__seal_t`
[INFO] [stderr]   |
[INFO] [stderr]   = note: this error originates in the attribute macro `sealed` (in Nightly builds, run with -Z macro-backtrace for more info)
[INFO] [stderr] 
[INFO] [stderr] error[E0405]: cannot find trait `T` in this scope
[INFO] [stderr]  --> $DIR/06-wrong-argument.rs:9:6
[INFO] [stderr]   |
[INFO] [stderr] 9 | impl T for A {}
[INFO] [stderr]   |      ^ not found in this scope
[INFO] [stderr] ┈┈┈┈┈┈┈┈┈┈┈┈┈┈┈┈┈┈┈┈┈┈┈┈┈┈┈┈┈┈┈┈┈┈┈┈┈┈┈┈┈┈┈┈┈┈┈┈┈┈┈┈┈┈┈┈┈┈┈┈
[INFO] [stderr] note: If the actual output is the correct output you can bless it by rerunning
[INFO] [stderr]       your test with the environment variable TRYBUILD=overwrite
[INFO] [stderr] 
[INFO] [stderr] 
[INFO] [stderr] 
[INFO] [stdout] test compile_test ... FAILED
[INFO] [stderr] error: test failed, to rerun pass '--test test'
[INFO] [stdout] 
[INFO] [stdout] failures:
[INFO] [stdout] 
[INFO] [stdout] ---- compile_test stdout ----
[INFO] [stdout] thread 'compile_test' panicked at '4 of 16 tests failed', /opt/rustwide/cargo-home/registry/src/github.com-1ecc6299db9ec823/trybuild-1.0.42/src/run.rs:73:13
[INFO] [stdout] stack backtrace:
[INFO] [stdout]    0:     0x5586092e38a0 - std::backtrace_rs::backtrace::libunwind::trace::h34055254b57d8e79
[INFO] [stdout]                                at /rustc/a178d0322ce20e33eac124758e837cbd80a6f633/library/std/src/../../backtrace/src/backtrace/libunwind.rs:90:5
[INFO] [stdout]    1:     0x5586092e38a0 - std::backtrace_rs::backtrace::trace_unsynchronized::h8f1e3fbd9afff6ec
[INFO] [stdout]                                at /rustc/a178d0322ce20e33eac124758e837cbd80a6f633/library/std/src/../../backtrace/src/backtrace/mod.rs:66:5
[INFO] [stdout]    2:     0x5586092e38a0 - std::sys_common::backtrace::_print_fmt::h3a99a796b770c360
[INFO] [stdout]                                at /rustc/a178d0322ce20e33eac124758e837cbd80a6f633/library/std/src/sys_common/backtrace.rs:67:5
[INFO] [stdout]    3:     0x5586092e38a0 - <std::sys_common::backtrace::_print::DisplayBacktrace as core::fmt::Display>::fmt::h32d1f94a80615d18
[INFO] [stdout]                                at /rustc/a178d0322ce20e33eac124758e837cbd80a6f633/library/std/src/sys_common/backtrace.rs:46:22
[INFO] [stdout]    4:     0x558609308e2c - core::fmt::write::h306731c068f7162c
[INFO] [stdout]                                at /rustc/a178d0322ce20e33eac124758e837cbd80a6f633/library/core/src/fmt/mod.rs:1110:17
[INFO] [stdout]    5:     0x5586092dfcc5 - std::io::Write::write_fmt::h87f19b0a2cd190bc
[INFO] [stdout]                                at /rustc/a178d0322ce20e33eac124758e837cbd80a6f633/library/std/src/io/mod.rs:1588:15
[INFO] [stdout]    6:     0x5586092e5bbb - std::sys_common::backtrace::_print::h5abaa2601a852287
[INFO] [stdout]                                at /rustc/a178d0322ce20e33eac124758e837cbd80a6f633/library/std/src/sys_common/backtrace.rs:49:5
[INFO] [stdout]    7:     0x5586092e5bbb - std::sys_common::backtrace::print::h8d81445442bb638f
[INFO] [stdout]                                at /rustc/a178d0322ce20e33eac124758e837cbd80a6f633/library/std/src/sys_common/backtrace.rs:36:9
[INFO] [stdout]    8:     0x5586092e5bbb - std::panicking::default_hook::{{closure}}::hcfe804496a9fa747
[INFO] [stdout]                                at /rustc/a178d0322ce20e33eac124758e837cbd80a6f633/library/std/src/panicking.rs:208:50
[INFO] [stdout]    9:     0x5586092e56cc - std::panicking::default_hook::hbea8e3ccf2ba8901
[INFO] [stdout]                                at /rustc/a178d0322ce20e33eac124758e837cbd80a6f633/library/std/src/panicking.rs:222:9
[INFO] [stdout]   10:     0x5586092e6284 - std::panicking::rust_panic_with_hook::h7ee9e1a2d0f8975a
[INFO] [stdout]                                at /rustc/a178d0322ce20e33eac124758e837cbd80a6f633/library/std/src/panicking.rs:622:17
[INFO] [stdout]   11:     0x5586092e5d67 - std::panicking::begin_panic_handler::{{closure}}::h8ab3b4491718b2c7
[INFO] [stdout]                                at /rustc/a178d0322ce20e33eac124758e837cbd80a6f633/library/std/src/panicking.rs:519:13
[INFO] [stdout]   12:     0x5586092e3d9c - std::sys_common::backtrace::__rust_end_short_backtrace::hd489062ffa586a9f
[INFO] [stdout]                                at /rustc/a178d0322ce20e33eac124758e837cbd80a6f633/library/std/src/sys_common/backtrace.rs:141:18
[INFO] [stdout]   13:     0x5586092e5cc9 - rust_begin_unwind
[INFO] [stdout]                                at /rustc/a178d0322ce20e33eac124758e837cbd80a6f633/library/std/src/panicking.rs:515:5
[INFO] [stdout]   14:     0x558609067f9b - std::panicking::begin_panic_fmt::h5479575e112541f8
[INFO] [stdout]                                at /rustc/a178d0322ce20e33eac124758e837cbd80a6f633/library/std/src/panicking.rs:457:5
[INFO] [stdout]   15:     0x55860909e5a2 - trybuild::run::<impl trybuild::Runner>::run::hbcd6b3cd936ad31f
[INFO] [stdout]                                at /opt/rustwide/cargo-home/registry/src/github.com-1ecc6299db9ec823/trybuild-1.0.42/src/run.rs:73:13
[INFO] [stdout]   16:     0x5586090a3212 - <trybuild::TestCases as core::ops::drop::Drop>::drop::h26b9fbe07cedf8af
[INFO] [stdout]                                at /opt/rustwide/cargo-home/registry/src/github.com-1ecc6299db9ec823/trybuild-1.0.42/src/lib.rs:305:13
[INFO] [stdout]   17:     0x558609069e27 - core::ptr::drop_in_place<trybuild::TestCases>::h6b619bf4147f09ff
[INFO] [stdout]                                at /rustc/a178d0322ce20e33eac124758e837cbd80a6f633/library/core/src/ptr/mod.rs:192:1
[INFO] [stdout]   18:     0x558609069f65 - test::compile_test::h0a4244ae8bdaca52
[INFO] [stdout]                                at /opt/rustwide/workdir/tests/test.rs:6:1
[INFO] [stdout]   19:     0x558609069eea - test::compile_test::{{closure}}::h4e7b57d79b477f3e
[INFO] [stdout]                                at /opt/rustwide/workdir/tests/test.rs:2:1
[INFO] [stdout]   20:     0x558609069dbe - core::ops::function::FnOnce::call_once::h3579cc9e16fffea4
[INFO] [stdout]                                at /rustc/a178d0322ce20e33eac124758e837cbd80a6f633/library/core/src/ops/function.rs:227:5
[INFO] [stdout]   21:     0x5586092b8e23 - core::ops::function::FnOnce::call_once::h152e7e439ff59e19
[INFO] [stdout]                                at /rustc/a178d0322ce20e33eac124758e837cbd80a6f633/library/core/src/ops/function.rs:227:5
[INFO] [stdout]   22:     0x5586092b8e23 - test::__rust_begin_short_backtrace::h0908f3b1fdbb72ab
[INFO] [stdout]                                at /rustc/a178d0322ce20e33eac124758e837cbd80a6f633/library/test/src/lib.rs:577:5
[INFO] [stdout]   23:     0x5586092b78e0 - <alloc::boxed::Box<F,A> as core::ops::function::FnOnce<Args>>::call_once::hf6d2a51e5587546c
[INFO] [stdout]                                at /rustc/a178d0322ce20e33eac124758e837cbd80a6f633/library/alloc/src/boxed.rs:1575:9
[INFO] [stdout]   24:     0x5586092b78e0 - <std::panic::AssertUnwindSafe<F> as core::ops::function::FnOnce<()>>::call_once::h8af660f3a89ef593
[INFO] [stdout]                                at /rustc/a178d0322ce20e33eac124758e837cbd80a6f633/library/std/src/panic.rs:347:9
[INFO] [stdout]   25:     0x5586092b78e0 - std::panicking::try::do_call::hd36aef60f84b6d36
[INFO] [stdout]                                at /rustc/a178d0322ce20e33eac124758e837cbd80a6f633/library/std/src/panicking.rs:401:40
[INFO] [stdout]   26:     0x5586092b78e0 - std::panicking::try::h9932b4480e69817c
[INFO] [stdout]                                at /rustc/a178d0322ce20e33eac124758e837cbd80a6f633/library/std/src/panicking.rs:365:19
[INFO] [stdout]   27:     0x5586092b78e0 - std::panic::catch_unwind::h6aa177099cfff5f8
[INFO] [stdout]                                at /rustc/a178d0322ce20e33eac124758e837cbd80a6f633/library/std/src/panic.rs:434:14
[INFO] [stdout]   28:     0x5586092b78e0 - test::run_test_in_process::h5884d6f2d99e20c3
[INFO] [stdout]                                at /rustc/a178d0322ce20e33eac124758e837cbd80a6f633/library/test/src/lib.rs:600:18
[INFO] [stdout]   29:     0x5586092b78e0 - test::run_test::run_test_inner::{{closure}}::h6fdc58c6d5f5b6e3
[INFO] [stdout]                                at /rustc/a178d0322ce20e33eac124758e837cbd80a6f633/library/test/src/lib.rs:492:39
[INFO] [stdout]   30:     0x558609290f92 - test::run_test::run_test_inner::{{closure}}::h408365d67a78ade8
[INFO] [stdout]                                at /rustc/a178d0322ce20e33eac124758e837cbd80a6f633/library/test/src/lib.rs:519:37
[INFO] [stdout]   31:     0x558609290f92 - std::sys_common::backtrace::__rust_begin_short_backtrace::hb560b77c4f701523
[INFO] [stdout]                                at /rustc/a178d0322ce20e33eac124758e837cbd80a6f633/library/std/src/sys_common/backtrace.rs:125:18
[INFO] [stdout]   32:     0x558609294b48 - std::thread::Builder::spawn_unchecked::{{closure}}::{{closure}}::hf2e7831dad93c597
[INFO] [stdout]                                at /rustc/a178d0322ce20e33eac124758e837cbd80a6f633/library/std/src/thread/mod.rs:481:17
[INFO] [stdout]   33:     0x558609294b48 - <std::panic::AssertUnwindSafe<F> as core::ops::function::FnOnce<()>>::call_once::hd2e08783d8be4d02
[INFO] [stdout]                                at /rustc/a178d0322ce20e33eac124758e837cbd80a6f633/library/std/src/panic.rs:347:9
[INFO] [stdout]   34:     0x558609294b48 - std::panicking::try::do_call::h062597b7acfd6b82
[INFO] [stdout]                                at /rustc/a178d0322ce20e33eac124758e837cbd80a6f633/library/std/src/panicking.rs:401:40
[INFO] [stdout]   35:     0x558609294b48 - std::panicking::try::h0d7b79db04c14552
[INFO] [stdout]                                at /rustc/a178d0322ce20e33eac124758e837cbd80a6f633/library/std/src/panicking.rs:365:19
[INFO] [stdout]   36:     0x558609294b48 - std::panic::catch_unwind::hb01a0b5e7c8cd43b
[INFO] [stdout]                                at /rustc/a178d0322ce20e33eac124758e837cbd80a6f633/library/std/src/panic.rs:434:14
[INFO] [stdout]   37:     0x558609294b48 - std::thread::Builder::spawn_unchecked::{{closure}}::h5bde48cc887e0d1e
[INFO] [stdout]                                at /rustc/a178d0322ce20e33eac124758e837cbd80a6f633/library/std/src/thread/mod.rs:480:30
[INFO] [stdout]   38:     0x558609294b48 - core::ops::function::FnOnce::call_once{{vtable.shim}}::h745ea30807a29e55
[INFO] [stdout]                                at /rustc/a178d0322ce20e33eac124758e837cbd80a6f633/library/core/src/ops/function.rs:227:5
[INFO] [stdout]   39:     0x5586092ec247 - <alloc::boxed::Box<F,A> as core::ops::function::FnOnce<Args>>::call_once::h7ece6cfefaff1005
[INFO] [stdout]                                at /rustc/a178d0322ce20e33eac124758e837cbd80a6f633/library/alloc/src/boxed.rs:1575:9
[INFO] [stdout]   40:     0x5586092ec247 - <alloc::boxed::Box<F,A> as core::ops::function::FnOnce<Args>>::call_once::hb8b48e55c21f193e
[INFO] [stdout]                                at /rustc/a178d0322ce20e33eac124758e837cbd80a6f633/library/alloc/src/boxed.rs:1575:9
[INFO] [stdout]   41:     0x5586092ec247 - std::sys::unix::thread::Thread::new::thread_start::h8c7c4450dba62914
[INFO] [stdout]                                at /rustc/a178d0322ce20e33eac124758e837cbd80a6f633/library/std/src/sys/unix/thread.rs:71:17
[INFO] [stdout]   42:     0x7f0a9d06d609 - start_thread
[INFO] [stdout]   43:     0x7f0a9ce3f293 - clone
[INFO] [stdout]   44:                0x0 - <unknown>
[INFO] [stdout] 
[INFO] [stdout] 
[INFO] [stdout] failures:
[INFO] [stdout]     compile_test
[INFO] [stdout] 
[INFO] [stdout] test result: FAILED. 0 passed; 1 failed; 0 ignored; 0 measured; 0 filtered out; finished in 49.81s
[INFO] [stdout] 
[INFO] running `Command { std: "docker" "inspect" "57ef950b24b5afe69a14e160dea4dc06144e3870dc1fb2590662679dab449081", kill_on_drop: false }`
[INFO] running `Command { std: "docker" "rm" "-f" "57ef950b24b5afe69a14e160dea4dc06144e3870dc1fb2590662679dab449081", kill_on_drop: false }`
[INFO] [stdout] 57ef950b24b5afe69a14e160dea4dc06144e3870dc1fb2590662679dab449081
