[INFO] fetching crate sdk-cds 0.4.0...
[INFO] testing sdk-cds-0.4.0 against beta-2021-08-01 for beta-1.55-1
[INFO] extracting crate sdk-cds 0.4.0 into /workspace/builds/worker-11/source
[INFO] validating manifest of crates.io crate sdk-cds 0.4.0 on toolchain beta-2021-08-01
[INFO] running `Command { std: "/workspace/cargo-home/bin/cargo" "+beta-2021-08-01" "metadata" "--manifest-path" "Cargo.toml" "--no-deps", kill_on_drop: false }`
[INFO] started tweaking crates.io crate sdk-cds 0.4.0
[INFO] finished tweaking crates.io crate sdk-cds 0.4.0
[INFO] tweaked toml for crates.io crate sdk-cds 0.4.0 written to /workspace/builds/worker-11/source/Cargo.toml
[INFO] crate crates.io crate sdk-cds 0.4.0 already has a lockfile, it will not be regenerated
[INFO] running `Command { std: "/workspace/cargo-home/bin/cargo" "+beta-2021-08-01" "fetch" "--manifest-path" "Cargo.toml", kill_on_drop: false }`
[INFO] [stderr]  Downloading crates ...
[INFO] [stderr]   Downloaded futures-timer v1.0.3
[INFO] [stderr]   Downloaded pin-project-lite v0.1.0
[INFO] [stderr]   Downloaded synstructure v0.12.2
[INFO] [stderr]   Downloaded flate2 v1.0.12
[INFO] [stderr]   Downloaded wasm-bindgen-macro v0.2.54
[INFO] [stderr]   Downloaded wasm-bindgen-macro-support v0.2.54
[INFO] [stderr]   Downloaded openssl v0.10.25
[INFO] [stderr]   Downloaded wasm-bindgen v0.2.54
[INFO] [stderr]   Downloaded async-std v0.99.12
[INFO] [stderr]   Downloaded security-framework v0.3.3
[INFO] [stderr]   Downloaded js-sys v0.3.31
[INFO] [stderr]   Downloaded wasm-bindgen-shared v0.2.54
[INFO] [stderr]   Downloaded anyhow v1.0.19
[INFO] [stderr]   Downloaded wasm-bindgen-webidl v0.2.54
[INFO] [stderr]   Downloaded wasm-bindgen-backend v0.2.54
[INFO] [stderr]   Downloaded web-sys v0.3.31
[INFO] [stderr]   Downloaded openssl-sys v0.9.52
[INFO] [stderr]   Downloaded jsonwebtoken v6.0.1
[INFO] [stderr]   Downloaded unicode-segmentation v1.5.0
[INFO] [stderr]   Downloaded num_cpus v1.11.0
[INFO] [stderr]   Downloaded async-macros v1.0.0
[INFO] running `Command { std: "docker" "create" "-v" "/var/lib/crater-agent-workspace/builds/worker-11/target:/opt/rustwide/target:rw,Z" "-v" "/var/lib/crater-agent-workspace/builds/worker-11/source:/opt/rustwide/workdir:ro,Z" "-v" "/var/lib/crater-agent-workspace/cargo-home:/opt/rustwide/cargo-home:ro,Z" "-v" "/var/lib/crater-agent-workspace/rustup-home:/opt/rustwide/rustup-home:ro,Z" "-e" "SOURCE_DIR=/opt/rustwide/workdir" "-e" "CARGO_TARGET_DIR=/opt/rustwide/target" "-e" "CARGO_HOME=/opt/rustwide/cargo-home" "-e" "RUSTUP_HOME=/opt/rustwide/rustup-home" "-w" "/opt/rustwide/workdir" "-m" "1610612736" "--user" "0:0" "--network" "none" "ghcr.io/rust-lang/crates-build-env/linux@sha256:34b6a614d2c27851fe6cbf88fbd1137609cefab8b10d0615aaeb6fd47975d74e" "/opt/rustwide/cargo-home/bin/cargo" "+beta-2021-08-01" "metadata" "--no-deps" "--format-version=1", kill_on_drop: false }`
[INFO] [stdout] 1c6bcf7566a46edfb2eb061029aba11d8309dc2e631ab81feb67c1b9128ae6fd
[INFO] [stderr] WARNING: Your kernel does not support swap limit capabilities or the cgroup is not mounted. Memory limited without swap.
[INFO] running `Command { std: "docker" "start" "-a" "1c6bcf7566a46edfb2eb061029aba11d8309dc2e631ab81feb67c1b9128ae6fd", kill_on_drop: false }`
[INFO] running `Command { std: "docker" "inspect" "1c6bcf7566a46edfb2eb061029aba11d8309dc2e631ab81feb67c1b9128ae6fd", kill_on_drop: false }`
[INFO] running `Command { std: "docker" "rm" "-f" "1c6bcf7566a46edfb2eb061029aba11d8309dc2e631ab81feb67c1b9128ae6fd", kill_on_drop: false }`
[INFO] [stdout] 1c6bcf7566a46edfb2eb061029aba11d8309dc2e631ab81feb67c1b9128ae6fd
[INFO] running `Command { std: "docker" "create" "-v" "/var/lib/crater-agent-workspace/builds/worker-11/target:/opt/rustwide/target:rw,Z" "-v" "/var/lib/crater-agent-workspace/builds/worker-11/source:/opt/rustwide/workdir:ro,Z" "-v" "/var/lib/crater-agent-workspace/cargo-home:/opt/rustwide/cargo-home:ro,Z" "-v" "/var/lib/crater-agent-workspace/rustup-home:/opt/rustwide/rustup-home:ro,Z" "-e" "SOURCE_DIR=/opt/rustwide/workdir" "-e" "CARGO_TARGET_DIR=/opt/rustwide/target" "-e" "CARGO_INCREMENTAL=0" "-e" "RUST_BACKTRACE=full" "-e" "RUSTFLAGS=--cap-lints=warn" "-e" "CARGO_HOME=/opt/rustwide/cargo-home" "-e" "RUSTUP_HOME=/opt/rustwide/rustup-home" "-w" "/opt/rustwide/workdir" "-m" "1610612736" "--user" "0:0" "--network" "none" "ghcr.io/rust-lang/crates-build-env/linux@sha256:34b6a614d2c27851fe6cbf88fbd1137609cefab8b10d0615aaeb6fd47975d74e" "/opt/rustwide/cargo-home/bin/cargo" "+beta-2021-08-01" "build" "--frozen" "--message-format=json", kill_on_drop: false }`
[INFO] [stdout] 6483de0a46958ac3c2cad4d8000cb8d1b7cd17f0dc7efc3b608c6c403d97efb6
[INFO] [stderr] WARNING: Your kernel does not support swap limit capabilities or the cgroup is not mounted. Memory limited without swap.
[INFO] running `Command { std: "docker" "start" "-a" "6483de0a46958ac3c2cad4d8000cb8d1b7cd17f0dc7efc3b608c6c403d97efb6", kill_on_drop: false }`
[INFO] [stderr]    Compiling log v0.4.8
[INFO] [stderr]    Compiling syn v1.0.7
[INFO] [stderr]    Compiling futures-core-preview v0.3.0-alpha.19
[INFO] [stderr]    Compiling serde v1.0.102
[INFO] [stderr]    Compiling futures-sink-preview v0.3.0-alpha.19
[INFO] [stderr]    Compiling futures-io-preview v0.3.0-alpha.19
[INFO] [stderr]    Compiling openssl v0.10.25
[INFO] [stderr]    Compiling futures-core v0.3.1
[INFO] [stderr]    Compiling curl v0.4.25
[INFO] [stderr]    Compiling futures-io v0.3.1
[INFO] [stderr]    Compiling isahc v0.7.6
[INFO] [stderr]    Compiling pin-project-lite v0.1.0
[INFO] [stderr]    Compiling once_cell v1.2.0
[INFO] [stderr]    Compiling openssl-sys v0.9.52
[INFO] [stderr]    Compiling crossbeam-utils v0.7.0
[INFO] [stderr]    Compiling libnghttp2-sys v0.1.2
[INFO] [stderr]    Compiling libz-sys v1.0.25
[INFO] [stderr]    Compiling crossbeam-epoch v0.8.0
[INFO] [stderr]    Compiling backtrace-sys v0.1.32
[INFO] [stderr]    Compiling curl-sys v0.4.24
[INFO] [stderr]    Compiling num-traits v0.2.8
[INFO] [stderr]    Compiling ring v0.14.6
[INFO] [stderr]    Compiling try_from v0.3.2
[INFO] [stderr]    Compiling lock_api v0.3.1
[INFO] [stderr]    Compiling miniz_oxide v0.3.5
[INFO] [stderr]    Compiling tokio-executor v0.1.8
[INFO] [stderr]    Compiling crossbeam-channel v0.3.9
[INFO] [stderr]    Compiling async-task v1.0.0
[INFO] [stderr]    Compiling futures-channel v0.3.1
[INFO] [stderr]    Compiling futures-channel-preview v0.3.0-alpha.19
[INFO] [stderr]    Compiling futures-timer v1.0.3
[INFO] [stderr]    Compiling async-macros v1.0.0
[INFO] [stderr]    Compiling encoding_rs v0.8.20
[INFO] [stderr]    Compiling iovec v0.1.4
[INFO] [stderr]    Compiling num_cpus v1.11.0
[INFO] [stderr]    Compiling net2 v0.2.33
[INFO] [stderr]    Compiling socket2 v0.3.11
[INFO] [stderr]    Compiling rand_os v0.1.3
[INFO] [stderr]    Compiling hyper v0.12.35
[INFO] [stderr]    Compiling tokio-current-thread v0.1.6
[INFO] [stderr]    Compiling tokio-timer v0.2.11
[INFO] [stderr]    Compiling unicode-normalization v0.1.9
[INFO] [stderr]    Compiling sluice v0.4.2
[INFO] [stderr]    Compiling bytes v0.4.12
[INFO] [stderr]    Compiling futures-cpupool v0.1.8
[INFO] [stderr]    Compiling rand v0.6.5
[INFO] [stderr]    Compiling mime_guess v2.0.1
[INFO] [stderr]    Compiling parking_lot_core v0.6.2
[INFO] [stderr]    Compiling mio v0.6.19
[INFO] [stderr]    Compiling want v0.2.0
[INFO] [stderr]    Compiling kv-log-macro v1.0.4
[INFO] [stderr]    Compiling flate2 v1.0.12
[INFO] [stderr]    Compiling native-tls v0.2.3
[INFO] [stderr]    Compiling tokio-io v0.1.12
[INFO] [stderr]    Compiling http v0.1.19
[INFO] [stderr]    Compiling tokio-buf v0.1.1
[INFO] [stderr]    Compiling string v0.2.1
[INFO] [stderr]    Compiling parking_lot v0.9.0
[INFO] [stderr]    Compiling backtrace v0.3.40
[INFO] [stderr]    Compiling idna v0.2.0
[INFO] [stderr]    Compiling idna v0.1.5
[INFO] [stderr]    Compiling futures-util-preview v0.3.0-alpha.19
[INFO] [stderr]    Compiling crossbeam-deque v0.7.2
[INFO] [stderr]    Compiling mio-uds v0.6.7
[INFO] [stderr]    Compiling tokio-reactor v0.1.10
[INFO] [stderr]    Compiling uuid v0.7.4
[INFO] [stderr]    Compiling num-integer v0.1.41
[INFO] [stderr]    Compiling error-chain v0.12.1
[INFO] [stderr]    Compiling tokio-threadpool v0.1.16
[INFO] [stderr]    Compiling async-std v0.99.12
[INFO] [stderr]    Compiling url v1.7.2
[INFO] [stderr]    Compiling tokio-tcp v0.1.3
[INFO] [stderr]    Compiling url v2.1.0
[INFO] [stderr]    Compiling tokio v0.1.22
[INFO] [stderr]    Compiling cookie v0.12.0
[INFO] [stderr]    Compiling http-body v0.1.0
[INFO] [stderr]    Compiling h2 v0.1.26
[INFO] [stderr]    Compiling publicsuffix v1.5.3
[INFO] [stderr]    Compiling futures-executor-preview v0.3.0-alpha.19
[INFO] [stderr]    Compiling futures-preview v0.3.0-alpha.19
[INFO] [stderr]    Compiling synstructure v0.12.2
[INFO] [stderr]    Compiling serde_derive v1.0.102
[INFO] [stderr]    Compiling proc-macro-hack v0.5.11
[INFO] [stderr]    Compiling failure_derive v0.1.6
[INFO] [stderr]    Compiling hyper-tls v0.3.2
[INFO] [stderr]    Compiling failure v0.1.6
[INFO] [stderr]    Compiling futures-macro v0.3.1
[INFO] [stderr]    Compiling futures-util v0.3.1
[INFO] [stderr]    Compiling futures-executor v0.3.1
[INFO] [stderr]    Compiling futures v0.3.1
[INFO] [stderr]    Compiling serde_json v1.0.41
[INFO] [stderr]    Compiling chrono v0.4.9
[INFO] [stderr]    Compiling serde_urlencoded v0.5.5
[INFO] [stderr]    Compiling serde_urlencoded v0.6.1
[INFO] [stderr]    Compiling cookie_store v0.7.0
[INFO] [stderr]    Compiling jsonwebtoken v6.0.1
[INFO] [stderr]    Compiling surf v1.0.3
[INFO] [stderr]    Compiling reqwest v0.9.22
[INFO] [stderr]    Compiling sdk-cds v0.4.0 (/opt/rustwide/workdir)
[INFO] [stdout] warning: unused import: `std::env`
[INFO] [stdout]   --> src/service/mod.rs:81:9
[INFO] [stdout]    |
[INFO] [stdout] 81 |     use std::env;
[INFO] [stdout]    |         ^^^^^^^^
[INFO] [stdout]    |
[INFO] [stdout]    = note: `#[warn(unused_imports)]` on by default
[INFO] [stdout] 
[INFO] [stdout] 
[INFO] [stdout] warning: use of deprecated associated function `std::error::Error::description`: use the Display impl or to_string()
[INFO] [stdout]   --> src/error.rs:23:30
[INFO] [stdout]    |
[INFO] [stdout] 23 |                 $targetvar(s.description().to_string())
[INFO] [stdout]    |                              ^^^^^^^^^^^
[INFO] [stdout] ...
[INFO] [stdout] 57 | from_error_str!(IOError, Error, Error::IoError);
[INFO] [stdout]    | ------------------------------------------------ in this macro invocation
[INFO] [stdout]    |
[INFO] [stdout]    = note: `#[warn(deprecated)]` on by default
[INFO] [stdout]    = note: this warning originates in the macro `from_error_str` (in Nightly builds, run with -Z macro-backtrace for more info)
[INFO] [stdout] 
[INFO] [stdout] 
[INFO] [stdout] warning: use of deprecated associated function `std::error::Error::description`: use the Display impl or to_string()
[INFO] [stdout]   --> src/error.rs:23:30
[INFO] [stdout]    |
[INFO] [stdout] 23 |                 $targetvar(s.description().to_string())
[INFO] [stdout]    |                              ^^^^^^^^^^^
[INFO] [stdout] ...
[INFO] [stdout] 58 | from_error_str!(reqwest::Error, Error, Error::ReqwestError);
[INFO] [stdout]    | ------------------------------------------------------------ in this macro invocation
[INFO] [stdout]    |
[INFO] [stdout]    = note: this warning originates in the macro `from_error_str` (in Nightly builds, run with -Z macro-backtrace for more info)
[INFO] [stdout] 
[INFO] [stdout] 
[INFO] [stdout] warning: use of deprecated associated function `std::error::Error::description`: use the Display impl or to_string()
[INFO] [stdout]   --> src/error.rs:23:30
[INFO] [stdout]    |
[INFO] [stdout] 23 |                 $targetvar(s.description().to_string())
[INFO] [stdout]    |                              ^^^^^^^^^^^
[INFO] [stdout] ...
[INFO] [stdout] 59 | from_error_str!(InvalidMethod, Error, Error::InvalidMethod);
[INFO] [stdout]    | ------------------------------------------------------------ in this macro invocation
[INFO] [stdout]    |
[INFO] [stdout]    = note: this warning originates in the macro `from_error_str` (in Nightly builds, run with -Z macro-backtrace for more info)
[INFO] [stdout] 
[INFO] [stdout] 
[INFO] [stdout] warning: use of deprecated associated function `std::error::Error::description`: use the Display impl or to_string()
[INFO] [stdout]   --> src/error.rs:23:30
[INFO] [stdout]    |
[INFO] [stdout] 23 |                 $targetvar(s.description().to_string())
[INFO] [stdout]    |                              ^^^^^^^^^^^
[INFO] [stdout] ...
[INFO] [stdout] 62 | from_error_str!(serde_json::error::Error, Error, Error::JsonError);
[INFO] [stdout]    | ------------------------------------------------------------------- in this macro invocation
[INFO] [stdout]    |
[INFO] [stdout]    = note: this warning originates in the macro `from_error_str` (in Nightly builds, run with -Z macro-backtrace for more info)
[INFO] [stdout] 
[INFO] [stdout] 
[INFO] [stdout] warning: use of deprecated associated function `std::error::Error::description`: use the Display impl or to_string()
[INFO] [stdout]   --> src/error.rs:23:30
[INFO] [stdout]    |
[INFO] [stdout] 23 |                 $targetvar(s.description().to_string())
[INFO] [stdout]    |                              ^^^^^^^^^^^
[INFO] [stdout] ...
[INFO] [stdout] 63 | from_error_str!(jwt::errors::Error, Error, Error::JWTError);
[INFO] [stdout]    | ------------------------------------------------------------ in this macro invocation
[INFO] [stdout]    |
[INFO] [stdout]    = note: this warning originates in the macro `from_error_str` (in Nightly builds, run with -Z macro-backtrace for more info)
[INFO] [stdout] 
[INFO] [stdout] 
[INFO] [stdout] warning: use of deprecated associated function `std::error::Error::description`: use the Display impl or to_string()
[INFO] [stdout]   --> src/error.rs:23:30
[INFO] [stdout]    |
[INFO] [stdout] 23 |                   $targetvar(s.description().to_string())
[INFO] [stdout]    |                                ^^^^^^^^^^^
[INFO] [stdout] ...
[INFO] [stdout] 64 | / from_error_str!(
[INFO] [stdout] 65 | |     Box<dyn std::error::Error + std::marker::Send + std::marker::Sync>,
[INFO] [stdout] 66 | |     Error,
[INFO] [stdout] 67 | |     Error::Custom
[INFO] [stdout] 68 | | );
[INFO] [stdout]    | |__- in this macro invocation
[INFO] [stdout]    |
[INFO] [stdout]    = note: this warning originates in the macro `from_error_str` (in Nightly builds, run with -Z macro-backtrace for more info)
[INFO] [stdout] 
[INFO] [stdout] 
[INFO] [stdout] warning: 7 warnings emitted
[INFO] [stdout] 
[INFO] [stdout] 
[INFO] [stderr]     Finished dev [unoptimized + debuginfo] target(s) in 1m 55s
[INFO] running `Command { std: "docker" "inspect" "6483de0a46958ac3c2cad4d8000cb8d1b7cd17f0dc7efc3b608c6c403d97efb6", kill_on_drop: false }`
[INFO] running `Command { std: "docker" "rm" "-f" "6483de0a46958ac3c2cad4d8000cb8d1b7cd17f0dc7efc3b608c6c403d97efb6", kill_on_drop: false }`
[INFO] [stdout] 6483de0a46958ac3c2cad4d8000cb8d1b7cd17f0dc7efc3b608c6c403d97efb6
[INFO] running `Command { std: "docker" "create" "-v" "/var/lib/crater-agent-workspace/builds/worker-11/target:/opt/rustwide/target:rw,Z" "-v" "/var/lib/crater-agent-workspace/builds/worker-11/source:/opt/rustwide/workdir:ro,Z" "-v" "/var/lib/crater-agent-workspace/cargo-home:/opt/rustwide/cargo-home:ro,Z" "-v" "/var/lib/crater-agent-workspace/rustup-home:/opt/rustwide/rustup-home:ro,Z" "-e" "SOURCE_DIR=/opt/rustwide/workdir" "-e" "CARGO_TARGET_DIR=/opt/rustwide/target" "-e" "CARGO_INCREMENTAL=0" "-e" "RUST_BACKTRACE=full" "-e" "RUSTFLAGS=--cap-lints=warn" "-e" "CARGO_HOME=/opt/rustwide/cargo-home" "-e" "RUSTUP_HOME=/opt/rustwide/rustup-home" "-w" "/opt/rustwide/workdir" "-m" "1610612736" "--user" "0:0" "--network" "none" "ghcr.io/rust-lang/crates-build-env/linux@sha256:34b6a614d2c27851fe6cbf88fbd1137609cefab8b10d0615aaeb6fd47975d74e" "/opt/rustwide/cargo-home/bin/cargo" "+beta-2021-08-01" "test" "--frozen" "--no-run" "--message-format=json", kill_on_drop: false }`
[INFO] [stderr] WARNING: Your kernel does not support swap limit capabilities or the cgroup is not mounted. Memory limited without swap.
[INFO] [stdout] d09b42f929c482fa3dfae42659223f013248d7dbe2e7faea7e81050dc9d5e139
[INFO] running `Command { std: "docker" "start" "-a" "d09b42f929c482fa3dfae42659223f013248d7dbe2e7faea7e81050dc9d5e139", kill_on_drop: false }`
[INFO] [stdout] warning: unused import: `std::env`
[INFO] [stdout]   --> src/service/mod.rs:81:9
[INFO] [stdout]    |
[INFO] [stdout] 81 |     use std::env;
[INFO] [stdout]    |         ^^^^^^^^
[INFO] [stdout]    |
[INFO] [stdout]    = note: `#[warn(unused_imports)]` on by default
[INFO] [stdout] 
[INFO] [stdout] 
[INFO] [stdout] warning: use of deprecated associated function `std::error::Error::description`: use the Display impl or to_string()
[INFO] [stdout]   --> src/error.rs:23:30
[INFO] [stdout]    |
[INFO] [stdout] 23 |                 $targetvar(s.description().to_string())
[INFO] [stdout]    |                              ^^^^^^^^^^^
[INFO] [stdout] ...
[INFO] [stdout] 57 | from_error_str!(IOError, Error, Error::IoError);
[INFO] [stdout]    | ------------------------------------------------ in this macro invocation
[INFO] [stdout]    |
[INFO] [stdout]    = note: `#[warn(deprecated)]` on by default
[INFO] [stdout]    = note: this warning originates in the macro `from_error_str` (in Nightly builds, run with -Z macro-backtrace for more info)
[INFO] [stdout] 
[INFO] [stdout] 
[INFO] [stderr]    Compiling sdk-cds v0.4.0 (/opt/rustwide/workdir)
[INFO] [stdout] warning: use of deprecated associated function `std::error::Error::description`: use the Display impl or to_string()
[INFO] [stdout]   --> src/error.rs:23:30
[INFO] [stdout]    |
[INFO] [stdout] 23 |                 $targetvar(s.description().to_string())
[INFO] [stdout]    |                              ^^^^^^^^^^^
[INFO] [stdout] ...
[INFO] [stdout] 58 | from_error_str!(reqwest::Error, Error, Error::ReqwestError);
[INFO] [stdout]    | ------------------------------------------------------------ in this macro invocation
[INFO] [stdout]    |
[INFO] [stdout]    = note: this warning originates in the macro `from_error_str` (in Nightly builds, run with -Z macro-backtrace for more info)
[INFO] [stdout] 
[INFO] [stdout] 
[INFO] [stdout] warning: use of deprecated associated function `std::error::Error::description`: use the Display impl or to_string()
[INFO] [stdout]   --> src/error.rs:23:30
[INFO] [stdout]    |
[INFO] [stdout] 23 |                 $targetvar(s.description().to_string())
[INFO] [stdout]    |                              ^^^^^^^^^^^
[INFO] [stdout] ...
[INFO] [stdout] 59 | from_error_str!(InvalidMethod, Error, Error::InvalidMethod);
[INFO] [stdout]    | ------------------------------------------------------------ in this macro invocation
[INFO] [stdout]    |
[INFO] [stdout]    = note: this warning originates in the macro `from_error_str` (in Nightly builds, run with -Z macro-backtrace for more info)
[INFO] [stdout] 
[INFO] [stdout] 
[INFO] [stdout] warning: use of deprecated associated function `std::error::Error::description`: use the Display impl or to_string()
[INFO] [stdout]   --> src/error.rs:23:30
[INFO] [stdout]    |
[INFO] [stdout] 23 |                 $targetvar(s.description().to_string())
[INFO] [stdout]    |                              ^^^^^^^^^^^
[INFO] [stdout] ...
[INFO] [stdout] 62 | from_error_str!(serde_json::error::Error, Error, Error::JsonError);
[INFO] [stdout]    | ------------------------------------------------------------------- in this macro invocation
[INFO] [stdout]    |
[INFO] [stdout]    = note: this warning originates in the macro `from_error_str` (in Nightly builds, run with -Z macro-backtrace for more info)
[INFO] [stdout] 
[INFO] [stdout] 
[INFO] [stdout] warning: use of deprecated associated function `std::error::Error::description`: use the Display impl or to_string()
[INFO] [stdout]   --> src/error.rs:23:30
[INFO] [stdout]    |
[INFO] [stdout] 23 |                 $targetvar(s.description().to_string())
[INFO] [stdout]    |                              ^^^^^^^^^^^
[INFO] [stdout] ...
[INFO] [stdout] 63 | from_error_str!(jwt::errors::Error, Error, Error::JWTError);
[INFO] [stdout]    | ------------------------------------------------------------ in this macro invocation
[INFO] [stdout]    |
[INFO] [stdout]    = note: this warning originates in the macro `from_error_str` (in Nightly builds, run with -Z macro-backtrace for more info)
[INFO] [stdout] 
[INFO] [stdout] 
[INFO] [stdout] warning: use of deprecated associated function `std::error::Error::description`: use the Display impl or to_string()
[INFO] [stdout]   --> src/error.rs:23:30
[INFO] [stdout]    |
[INFO] [stdout] 23 |                   $targetvar(s.description().to_string())
[INFO] [stdout]    |                                ^^^^^^^^^^^
[INFO] [stdout] ...
[INFO] [stdout] 64 | / from_error_str!(
[INFO] [stdout] 65 | |     Box<dyn std::error::Error + std::marker::Send + std::marker::Sync>,
[INFO] [stdout] 66 | |     Error,
[INFO] [stdout] 67 | |     Error::Custom
[INFO] [stdout] 68 | | );
[INFO] [stdout]    | |__- in this macro invocation
[INFO] [stdout]    |
[INFO] [stdout]    = note: this warning originates in the macro `from_error_str` (in Nightly builds, run with -Z macro-backtrace for more info)
[INFO] [stdout] 
[INFO] [stdout] 
[INFO] [stdout] warning: 7 warnings emitted
[INFO] [stdout] 
[INFO] [stdout] 
[INFO] [stdout] warning: use of deprecated associated function `std::error::Error::description`: use the Display impl or to_string()
[INFO] [stdout]   --> src/error.rs:23:30
[INFO] [stdout]    |
[INFO] [stdout] 23 |                 $targetvar(s.description().to_string())
[INFO] [stdout]    |                              ^^^^^^^^^^^
[INFO] [stdout] ...
[INFO] [stdout] 57 | from_error_str!(IOError, Error, Error::IoError);
[INFO] [stdout]    | ------------------------------------------------ in this macro invocation
[INFO] [stdout]    |
[INFO] [stdout]    = note: `#[warn(deprecated)]` on by default
[INFO] [stdout]    = note: this warning originates in the macro `from_error_str` (in Nightly builds, run with -Z macro-backtrace for more info)
[INFO] [stdout] 
[INFO] [stdout] 
[INFO] [stdout] warning: use of deprecated associated function `std::error::Error::description`: use the Display impl or to_string()
[INFO] [stdout]   --> src/error.rs:23:30
[INFO] [stdout]    |
[INFO] [stdout] 23 |                 $targetvar(s.description().to_string())
[INFO] [stdout]    |                              ^^^^^^^^^^^
[INFO] [stdout] ...
[INFO] [stdout] 58 | from_error_str!(reqwest::Error, Error, Error::ReqwestError);
[INFO] [stdout]    | ------------------------------------------------------------ in this macro invocation
[INFO] [stdout]    |
[INFO] [stdout]    = note: this warning originates in the macro `from_error_str` (in Nightly builds, run with -Z macro-backtrace for more info)
[INFO] [stdout] 
[INFO] [stdout] 
[INFO] [stdout] warning: use of deprecated associated function `std::error::Error::description`: use the Display impl or to_string()
[INFO] [stdout]   --> src/error.rs:23:30
[INFO] [stdout]    |
[INFO] [stdout] 23 |                 $targetvar(s.description().to_string())
[INFO] [stdout]    |                              ^^^^^^^^^^^
[INFO] [stdout] ...
[INFO] [stdout] 59 | from_error_str!(InvalidMethod, Error, Error::InvalidMethod);
[INFO] [stdout]    | ------------------------------------------------------------ in this macro invocation
[INFO] [stdout]    |
[INFO] [stdout]    = note: this warning originates in the macro `from_error_str` (in Nightly builds, run with -Z macro-backtrace for more info)
[INFO] [stdout] 
[INFO] [stdout] 
[INFO] [stdout] warning: use of deprecated associated function `std::error::Error::description`: use the Display impl or to_string()
[INFO] [stdout]   --> src/error.rs:23:30
[INFO] [stdout]    |
[INFO] [stdout] 23 |                 $targetvar(s.description().to_string())
[INFO] [stdout]    |                              ^^^^^^^^^^^
[INFO] [stdout] ...
[INFO] [stdout] 62 | from_error_str!(serde_json::error::Error, Error, Error::JsonError);
[INFO] [stdout]    | ------------------------------------------------------------------- in this macro invocation
[INFO] [stdout]    |
[INFO] [stdout]    = note: this warning originates in the macro `from_error_str` (in Nightly builds, run with -Z macro-backtrace for more info)
[INFO] [stdout] 
[INFO] [stdout] 
[INFO] [stdout] warning: use of deprecated associated function `std::error::Error::description`: use the Display impl or to_string()
[INFO] [stdout]   --> src/error.rs:23:30
[INFO] [stdout]    |
[INFO] [stdout] 23 |                 $targetvar(s.description().to_string())
[INFO] [stdout]    |                              ^^^^^^^^^^^
[INFO] [stdout] ...
[INFO] [stdout] 63 | from_error_str!(jwt::errors::Error, Error, Error::JWTError);
[INFO] [stdout]    | ------------------------------------------------------------ in this macro invocation
[INFO] [stdout]    |
[INFO] [stdout]    = note: this warning originates in the macro `from_error_str` (in Nightly builds, run with -Z macro-backtrace for more info)
[INFO] [stdout] 
[INFO] [stdout] 
[INFO] [stdout] warning: use of deprecated associated function `std::error::Error::description`: use the Display impl or to_string()
[INFO] [stdout]   --> src/error.rs:23:30
[INFO] [stdout]    |
[INFO] [stdout] 23 |                   $targetvar(s.description().to_string())
[INFO] [stdout]    |                                ^^^^^^^^^^^
[INFO] [stdout] ...
[INFO] [stdout] 64 | / from_error_str!(
[INFO] [stdout] 65 | |     Box<dyn std::error::Error + std::marker::Send + std::marker::Sync>,
[INFO] [stdout] 66 | |     Error,
[INFO] [stdout] 67 | |     Error::Custom
[INFO] [stdout] 68 | | );
[INFO] [stdout]    | |__- in this macro invocation
[INFO] [stdout]    |
[INFO] [stdout]    = note: this warning originates in the macro `from_error_str` (in Nightly builds, run with -Z macro-backtrace for more info)
[INFO] [stdout] 
[INFO] [stdout] 
[INFO] [stdout] warning: 6 warnings emitted
[INFO] [stdout] 
[INFO] [stdout] 
[INFO] [stderr]     Finished test [unoptimized + debuginfo] target(s) in 18.44s
[INFO] running `Command { std: "docker" "inspect" "d09b42f929c482fa3dfae42659223f013248d7dbe2e7faea7e81050dc9d5e139", kill_on_drop: false }`
[INFO] running `Command { std: "docker" "rm" "-f" "d09b42f929c482fa3dfae42659223f013248d7dbe2e7faea7e81050dc9d5e139", kill_on_drop: false }`
[INFO] [stdout] d09b42f929c482fa3dfae42659223f013248d7dbe2e7faea7e81050dc9d5e139
[INFO] running `Command { std: "docker" "create" "-v" "/var/lib/crater-agent-workspace/builds/worker-11/target:/opt/rustwide/target:rw,Z" "-v" "/var/lib/crater-agent-workspace/builds/worker-11/source:/opt/rustwide/workdir:ro,Z" "-v" "/var/lib/crater-agent-workspace/cargo-home:/opt/rustwide/cargo-home:ro,Z" "-v" "/var/lib/crater-agent-workspace/rustup-home:/opt/rustwide/rustup-home:ro,Z" "-e" "SOURCE_DIR=/opt/rustwide/workdir" "-e" "CARGO_TARGET_DIR=/opt/rustwide/target" "-e" "CARGO_INCREMENTAL=0" "-e" "RUST_BACKTRACE=full" "-e" "RUSTFLAGS=--cap-lints=warn" "-e" "CARGO_HOME=/opt/rustwide/cargo-home" "-e" "RUSTUP_HOME=/opt/rustwide/rustup-home" "-w" "/opt/rustwide/workdir" "-m" "1610612736" "--user" "0:0" "--network" "none" "ghcr.io/rust-lang/crates-build-env/linux@sha256:34b6a614d2c27851fe6cbf88fbd1137609cefab8b10d0615aaeb6fd47975d74e" "/opt/rustwide/cargo-home/bin/cargo" "+beta-2021-08-01" "test" "--frozen", kill_on_drop: false }`
[INFO] [stdout] cd5f6dbb677a66f1b0635a7e672ea6951a89e4faf702af3d893e523a368cf84a
[INFO] [stderr] WARNING: Your kernel does not support swap limit capabilities or the cgroup is not mounted. Memory limited without swap.
[INFO] running `Command { std: "docker" "start" "-a" "cd5f6dbb677a66f1b0635a7e672ea6951a89e4faf702af3d893e523a368cf84a", kill_on_drop: false }`
[INFO] [stderr] warning: unused import: `std::env`
[INFO] [stderr]   --> src/service/mod.rs:81:9
[INFO] [stderr]    |
[INFO] [stderr] 81 |     use std::env;
[INFO] [stderr]    |         ^^^^^^^^
[INFO] [stderr]    |
[INFO] [stderr]    = note: `#[warn(unused_imports)]` on by default
[INFO] [stderr] 
[INFO] [stderr] warning: use of deprecated associated function `std::error::Error::description`: use the Display impl or to_string()
[INFO] [stderr]   --> src/error.rs:23:30
[INFO] [stderr]    |
[INFO] [stderr] 23 |                 $targetvar(s.description().to_string())
[INFO] [stderr]    |                              ^^^^^^^^^^^
[INFO] [stderr] ...
[INFO] [stderr] 57 | from_error_str!(IOError, Error, Error::IoError);
[INFO] [stderr]    | ------------------------------------------------ in this macro invocation
[INFO] [stderr]    |
[INFO] [stderr]    = note: `#[warn(deprecated)]` on by default
[INFO] [stderr]    = note: this warning originates in the macro `from_error_str` (in Nightly builds, run with -Z macro-backtrace for more info)
[INFO] [stderr] 
[INFO] [stderr] warning: use of deprecated associated function `std::error::Error::description`: use the Display impl or to_string()
[INFO] [stderr]   --> src/error.rs:23:30
[INFO] [stderr]    |
[INFO] [stderr] 23 |                 $targetvar(s.description().to_string())
[INFO] [stderr]    |                              ^^^^^^^^^^^
[INFO] [stderr] ...
[INFO] [stderr] 58 | from_error_str!(reqwest::Error, Error, Error::ReqwestError);
[INFO] [stderr]    | ------------------------------------------------------------ in this macro invocation
[INFO] [stderr]    |
[INFO] [stderr]    = note: this warning originates in the macro `from_error_str` (in Nightly builds, run with -Z macro-backtrace for more info)
[INFO] [stderr] 
[INFO] [stderr] warning: use of deprecated associated function `std::error::Error::description`: use the Display impl or to_string()
[INFO] [stderr]   --> src/error.rs:23:30
[INFO] [stderr]    |
[INFO] [stderr] 23 |                 $targetvar(s.description().to_string())
[INFO] [stderr]    |                              ^^^^^^^^^^^
[INFO] [stderr] ...
[INFO] [stderr] 59 | from_error_str!(InvalidMethod, Error, Error::InvalidMethod);
[INFO] [stderr]    | ------------------------------------------------------------ in this macro invocation
[INFO] [stderr]    |
[INFO] [stderr]    = note: this warning originates in the macro `from_error_str` (in Nightly builds, run with -Z macro-backtrace for more info)
[INFO] [stderr] 
[INFO] [stderr] warning: use of deprecated associated function `std::error::Error::description`: use the Display impl or to_string()
[INFO] [stderr]   --> src/error.rs:23:30
[INFO] [stderr]    |
[INFO] [stderr] 23 |                 $targetvar(s.description().to_string())
[INFO] [stderr]    |                              ^^^^^^^^^^^
[INFO] [stderr] ...
[INFO] [stderr] 62 | from_error_str!(serde_json::error::Error, Error, Error::JsonError);
[INFO] [stderr]    | ------------------------------------------------------------------- in this macro invocation
[INFO] [stderr]    |
[INFO] [stderr]    = note: this warning originates in the macro `from_error_str` (in Nightly builds, run with -Z macro-backtrace for more info)
[INFO] [stderr] 
[INFO] [stderr] warning: use of deprecated associated function `std::error::Error::description`: use the Display impl or to_string()
[INFO] [stderr]   --> src/error.rs:23:30
[INFO] [stderr]    |
[INFO] [stderr] 23 |                 $targetvar(s.description().to_string())
[INFO] [stderr]    |                              ^^^^^^^^^^^
[INFO] [stderr] ...
[INFO] [stderr] 63 | from_error_str!(jwt::errors::Error, Error, Error::JWTError);
[INFO] [stderr]    | ------------------------------------------------------------ in this macro invocation
[INFO] [stderr]    |
[INFO] [stderr]    = note: this warning originates in the macro `from_error_str` (in Nightly builds, run with -Z macro-backtrace for more info)
[INFO] [stderr] 
[INFO] [stderr] warning: use of deprecated associated function `std::error::Error::description`: use the Display impl or to_string()
[INFO] [stderr]   --> src/error.rs:23:30
[INFO] [stderr]    |
[INFO] [stderr] 23 |                   $targetvar(s.description().to_string())
[INFO] [stderr]    |                                ^^^^^^^^^^^
[INFO] [stderr] ...
[INFO] [stderr] 64 | / from_error_str!(
[INFO] [stderr] 65 | |     Box<dyn std::error::Error + std::marker::Send + std::marker::Sync>,
[INFO] [stderr] 66 | |     Error,
[INFO] [stderr] 67 | |     Error::Custom
[INFO] [stderr] 68 | | );
[INFO] [stderr]    | |__- in this macro invocation
[INFO] [stderr]    |
[INFO] [stderr]    = note: this warning originates in the macro `from_error_str` (in Nightly builds, run with -Z macro-backtrace for more info)
[INFO] [stderr] 
[INFO] [stderr] warning: `sdk-cds` (lib) generated 7 warnings
[INFO] [stderr] warning: `sdk-cds` (lib test) generated 6 warnings (6 duplicates)
[INFO] [stderr]     Finished test [unoptimized + debuginfo] target(s) in 0.25s
[INFO] [stderr]      Running unittests (/opt/rustwide/target/debug/deps/sdk_cds-ea6f4200bac74b8e)
[INFO] [stdout] 
[INFO] [stdout] running 1 test
[INFO] [stdout] test service::test::test_service_create ... FAILED
[INFO] [stdout] 
[INFO] [stdout] failures:
[INFO] [stdout] 
[INFO] [stdout] ---- service::test::test_service_create stdout ----
[INFO] [stdout] thread 'service::test::test_service_create' panicked at 'Cannot read CDS_SERVICE_TOKEN env: NotPresent', src/service/mod.rs:153:50
[INFO] [stdout] stack backtrace:
[INFO] [stdout]    0:     0x55e2a7db2170 - std::backtrace_rs::backtrace::libunwind::trace::hff4d1766e93f64f1
[INFO] [stdout]                                at /rustc/53fd98ca776cb875bc9e5514f56b52eb74f9e7a9/library/std/src/../../backtrace/src/backtrace/libunwind.rs:90:5
[INFO] [stdout]    1:     0x55e2a7db2170 - std::backtrace_rs::backtrace::trace_unsynchronized::h56bbc8eb78770bcb
[INFO] [stdout]                                at /rustc/53fd98ca776cb875bc9e5514f56b52eb74f9e7a9/library/std/src/../../backtrace/src/backtrace/mod.rs:66:5
[INFO] [stdout]    2:     0x55e2a7db2170 - std::sys_common::backtrace::_print_fmt::h5c8e75464faca780
[INFO] [stdout]                                at /rustc/53fd98ca776cb875bc9e5514f56b52eb74f9e7a9/library/std/src/sys_common/backtrace.rs:67:5
[INFO] [stdout]    3:     0x55e2a7db2170 - <std::sys_common::backtrace::_print::DisplayBacktrace as core::fmt::Display>::fmt::h48b88277def8b362
[INFO] [stdout]                                at /rustc/53fd98ca776cb875bc9e5514f56b52eb74f9e7a9/library/std/src/sys_common/backtrace.rs:46:22
[INFO] [stdout]    4:     0x55e2a7dd5a4c - core::fmt::write::h3381b3176fe2b3d3
[INFO] [stdout]                                at /rustc/53fd98ca776cb875bc9e5514f56b52eb74f9e7a9/library/core/src/fmt/mod.rs:1115:17
[INFO] [stdout]    5:     0x55e2a7dabcf5 - std::io::Write::write_fmt::h5f34a676f60246b5
[INFO] [stdout]                                at /rustc/53fd98ca776cb875bc9e5514f56b52eb74f9e7a9/library/std/src/io/mod.rs:1665:15
[INFO] [stdout]    6:     0x55e2a7db433b - std::sys_common::backtrace::_print::ha537687d6c17dd0d
[INFO] [stdout]                                at /rustc/53fd98ca776cb875bc9e5514f56b52eb74f9e7a9/library/std/src/sys_common/backtrace.rs:49:5
[INFO] [stdout]    7:     0x55e2a7db433b - std::sys_common::backtrace::print::h61376ae57d131d72
[INFO] [stdout]                                at /rustc/53fd98ca776cb875bc9e5514f56b52eb74f9e7a9/library/std/src/sys_common/backtrace.rs:36:9
[INFO] [stdout]    8:     0x55e2a7db433b - std::panicking::default_hook::{{closure}}::h0f7208c0b9644a54
[INFO] [stdout]                                at /rustc/53fd98ca776cb875bc9e5514f56b52eb74f9e7a9/library/std/src/panicking.rs:208:50
[INFO] [stdout]    9:     0x55e2a7db3e4c - std::panicking::default_hook::hdac7fc06578c14ce
[INFO] [stdout]                                at /rustc/53fd98ca776cb875bc9e5514f56b52eb74f9e7a9/library/std/src/panicking.rs:222:9
[INFO] [stdout]   10:     0x55e2a7db4a04 - std::panicking::rust_panic_with_hook::h72b21c283da3d1ef
[INFO] [stdout]                                at /rustc/53fd98ca776cb875bc9e5514f56b52eb74f9e7a9/library/std/src/panicking.rs:622:17
[INFO] [stdout]   11:     0x55e2a7db44e7 - std::panicking::begin_panic_handler::{{closure}}::he5778f1729cff84a
[INFO] [stdout]                                at /rustc/53fd98ca776cb875bc9e5514f56b52eb74f9e7a9/library/std/src/panicking.rs:519:13
[INFO] [stdout]   12:     0x55e2a7db264c - std::sys_common::backtrace::__rust_end_short_backtrace::h2d11ca8b453b4b1d
[INFO] [stdout]                                at /rustc/53fd98ca776cb875bc9e5514f56b52eb74f9e7a9/library/std/src/sys_common/backtrace.rs:141:18
[INFO] [stdout]   13:     0x55e2a7db4449 - rust_begin_unwind
[INFO] [stdout]                                at /rustc/53fd98ca776cb875bc9e5514f56b52eb74f9e7a9/library/std/src/panicking.rs:515:5
[INFO] [stdout]   14:     0x55e2a79429b1 - core::panicking::panic_fmt::hf9de31d4acbce4db
[INFO] [stdout]                                at /rustc/53fd98ca776cb875bc9e5514f56b52eb74f9e7a9/library/core/src/panicking.rs:92:14
[INFO] [stdout]   15:     0x55e2a7942aa3 - core::result::unwrap_failed::ha0c84e81219e5878
[INFO] [stdout]                                at /rustc/53fd98ca776cb875bc9e5514f56b52eb74f9e7a9/library/core/src/result.rs:1599:5
[INFO] [stdout]   16:     0x55e2a7993ddf - core::result::Result<T,E>::expect::haf67d423b0e17fa9
[INFO] [stdout]                                at /rustc/53fd98ca776cb875bc9e5514f56b52eb74f9e7a9/library/core/src/result.rs:1241:23
[INFO] [stdout]   17:     0x55e2a798ba64 - sdk_cds::service::test::test_service_create::hc1eb83a7c06067d6
[INFO] [stdout]                                at /opt/rustwide/workdir/src/service/mod.rs:153:20
[INFO] [stdout]   18:     0x55e2a798b95a - sdk_cds::service::test::test_service_create::{{closure}}::hedd7bd6119671e77
[INFO] [stdout]                                at /opt/rustwide/workdir/src/service/mod.rs:148:5
[INFO] [stdout]   19:     0x55e2a7979b4e - core::ops::function::FnOnce::call_once::hf68b2d4c8b60b8ef
[INFO] [stdout]                                at /rustc/53fd98ca776cb875bc9e5514f56b52eb74f9e7a9/library/core/src/ops/function.rs:227:5
[INFO] [stdout]   20:     0x55e2a79d2b33 - core::ops::function::FnOnce::call_once::hbb52c4519d3137b0
[INFO] [stdout]                                at /rustc/53fd98ca776cb875bc9e5514f56b52eb74f9e7a9/library/core/src/ops/function.rs:227:5
[INFO] [stdout]   21:     0x55e2a79d2b33 - test::__rust_begin_short_backtrace::h86fe3a2a5a5121af
[INFO] [stdout]                                at /rustc/53fd98ca776cb875bc9e5514f56b52eb74f9e7a9/library/test/src/lib.rs:578:5
[INFO] [stdout]   22:     0x55e2a79d15e8 - <alloc::boxed::Box<F,A> as core::ops::function::FnOnce<Args>>::call_once::hfd956bc3d57399be
[INFO] [stdout]                                at /rustc/53fd98ca776cb875bc9e5514f56b52eb74f9e7a9/library/alloc/src/boxed.rs:1572:9
[INFO] [stdout]   23:     0x55e2a79d15e8 - <std::panic::AssertUnwindSafe<F> as core::ops::function::FnOnce<()>>::call_once::h40dc93e0ddb5938a
[INFO] [stdout]                                at /rustc/53fd98ca776cb875bc9e5514f56b52eb74f9e7a9/library/std/src/panic.rs:347:9
[INFO] [stdout]   24:     0x55e2a79d15e8 - std::panicking::try::do_call::h90d07750cb47c562
[INFO] [stdout]                                at /rustc/53fd98ca776cb875bc9e5514f56b52eb74f9e7a9/library/std/src/panicking.rs:401:40
[INFO] [stdout]   25:     0x55e2a79d15e8 - std::panicking::try::h063c84733ad2a629
[INFO] [stdout]                                at /rustc/53fd98ca776cb875bc9e5514f56b52eb74f9e7a9/library/std/src/panicking.rs:365:19
[INFO] [stdout]   26:     0x55e2a79d15e8 - std::panic::catch_unwind::h0c464836a84e7c08
[INFO] [stdout]                                at /rustc/53fd98ca776cb875bc9e5514f56b52eb74f9e7a9/library/std/src/panic.rs:434:14
[INFO] [stdout]   27:     0x55e2a79d15e8 - test::run_test_in_process::h5cb06ef620b157fc
[INFO] [stdout]                                at /rustc/53fd98ca776cb875bc9e5514f56b52eb74f9e7a9/library/test/src/lib.rs:601:18
[INFO] [stdout]   28:     0x55e2a79d15e8 - test::run_test::run_test_inner::{{closure}}::h76f677f4b93f9828
[INFO] [stdout]                                at /rustc/53fd98ca776cb875bc9e5514f56b52eb74f9e7a9/library/test/src/lib.rs:493:39
[INFO] [stdout]   29:     0x55e2a799fd7d - test::run_test::run_test_inner::{{closure}}::h366d01fe04f4d67a
[INFO] [stdout]                                at /rustc/53fd98ca776cb875bc9e5514f56b52eb74f9e7a9/library/test/src/lib.rs:520:37
[INFO] [stdout]   30:     0x55e2a799fd7d - std::sys_common::backtrace::__rust_begin_short_backtrace::h7dfa0de4eb395af2
[INFO] [stdout]                                at /rustc/53fd98ca776cb875bc9e5514f56b52eb74f9e7a9/library/std/src/sys_common/backtrace.rs:125:18
[INFO] [stdout]   31:     0x55e2a79a4548 - std::thread::Builder::spawn_unchecked::{{closure}}::{{closure}}::hf0a74bb58798037f
[INFO] [stdout]                                at /rustc/53fd98ca776cb875bc9e5514f56b52eb74f9e7a9/library/std/src/thread/mod.rs:476:17
[INFO] [stdout]   32:     0x55e2a79a4548 - <std::panic::AssertUnwindSafe<F> as core::ops::function::FnOnce<()>>::call_once::hb024e854818586ac
[INFO] [stdout]                                at /rustc/53fd98ca776cb875bc9e5514f56b52eb74f9e7a9/library/std/src/panic.rs:347:9
[INFO] [stdout]   33:     0x55e2a79a4548 - std::panicking::try::do_call::hb2dd9f1d0d48e41d
[INFO] [stdout]                                at /rustc/53fd98ca776cb875bc9e5514f56b52eb74f9e7a9/library/std/src/panicking.rs:401:40
[INFO] [stdout]   34:     0x55e2a79a4548 - std::panicking::try::h4717ae7bac8b2bf3
[INFO] [stdout]                                at /rustc/53fd98ca776cb875bc9e5514f56b52eb74f9e7a9/library/std/src/panicking.rs:365:19
[INFO] [stdout]   35:     0x55e2a79a4548 - std::panic::catch_unwind::h0dc8a061326ce8d8
[INFO] [stdout]                                at /rustc/53fd98ca776cb875bc9e5514f56b52eb74f9e7a9/library/std/src/panic.rs:434:14
[INFO] [stdout]   36:     0x55e2a79a4548 - std::thread::Builder::spawn_unchecked::{{closure}}::haa369e2d6fd00aa1
[INFO] [stdout]                                at /rustc/53fd98ca776cb875bc9e5514f56b52eb74f9e7a9/library/std/src/thread/mod.rs:475:30
[INFO] [stdout]   37:     0x55e2a79a4548 - core::ops::function::FnOnce::call_once{{vtable.shim}}::h36dcf3de8b056f17
[INFO] [stdout]                                at /rustc/53fd98ca776cb875bc9e5514f56b52eb74f9e7a9/library/core/src/ops/function.rs:227:5
[INFO] [stdout]   38:     0x55e2a7dba177 - <alloc::boxed::Box<F,A> as core::ops::function::FnOnce<Args>>::call_once::h65c29e4642be2358
[INFO] [stdout]                                at /rustc/53fd98ca776cb875bc9e5514f56b52eb74f9e7a9/library/alloc/src/boxed.rs:1572:9
[INFO] [stdout]   39:     0x55e2a7dba177 - <alloc::boxed::Box<F,A> as core::ops::function::FnOnce<Args>>::call_once::hd0f8f7fbbd9fffbf
[INFO] [stdout]                                at /rustc/53fd98ca776cb875bc9e5514f56b52eb74f9e7a9/library/alloc/src/boxed.rs:1572:9
[INFO] [stdout]   40:     0x55e2a7dba177 - std::sys::unix::thread::Thread::new::thread_start::h2fd22fee3ca77b65
[INFO] [stdout]                                at /rustc/53fd98ca776cb875bc9e5514f56b52eb74f9e7a9/library/std/src/sys/unix/thread.rs:74:17
[INFO] [stdout]   41:     0x7f2d1ed18609 - start_thread
[INFO] [stdout]   42:     0x7f2d1eaea293 - clone
[INFO] [stdout]   43:                0x0 - <unknown>
[INFO] [stdout] 
[INFO] [stdout] 
[INFO] [stdout] failures:
[INFO] [stdout]     service::test::test_service_create
[INFO] [stdout] 
[INFO] [stdout] test result: FAILED. 0 passed; 1 failed; 0 ignored; 0 measured; 0 filtered out; finished in 0.18s
[INFO] [stdout] 
[INFO] [stderr] error: test failed, to rerun pass '--lib'
[INFO] running `Command { std: "docker" "inspect" "cd5f6dbb677a66f1b0635a7e672ea6951a89e4faf702af3d893e523a368cf84a", kill_on_drop: false }`
[INFO] running `Command { std: "docker" "rm" "-f" "cd5f6dbb677a66f1b0635a7e672ea6951a89e4faf702af3d893e523a368cf84a", kill_on_drop: false }`
[INFO] [stdout] cd5f6dbb677a66f1b0635a7e672ea6951a89e4faf702af3d893e523a368cf84a
