[INFO] fetching crate sdfu 0.3.0...
[INFO] testing sdfu-0.3.0 against beta-2021-08-01 for beta-1.55-1
[INFO] extracting crate sdfu 0.3.0 into /workspace/builds/worker-8/source
[INFO] validating manifest of crates.io crate sdfu 0.3.0 on toolchain beta-2021-08-01
[INFO] running `Command { std: "/workspace/cargo-home/bin/cargo" "+beta-2021-08-01" "metadata" "--manifest-path" "Cargo.toml" "--no-deps", kill_on_drop: false }`
[INFO] started tweaking crates.io crate sdfu 0.3.0
[INFO] finished tweaking crates.io crate sdfu 0.3.0
[INFO] tweaked toml for crates.io crate sdfu 0.3.0 written to /workspace/builds/worker-8/source/Cargo.toml
[INFO] running `Command { std: "/workspace/cargo-home/bin/cargo" "+beta-2021-08-01" "generate-lockfile" "--manifest-path" "Cargo.toml" "-Zno-index-update", kill_on_drop: false }`
[INFO] running `Command { std: "/workspace/cargo-home/bin/cargo" "+beta-2021-08-01" "fetch" "--manifest-path" "Cargo.toml", kill_on_drop: false }`
[INFO] [stderr]  Downloading crates ...
[INFO] [stderr]   Downloaded static_assertions v0.2.5
[INFO] [stderr]   Downloaded vek v0.9.12
[INFO] [stderr]   Downloaded ultraviolet v0.4.6
[INFO] [stderr]   Downloaded wide v0.4.6
[INFO] running `Command { std: "docker" "create" "-v" "/var/lib/crater-agent-workspace/builds/worker-8/target:/opt/rustwide/target:rw,Z" "-v" "/var/lib/crater-agent-workspace/builds/worker-8/source:/opt/rustwide/workdir:ro,Z" "-v" "/var/lib/crater-agent-workspace/cargo-home:/opt/rustwide/cargo-home:ro,Z" "-v" "/var/lib/crater-agent-workspace/rustup-home:/opt/rustwide/rustup-home:ro,Z" "-e" "SOURCE_DIR=/opt/rustwide/workdir" "-e" "CARGO_TARGET_DIR=/opt/rustwide/target" "-e" "CARGO_HOME=/opt/rustwide/cargo-home" "-e" "RUSTUP_HOME=/opt/rustwide/rustup-home" "-w" "/opt/rustwide/workdir" "-m" "1610612736" "--user" "0:0" "--network" "none" "ghcr.io/rust-lang/crates-build-env/linux@sha256:34b6a614d2c27851fe6cbf88fbd1137609cefab8b10d0615aaeb6fd47975d74e" "/opt/rustwide/cargo-home/bin/cargo" "+beta-2021-08-01" "metadata" "--no-deps" "--format-version=1", kill_on_drop: false }`
[INFO] [stdout] 565ab42e38f1f05a2fd5d5708575c28ecdd597e26e0c30e20061adcf37190254
[INFO] [stderr] WARNING: Your kernel does not support swap limit capabilities or the cgroup is not mounted. Memory limited without swap.
[INFO] running `Command { std: "docker" "start" "-a" "565ab42e38f1f05a2fd5d5708575c28ecdd597e26e0c30e20061adcf37190254", kill_on_drop: false }`
[INFO] running `Command { std: "docker" "inspect" "565ab42e38f1f05a2fd5d5708575c28ecdd597e26e0c30e20061adcf37190254", kill_on_drop: false }`
[INFO] running `Command { std: "docker" "rm" "-f" "565ab42e38f1f05a2fd5d5708575c28ecdd597e26e0c30e20061adcf37190254", kill_on_drop: false }`
[INFO] [stdout] 565ab42e38f1f05a2fd5d5708575c28ecdd597e26e0c30e20061adcf37190254
[INFO] running `Command { std: "docker" "create" "-v" "/var/lib/crater-agent-workspace/builds/worker-8/target:/opt/rustwide/target:rw,Z" "-v" "/var/lib/crater-agent-workspace/builds/worker-8/source:/opt/rustwide/workdir:ro,Z" "-v" "/var/lib/crater-agent-workspace/cargo-home:/opt/rustwide/cargo-home:ro,Z" "-v" "/var/lib/crater-agent-workspace/rustup-home:/opt/rustwide/rustup-home:ro,Z" "-e" "SOURCE_DIR=/opt/rustwide/workdir" "-e" "CARGO_TARGET_DIR=/opt/rustwide/target" "-e" "CARGO_INCREMENTAL=0" "-e" "RUST_BACKTRACE=full" "-e" "RUSTFLAGS=--cap-lints=warn" "-e" "CARGO_HOME=/opt/rustwide/cargo-home" "-e" "RUSTUP_HOME=/opt/rustwide/rustup-home" "-w" "/opt/rustwide/workdir" "-m" "1610612736" "--user" "0:0" "--network" "none" "ghcr.io/rust-lang/crates-build-env/linux@sha256:34b6a614d2c27851fe6cbf88fbd1137609cefab8b10d0615aaeb6fd47975d74e" "/opt/rustwide/cargo-home/bin/cargo" "+beta-2021-08-01" "build" "--frozen" "--message-format=json", kill_on_drop: false }`
[INFO] [stdout] 565094a0dc8a94cd55019fcead4033f5128dcb6b61cfdf08d23c400244123630
[INFO] [stderr] WARNING: Your kernel does not support swap limit capabilities or the cgroup is not mounted. Memory limited without swap.
[INFO] running `Command { std: "docker" "start" "-a" "565094a0dc8a94cd55019fcead4033f5128dcb6b61cfdf08d23c400244123630", kill_on_drop: false }`
[INFO] [stderr]    Compiling sdfu v0.3.0 (/opt/rustwide/workdir)
[INFO] [stderr]     Finished dev [unoptimized + debuginfo] target(s) in 1.36s
[INFO] running `Command { std: "docker" "inspect" "565094a0dc8a94cd55019fcead4033f5128dcb6b61cfdf08d23c400244123630", kill_on_drop: false }`
[INFO] running `Command { std: "docker" "rm" "-f" "565094a0dc8a94cd55019fcead4033f5128dcb6b61cfdf08d23c400244123630", kill_on_drop: false }`
[INFO] [stdout] 565094a0dc8a94cd55019fcead4033f5128dcb6b61cfdf08d23c400244123630
[INFO] running `Command { std: "docker" "create" "-v" "/var/lib/crater-agent-workspace/builds/worker-8/target:/opt/rustwide/target:rw,Z" "-v" "/var/lib/crater-agent-workspace/builds/worker-8/source:/opt/rustwide/workdir:ro,Z" "-v" "/var/lib/crater-agent-workspace/cargo-home:/opt/rustwide/cargo-home:ro,Z" "-v" "/var/lib/crater-agent-workspace/rustup-home:/opt/rustwide/rustup-home:ro,Z" "-e" "SOURCE_DIR=/opt/rustwide/workdir" "-e" "CARGO_TARGET_DIR=/opt/rustwide/target" "-e" "CARGO_INCREMENTAL=0" "-e" "RUST_BACKTRACE=full" "-e" "RUSTFLAGS=--cap-lints=warn" "-e" "CARGO_HOME=/opt/rustwide/cargo-home" "-e" "RUSTUP_HOME=/opt/rustwide/rustup-home" "-w" "/opt/rustwide/workdir" "-m" "1610612736" "--user" "0:0" "--network" "none" "ghcr.io/rust-lang/crates-build-env/linux@sha256:34b6a614d2c27851fe6cbf88fbd1137609cefab8b10d0615aaeb6fd47975d74e" "/opt/rustwide/cargo-home/bin/cargo" "+beta-2021-08-01" "test" "--frozen" "--no-run" "--message-format=json", kill_on_drop: false }`
[INFO] [stdout] 6fd64c3765e2c9f297accfd533cb47693e519d21c0eaead53a451225e256e31e
[INFO] [stderr] WARNING: Your kernel does not support swap limit capabilities or the cgroup is not mounted. Memory limited without swap.
[INFO] running `Command { std: "docker" "start" "-a" "6fd64c3765e2c9f297accfd533cb47693e519d21c0eaead53a451225e256e31e", kill_on_drop: false }`
[INFO] [stderr]    Compiling sdfu v0.3.0 (/opt/rustwide/workdir)
[INFO] [stderr]     Finished test [unoptimized + debuginfo] target(s) in 1.10s
[INFO] running `Command { std: "docker" "inspect" "6fd64c3765e2c9f297accfd533cb47693e519d21c0eaead53a451225e256e31e", kill_on_drop: false }`
[INFO] running `Command { std: "docker" "rm" "-f" "6fd64c3765e2c9f297accfd533cb47693e519d21c0eaead53a451225e256e31e", kill_on_drop: false }`
[INFO] [stdout] 6fd64c3765e2c9f297accfd533cb47693e519d21c0eaead53a451225e256e31e
[INFO] running `Command { std: "docker" "create" "-v" "/var/lib/crater-agent-workspace/builds/worker-8/target:/opt/rustwide/target:rw,Z" "-v" "/var/lib/crater-agent-workspace/builds/worker-8/source:/opt/rustwide/workdir:ro,Z" "-v" "/var/lib/crater-agent-workspace/cargo-home:/opt/rustwide/cargo-home:ro,Z" "-v" "/var/lib/crater-agent-workspace/rustup-home:/opt/rustwide/rustup-home:ro,Z" "-e" "SOURCE_DIR=/opt/rustwide/workdir" "-e" "CARGO_TARGET_DIR=/opt/rustwide/target" "-e" "CARGO_INCREMENTAL=0" "-e" "RUST_BACKTRACE=full" "-e" "RUSTFLAGS=--cap-lints=warn" "-e" "CARGO_HOME=/opt/rustwide/cargo-home" "-e" "RUSTUP_HOME=/opt/rustwide/rustup-home" "-w" "/opt/rustwide/workdir" "-m" "1610612736" "--user" "0:0" "--network" "none" "ghcr.io/rust-lang/crates-build-env/linux@sha256:34b6a614d2c27851fe6cbf88fbd1137609cefab8b10d0615aaeb6fd47975d74e" "/opt/rustwide/cargo-home/bin/cargo" "+beta-2021-08-01" "test" "--frozen", kill_on_drop: false }`
[INFO] [stdout] 4798f5ca23b16943d9c5dce75aed8b097981d38be50a3eaf1bacb8389df59dcf
[INFO] [stderr] WARNING: Your kernel does not support swap limit capabilities or the cgroup is not mounted. Memory limited without swap.
[INFO] running `Command { std: "docker" "start" "-a" "4798f5ca23b16943d9c5dce75aed8b097981d38be50a3eaf1bacb8389df59dcf", kill_on_drop: false }`
[INFO] [stderr]     Finished test [unoptimized + debuginfo] target(s) in 0.03s
[INFO] [stderr]      Running unittests (/opt/rustwide/target/debug/deps/sdfu-c09e0f6dc53e7e5f)
[INFO] [stdout] 
[INFO] [stderr]    Doc-tests sdfu
[INFO] [stdout] running 0 tests
[INFO] [stdout] 
[INFO] [stdout] test result: ok. 0 passed; 0 failed; 0 ignored; 0 measured; 0 filtered out; finished in 0.00s
[INFO] [stdout] 
[INFO] [stdout] 
[INFO] [stdout] running 1 test
[INFO] [stdout] test src/lib.rs - (line 29) ... FAILED
[INFO] [stdout] 
[INFO] [stdout] failures:
[INFO] [stdout] 
[INFO] [stdout] ---- src/lib.rs - (line 29) stdout ----
[INFO] [stdout] error[E0433]: failed to resolve: use of undeclared type `Vec3`
[INFO] [stdout]    --> src/lib.rs:34:24
[INFO] [stdout]     |
[INFO] [stdout] 8   |           sdfu::Box::new(Vec3::new(0.25, 0.25, 1.5)))
[INFO] [stdout]     |                          ^^^^
[INFO] [stdout]     |
[INFO] [stdout] help: a struct with a similar name exists
[INFO] [stdout]     |
[INFO] [stdout] 8   |         sdfu::Box::new(Vec::new(0.25, 0.25, 1.5)))
[INFO] [stdout]     |                        ^^^
[INFO] [stdout] help: consider importing this trait
[INFO] [stdout]     |
[INFO] [stdout] 3   | use sdfu::mathtypes::Vec3;
[INFO] [stdout]     |
[INFO] [stdout] 
[INFO] [stdout] error[E0433]: failed to resolve: use of undeclared type `Vec3`
[INFO] [stdout]    --> src/lib.rs:36:42
[INFO] [stdout]     |
[INFO] [stdout] 10  |           sdfu::Sphere::new(0.3).translate(Vec3::new(0.3, 0.3, 0.0)),
[INFO] [stdout]     |                                            ^^^^
[INFO] [stdout]     |
[INFO] [stdout] help: a struct with a similar name exists
[INFO] [stdout]     |
[INFO] [stdout] 10  |         sdfu::Sphere::new(0.3).translate(Vec::new(0.3, 0.3, 0.0)),
[INFO] [stdout]     |                                          ^^^
[INFO] [stdout] help: consider importing this trait
[INFO] [stdout]     |
[INFO] [stdout] 3   | use sdfu::mathtypes::Vec3;
[INFO] [stdout]     |
[INFO] [stdout] 
[INFO] [stdout] error[E0433]: failed to resolve: use of undeclared type `Vec3`
[INFO] [stdout]    --> src/lib.rs:39:42
[INFO] [stdout]     |
[INFO] [stdout] 13  |           sdfu::Sphere::new(0.3).translate(Vec3::new(-0.3, 0.3, 0.0)),
[INFO] [stdout]     |                                            ^^^^
[INFO] [stdout]     |
[INFO] [stdout] help: a struct with a similar name exists
[INFO] [stdout]     |
[INFO] [stdout] 13  |         sdfu::Sphere::new(0.3).translate(Vec::new(-0.3, 0.3, 0.0)),
[INFO] [stdout]     |                                          ^^^
[INFO] [stdout] help: consider importing this trait
[INFO] [stdout]     |
[INFO] [stdout] 3   | use sdfu::mathtypes::Vec3;
[INFO] [stdout]     |
[INFO] [stdout] 
[INFO] [stdout] error[E0433]: failed to resolve: use of undeclared type `Vec3`
[INFO] [stdout]    --> src/lib.rs:42:24
[INFO] [stdout]     |
[INFO] [stdout] 16  |           sdfu::Box::new(Vec3::new(0.125, 0.125, 1.5)).translate(Vec3::new(-0.3, 0.3, 0.0)))
[INFO] [stdout]     |                          ^^^^
[INFO] [stdout]     |
[INFO] [stdout] help: a struct with a similar name exists
[INFO] [stdout]     |
[INFO] [stdout] 16  |         sdfu::Box::new(Vec::new(0.125, 0.125, 1.5)).translate(Vec3::new(-0.3, 0.3, 0.0)))
[INFO] [stdout]     |                        ^^^
[INFO] [stdout] help: consider importing this trait
[INFO] [stdout]     |
[INFO] [stdout] 3   | use sdfu::mathtypes::Vec3;
[INFO] [stdout]     |
[INFO] [stdout] 
[INFO] [stdout] error[E0433]: failed to resolve: use of undeclared type `Vec3`
[INFO] [stdout]    --> src/lib.rs:42:64
[INFO] [stdout]     |
[INFO] [stdout] 16  |           sdfu::Box::new(Vec3::new(0.125, 0.125, 1.5)).translate(Vec3::new(-0.3, 0.3, 0.0)))
[INFO] [stdout]     |                                                                  ^^^^
[INFO] [stdout]     |
[INFO] [stdout] help: a struct with a similar name exists
[INFO] [stdout]     |
[INFO] [stdout] 16  |         sdfu::Box::new(Vec3::new(0.125, 0.125, 1.5)).translate(Vec::new(-0.3, 0.3, 0.0)))
[INFO] [stdout]     |                                                                ^^^
[INFO] [stdout] help: consider importing this trait
[INFO] [stdout]     |
[INFO] [stdout] 3   | use sdfu::mathtypes::Vec3;
[INFO] [stdout]     |
[INFO] [stdout] 
[INFO] [stdout] error[E0433]: failed to resolve: use of undeclared type `Vec3`
[INFO] [stdout]    --> src/lib.rs:44:24
[INFO] [stdout]     |
[INFO] [stdout] 18  |           sdfu::Box::new(Vec3::new(0.125, 0.125, 1.5)).translate(Vec3::new(0.3, 0.3, 0.0)))
[INFO] [stdout]     |                          ^^^^
[INFO] [stdout]     |
[INFO] [stdout] help: a struct with a similar name exists
[INFO] [stdout]     |
[INFO] [stdout] 18  |         sdfu::Box::new(Vec::new(0.125, 0.125, 1.5)).translate(Vec3::new(0.3, 0.3, 0.0)))
[INFO] [stdout]     |                        ^^^
[INFO] [stdout] help: consider importing this trait
[INFO] [stdout]     |
[INFO] [stdout] 3   | use sdfu::mathtypes::Vec3;
[INFO] [stdout]     |
[INFO] [stdout] 
[INFO] [stdout] error[E0433]: failed to resolve: use of undeclared type `Vec3`
[INFO] [stdout]    --> src/lib.rs:44:64
[INFO] [stdout]     |
[INFO] [stdout] 18  |           sdfu::Box::new(Vec3::new(0.125, 0.125, 1.5)).translate(Vec3::new(0.3, 0.3, 0.0)))
[INFO] [stdout]     |                                                                  ^^^^
[INFO] [stdout]     |
[INFO] [stdout] help: a struct with a similar name exists
[INFO] [stdout]     |
[INFO] [stdout] 18  |         sdfu::Box::new(Vec3::new(0.125, 0.125, 1.5)).translate(Vec::new(0.3, 0.3, 0.0)))
[INFO] [stdout]     |                                                                ^^^
[INFO] [stdout] help: consider importing this trait
[INFO] [stdout]     |
[INFO] [stdout] 3   | use sdfu::mathtypes::Vec3;
[INFO] [stdout]     |
[INFO] [stdout] 
[INFO] [stdout] error[E0433]: failed to resolve: use of undeclared type `Vec3`
[INFO] [stdout]    --> src/lib.rs:46:24
[INFO] [stdout]     |
[INFO] [stdout] 20  |           sdfu::Box::new(Vec3::new(1.5, 0.1, 0.1)).translate(Vec3::new(0.0, 0.3, 0.0)))
[INFO] [stdout]     |                          ^^^^
[INFO] [stdout]     |
[INFO] [stdout] help: a struct with a similar name exists
[INFO] [stdout]     |
[INFO] [stdout] 20  |         sdfu::Box::new(Vec::new(1.5, 0.1, 0.1)).translate(Vec3::new(0.0, 0.3, 0.0)))
[INFO] [stdout]     |                        ^^^
[INFO] [stdout] help: consider importing this trait
[INFO] [stdout]     |
[INFO] [stdout] 3   | use sdfu::mathtypes::Vec3;
[INFO] [stdout]     |
[INFO] [stdout] 
[INFO] [stdout] error[E0433]: failed to resolve: use of undeclared type `Vec3`
[INFO] [stdout]    --> src/lib.rs:46:60
[INFO] [stdout]     |
[INFO] [stdout] 20  |           sdfu::Box::new(Vec3::new(1.5, 0.1, 0.1)).translate(Vec3::new(0.0, 0.3, 0.0)))
[INFO] [stdout]     |                                                              ^^^^
[INFO] [stdout]     |
[INFO] [stdout] help: a struct with a similar name exists
[INFO] [stdout]     |
[INFO] [stdout] 20  |         sdfu::Box::new(Vec3::new(1.5, 0.1, 0.1)).translate(Vec::new(0.0, 0.3, 0.0)))
[INFO] [stdout]     |                                                            ^^^
[INFO] [stdout] help: consider importing this trait
[INFO] [stdout]     |
[INFO] [stdout] 3   | use sdfu::mathtypes::Vec3;
[INFO] [stdout]     |
[INFO] [stdout] 
[INFO] [stdout] error[E0433]: failed to resolve: use of undeclared type `Vec3`
[INFO] [stdout]    --> src/lib.rs:48:24
[INFO] [stdout]     |
[INFO] [stdout] 22  |           sdfu::Box::new(Vec3::new(0.2, 2.0, 0.2)))
[INFO] [stdout]     |                          ^^^^
[INFO] [stdout]     |
[INFO] [stdout] help: a struct with a similar name exists
[INFO] [stdout]     |
[INFO] [stdout] 22  |         sdfu::Box::new(Vec::new(0.2, 2.0, 0.2)))
[INFO] [stdout]     |                        ^^^
[INFO] [stdout] help: consider importing this trait
[INFO] [stdout]     |
[INFO] [stdout] 3   | use sdfu::mathtypes::Vec3;
[INFO] [stdout]     |
[INFO] [stdout] 
[INFO] [stdout] error[E0433]: failed to resolve: use of undeclared type `Vec3`
[INFO] [stdout]    --> src/lib.rs:49:16
[INFO] [stdout]     |
[INFO] [stdout] 23  |       .translate(Vec3::new(0.0, 0.0, -1.0));
[INFO] [stdout]     |                  ^^^^
[INFO] [stdout]     |
[INFO] [stdout] help: a struct with a similar name exists
[INFO] [stdout]     |
[INFO] [stdout] 23  |     .translate(Vec::new(0.0, 0.0, -1.0));
[INFO] [stdout]     |                ^^^
[INFO] [stdout] help: consider importing this trait
[INFO] [stdout]     |
[INFO] [stdout] 3   | use sdfu::mathtypes::Vec3;
[INFO] [stdout]     |
[INFO] [stdout] 
[INFO] [stdout] error: aborting due to 11 previous errors
[INFO] [stdout] 
[INFO] [stdout] For more information about this error, try `rustc --explain E0433`.
[INFO] [stdout] Couldn't compile the test.
[INFO] [stdout] 
[INFO] [stdout] failures:
[INFO] [stdout]     src/lib.rs - (line 29)
[INFO] [stdout] 
[INFO] [stdout] test result: FAILED. 0 passed; 1 failed; 0 ignored; 0 measured; 0 filtered out; finished in 0.36s
[INFO] [stdout] 
[INFO] [stderr] error: test failed, to rerun pass '--doc'
[INFO] running `Command { std: "docker" "inspect" "4798f5ca23b16943d9c5dce75aed8b097981d38be50a3eaf1bacb8389df59dcf", kill_on_drop: false }`
[INFO] running `Command { std: "docker" "rm" "-f" "4798f5ca23b16943d9c5dce75aed8b097981d38be50a3eaf1bacb8389df59dcf", kill_on_drop: false }`
[INFO] [stdout] 4798f5ca23b16943d9c5dce75aed8b097981d38be50a3eaf1bacb8389df59dcf
