[INFO] fetching crate scrappy-macros 0.0.1...
[INFO] testing scrappy-macros-0.0.1 against 1.54.0 for beta-1.55-1
[INFO] extracting crate scrappy-macros 0.0.1 into /workspace/builds/worker-56/source
[INFO] validating manifest of crates.io crate scrappy-macros 0.0.1 on toolchain 1.54.0
[INFO] running `Command { std: "/workspace/cargo-home/bin/cargo" "+1.54.0" "metadata" "--manifest-path" "Cargo.toml" "--no-deps", kill_on_drop: false }`
[INFO] started tweaking crates.io crate scrappy-macros 0.0.1
[INFO] finished tweaking crates.io crate scrappy-macros 0.0.1
[INFO] tweaked toml for crates.io crate scrappy-macros 0.0.1 written to /workspace/builds/worker-56/source/Cargo.toml
[INFO] running `Command { std: "/workspace/cargo-home/bin/cargo" "+1.54.0" "generate-lockfile" "--manifest-path" "Cargo.toml" "-Zno-index-update", kill_on_drop: false }`
[INFO] [stderr]     Blocking waiting for file lock on package cache
[INFO] running `Command { std: "/workspace/cargo-home/bin/cargo" "+1.54.0" "fetch" "--manifest-path" "Cargo.toml", kill_on_drop: false }`
[INFO] [stderr]     Blocking waiting for file lock on package cache
[INFO] [stderr]     Blocking waiting for file lock on package cache
[INFO] running `Command { std: "docker" "create" "-v" "/var/lib/crater-agent-workspace/builds/worker-56/target:/opt/rustwide/target:rw,Z" "-v" "/var/lib/crater-agent-workspace/builds/worker-56/source:/opt/rustwide/workdir:ro,Z" "-v" "/var/lib/crater-agent-workspace/cargo-home:/opt/rustwide/cargo-home:ro,Z" "-v" "/var/lib/crater-agent-workspace/rustup-home:/opt/rustwide/rustup-home:ro,Z" "-e" "SOURCE_DIR=/opt/rustwide/workdir" "-e" "CARGO_TARGET_DIR=/opt/rustwide/target" "-e" "CARGO_HOME=/opt/rustwide/cargo-home" "-e" "RUSTUP_HOME=/opt/rustwide/rustup-home" "-w" "/opt/rustwide/workdir" "-m" "1610612736" "--user" "0:0" "--network" "none" "ghcr.io/rust-lang/crates-build-env/linux@sha256:34b6a614d2c27851fe6cbf88fbd1137609cefab8b10d0615aaeb6fd47975d74e" "/opt/rustwide/cargo-home/bin/cargo" "+1.54.0" "metadata" "--no-deps" "--format-version=1", kill_on_drop: false }`
[INFO] [stdout] c9654e40d1a735842cca3e0e31451efd9bd1e14cc0cd082e5f00b00df5b07942
[INFO] running `Command { std: "docker" "start" "-a" "c9654e40d1a735842cca3e0e31451efd9bd1e14cc0cd082e5f00b00df5b07942", kill_on_drop: false }`
[INFO] running `Command { std: "docker" "inspect" "c9654e40d1a735842cca3e0e31451efd9bd1e14cc0cd082e5f00b00df5b07942", kill_on_drop: false }`
[INFO] running `Command { std: "docker" "rm" "-f" "c9654e40d1a735842cca3e0e31451efd9bd1e14cc0cd082e5f00b00df5b07942", kill_on_drop: false }`
[INFO] [stdout] c9654e40d1a735842cca3e0e31451efd9bd1e14cc0cd082e5f00b00df5b07942
[INFO] running `Command { std: "docker" "create" "-v" "/var/lib/crater-agent-workspace/builds/worker-56/target:/opt/rustwide/target:rw,Z" "-v" "/var/lib/crater-agent-workspace/builds/worker-56/source:/opt/rustwide/workdir:ro,Z" "-v" "/var/lib/crater-agent-workspace/cargo-home:/opt/rustwide/cargo-home:ro,Z" "-v" "/var/lib/crater-agent-workspace/rustup-home:/opt/rustwide/rustup-home:ro,Z" "-e" "SOURCE_DIR=/opt/rustwide/workdir" "-e" "CARGO_TARGET_DIR=/opt/rustwide/target" "-e" "CARGO_INCREMENTAL=0" "-e" "RUST_BACKTRACE=full" "-e" "RUSTFLAGS=--cap-lints=warn" "-e" "CARGO_HOME=/opt/rustwide/cargo-home" "-e" "RUSTUP_HOME=/opt/rustwide/rustup-home" "-w" "/opt/rustwide/workdir" "-m" "1610612736" "--user" "0:0" "--network" "none" "ghcr.io/rust-lang/crates-build-env/linux@sha256:34b6a614d2c27851fe6cbf88fbd1137609cefab8b10d0615aaeb6fd47975d74e" "/opt/rustwide/cargo-home/bin/cargo" "+1.54.0" "build" "--frozen" "--message-format=json", kill_on_drop: false }`
[INFO] [stdout] 8dcf4252c52d8802382fd0e7575418b48e85595a0d3d4fefe459aa966a4d739b
[INFO] running `Command { std: "docker" "start" "-a" "8dcf4252c52d8802382fd0e7575418b48e85595a0d3d4fefe459aa966a4d739b", kill_on_drop: false }`
[INFO] [stderr]    Compiling proc-macro2 v1.0.28
[INFO] [stderr]    Compiling syn v1.0.74
[INFO] [stderr]    Compiling quote v1.0.9
[INFO] [stderr]    Compiling scrappy-macros v0.0.1 (/opt/rustwide/workdir)
[INFO] [stderr]     Finished dev [unoptimized + debuginfo] target(s) in 17.73s
[INFO] running `Command { std: "docker" "inspect" "8dcf4252c52d8802382fd0e7575418b48e85595a0d3d4fefe459aa966a4d739b", kill_on_drop: false }`
[INFO] running `Command { std: "docker" "rm" "-f" "8dcf4252c52d8802382fd0e7575418b48e85595a0d3d4fefe459aa966a4d739b", kill_on_drop: false }`
[INFO] [stdout] 8dcf4252c52d8802382fd0e7575418b48e85595a0d3d4fefe459aa966a4d739b
[INFO] running `Command { std: "docker" "create" "-v" "/var/lib/crater-agent-workspace/builds/worker-56/target:/opt/rustwide/target:rw,Z" "-v" "/var/lib/crater-agent-workspace/builds/worker-56/source:/opt/rustwide/workdir:ro,Z" "-v" "/var/lib/crater-agent-workspace/cargo-home:/opt/rustwide/cargo-home:ro,Z" "-v" "/var/lib/crater-agent-workspace/rustup-home:/opt/rustwide/rustup-home:ro,Z" "-e" "SOURCE_DIR=/opt/rustwide/workdir" "-e" "CARGO_TARGET_DIR=/opt/rustwide/target" "-e" "CARGO_INCREMENTAL=0" "-e" "RUST_BACKTRACE=full" "-e" "RUSTFLAGS=--cap-lints=warn" "-e" "CARGO_HOME=/opt/rustwide/cargo-home" "-e" "RUSTUP_HOME=/opt/rustwide/rustup-home" "-w" "/opt/rustwide/workdir" "-m" "1610612736" "--user" "0:0" "--network" "none" "ghcr.io/rust-lang/crates-build-env/linux@sha256:34b6a614d2c27851fe6cbf88fbd1137609cefab8b10d0615aaeb6fd47975d74e" "/opt/rustwide/cargo-home/bin/cargo" "+1.54.0" "test" "--frozen" "--no-run" "--message-format=json", kill_on_drop: false }`
[INFO] [stdout] 436a73a2b11b7a6364b9852ceb47d5cf81fd95c55479c71f960679ff9d37f454
[INFO] running `Command { std: "docker" "start" "-a" "436a73a2b11b7a6364b9852ceb47d5cf81fd95c55479c71f960679ff9d37f454", kill_on_drop: false }`
[INFO] [stderr]    Compiling scrappy-macros v0.0.1 (/opt/rustwide/workdir)
[INFO] [stderr]     Finished test [unoptimized + debuginfo] target(s) in 0.44s
[INFO] running `Command { std: "docker" "inspect" "436a73a2b11b7a6364b9852ceb47d5cf81fd95c55479c71f960679ff9d37f454", kill_on_drop: false }`
[INFO] running `Command { std: "docker" "rm" "-f" "436a73a2b11b7a6364b9852ceb47d5cf81fd95c55479c71f960679ff9d37f454", kill_on_drop: false }`
[INFO] [stdout] 436a73a2b11b7a6364b9852ceb47d5cf81fd95c55479c71f960679ff9d37f454
[INFO] running `Command { std: "docker" "create" "-v" "/var/lib/crater-agent-workspace/builds/worker-56/target:/opt/rustwide/target:rw,Z" "-v" "/var/lib/crater-agent-workspace/builds/worker-56/source:/opt/rustwide/workdir:ro,Z" "-v" "/var/lib/crater-agent-workspace/cargo-home:/opt/rustwide/cargo-home:ro,Z" "-v" "/var/lib/crater-agent-workspace/rustup-home:/opt/rustwide/rustup-home:ro,Z" "-e" "SOURCE_DIR=/opt/rustwide/workdir" "-e" "CARGO_TARGET_DIR=/opt/rustwide/target" "-e" "CARGO_INCREMENTAL=0" "-e" "RUST_BACKTRACE=full" "-e" "RUSTFLAGS=--cap-lints=warn" "-e" "CARGO_HOME=/opt/rustwide/cargo-home" "-e" "RUSTUP_HOME=/opt/rustwide/rustup-home" "-w" "/opt/rustwide/workdir" "-m" "1610612736" "--user" "0:0" "--network" "none" "ghcr.io/rust-lang/crates-build-env/linux@sha256:34b6a614d2c27851fe6cbf88fbd1137609cefab8b10d0615aaeb6fd47975d74e" "/opt/rustwide/cargo-home/bin/cargo" "+1.54.0" "test" "--frozen", kill_on_drop: false }`
[INFO] [stdout] 61709834d057825be64c4745b67ee172b7bb60fd4059da7ef4b7d83b1cfddac0
[INFO] running `Command { std: "docker" "start" "-a" "61709834d057825be64c4745b67ee172b7bb60fd4059da7ef4b7d83b1cfddac0", kill_on_drop: false }`
[INFO] [stderr]     Finished test [unoptimized + debuginfo] target(s) in 0.17s
[INFO] [stderr]      Running unittests (/opt/rustwide/target/debug/deps/scrappy_macros-28d526b3c0c49e6d)
[INFO] [stdout] 
[INFO] [stderr]    Doc-tests scrappy-macros
[INFO] [stdout] running 0 tests
[INFO] [stdout] 
[INFO] [stdout] test result: ok. 0 passed; 0 failed; 0 ignored; 0 measured; 0 filtered out; finished in 0.00s
[INFO] [stdout] 
[INFO] [stdout] 
[INFO] [stdout] running 2 tests
[INFO] [stdout] test src/lib.rs - main (line 11) ... FAILED
[INFO] [stdout] test src/lib.rs - test (line 49) - compile ... FAILED
[INFO] [stdout] 
[INFO] [stdout] failures:
[INFO] [stdout] 
[INFO] [stdout] ---- src/lib.rs - main (line 11) stdout ----
[INFO] [stdout] error[E0433]: failed to resolve: use of undeclared crate or module `scrappy_rt`
[INFO] [stdout]  --> src/lib.rs:12:3
[INFO] [stdout]   |
[INFO] [stdout] 2 | #[scrappy_rt::main]
[INFO] [stdout]   |   ^^^^^^^^^^ use of undeclared crate or module `scrappy_rt`
[INFO] [stdout] 
[INFO] [stdout] error[E0752]: `main` function is not allowed to be `async`
[INFO] [stdout]  --> src/lib.rs:13:1
[INFO] [stdout]   |
[INFO] [stdout] 3 | async fn main() {
[INFO] [stdout]   | ^^^^^^^^^^^^^^^ `main` function is not allowed to be `async`
[INFO] [stdout] 
[INFO] [stdout] error: aborting due to 2 previous errors
[INFO] [stdout] 
[INFO] [stdout] Some errors have detailed explanations: E0433, E0752.
[INFO] [stdout] For more information about an error, try `rustc --explain E0433`.
[INFO] [stdout] Couldn't compile the test.
[INFO] [stdout] ---- src/lib.rs - test (line 49) stdout ----
[INFO] [stdout] error[E0433]: failed to resolve: use of undeclared crate or module `scrappy_rt`
[INFO] [stdout]  --> src/lib.rs:50:3
[INFO] [stdout]   |
[INFO] [stdout] 3 | #[scrappy_rt::test]
[INFO] [stdout]   |   ^^^^^^^^^^ use of undeclared crate or module `scrappy_rt`
[INFO] [stdout] 
[INFO] [stdout] error: aborting due to previous error
[INFO] [stdout] 
[INFO] [stdout] For more information about this error, try `rustc --explain E0433`.
[INFO] [stdout] Couldn't compile the test.
[INFO] [stdout] 
[INFO] [stdout] failures:
[INFO] [stdout]     src/lib.rs - main (line 11)
[INFO] [stdout]     src/lib.rs - test (line 49)
[INFO] [stdout] 
[INFO] [stdout] test result: FAILED. 0 passed; 2 failed; 0 ignored; 0 measured; 0 filtered out; finished in 0.61s
[INFO] [stdout] 
[INFO] [stderr] error: test failed, to rerun pass '--doc'
[INFO] running `Command { std: "docker" "inspect" "61709834d057825be64c4745b67ee172b7bb60fd4059da7ef4b7d83b1cfddac0", kill_on_drop: false }`
[INFO] running `Command { std: "docker" "rm" "-f" "61709834d057825be64c4745b67ee172b7bb60fd4059da7ef4b7d83b1cfddac0", kill_on_drop: false }`
[INFO] [stdout] 61709834d057825be64c4745b67ee172b7bb60fd4059da7ef4b7d83b1cfddac0
