[INFO] fetching crate scram-rs 0.2.0...
[INFO] testing scram-rs-0.2.0 against beta-2021-08-01 for beta-1.55-1
[INFO] extracting crate scram-rs 0.2.0 into /workspace/builds/worker-6/source
[INFO] validating manifest of crates.io crate scram-rs 0.2.0 on toolchain beta-2021-08-01
[INFO] running `Command { std: "/workspace/cargo-home/bin/cargo" "+beta-2021-08-01" "metadata" "--manifest-path" "Cargo.toml" "--no-deps", kill_on_drop: false }`
[INFO] started tweaking crates.io crate scram-rs 0.2.0
[INFO] removed 0 missing examples
[INFO] finished tweaking crates.io crate scram-rs 0.2.0
[INFO] tweaked toml for crates.io crate scram-rs 0.2.0 written to /workspace/builds/worker-6/source/Cargo.toml
[INFO] crate crates.io crate scram-rs 0.2.0 already has a lockfile, it will not be regenerated
[INFO] running `Command { std: "/workspace/cargo-home/bin/cargo" "+beta-2021-08-01" "fetch" "--manifest-path" "Cargo.toml", kill_on_drop: false }`
[INFO] [stderr]     Blocking waiting for file lock on package cache
[INFO] [stderr]  Downloading crates ...
[INFO] [stderr]   Downloaded async-stream v0.3.2
[INFO] [stderr]   Downloaded futures-core v0.3.15
[INFO] [stderr]   Downloaded cpufeatures v0.1.4
[INFO] [stderr]   Downloaded async-stream-impl v0.3.2
[INFO] [stderr]   Downloaded syn v1.0.72
[INFO] [stderr]   Downloaded tokio v1.6.1
[INFO] [stderr]   Downloaded subtle v2.4.0
[INFO] [stderr]   Downloaded md-5 v0.9.1
[INFO] [stderr]   Downloaded async-trait v0.1.50
[INFO] [stderr]   Downloaded crypto-mac v0.11.0
[INFO] [stderr]   Downloaded libc v0.2.95
[INFO] [stderr]   Downloaded base64ct v1.0.0
[INFO] [stderr]   Downloaded tokio-stream v0.1.6
[INFO] [stderr]   Downloaded pbkdf2 v0.8.0
[INFO] [stderr]   Downloaded tokio-test v0.4.2
[INFO] [stderr]   Downloaded hmac v0.11.0
[INFO] [stderr]   Downloaded password-hash v0.2.1
[INFO] [stderr]   Downloaded sha-1 v0.9.6
[INFO] running `Command { std: "docker" "create" "-v" "/var/lib/crater-agent-workspace/builds/worker-6/target:/opt/rustwide/target:rw,Z" "-v" "/var/lib/crater-agent-workspace/builds/worker-6/source:/opt/rustwide/workdir:ro,Z" "-v" "/var/lib/crater-agent-workspace/cargo-home:/opt/rustwide/cargo-home:ro,Z" "-v" "/var/lib/crater-agent-workspace/rustup-home:/opt/rustwide/rustup-home:ro,Z" "-e" "SOURCE_DIR=/opt/rustwide/workdir" "-e" "CARGO_TARGET_DIR=/opt/rustwide/target" "-e" "CARGO_HOME=/opt/rustwide/cargo-home" "-e" "RUSTUP_HOME=/opt/rustwide/rustup-home" "-w" "/opt/rustwide/workdir" "-m" "1610612736" "--user" "0:0" "--network" "none" "ghcr.io/rust-lang/crates-build-env/linux@sha256:34b6a614d2c27851fe6cbf88fbd1137609cefab8b10d0615aaeb6fd47975d74e" "/opt/rustwide/cargo-home/bin/cargo" "+beta-2021-08-01" "metadata" "--no-deps" "--format-version=1", kill_on_drop: false }`
[INFO] [stdout] c2eb21dd3f6db3414e82386ab2c1873b65917b8459e6ce4e1c84bbd40d5c7e69
[INFO] running `Command { std: "docker" "start" "-a" "c2eb21dd3f6db3414e82386ab2c1873b65917b8459e6ce4e1c84bbd40d5c7e69", kill_on_drop: false }`
[INFO] running `Command { std: "docker" "inspect" "c2eb21dd3f6db3414e82386ab2c1873b65917b8459e6ce4e1c84bbd40d5c7e69", kill_on_drop: false }`
[INFO] running `Command { std: "docker" "rm" "-f" "c2eb21dd3f6db3414e82386ab2c1873b65917b8459e6ce4e1c84bbd40d5c7e69", kill_on_drop: false }`
[INFO] [stdout] c2eb21dd3f6db3414e82386ab2c1873b65917b8459e6ce4e1c84bbd40d5c7e69
[INFO] running `Command { std: "docker" "create" "-v" "/var/lib/crater-agent-workspace/builds/worker-6/target:/opt/rustwide/target:rw,Z" "-v" "/var/lib/crater-agent-workspace/builds/worker-6/source:/opt/rustwide/workdir:ro,Z" "-v" "/var/lib/crater-agent-workspace/cargo-home:/opt/rustwide/cargo-home:ro,Z" "-v" "/var/lib/crater-agent-workspace/rustup-home:/opt/rustwide/rustup-home:ro,Z" "-e" "SOURCE_DIR=/opt/rustwide/workdir" "-e" "CARGO_TARGET_DIR=/opt/rustwide/target" "-e" "CARGO_INCREMENTAL=0" "-e" "RUST_BACKTRACE=full" "-e" "RUSTFLAGS=--cap-lints=warn" "-e" "CARGO_HOME=/opt/rustwide/cargo-home" "-e" "RUSTUP_HOME=/opt/rustwide/rustup-home" "-w" "/opt/rustwide/workdir" "-m" "1610612736" "--user" "0:0" "--network" "none" "ghcr.io/rust-lang/crates-build-env/linux@sha256:34b6a614d2c27851fe6cbf88fbd1137609cefab8b10d0615aaeb6fd47975d74e" "/opt/rustwide/cargo-home/bin/cargo" "+beta-2021-08-01" "build" "--frozen" "--message-format=json", kill_on_drop: false }`
[INFO] [stdout] 68d2185ace16bf5d3aaa969c480e65aaf902675b779ce7acdf95c2f8e3ca8cb7
[INFO] running `Command { std: "docker" "start" "-a" "68d2185ace16bf5d3aaa969c480e65aaf902675b779ce7acdf95c2f8e3ca8cb7", kill_on_drop: false }`
[INFO] [stderr]     Blocking waiting for file lock on package cache
[INFO] [stderr]    Compiling typenum v1.13.0
[INFO] [stderr]    Compiling subtle v2.4.0
[INFO] [stderr]    Compiling opaque-debug v0.3.0
[INFO] [stderr]    Compiling cpufeatures v0.1.4
[INFO] [stderr]    Compiling libc v0.2.95
[INFO] [stderr]    Compiling syn v1.0.72
[INFO] [stderr]    Compiling async-trait v0.1.50
[INFO] [stderr]    Compiling rand_core v0.6.2
[INFO] [stderr]    Compiling base64ct v1.0.0
[INFO] [stderr]    Compiling base64 v0.13.0
[INFO] [stderr]    Compiling generic-array v0.14.4
[INFO] [stderr]    Compiling password-hash v0.2.1
[INFO] [stderr]    Compiling getrandom v0.2.3
[INFO] [stderr]    Compiling digest v0.9.0
[INFO] [stderr]    Compiling block-buffer v0.9.0
[INFO] [stderr]    Compiling crypto-mac v0.11.0
[INFO] [stderr]    Compiling sha2 v0.9.5
[INFO] [stderr]    Compiling md-5 v0.9.1
[INFO] [stderr]    Compiling sha-1 v0.9.6
[INFO] [stderr]    Compiling hmac v0.11.0
[INFO] [stderr]    Compiling pbkdf2 v0.8.0
[INFO] [stderr]    Compiling scram-rs v0.2.0 (/opt/rustwide/workdir)
[INFO] [stderr]     Finished dev [unoptimized + debuginfo] target(s) in 16.51s
[INFO] running `Command { std: "docker" "inspect" "68d2185ace16bf5d3aaa969c480e65aaf902675b779ce7acdf95c2f8e3ca8cb7", kill_on_drop: false }`
[INFO] running `Command { std: "docker" "rm" "-f" "68d2185ace16bf5d3aaa969c480e65aaf902675b779ce7acdf95c2f8e3ca8cb7", kill_on_drop: false }`
[INFO] [stdout] 68d2185ace16bf5d3aaa969c480e65aaf902675b779ce7acdf95c2f8e3ca8cb7
[INFO] running `Command { std: "docker" "create" "-v" "/var/lib/crater-agent-workspace/builds/worker-6/target:/opt/rustwide/target:rw,Z" "-v" "/var/lib/crater-agent-workspace/builds/worker-6/source:/opt/rustwide/workdir:ro,Z" "-v" "/var/lib/crater-agent-workspace/cargo-home:/opt/rustwide/cargo-home:ro,Z" "-v" "/var/lib/crater-agent-workspace/rustup-home:/opt/rustwide/rustup-home:ro,Z" "-e" "SOURCE_DIR=/opt/rustwide/workdir" "-e" "CARGO_TARGET_DIR=/opt/rustwide/target" "-e" "CARGO_INCREMENTAL=0" "-e" "RUST_BACKTRACE=full" "-e" "RUSTFLAGS=--cap-lints=warn" "-e" "CARGO_HOME=/opt/rustwide/cargo-home" "-e" "RUSTUP_HOME=/opt/rustwide/rustup-home" "-w" "/opt/rustwide/workdir" "-m" "1610612736" "--user" "0:0" "--network" "none" "ghcr.io/rust-lang/crates-build-env/linux@sha256:34b6a614d2c27851fe6cbf88fbd1137609cefab8b10d0615aaeb6fd47975d74e" "/opt/rustwide/cargo-home/bin/cargo" "+beta-2021-08-01" "test" "--frozen" "--no-run" "--message-format=json", kill_on_drop: false }`
[INFO] [stdout] b30bac67fd9e856248f0b4c0821b0978218da07b3c9cf12ee276af21a7f36779
[INFO] running `Command { std: "docker" "start" "-a" "b30bac67fd9e856248f0b4c0821b0978218da07b3c9cf12ee276af21a7f36779", kill_on_drop: false }`
[INFO] [stderr]     Blocking waiting for file lock on package cache
[INFO] [stderr]    Compiling futures-core v0.3.15
[INFO] [stderr]    Compiling pin-project-lite v0.2.6
[INFO] [stderr]    Compiling tokio v1.6.1
[INFO] [stderr]    Compiling async-stream-impl v0.3.2
[INFO] [stderr]    Compiling async-stream v0.3.2
[INFO] [stderr]    Compiling tokio-stream v0.1.6
[INFO] [stderr]    Compiling tokio-test v0.4.2
[INFO] [stderr]    Compiling scram-rs v0.2.0 (/opt/rustwide/workdir)
[INFO] [stderr]     Finished test [unoptimized + debuginfo] target(s) in 6.46s
[INFO] running `Command { std: "docker" "inspect" "b30bac67fd9e856248f0b4c0821b0978218da07b3c9cf12ee276af21a7f36779", kill_on_drop: false }`
[INFO] running `Command { std: "docker" "rm" "-f" "b30bac67fd9e856248f0b4c0821b0978218da07b3c9cf12ee276af21a7f36779", kill_on_drop: false }`
[INFO] [stdout] b30bac67fd9e856248f0b4c0821b0978218da07b3c9cf12ee276af21a7f36779
[INFO] running `Command { std: "docker" "create" "-v" "/var/lib/crater-agent-workspace/builds/worker-6/target:/opt/rustwide/target:rw,Z" "-v" "/var/lib/crater-agent-workspace/builds/worker-6/source:/opt/rustwide/workdir:ro,Z" "-v" "/var/lib/crater-agent-workspace/cargo-home:/opt/rustwide/cargo-home:ro,Z" "-v" "/var/lib/crater-agent-workspace/rustup-home:/opt/rustwide/rustup-home:ro,Z" "-e" "SOURCE_DIR=/opt/rustwide/workdir" "-e" "CARGO_TARGET_DIR=/opt/rustwide/target" "-e" "CARGO_INCREMENTAL=0" "-e" "RUST_BACKTRACE=full" "-e" "RUSTFLAGS=--cap-lints=warn" "-e" "CARGO_HOME=/opt/rustwide/cargo-home" "-e" "RUSTUP_HOME=/opt/rustwide/rustup-home" "-w" "/opt/rustwide/workdir" "-m" "1610612736" "--user" "0:0" "--network" "none" "ghcr.io/rust-lang/crates-build-env/linux@sha256:34b6a614d2c27851fe6cbf88fbd1137609cefab8b10d0615aaeb6fd47975d74e" "/opt/rustwide/cargo-home/bin/cargo" "+beta-2021-08-01" "test" "--frozen", kill_on_drop: false }`
[INFO] [stdout] 121c4ce82015fff828239dd684ee5c0b172c2f9d99d6a2a37acc34eab9830114
[INFO] running `Command { std: "docker" "start" "-a" "121c4ce82015fff828239dd684ee5c0b172c2f9d99d6a2a37acc34eab9830114", kill_on_drop: false }`
[INFO] [stderr]     Finished test [unoptimized + debuginfo] target(s) in 0.05s
[INFO] [stderr]      Running unittests (/opt/rustwide/target/debug/deps/scram_rs-d580ff8cb2256756)
[INFO] [stdout] 
[INFO] [stdout] running 8 tests
[INFO] [stdout] test scram_async::scram_incorrect_test ... ok
[INFO] [stdout] test scram_sync::scram_incorrect_test ... ok
[INFO] [stdout] test scram_async::scram_sha256_works ... ok
[INFO] [stdout] test scram_async::scram_sha256_server ... ok
[INFO] [stdout] test scram_auth::test_password_gen ... ok
[INFO] [stdout] test scram_sync::scram_sha256_works ... ok
[INFO] [stdout] test scram_sync::scram_sha256_server ... ok
[INFO] [stdout] test scram_auth::test_speed ... ok
[INFO] [stdout] 
[INFO] [stdout] test result: ok. 8 passed; 0 failed; 0 ignored; 0 measured; 0 filtered out; finished in 0.31s
[INFO] [stdout] 
[INFO] [stderr]    Doc-tests scram-rs
[INFO] [stdout] 
[INFO] [stdout] running 8 tests
[INFO] [stdout] test src/scram_auth.rs - scram_auth::AsyncScramAuthClient (line 406) ... FAILED
[INFO] [stdout] test src/scram_auth.rs - scram_auth::ScramAuthClient (line 379) ... FAILED
[INFO] [stdout] test src/scram_async.rs - scram_async::AsyncScramClient::new (line 343) ... FAILED
[INFO] [stdout] test src/scram_sync.rs - scram_sync::SyncScramClient::new (line 341) ... FAILED
[INFO] [stdout] test src/scram_sync.rs - scram_sync::SyncScramServer::new (line 90) ... FAILED
[INFO] [stdout] test src/scram_async.rs - scram_async::AsyncScramServer::new (line 89) ... FAILED
[INFO] [stdout] test src/scram_auth.rs - scram_auth::ScramAuthServer (line 295) ... ok
[INFO] [stdout] test src/scram_auth.rs - scram_auth::AsyncScramAuthServer (line 336) ... ok
[INFO] [stdout] 
[INFO] [stdout] failures:
[INFO] [stdout] 
[INFO] [stdout] ---- src/scram_auth.rs - scram_auth::AsyncScramAuthClient (line 406) stdout ----
[INFO] [stdout] error: expected `::`, found `{`
[INFO] [stdout]  --> src/scram_auth.rs:410:1
[INFO] [stdout]   |
[INFO] [stdout] 5 | impl AsyncScramAuthClient for <ProgramStruct>
[INFO] [stdout]   |                                              - expected `::`
[INFO] [stdout] 6 | {
[INFO] [stdout]   | ^ unexpected token
[INFO] [stdout] 
[INFO] [stdout] error: aborting due to previous error
[INFO] [stdout] 
[INFO] [stdout] Couldn't compile the test.
[INFO] [stdout] ---- src/scram_auth.rs - scram_auth::ScramAuthClient (line 379) stdout ----
[INFO] [stdout] error: expected `::`, found `{`
[INFO] [stdout]  --> src/scram_auth.rs:381:1
[INFO] [stdout]   |
[INFO] [stdout] 3 | impl ScramAuthClient for <ProgramStruct>
[INFO] [stdout]   |                                         - expected `::`
[INFO] [stdout] 4 | {
[INFO] [stdout]   | ^ unexpected token
[INFO] [stdout] 
[INFO] [stdout] error: aborting due to previous error
[INFO] [stdout] 
[INFO] [stdout] Couldn't compile the test.
[INFO] [stdout] ---- src/scram_async.rs - scram_async::AsyncScramClient::new (line 343) stdout ----
[INFO] [stdout] error[E0433]: failed to resolve: use of undeclared type `AuthClient`
[INFO] [stdout]  --> src/scram_async.rs:346:10
[INFO] [stdout]   |
[INFO] [stdout] 5 | let ac = AuthClient::new(username, password);
[INFO] [stdout]   |          ^^^^^^^^^^ use of undeclared type `AuthClient`
[INFO] [stdout] 
[INFO] [stdout] error[E0433]: failed to resolve: use of undeclared type `ClientChannelBindingType`
[INFO] [stdout]  --> src/scram_async.rs:344:11
[INFO] [stdout]   |
[INFO] [stdout] 3 | let cbt = ClientChannelBindingType::without_chan_binding();
[INFO] [stdout]   |           ^^^^^^^^^^^^^^^^^^^^^^^^ not found in this scope
[INFO] [stdout]   |
[INFO] [stdout] help: consider importing this enum
[INFO] [stdout]   |
[INFO] [stdout] 2 | use scram_rs::ClientChannelBindingType;
[INFO] [stdout]   |
[INFO] [stdout] 
[INFO] [stdout] error[E0425]: cannot find value `username` in this scope
[INFO] [stdout]  --> src/scram_async.rs:346:26
[INFO] [stdout]   |
[INFO] [stdout] 5 | let ac = AuthClient::new(username, password);
[INFO] [stdout]   |                          ^^^^^^^^ not found in this scope
[INFO] [stdout] 
[INFO] [stdout] error[E0425]: cannot find value `password` in this scope
[INFO] [stdout]  --> src/scram_async.rs:346:36
[INFO] [stdout]   |
[INFO] [stdout] 5 | let ac = AuthClient::new(username, password);
[INFO] [stdout]   |                                    ^^^^^^^^ not found in this scope
[INFO] [stdout] 
[INFO] [stdout] error[E0433]: failed to resolve: use of undeclared type `ScramNonce`
[INFO] [stdout]  --> src/scram_async.rs:347:13
[INFO] [stdout]   |
[INFO] [stdout] 6 | let nonce = ScramNonce::Plain(&client_nonce_dec);
[INFO] [stdout]   |             ^^^^^^^^^^ not found in this scope
[INFO] [stdout]   |
[INFO] [stdout] help: consider importing this enum
[INFO] [stdout]   |
[INFO] [stdout] 2 | use scram_rs::ScramNonce;
[INFO] [stdout]   |
[INFO] [stdout] 
[INFO] [stdout] error[E0425]: cannot find value `client_nonce_dec` in this scope
[INFO] [stdout]  --> src/scram_async.rs:347:32
[INFO] [stdout]   |
[INFO] [stdout] 6 | let nonce = ScramNonce::Plain(&client_nonce_dec);
[INFO] [stdout]   |                                ^^^^^^^^^^^^^^^^ not found in this scope
[INFO] [stdout] 
[INFO] [stdout] error[E0433]: failed to resolve: use of undeclared type `AsyncScramClient`
[INFO] [stdout]  --> src/scram_async.rs:349:17
[INFO] [stdout]   |
[INFO] [stdout] 8 | let scram_res = AsyncScramClient::<ScramSha256, AuthClient>::new(&ac, nonce, cbt);
[INFO] [stdout]   |                 ^^^^^^^^^^^^^^^^ not found in this scope
[INFO] [stdout]   |
[INFO] [stdout] help: consider importing this struct
[INFO] [stdout]   |
[INFO] [stdout] 2 | use scram_rs::scram_async::AsyncScramClient;
[INFO] [stdout]   |
[INFO] [stdout] 
[INFO] [stdout] error[E0412]: cannot find type `ScramSha256` in this scope
[INFO] [stdout]  --> src/scram_async.rs:349:36
[INFO] [stdout]   |
[INFO] [stdout] 8 | let scram_res = AsyncScramClient::<ScramSha256, AuthClient>::new(&ac, nonce, cbt);
[INFO] [stdout]   |                                    ^^^^^^^^^^^ not found in this scope
[INFO] [stdout]   |
[INFO] [stdout] help: consider importing this struct
[INFO] [stdout]   |
[INFO] [stdout] 2 | use scram_rs::ScramSha256;
[INFO] [stdout]   |
[INFO] [stdout] 
[INFO] [stdout] error[E0412]: cannot find type `AuthClient` in this scope
[INFO] [stdout]  --> src/scram_async.rs:349:49
[INFO] [stdout]   |
[INFO] [stdout] 2 | fn main() { #[allow(non_snake_case)] fn _doctest_main_src_scram_async_rs_343_0() {
[INFO] [stdout]   |                                                                               - help: you might be missing a type parameter: `<AuthClient>`
[INFO] [stdout] ...
[INFO] [stdout] 8 | let scram_res = AsyncScramClient::<ScramSha256, AuthClient>::new(&ac, nonce, cbt);
[INFO] [stdout]   |                                                 ^^^^^^^^^^ not found in this scope
[INFO] [stdout] 
[INFO] [stdout] error: aborting due to 9 previous errors
[INFO] [stdout] 
[INFO] [stdout] Some errors have detailed explanations: E0412, E0425, E0433.
[INFO] [stdout] For more information about an error, try `rustc --explain E0412`.
[INFO] [stdout] Couldn't compile the test.
[INFO] [stdout] ---- src/scram_sync.rs - scram_sync::SyncScramClient::new (line 341) stdout ----
[INFO] [stdout] error[E0433]: failed to resolve: use of undeclared type `AuthClient`
[INFO] [stdout]  --> src/scram_sync.rs:344:10
[INFO] [stdout]   |
[INFO] [stdout] 5 | let ac = AuthClient::new(username, password);
[INFO] [stdout]   |          ^^^^^^^^^^ use of undeclared type `AuthClient`
[INFO] [stdout] 
[INFO] [stdout] error[E0433]: failed to resolve: use of undeclared type `ClientChannelBindingType`
[INFO] [stdout]  --> src/scram_sync.rs:342:11
[INFO] [stdout]   |
[INFO] [stdout] 3 | let cbt = ClientChannelBindingType::without_chan_binding();
[INFO] [stdout]   |           ^^^^^^^^^^^^^^^^^^^^^^^^ not found in this scope
[INFO] [stdout]   |
[INFO] [stdout] help: consider importing this enum
[INFO] [stdout]   |
[INFO] [stdout] 2 | use scram_rs::ClientChannelBindingType;
[INFO] [stdout]   |
[INFO] [stdout] 
[INFO] [stdout] error[E0425]: cannot find value `username` in this scope
[INFO] [stdout]  --> src/scram_sync.rs:344:26
[INFO] [stdout]   |
[INFO] [stdout] 5 | let ac = AuthClient::new(username, password);
[INFO] [stdout]   |                          ^^^^^^^^ not found in this scope
[INFO] [stdout] 
[INFO] [stdout] error[E0425]: cannot find value `password` in this scope
[INFO] [stdout]  --> src/scram_sync.rs:344:36
[INFO] [stdout]   |
[INFO] [stdout] 5 | let ac = AuthClient::new(username, password);
[INFO] [stdout]   |                                    ^^^^^^^^ not found in this scope
[INFO] [stdout] 
[INFO] [stdout] error[E0433]: failed to resolve: use of undeclared type `ScramNonce`
[INFO] [stdout]  --> src/scram_sync.rs:345:13
[INFO] [stdout]   |
[INFO] [stdout] 6 | let nonce = ScramNonce::Plain(&client_nonce_dec);
[INFO] [stdout]   |             ^^^^^^^^^^ not found in this scope
[INFO] [stdout]   |
[INFO] [stdout] help: consider importing this enum
[INFO] [stdout]   |
[INFO] [stdout] 2 | use scram_rs::ScramNonce;
[INFO] [stdout]   |
[INFO] [stdout] 
[INFO] [stdout] error[E0425]: cannot find value `client_nonce_dec` in this scope
[INFO] [stdout]  --> src/scram_sync.rs:345:32
[INFO] [stdout]   |
[INFO] [stdout] 6 | let nonce = ScramNonce::Plain(&client_nonce_dec);
[INFO] [stdout]   |                                ^^^^^^^^^^^^^^^^ not found in this scope
[INFO] [stdout] 
[INFO] [stdout] error[E0433]: failed to resolve: use of undeclared type `SyncScramClient`
[INFO] [stdout]  --> src/scram_sync.rs:347:17
[INFO] [stdout]   |
[INFO] [stdout] 8 | let scram_res = SyncScramClient::<ScramSha256, AuthClient>::new(&ac, nonce, cbt);
[INFO] [stdout]   |                 ^^^^^^^^^^^^^^^ not found in this scope
[INFO] [stdout]   |
[INFO] [stdout] help: consider importing this struct
[INFO] [stdout]   |
[INFO] [stdout] 2 | use scram_rs::scram_sync::SyncScramClient;
[INFO] [stdout]   |
[INFO] [stdout] 
[INFO] [stdout] error[E0412]: cannot find type `ScramSha256` in this scope
[INFO] [stdout]  --> src/scram_sync.rs:347:35
[INFO] [stdout]   |
[INFO] [stdout] 8 | let scram_res = SyncScramClient::<ScramSha256, AuthClient>::new(&ac, nonce, cbt);
[INFO] [stdout]   |                                   ^^^^^^^^^^^ not found in this scope
[INFO] [stdout]   |
[INFO] [stdout] help: consider importing this struct
[INFO] [stdout]   |
[INFO] [stdout] 2 | use scram_rs::ScramSha256;
[INFO] [stdout]   |
[INFO] [stdout] 
[INFO] [stdout] error[E0412]: cannot find type `AuthClient` in this scope
[INFO] [stdout]  --> src/scram_sync.rs:347:48
[INFO] [stdout]   |
[INFO] [stdout] 2 | fn main() { #[allow(non_snake_case)] fn _doctest_main_src_scram_sync_rs_341_0() {
[INFO] [stdout]   |                                                                              - help: you might be missing a type parameter: `<AuthClient>`
[INFO] [stdout] ...
[INFO] [stdout] 8 | let scram_res = SyncScramClient::<ScramSha256, AuthClient>::new(&ac, nonce, cbt);
[INFO] [stdout]   |                                                ^^^^^^^^^^ not found in this scope
[INFO] [stdout] 
[INFO] [stdout] error: aborting due to 9 previous errors
[INFO] [stdout] 
[INFO] [stdout] Some errors have detailed explanations: E0412, E0425, E0433.
[INFO] [stdout] For more information about an error, try `rustc --explain E0412`.
[INFO] [stdout] Couldn't compile the test.
[INFO] [stdout] ---- src/scram_sync.rs - scram_sync::SyncScramServer::new (line 90) stdout ----
[INFO] [stdout] error[E0433]: failed to resolve: use of undeclared type `AuthServer`
[INFO] [stdout]  --> src/scram_sync.rs:91:12
[INFO] [stdout]   |
[INFO] [stdout] 3 | let serv = AuthServer::new();
[INFO] [stdout]   |            ^^^^^^^^^^ use of undeclared type `AuthServer`
[INFO] [stdout] 
[INFO] [stdout] error[E0433]: failed to resolve: use of undeclared type `ScramServer`
[INFO] [stdout]  --> src/scram_sync.rs:95:17
[INFO] [stdout]   |
[INFO] [stdout] 7 | let scram_res = ScramServer::<ScramSha256, AuthServer>::new(&serv, None, nonce, scramtype);
[INFO] [stdout]   |                 ^^^^^^^^^^^ use of undeclared type `ScramServer`
[INFO] [stdout] 
[INFO] [stdout] error[E0433]: failed to resolve: use of undeclared type `ScramNonce`
[INFO] [stdout]  --> src/scram_sync.rs:92:13
[INFO] [stdout]   |
[INFO] [stdout] 4 | let nonce = ScramNonce::Base64(server_nonce);
[INFO] [stdout]   |             ^^^^^^^^^^ not found in this scope
[INFO] [stdout]   |
[INFO] [stdout] help: consider importing this enum
[INFO] [stdout]   |
[INFO] [stdout] 2 | use scram_rs::ScramNonce;
[INFO] [stdout]   |
[INFO] [stdout] 
[INFO] [stdout] error[E0425]: cannot find value `server_nonce` in this scope
[INFO] [stdout]  --> src/scram_sync.rs:92:32
[INFO] [stdout]   |
[INFO] [stdout] 4 | let nonce = ScramNonce::Base64(server_nonce);
[INFO] [stdout]   |                                ^^^^^^^^^^^^ not found in this scope
[INFO] [stdout] 
[INFO] [stdout] error[E0433]: failed to resolve: use of undeclared type `ScramCommon`
[INFO] [stdout]  --> src/scram_sync.rs:94:17
[INFO] [stdout]   |
[INFO] [stdout] 6 | let scramtype = ScramCommon::get_scramtype("SCRAM-SHA-256").unwrap();
[INFO] [stdout]   |                 ^^^^^^^^^^^ not found in this scope
[INFO] [stdout]   |
[INFO] [stdout] help: consider importing this struct
[INFO] [stdout]   |
[INFO] [stdout] 2 | use scram_rs::ScramCommon;
[INFO] [stdout]   |
[INFO] [stdout] 
[INFO] [stdout] error[E0412]: cannot find type `ScramSha256` in this scope
[INFO] [stdout]  --> src/scram_sync.rs:95:31
[INFO] [stdout]   |
[INFO] [stdout] 7 | let scram_res = ScramServer::<ScramSha256, AuthServer>::new(&serv, None, nonce, scramtype);
[INFO] [stdout]   |                               ^^^^^^^^^^^ not found in this scope
[INFO] [stdout]   |
[INFO] [stdout] help: consider importing this struct
[INFO] [stdout]   |
[INFO] [stdout] 2 | use scram_rs::ScramSha256;
[INFO] [stdout]   |
[INFO] [stdout] 
[INFO] [stdout] error[E0412]: cannot find type `AuthServer` in this scope
[INFO] [stdout]  --> src/scram_sync.rs:95:44
[INFO] [stdout]   |
[INFO] [stdout] 2 | fn main() { #[allow(non_snake_case)] fn _doctest_main_src_scram_sync_rs_90_0() {
[INFO] [stdout]   |                                                                             - help: you might be missing a type parameter: `<AuthServer>`
[INFO] [stdout] ...
[INFO] [stdout] 7 | let scram_res = ScramServer::<ScramSha256, AuthServer>::new(&serv, None, nonce, scramtype);
[INFO] [stdout]   |                                            ^^^^^^^^^^ not found in this scope
[INFO] [stdout] 
[INFO] [stdout] error: aborting due to 7 previous errors
[INFO] [stdout] 
[INFO] [stdout] Some errors have detailed explanations: E0412, E0425, E0433.
[INFO] [stdout] For more information about an error, try `rustc --explain E0412`.
[INFO] [stdout] Couldn't compile the test.
[INFO] [stdout] ---- src/scram_async.rs - scram_async::AsyncScramServer::new (line 89) stdout ----
[INFO] [stdout] error[E0433]: failed to resolve: use of undeclared type `AuthServer`
[INFO] [stdout]  --> src/scram_async.rs:90:12
[INFO] [stdout]   |
[INFO] [stdout] 3 | let serv = AuthServer::new();
[INFO] [stdout]   |            ^^^^^^^^^^ use of undeclared type `AuthServer`
[INFO] [stdout] 
[INFO] [stdout] error[E0433]: failed to resolve: use of undeclared type `ScramNonce`
[INFO] [stdout]  --> src/scram_async.rs:91:13
[INFO] [stdout]   |
[INFO] [stdout] 4 | let nonce = ScramNonce::Base64(server_nonce);
[INFO] [stdout]   |             ^^^^^^^^^^ not found in this scope
[INFO] [stdout]   |
[INFO] [stdout] help: consider importing this enum
[INFO] [stdout]   |
[INFO] [stdout] 2 | use scram_rs::ScramNonce;
[INFO] [stdout]   |
[INFO] [stdout] 
[INFO] [stdout] error[E0425]: cannot find value `server_nonce` in this scope
[INFO] [stdout]  --> src/scram_async.rs:91:32
[INFO] [stdout]   |
[INFO] [stdout] 4 | let nonce = ScramNonce::Base64(server_nonce);
[INFO] [stdout]   |                                ^^^^^^^^^^^^ not found in this scope
[INFO] [stdout] 
[INFO] [stdout] error[E0433]: failed to resolve: use of undeclared type `ScramCommon`
[INFO] [stdout]  --> src/scram_async.rs:93:17
[INFO] [stdout]   |
[INFO] [stdout] 6 | let scramtype = ScramCommon::get_scramtype("SCRAM-SHA-256").unwrap();
[INFO] [stdout]   |                 ^^^^^^^^^^^ not found in this scope
[INFO] [stdout]   |
[INFO] [stdout] help: consider importing this struct
[INFO] [stdout]   |
[INFO] [stdout] 2 | use scram_rs::ScramCommon;
[INFO] [stdout]   |
[INFO] [stdout] 
[INFO] [stdout] error[E0433]: failed to resolve: use of undeclared type `AsyncScramServer`
[INFO] [stdout]  --> src/scram_async.rs:94:17
[INFO] [stdout]   |
[INFO] [stdout] 7 | let scram_res = AsyncScramServer::<ScramSha256, AuthServer>::new(&serv, None, nonce, scramtype);
[INFO] [stdout]   |                 ^^^^^^^^^^^^^^^^ not found in this scope
[INFO] [stdout]   |
[INFO] [stdout] help: consider importing this struct
[INFO] [stdout]   |
[INFO] [stdout] 2 | use scram_rs::scram_async::AsyncScramServer;
[INFO] [stdout]   |
[INFO] [stdout] 
[INFO] [stdout] error[E0412]: cannot find type `ScramSha256` in this scope
[INFO] [stdout]  --> src/scram_async.rs:94:36
[INFO] [stdout]   |
[INFO] [stdout] 7 | let scram_res = AsyncScramServer::<ScramSha256, AuthServer>::new(&serv, None, nonce, scramtype);
[INFO] [stdout]   |                                    ^^^^^^^^^^^ not found in this scope
[INFO] [stdout]   |
[INFO] [stdout] help: consider importing this struct
[INFO] [stdout]   |
[INFO] [stdout] 2 | use scram_rs::ScramSha256;
[INFO] [stdout]   |
[INFO] [stdout] 
[INFO] [stdout] error[E0412]: cannot find type `AuthServer` in this scope
[INFO] [stdout]  --> src/scram_async.rs:94:49
[INFO] [stdout]   |
[INFO] [stdout] 2 | fn main() { #[allow(non_snake_case)] fn _doctest_main_src_scram_async_rs_89_0() {
[INFO] [stdout]   |                                                                              - help: you might be missing a type parameter: `<AuthServer>`
[INFO] [stdout] ...
[INFO] [stdout] 7 | let scram_res = AsyncScramServer::<ScramSha256, AuthServer>::new(&serv, None, nonce, scramtype);
[INFO] [stdout]   |                                                 ^^^^^^^^^^ not found in this scope
[INFO] [stdout] 
[INFO] [stdout] error: aborting due to 7 previous errors
[INFO] [stdout] 
[INFO] [stdout] Some errors have detailed explanations: E0412, E0425, E0433.
[INFO] [stdout] For more information about an error, try `rustc --explain E0412`.
[INFO] [stdout] Couldn't compile the test.
[INFO] [stdout] 
[INFO] [stdout] failures:
[INFO] [stdout]     src/scram_async.rs - scram_async::AsyncScramClient::new (line 343)
[INFO] [stdout]     src/scram_async.rs - scram_async::AsyncScramServer::new (line 89)
[INFO] [stdout]     src/scram_auth.rs - scram_auth::AsyncScramAuthClient (line 406)
[INFO] [stdout]     src/scram_auth.rs - scram_auth::ScramAuthClient (line 379)
[INFO] [stdout]     src/scram_sync.rs - scram_sync::SyncScramClient::new (line 341)
[INFO] [stdout]     src/scram_sync.rs - scram_sync::SyncScramServer::new (line 90)
[INFO] [stdout] 
[INFO] [stdout] test result: FAILED. 2 passed; 6 failed; 0 ignored; 0 measured; 0 filtered out; finished in 0.33s
[INFO] [stdout] 
[INFO] [stderr] error: test failed, to rerun pass '--doc'
[INFO] running `Command { std: "docker" "inspect" "121c4ce82015fff828239dd684ee5c0b172c2f9d99d6a2a37acc34eab9830114", kill_on_drop: false }`
[INFO] running `Command { std: "docker" "rm" "-f" "121c4ce82015fff828239dd684ee5c0b172c2f9d99d6a2a37acc34eab9830114", kill_on_drop: false }`
[INFO] [stdout] 121c4ce82015fff828239dd684ee5c0b172c2f9d99d6a2a37acc34eab9830114
