[INFO] fetching crate sazparser 0.1.1...
[INFO] testing sazparser-0.1.1 against beta-2021-08-01 for beta-1.55-1
[INFO] extracting crate sazparser 0.1.1 into /workspace/builds/worker-95/source
[INFO] validating manifest of crates.io crate sazparser 0.1.1 on toolchain beta-2021-08-01
[INFO] running `Command { std: "/workspace/cargo-home/bin/cargo" "+beta-2021-08-01" "metadata" "--manifest-path" "Cargo.toml" "--no-deps", kill_on_drop: false }`
[INFO] started tweaking crates.io crate sazparser 0.1.1
[INFO] finished tweaking crates.io crate sazparser 0.1.1
[INFO] tweaked toml for crates.io crate sazparser 0.1.1 written to /workspace/builds/worker-95/source/Cargo.toml
[INFO] crate crates.io crate sazparser 0.1.1 already has a lockfile, it will not be regenerated
[INFO] running `Command { std: "/workspace/cargo-home/bin/cargo" "+beta-2021-08-01" "fetch" "--manifest-path" "Cargo.toml", kill_on_drop: false }`
[INFO] [stderr]     Blocking waiting for file lock on package cache
[INFO] [stderr]  Downloading crates ...
[INFO] [stderr]   Downloaded bzip2 v0.3.3
[INFO] [stderr]   Downloaded flate2 v1.0.14
[INFO] [stderr]   Downloaded libc v0.2.86
[INFO] [stderr]   Downloaded bzip2-sys v0.1.10+1.0.8
[INFO] running `Command { std: "docker" "create" "-v" "/var/lib/crater-agent-workspace/builds/worker-95/target:/opt/rustwide/target:rw,Z" "-v" "/var/lib/crater-agent-workspace/builds/worker-95/source:/opt/rustwide/workdir:ro,Z" "-v" "/var/lib/crater-agent-workspace/cargo-home:/opt/rustwide/cargo-home:ro,Z" "-v" "/var/lib/crater-agent-workspace/rustup-home:/opt/rustwide/rustup-home:ro,Z" "-e" "SOURCE_DIR=/opt/rustwide/workdir" "-e" "CARGO_TARGET_DIR=/opt/rustwide/target" "-e" "CARGO_HOME=/opt/rustwide/cargo-home" "-e" "RUSTUP_HOME=/opt/rustwide/rustup-home" "-w" "/opt/rustwide/workdir" "-m" "1610612736" "--user" "0:0" "--network" "none" "ghcr.io/rust-lang/crates-build-env/linux@sha256:34b6a614d2c27851fe6cbf88fbd1137609cefab8b10d0615aaeb6fd47975d74e" "/opt/rustwide/cargo-home/bin/cargo" "+beta-2021-08-01" "metadata" "--no-deps" "--format-version=1", kill_on_drop: false }`
[INFO] [stdout] 6aa8dc49c04373efcb3f9e4d7d6fac26148d5625f2f68f99a9edd32a57ddcba5
[INFO] running `Command { std: "docker" "start" "-a" "6aa8dc49c04373efcb3f9e4d7d6fac26148d5625f2f68f99a9edd32a57ddcba5", kill_on_drop: false }`
[INFO] running `Command { std: "docker" "inspect" "6aa8dc49c04373efcb3f9e4d7d6fac26148d5625f2f68f99a9edd32a57ddcba5", kill_on_drop: false }`
[INFO] running `Command { std: "docker" "rm" "-f" "6aa8dc49c04373efcb3f9e4d7d6fac26148d5625f2f68f99a9edd32a57ddcba5", kill_on_drop: false }`
[INFO] [stdout] 6aa8dc49c04373efcb3f9e4d7d6fac26148d5625f2f68f99a9edd32a57ddcba5
[INFO] running `Command { std: "docker" "create" "-v" "/var/lib/crater-agent-workspace/builds/worker-95/target:/opt/rustwide/target:rw,Z" "-v" "/var/lib/crater-agent-workspace/builds/worker-95/source:/opt/rustwide/workdir:ro,Z" "-v" "/var/lib/crater-agent-workspace/cargo-home:/opt/rustwide/cargo-home:ro,Z" "-v" "/var/lib/crater-agent-workspace/rustup-home:/opt/rustwide/rustup-home:ro,Z" "-e" "SOURCE_DIR=/opt/rustwide/workdir" "-e" "CARGO_TARGET_DIR=/opt/rustwide/target" "-e" "CARGO_INCREMENTAL=0" "-e" "RUST_BACKTRACE=full" "-e" "RUSTFLAGS=--cap-lints=warn" "-e" "CARGO_HOME=/opt/rustwide/cargo-home" "-e" "RUSTUP_HOME=/opt/rustwide/rustup-home" "-w" "/opt/rustwide/workdir" "-m" "1610612736" "--user" "0:0" "--network" "none" "ghcr.io/rust-lang/crates-build-env/linux@sha256:34b6a614d2c27851fe6cbf88fbd1137609cefab8b10d0615aaeb6fd47975d74e" "/opt/rustwide/cargo-home/bin/cargo" "+beta-2021-08-01" "build" "--frozen" "--message-format=json", kill_on_drop: false }`
[INFO] [stdout] a60f4e373271b3caa5ee38e111a6445bab01783e17129b5ac0b1f6412c5a0d11
[INFO] running `Command { std: "docker" "start" "-a" "a60f4e373271b3caa5ee38e111a6445bab01783e17129b5ac0b1f6412c5a0d11", kill_on_drop: false }`
[INFO] [stderr]     Blocking waiting for file lock on package cache
[INFO] [stderr]    Compiling libc v0.2.86
[INFO] [stderr]    Compiling proc-macro2 v1.0.24
[INFO] [stderr]    Compiling unicode-xid v0.2.1
[INFO] [stderr]    Compiling syn v1.0.60
[INFO] [stderr]    Compiling pkg-config v0.3.19
[INFO] [stderr]    Compiling cc v1.0.66
[INFO] [stderr]    Compiling memchr v2.3.4
[INFO] [stderr]    Compiling crc32fast v1.2.1
[INFO] [stderr]    Compiling cfg-if v1.0.0
[INFO] [stderr]    Compiling adler32 v1.2.0
[INFO] [stderr]    Compiling cfg-if v0.1.10
[INFO] [stderr]    Compiling once_cell v1.5.2
[INFO] [stderr]    Compiling regex-syntax v0.6.22
[INFO] [stderr]    Compiling byteorder v1.4.2
[INFO] [stderr]    Compiling miniz_oxide v0.3.7
[INFO] [stderr]    Compiling thread_local v1.1.3
[INFO] [stderr]    Compiling aho-corasick v0.7.15
[INFO] [stderr]    Compiling quote v1.0.8
[INFO] [stderr]    Compiling bzip2-sys v0.1.10+1.0.8
[INFO] [stderr]    Compiling flate2 v1.0.14
[INFO] [stderr]    Compiling time v0.1.44
[INFO] [stderr]    Compiling regex v1.4.3
[INFO] [stderr]    Compiling bzip2 v0.3.3
[INFO] [stderr]    Compiling thiserror-impl v1.0.23
[INFO] [stderr]    Compiling thiserror v1.0.23
[INFO] [stderr]    Compiling zip v0.5.9
[INFO] [stderr]    Compiling sazparser v0.1.1 (/opt/rustwide/workdir)
[INFO] [stderr]     Finished dev [unoptimized + debuginfo] target(s) in 7.57s
[INFO] running `Command { std: "docker" "inspect" "a60f4e373271b3caa5ee38e111a6445bab01783e17129b5ac0b1f6412c5a0d11", kill_on_drop: false }`
[INFO] running `Command { std: "docker" "rm" "-f" "a60f4e373271b3caa5ee38e111a6445bab01783e17129b5ac0b1f6412c5a0d11", kill_on_drop: false }`
[INFO] [stdout] a60f4e373271b3caa5ee38e111a6445bab01783e17129b5ac0b1f6412c5a0d11
[INFO] running `Command { std: "docker" "create" "-v" "/var/lib/crater-agent-workspace/builds/worker-95/target:/opt/rustwide/target:rw,Z" "-v" "/var/lib/crater-agent-workspace/builds/worker-95/source:/opt/rustwide/workdir:ro,Z" "-v" "/var/lib/crater-agent-workspace/cargo-home:/opt/rustwide/cargo-home:ro,Z" "-v" "/var/lib/crater-agent-workspace/rustup-home:/opt/rustwide/rustup-home:ro,Z" "-e" "SOURCE_DIR=/opt/rustwide/workdir" "-e" "CARGO_TARGET_DIR=/opt/rustwide/target" "-e" "CARGO_INCREMENTAL=0" "-e" "RUST_BACKTRACE=full" "-e" "RUSTFLAGS=--cap-lints=warn" "-e" "CARGO_HOME=/opt/rustwide/cargo-home" "-e" "RUSTUP_HOME=/opt/rustwide/rustup-home" "-w" "/opt/rustwide/workdir" "-m" "1610612736" "--user" "0:0" "--network" "none" "ghcr.io/rust-lang/crates-build-env/linux@sha256:34b6a614d2c27851fe6cbf88fbd1137609cefab8b10d0615aaeb6fd47975d74e" "/opt/rustwide/cargo-home/bin/cargo" "+beta-2021-08-01" "test" "--frozen" "--no-run" "--message-format=json", kill_on_drop: false }`
[INFO] [stdout] dc9a5dfe0e66fc277fa60ac0df74628fb49a1aeb3132cf32b981dcce1ef7de77
[INFO] running `Command { std: "docker" "start" "-a" "dc9a5dfe0e66fc277fa60ac0df74628fb49a1aeb3132cf32b981dcce1ef7de77", kill_on_drop: false }`
[INFO] [stderr]     Blocking waiting for file lock on package cache
[INFO] [stderr]    Compiling sazparser v0.1.1 (/opt/rustwide/workdir)
[INFO] [stderr]     Finished test [unoptimized + debuginfo] target(s) in 0.80s
[INFO] running `Command { std: "docker" "inspect" "dc9a5dfe0e66fc277fa60ac0df74628fb49a1aeb3132cf32b981dcce1ef7de77", kill_on_drop: false }`
[INFO] running `Command { std: "docker" "rm" "-f" "dc9a5dfe0e66fc277fa60ac0df74628fb49a1aeb3132cf32b981dcce1ef7de77", kill_on_drop: false }`
[INFO] [stdout] dc9a5dfe0e66fc277fa60ac0df74628fb49a1aeb3132cf32b981dcce1ef7de77
[INFO] running `Command { std: "docker" "create" "-v" "/var/lib/crater-agent-workspace/builds/worker-95/target:/opt/rustwide/target:rw,Z" "-v" "/var/lib/crater-agent-workspace/builds/worker-95/source:/opt/rustwide/workdir:ro,Z" "-v" "/var/lib/crater-agent-workspace/cargo-home:/opt/rustwide/cargo-home:ro,Z" "-v" "/var/lib/crater-agent-workspace/rustup-home:/opt/rustwide/rustup-home:ro,Z" "-e" "SOURCE_DIR=/opt/rustwide/workdir" "-e" "CARGO_TARGET_DIR=/opt/rustwide/target" "-e" "CARGO_INCREMENTAL=0" "-e" "RUST_BACKTRACE=full" "-e" "RUSTFLAGS=--cap-lints=warn" "-e" "CARGO_HOME=/opt/rustwide/cargo-home" "-e" "RUSTUP_HOME=/opt/rustwide/rustup-home" "-w" "/opt/rustwide/workdir" "-m" "1610612736" "--user" "0:0" "--network" "none" "ghcr.io/rust-lang/crates-build-env/linux@sha256:34b6a614d2c27851fe6cbf88fbd1137609cefab8b10d0615aaeb6fd47975d74e" "/opt/rustwide/cargo-home/bin/cargo" "+beta-2021-08-01" "test" "--frozen", kill_on_drop: false }`
[INFO] [stdout] bb0f462329728d40eaf6fdf7b44d34be3c8d2c152eb991e257d6a1b3d72fc225
[INFO] running `Command { std: "docker" "start" "-a" "bb0f462329728d40eaf6fdf7b44d34be3c8d2c152eb991e257d6a1b3d72fc225", kill_on_drop: false }`
[INFO] [stderr]     Blocking waiting for file lock on package cache
[INFO] [stderr]     Finished test [unoptimized + debuginfo] target(s) in 0.17s
[INFO] [stderr]      Running unittests (/opt/rustwide/target/debug/deps/sazparser-b68a8d647a53fc53)
[INFO] [stdout] 
[INFO] [stdout] running 0 tests
[INFO] [stdout] 
[INFO] [stdout] test result: ok. 0 passed; 0 failed; 0 ignored; 0 measured; 0 filtered out; finished in 0.00s
[INFO] [stdout] 
[INFO] [stderr]    Doc-tests sazparser
[INFO] [stdout] 
[INFO] [stdout] running 1 test
[INFO] [stdout] test src/lib.rs - parse (line 258) ... FAILED
[INFO] [stdout] 
[INFO] [stdout] failures:
[INFO] [stdout] 
[INFO] [stdout] ---- src/lib.rs - parse (line 258) stdout ----
[INFO] [stdout] error[E0254]: the name `sazparser` is defined multiple times
[INFO] [stdout]  --> src/lib.rs:261:5
[INFO] [stdout]   |
[INFO] [stdout] 2 | extern crate r#sazparser;
[INFO] [stdout]   | ------------------------- previous import of the extern crate `sazparser` here
[INFO] [stdout] ...
[INFO] [stdout] 5 | use sazparser;
[INFO] [stdout]   |     ^^^^^^^^^ `sazparser` reimported here
[INFO] [stdout]   |
[INFO] [stdout]   = note: `sazparser` must be defined only once in the type namespace of this module
[INFO] [stdout] 
[INFO] [stdout] error: aborting due to previous error
[INFO] [stdout] 
[INFO] [stdout] For more information about this error, try `rustc --explain E0254`.
[INFO] [stdout] Couldn't compile the test.
[INFO] [stdout] 
[INFO] [stdout] failures:
[INFO] [stdout]     src/lib.rs - parse (line 258)
[INFO] [stdout] 
[INFO] [stdout] test result: FAILED. 0 passed; 1 failed; 0 ignored; 0 measured; 0 filtered out; finished in 0.06s
[INFO] [stdout] 
[INFO] [stderr] error: test failed, to rerun pass '--doc'
[INFO] running `Command { std: "docker" "inspect" "bb0f462329728d40eaf6fdf7b44d34be3c8d2c152eb991e257d6a1b3d72fc225", kill_on_drop: false }`
[INFO] running `Command { std: "docker" "rm" "-f" "bb0f462329728d40eaf6fdf7b44d34be3c8d2c152eb991e257d6a1b3d72fc225", kill_on_drop: false }`
[INFO] [stdout] bb0f462329728d40eaf6fdf7b44d34be3c8d2c152eb991e257d6a1b3d72fc225
