[INFO] fetching crate savory-style 0.6.0...
[INFO] testing savory-style-0.6.0 against 1.54.0 for beta-1.55-1
[INFO] extracting crate savory-style 0.6.0 into /workspace/builds/worker-33/source
[INFO] validating manifest of crates.io crate savory-style 0.6.0 on toolchain 1.54.0
[INFO] running `Command { std: "/workspace/cargo-home/bin/cargo" "+1.54.0" "metadata" "--manifest-path" "Cargo.toml" "--no-deps", kill_on_drop: false }`
[INFO] started tweaking crates.io crate savory-style 0.6.0
[INFO] finished tweaking crates.io crate savory-style 0.6.0
[INFO] tweaked toml for crates.io crate savory-style 0.6.0 written to /workspace/builds/worker-33/source/Cargo.toml
[INFO] running `Command { std: "/workspace/cargo-home/bin/cargo" "+1.54.0" "generate-lockfile" "--manifest-path" "Cargo.toml" "-Zno-index-update", kill_on_drop: false }`
[INFO] [stderr]     Blocking waiting for file lock on package cache
[INFO] running `Command { std: "/workspace/cargo-home/bin/cargo" "+1.54.0" "fetch" "--manifest-path" "Cargo.toml", kill_on_drop: false }`
[INFO] [stderr]     Blocking waiting for file lock on package cache
[INFO] [stderr]     Blocking waiting for file lock on package cache
[INFO] running `Command { std: "docker" "create" "-v" "/var/lib/crater-agent-workspace/builds/worker-33/target:/opt/rustwide/target:rw,Z" "-v" "/var/lib/crater-agent-workspace/builds/worker-33/source:/opt/rustwide/workdir:ro,Z" "-v" "/var/lib/crater-agent-workspace/cargo-home:/opt/rustwide/cargo-home:ro,Z" "-v" "/var/lib/crater-agent-workspace/rustup-home:/opt/rustwide/rustup-home:ro,Z" "-e" "SOURCE_DIR=/opt/rustwide/workdir" "-e" "CARGO_TARGET_DIR=/opt/rustwide/target" "-e" "CARGO_HOME=/opt/rustwide/cargo-home" "-e" "RUSTUP_HOME=/opt/rustwide/rustup-home" "-w" "/opt/rustwide/workdir" "-m" "1610612736" "--user" "0:0" "--network" "none" "ghcr.io/rust-lang/crates-build-env/linux@sha256:34b6a614d2c27851fe6cbf88fbd1137609cefab8b10d0615aaeb6fd47975d74e" "/opt/rustwide/cargo-home/bin/cargo" "+1.54.0" "metadata" "--no-deps" "--format-version=1", kill_on_drop: false }`
[INFO] [stdout] a95e8ebefbf4dab837aed8cdf335bd14eaf3da99dd3c17280b4a0dea45643de3
[INFO] running `Command { std: "docker" "start" "-a" "a95e8ebefbf4dab837aed8cdf335bd14eaf3da99dd3c17280b4a0dea45643de3", kill_on_drop: false }`
[INFO] running `Command { std: "docker" "inspect" "a95e8ebefbf4dab837aed8cdf335bd14eaf3da99dd3c17280b4a0dea45643de3", kill_on_drop: false }`
[INFO] running `Command { std: "docker" "rm" "-f" "a95e8ebefbf4dab837aed8cdf335bd14eaf3da99dd3c17280b4a0dea45643de3", kill_on_drop: false }`
[INFO] [stdout] a95e8ebefbf4dab837aed8cdf335bd14eaf3da99dd3c17280b4a0dea45643de3
[INFO] running `Command { std: "docker" "create" "-v" "/var/lib/crater-agent-workspace/builds/worker-33/target:/opt/rustwide/target:rw,Z" "-v" "/var/lib/crater-agent-workspace/builds/worker-33/source:/opt/rustwide/workdir:ro,Z" "-v" "/var/lib/crater-agent-workspace/cargo-home:/opt/rustwide/cargo-home:ro,Z" "-v" "/var/lib/crater-agent-workspace/rustup-home:/opt/rustwide/rustup-home:ro,Z" "-e" "SOURCE_DIR=/opt/rustwide/workdir" "-e" "CARGO_TARGET_DIR=/opt/rustwide/target" "-e" "CARGO_INCREMENTAL=0" "-e" "RUST_BACKTRACE=full" "-e" "RUSTFLAGS=--cap-lints=warn" "-e" "CARGO_HOME=/opt/rustwide/cargo-home" "-e" "RUSTUP_HOME=/opt/rustwide/rustup-home" "-w" "/opt/rustwide/workdir" "-m" "1610612736" "--user" "0:0" "--network" "none" "ghcr.io/rust-lang/crates-build-env/linux@sha256:34b6a614d2c27851fe6cbf88fbd1137609cefab8b10d0615aaeb6fd47975d74e" "/opt/rustwide/cargo-home/bin/cargo" "+1.54.0" "build" "--frozen" "--message-format=json", kill_on_drop: false }`
[INFO] [stdout] 23cb44c5f9f4799fede4c533cc273b0363a7bf3c9aea78d15323c2b175e8c0ee
[INFO] running `Command { std: "docker" "start" "-a" "23cb44c5f9f4799fede4c533cc273b0363a7bf3c9aea78d15323c2b175e8c0ee", kill_on_drop: false }`
[INFO] [stderr]    Compiling proc-macro2 v1.0.28
[INFO] [stderr]    Compiling unicode-xid v0.2.2
[INFO] [stderr]    Compiling syn v1.0.74
[INFO] [stderr]    Compiling cfg-if v1.0.0
[INFO] [stderr]    Compiling version_check v0.9.3
[INFO] [stderr]    Compiling libc v0.2.98
[INFO] [stderr]    Compiling autocfg v1.0.1
[INFO] [stderr]    Compiling wasm-bindgen-shared v0.2.75
[INFO] [stderr]    Compiling log v0.4.14
[INFO] [stderr]    Compiling serde_derive v1.0.127
[INFO] [stderr]    Compiling lazy_static v1.4.0
[INFO] [stderr]    Compiling serde v1.0.127
[INFO] [stderr]    Compiling bumpalo v3.7.0
[INFO] [stderr]    Compiling getrandom v0.1.16
[INFO] [stderr]    Compiling ryu v1.0.5
[INFO] [stderr]    Compiling proc-macro-hack v0.5.19
[INFO] [stderr]    Compiling serde_json v1.0.66
[INFO] [stderr]    Compiling wasm-bindgen v0.2.75
[INFO] [stderr]    Compiling itoa v0.4.7
[INFO] [stderr]    Compiling futures-core v0.3.16
[INFO] [stderr]    Compiling futures-channel v0.3.16
[INFO] [stderr]    Compiling ppv-lite86 v0.2.10
[INFO] [stderr]    Compiling memchr v2.4.0
[INFO] [stderr]    Compiling futures-sink v0.3.16
[INFO] [stderr]    Compiling futures-task v0.3.16
[INFO] [stderr]    Compiling siphasher v0.3.6
[INFO] [stderr]    Compiling proc-macro-nested v0.1.7
[INFO] [stderr]    Compiling const_fn v0.4.8
[INFO] [stderr]    Compiling slab v0.4.4
[INFO] [stderr]    Compiling bitflags v1.2.1
[INFO] [stderr]    Compiling pin-utils v0.1.0
[INFO] [stderr]    Compiling version_check v0.1.5
[INFO] [stderr]    Compiling futures-io v0.3.16
[INFO] [stderr]    Compiling pin-project-lite v0.2.7
[INFO] [stderr]    Compiling pulldown-cmark v0.8.0
[INFO] [stderr]    Compiling unicode-width v0.1.8
[INFO] [stderr]    Compiling percent-encoding v2.1.0
[INFO] [stderr]    Compiling hashbrown v0.11.2
[INFO] [stderr]    Compiling cfg-if v0.1.10
[INFO] [stderr]    Compiling enclose v1.1.8
[INFO] [stderr]    Compiling paste v1.0.5
[INFO] [stderr]    Compiling convert_case v0.4.0
[INFO] [stderr]    Compiling getopts v0.2.21
[INFO] [stderr]    Compiling phf_shared v0.8.0
[INFO] [stderr]    Compiling futures-macro v0.3.16
[INFO] [stderr]    Compiling futures-util v0.3.16
[INFO] [stderr]    Compiling num-traits v0.2.14
[INFO] [stderr]    Compiling indexmap v1.7.0
[INFO] [stderr]    Compiling standback v0.2.17
[INFO] [stderr]    Compiling time v0.2.27
[INFO] [stderr]    Compiling unicase v2.6.0
[INFO] [stderr]    Compiling cookie v0.14.4
[INFO] [stderr]    Compiling seed v0.8.0
[INFO] [stderr]    Compiling dbg v1.0.4
[INFO] [stderr]    Compiling phf v0.8.0
[INFO] [stderr]    Compiling quote v1.0.9
[INFO] [stderr]    Compiling getrandom v0.2.3
[INFO] [stderr]    Compiling uuid v0.8.2
[INFO] [stderr]    Compiling rand_core v0.5.1
[INFO] [stderr]    Compiling rand_chacha v0.2.2
[INFO] [stderr]    Compiling rand_pcg v0.2.1
[INFO] [stderr]    Compiling approx v0.3.2
[INFO] [stderr]    Compiling rand v0.7.3
[INFO] [stderr]    Compiling phf_generator v0.8.0
[INFO] [stderr]    Compiling phf_codegen v0.8.0
[INFO] [stderr]    Compiling palette v0.5.0
[INFO] [stderr]    Compiling wasm-bindgen-backend v0.2.75
[INFO] [stderr]    Compiling wasm-bindgen-macro-support v0.2.75
[INFO] [stderr]    Compiling time-macros-impl v0.1.2
[INFO] [stderr]    Compiling palette_derive v0.5.0
[INFO] [stderr]    Compiling derive_rich v0.4.4
[INFO] [stderr]    Compiling derive_more v0.99.16
[INFO] [stderr]    Compiling wasm-bindgen-macro v0.2.75
[INFO] [stderr]    Compiling time-macros v0.1.1
[INFO] [stderr]    Compiling futures-executor v0.3.16
[INFO] [stderr]    Compiling futures v0.3.16
[INFO] [stderr]    Compiling js-sys v0.3.52
[INFO] [stderr]    Compiling console_error_panic_hook v0.1.6
[INFO] [stderr]    Compiling web-sys v0.3.52
[INFO] [stderr]    Compiling wasm-bindgen-futures v0.4.25
[INFO] [stderr]    Compiling gloo-events v0.1.1
[INFO] [stderr]    Compiling gloo-timers v0.2.1
[INFO] [stderr]    Compiling gloo-file v0.1.0
[INFO] [stderr]    Compiling savory v0.6.0
[INFO] [stderr]    Compiling savory-style v0.6.0 (/opt/rustwide/workdir)
[INFO] [stderr]     Finished dev [unoptimized + debuginfo] target(s) in 52.27s
[INFO] running `Command { std: "docker" "inspect" "23cb44c5f9f4799fede4c533cc273b0363a7bf3c9aea78d15323c2b175e8c0ee", kill_on_drop: false }`
[INFO] running `Command { std: "docker" "rm" "-f" "23cb44c5f9f4799fede4c533cc273b0363a7bf3c9aea78d15323c2b175e8c0ee", kill_on_drop: false }`
[INFO] [stdout] 23cb44c5f9f4799fede4c533cc273b0363a7bf3c9aea78d15323c2b175e8c0ee
[INFO] running `Command { std: "docker" "create" "-v" "/var/lib/crater-agent-workspace/builds/worker-33/target:/opt/rustwide/target:rw,Z" "-v" "/var/lib/crater-agent-workspace/builds/worker-33/source:/opt/rustwide/workdir:ro,Z" "-v" "/var/lib/crater-agent-workspace/cargo-home:/opt/rustwide/cargo-home:ro,Z" "-v" "/var/lib/crater-agent-workspace/rustup-home:/opt/rustwide/rustup-home:ro,Z" "-e" "SOURCE_DIR=/opt/rustwide/workdir" "-e" "CARGO_TARGET_DIR=/opt/rustwide/target" "-e" "CARGO_INCREMENTAL=0" "-e" "RUST_BACKTRACE=full" "-e" "RUSTFLAGS=--cap-lints=warn" "-e" "CARGO_HOME=/opt/rustwide/cargo-home" "-e" "RUSTUP_HOME=/opt/rustwide/rustup-home" "-w" "/opt/rustwide/workdir" "-m" "1610612736" "--user" "0:0" "--network" "none" "ghcr.io/rust-lang/crates-build-env/linux@sha256:34b6a614d2c27851fe6cbf88fbd1137609cefab8b10d0615aaeb6fd47975d74e" "/opt/rustwide/cargo-home/bin/cargo" "+1.54.0" "test" "--frozen" "--no-run" "--message-format=json", kill_on_drop: false }`
[INFO] [stdout] 84cd8407c4009dfbd25cd162967a85143cafe44657a77ed2d245a86b9f422da2
[INFO] running `Command { std: "docker" "start" "-a" "84cd8407c4009dfbd25cd162967a85143cafe44657a77ed2d245a86b9f422da2", kill_on_drop: false }`
[INFO] [stderr]     Blocking waiting for file lock on package cache
[INFO] [stderr]    Compiling savory-style v0.6.0 (/opt/rustwide/workdir)
[INFO] [stderr]     Finished test [unoptimized + debuginfo] target(s) in 6.07s
[INFO] running `Command { std: "docker" "inspect" "84cd8407c4009dfbd25cd162967a85143cafe44657a77ed2d245a86b9f422da2", kill_on_drop: false }`
[INFO] running `Command { std: "docker" "rm" "-f" "84cd8407c4009dfbd25cd162967a85143cafe44657a77ed2d245a86b9f422da2", kill_on_drop: false }`
[INFO] [stdout] 84cd8407c4009dfbd25cd162967a85143cafe44657a77ed2d245a86b9f422da2
[INFO] running `Command { std: "docker" "create" "-v" "/var/lib/crater-agent-workspace/builds/worker-33/target:/opt/rustwide/target:rw,Z" "-v" "/var/lib/crater-agent-workspace/builds/worker-33/source:/opt/rustwide/workdir:ro,Z" "-v" "/var/lib/crater-agent-workspace/cargo-home:/opt/rustwide/cargo-home:ro,Z" "-v" "/var/lib/crater-agent-workspace/rustup-home:/opt/rustwide/rustup-home:ro,Z" "-e" "SOURCE_DIR=/opt/rustwide/workdir" "-e" "CARGO_TARGET_DIR=/opt/rustwide/target" "-e" "CARGO_INCREMENTAL=0" "-e" "RUST_BACKTRACE=full" "-e" "RUSTFLAGS=--cap-lints=warn" "-e" "CARGO_HOME=/opt/rustwide/cargo-home" "-e" "RUSTUP_HOME=/opt/rustwide/rustup-home" "-w" "/opt/rustwide/workdir" "-m" "1610612736" "--user" "0:0" "--network" "none" "ghcr.io/rust-lang/crates-build-env/linux@sha256:34b6a614d2c27851fe6cbf88fbd1137609cefab8b10d0615aaeb6fd47975d74e" "/opt/rustwide/cargo-home/bin/cargo" "+1.54.0" "test" "--frozen", kill_on_drop: false }`
[INFO] [stdout] 94a46ae9892b7a05200a95f49a23b07d895cbc17d2fda82dec2d76d04865f6af
[INFO] running `Command { std: "docker" "start" "-a" "94a46ae9892b7a05200a95f49a23b07d895cbc17d2fda82dec2d76d04865f6af", kill_on_drop: false }`
[INFO] [stderr]     Finished test [unoptimized + debuginfo] target(s) in 0.16s
[INFO] [stderr]      Running unittests (/opt/rustwide/target/debug/deps/savory_style-1a860cfcc35a7a30)
[INFO] [stderr]    Doc-tests savory-style
[INFO] [stdout] 
[INFO] [stdout] running 0 tests
[INFO] [stdout] 
[INFO] [stdout] test result: ok. 0 passed; 0 failed; 0 ignored; 0 measured; 0 filtered out; finished in 0.00s
[INFO] [stdout] 
[INFO] [stdout] 
[INFO] [stdout] running 13 tests
[INFO] [stdout] test src/style.rs - style::Style (line 17) ... FAILED
[INFO] [stdout] test src/border.rs - border::Border (line 5) ... FAILED
[INFO] [stdout] test src/transition.rs - transition::Transition (line 10) ... FAILED
[INFO] [stdout] test src/text.rs - text::Text (line 6) ... FAILED
[INFO] [stdout] test src/margin.rs - margin::Margin (line 8) ... FAILED
[INFO] [stdout] test src/padding.rs - padding::Padding (line 8) ... FAILED
[INFO] [stdout] test src/box_shadow.rs - box_shadow::BoxShadow (line 5) ... FAILED
[INFO] [stdout] test src/style.rs - style::StyleValues::add (line 228) ... ok
[INFO] [stdout] test src/background.rs - background::Background (line 5) ... ok
[INFO] [stdout] test src/font.rs - font::Font (line 6) ... ok
[INFO] [stdout] test src/size.rs - size::Size (line 8) ... ok
[INFO] [stdout] test src/gap.rs - gap::Gap (line 3) ... ok
[INFO] [stdout] test src/position.rs - position::Position (line 5) ... ok
[INFO] [stdout] 
[INFO] [stdout] failures:
[INFO] [stdout] 
[INFO] [stdout] ---- src/style.rs - style::Style (line 17) stdout ----
[INFO] [stdout] Couldn't compile the test.
[INFO] [stdout] ---- src/border.rs - border::Border (line 5) stdout ----
[INFO] [stdout] Couldn't compile the test.
[INFO] [stdout] ---- src/transition.rs - transition::Transition (line 10) stdout ----
[INFO] [stdout] Couldn't compile the test.
[INFO] [stdout] ---- src/text.rs - text::Text (line 6) stdout ----
[INFO] [stdout] Couldn't compile the test.
[INFO] [stdout] ---- src/margin.rs - margin::Margin (line 8) stdout ----
[INFO] [stdout] Couldn't compile the test.
[INFO] [stdout] ---- src/padding.rs - padding::Padding (line 8) stdout ----
[INFO] [stdout] Couldn't compile the test.
[INFO] [stdout] ---- src/box_shadow.rs - box_shadow::BoxShadow (line 5) stdout ----
[INFO] [stdout] error: linking with `cc` failed: exit status: 1
[INFO] [stdout]   |
[INFO] [stdout]   = note: "cc" "-m64" "/tmp/rustdoctestILays3/rust_out.rust_out.7rcbfp3g-cgu.0.rcgu.o" "/tmp/rustdoctestILays3/rust_out.33dyzt1ekirinwy8.rcgu.o" "-Wl,--as-needed" "-L" "/opt/rustwide/target/debug/deps" "-L" "/opt/rustwide/target/debug/deps" "-L" "/opt/rustwide/rustup-home/toolchains/1.54.0-x86_64-unknown-linux-gnu/lib/rustlib/x86_64-unknown-linux-gnu/lib" "-Wl,-Bstatic" "/opt/rustwide/target/debug/deps/libsavory_style-9f453fe308db1ceb.rlib" "/opt/rustwide/target/debug/deps/libpalette-81d6086faf0a02c4.rlib" "/opt/rustwide/target/debug/deps/libphf-c1264d7ebed070f0.rlib" "/opt/rustwide/target/debug/deps/libphf_shared-d55745e5cad80552.rlib" "/opt/rustwide/target/debug/deps/libsiphasher-a0e9df5c7c475c7a.rlib" "/opt/rustwide/target/debug/deps/libapprox-aeeddc7e2b4fc44c.rlib" "/opt/rustwide/target/debug/deps/libnum_traits-feca145c6267cadc.rlib" "/opt/rustwide/target/debug/deps/libsavory-4794570d32480a19.rlib" "/opt/rustwide/target/debug/deps/libseed-5f8f3d45a4e4e5cd.rlib" "/opt/rustwide/target/debug/deps/libpulldown_cmark-16ce5b8b43f8aff4.rlib" "/opt/rustwide/target/debug/deps/libunicase-3712d2bec500204b.rlib" "/opt/rustwide/target/debug/deps/libbitflags-f89ae4b715176e2d.rlib" "/opt/rustwide/target/debug/deps/libcookie-04fc476a2661a53b.rlib" "/opt/rustwide/target/debug/deps/libtime-b5d60dcc42221d25.rlib" "/opt/rustwide/target/debug/deps/libtime_macros-0877b5e7a72ebd24.rlib" "/opt/rustwide/target/debug/deps/libstandback-7f720039cbadcce4.rlib" "/opt/rustwide/target/debug/deps/libpercent_encoding-549c334c22432c49.rlib" "/opt/rustwide/target/debug/deps/libgloo_file-f1f11e55a45eaeab.rlib" "/opt/rustwide/target/debug/deps/libgloo_events-af005f02eeb9f889.rlib" "/opt/rustwide/target/debug/deps/libuuid-7c0d2e73ebf05964.rlib" "/opt/rustwide/target/debug/deps/libgetrandom-cc7bb8a619680524.rlib" "/opt/rustwide/target/debug/deps/librand-e24b06db8e027cc0.rlib" "/opt/rustwide/target/debug/deps/librand_pcg-748b7aa13aa4cfe0.rlib" "/opt/rustwide/target/debug/deps/librand_chacha-0b65333fda41892e.rlib" "/opt/rustwide/target/debug/deps/libppv_lite86-545d86392ea1d8e4.rlib" "/opt/rustwide/target/debug/deps/librand_core-a6ac85701c6665c1.rlib" "/opt/rustwide/target/debug/deps/libgetrandom-a840a8d6178f19f7.rlib" "/opt/rustwide/target/debug/deps/liblibc-ef703b7b559de845.rlib" "/opt/rustwide/target/debug/deps/libgloo_timers-c4c484d9cd690b74.rlib" "/opt/rustwide/target/debug/deps/libweb_sys-37b801c4d9589a5d.rlib" "/opt/rustwide/target/debug/deps/libenclose-7f6c07a3cb5525e1.rlib" "/opt/rustwide/target/debug/deps/libwasm_bindgen_futures-181b3f11ec565660.rlib" "/opt/rustwide/target/debug/deps/libjs_sys-5c5760806e516a80.rlib" "/opt/rustwide/target/debug/deps/libwasm_bindgen-838fe9932fde951b.rlib" "/opt/rustwide/target/debug/deps/libserde_json-5b135f466d28e8fc.rlib" "/opt/rustwide/target/debug/deps/libryu-059aa1fbb24cd15e.rlib" "/opt/rustwide/target/debug/deps/libitoa-e8b11f69ec08d8ae.rlib" "/opt/rustwide/target/debug/deps/libserde-751e4ec962046436.rlib" "/opt/rustwide/target/debug/deps/libcfg_if-38c8a3e888ecb06a.rlib" "/opt/rustwide/target/debug/deps/libfutures-e262a2c9262fda0b.rlib" "/opt/rustwide/target/debug/deps/libfutures_executor-f300b35c663cb77e.rlib" "/opt/rustwide/target/debug/deps/libfutures_util-cf917ca1f39d5753.rlib" "/opt/rustwide/target/debug/deps/libmemchr-1f0d97dc9aa3dd56.rlib" "/opt/rustwide/target/debug/deps/libfutures_io-12ff95146a6896b4.rlib" "/opt/rustwide/target/debug/deps/libslab-f0931e7482d64922.rlib" "/opt/rustwide/target/debug/deps/libfutures_channel-8541ffa03a6fb4c8.rlib" "/opt/rustwide/target/debug/deps/libpin_project_lite-ed06e07546a7102f.rlib" "/opt/rustwide/target/debug/deps/libfutures_sink-dde56499d547c800.rlib" "/opt/rustwide/target/debug/deps/libfutures_task-5b8f6133e14601aa.rlib" "/opt/rustwide/target/debug/deps/libpin_utils-576e633f12357c97.rlib" "/opt/rustwide/target/debug/deps/libfutures_core-28804fd28ce97755.rlib" "/opt/rustwide/target/debug/deps/libconsole_error_panic_hook-4a52c0d3a98b614a.rlib" "/opt/rustwide/target/debug/deps/libcfg_if-e7a28af79b261e75.rlib" "/opt/rustwide/target/debug/deps/libindexmap-d8d3c76f0f3a39a5.rlib" "/opt/rustwide/target/debug/deps/libhashbrown-8c5395ff9e9a0462.rlib" "-Wl,--start-group" "/opt/rustwide/rustup-home/toolchains/1.54.0-x86_64-unknown-linux-gnu/lib/rustlib/x86_64-unknown-linux-gnu/lib/libstd-2420485b9e5ef5e1.rlib" "/opt/rustwide/rustup-home/toolchains/1.54.0-x86_64-unknown-linux-gnu/lib/rustlib/x86_64-unknown-linux-gnu/lib/libpanic_unwind-785e3cb61c4b1960.rlib" "/opt/rustwide/rustup-home/toolchains/1.54.0-x86_64-unknown-linux-gnu/lib/rustlib/x86_64-unknown-linux-gnu/lib/libminiz_oxide-087191a88bdaa22d.rlib" "/opt/rustwide/rustup-home/toolchains/1.54.0-x86_64-unknown-linux-gnu/lib/rustlib/x86_64-unknown-linux-gnu/lib/libadler-9981842c02975178.rlib" "/opt/rustwide/rustup-home/toolchains/1.54.0-x86_64-unknown-linux-gnu/lib/rustlib/x86_64-unknown-linux-gnu/lib/libobject-6fb405869b015fde.rlib" "/opt/rustwide/rustup-home/toolchains/1.54.0-x86_64-unknown-linux-gnu/lib/rustlib/x86_64-unknown-linux-gnu/lib/libaddr2line-d05c5c3c56004b7b.rlib" "/opt/rustwide/rustup-home/toolchains/1.54.0-x86_64-unknown-linux-gnu/lib/rustlib/x86_64-unknown-linux-gnu/lib/libgimli-42d74d2097528b38.rlib" "/opt/rustwide/rustup-home/toolchains/1.54.0-x86_64-unknown-linux-gnu/lib/rustlib/x86_64-unknown-linux-gnu/lib/libstd_detect-fb36534c113d2209.rlib" "/opt/rustwide/rustup-home/toolchains/1.54.0-x86_64-unknown-linux-gnu/lib/rustlib/x86_64-unknown-linux-gnu/lib/librustc_demangle-b56b9042c12b6535.rlib" "/opt/rustwide/rustup-home/toolchains/1.54.0-x86_64-unknown-linux-gnu/lib/rustlib/x86_64-unknown-linux-gnu/lib/libhashbrown-491902d6cb3e76df.rlib" "/opt/rustwide/rustup-home/toolchains/1.54.0-x86_64-unknown-linux-gnu/lib/rustlib/x86_64-unknown-linux-gnu/lib/librustc_std_workspace_alloc-61834e0981b8c367.rlib" "/opt/rustwide/rustup-home/toolchains/1.54.0-x86_64-unknown-linux-gnu/lib/rustlib/x86_64-unknown-linux-gnu/lib/libunwind-f78aa99d613a55bc.rlib" "/opt/rustwide/rustup-home/toolchains/1.54.0-x86_64-unknown-linux-gnu/lib/rustlib/x86_64-unknown-linux-gnu/lib/libcfg_if-53ee54cd7fed2c57.rlib" "/opt/rustwide/rustup-home/toolchains/1.54.0-x86_64-unknown-linux-gnu/lib/rustlib/x86_64-unknown-linux-gnu/lib/liblibc-544ecdbd6cda3c58.rlib" "/opt/rustwide/rustup-home/toolchains/1.54.0-x86_64-unknown-linux-gnu/lib/rustlib/x86_64-unknown-linux-gnu/lib/liballoc-379cc252b6943a79.rlib" "/opt/rustwide/rustup-home/toolchains/1.54.0-x86_64-unknown-linux-gnu/lib/rustlib/x86_64-unknown-linux-gnu/lib/librustc_std_workspace_core-8063eea38dcc5e62.rlib" "/opt/rustwide/rustup-home/toolchains/1.54.0-x86_64-unknown-linux-gnu/lib/rustlib/x86_64-unknown-linux-gnu/lib/libcore-5b228734afae15ee.rlib" "-Wl,--end-group" "/opt/rustwide/rustup-home/toolchains/1.54.0-x86_64-unknown-linux-gnu/lib/rustlib/x86_64-unknown-linux-gnu/lib/libcompiler_builtins-d6c7a399d95d173f.rlib" "-Wl,-Bdynamic" "-lgcc_s" "-lutil" "-lrt" "-lpthread" "-lm" "-ldl" "-lc" "-Wl,--eh-frame-hdr" "-Wl,-znoexecstack" "-L" "/opt/rustwide/rustup-home/toolchains/1.54.0-x86_64-unknown-linux-gnu/lib/rustlib/x86_64-unknown-linux-gnu/lib" "-o" "/tmp/rustdoctestILays3/rust_out" "-Wl,--gc-sections" "-pie" "-Wl,-zrelro" "-Wl,-znow" "-nodefaultlibs"
[INFO] [stdout]   = note: collect2: fatal error: ld terminated with signal 9 [Killed]
[INFO] [stdout]           compilation terminated.
[INFO] [stdout]           
[INFO] [stdout] 
[INFO] [stdout] error: aborting due to previous error
[INFO] [stdout] 
[INFO] [stdout] Couldn't compile the test.
[INFO] [stdout] 
[INFO] [stdout] failures:
[INFO] [stdout]     src/border.rs - border::Border (line 5)
[INFO] [stdout]     src/box_shadow.rs - box_shadow::BoxShadow (line 5)
[INFO] [stdout]     src/margin.rs - margin::Margin (line 8)
[INFO] [stdout]     src/padding.rs - padding::Padding (line 8)
[INFO] [stdout]     src/style.rs - style::Style (line 17)
[INFO] [stdout]     src/text.rs - text::Text (line 6)
[INFO] [stdout]     src/transition.rs - transition::Transition (line 10)
[INFO] [stdout] 
[INFO] [stdout] test result: FAILED. 6 passed; 7 failed; 0 ignored; 0 measured; 0 filtered out; finished in 3.38s
[INFO] [stdout] 
[INFO] [stderr] error: test failed, to rerun pass '--doc'
[INFO] running `Command { std: "docker" "inspect" "94a46ae9892b7a05200a95f49a23b07d895cbc17d2fda82dec2d76d04865f6af", kill_on_drop: false }`
[INFO] running `Command { std: "docker" "rm" "-f" "94a46ae9892b7a05200a95f49a23b07d895cbc17d2fda82dec2d76d04865f6af", kill_on_drop: false }`
[INFO] [stdout] 94a46ae9892b7a05200a95f49a23b07d895cbc17d2fda82dec2d76d04865f6af
