[INFO] fetching crate sandboxfs 0.2.0...
[INFO] testing sandboxfs-0.2.0 against 1.54.0 for beta-1.55-1
[INFO] extracting crate sandboxfs 0.2.0 into /workspace/builds/worker-30/source
[INFO] validating manifest of crates.io crate sandboxfs 0.2.0 on toolchain 1.54.0
[INFO] running `Command { std: "/workspace/cargo-home/bin/cargo" "+1.54.0" "metadata" "--manifest-path" "Cargo.toml" "--no-deps", kill_on_drop: false }`
[INFO] started tweaking crates.io crate sandboxfs 0.2.0
[INFO] finished tweaking crates.io crate sandboxfs 0.2.0
[INFO] tweaked toml for crates.io crate sandboxfs 0.2.0 written to /workspace/builds/worker-30/source/Cargo.toml
[INFO] crate crates.io crate sandboxfs 0.2.0 already has a lockfile, it will not be regenerated
[INFO] running `Command { std: "/workspace/cargo-home/bin/cargo" "+1.54.0" "fetch" "--manifest-path" "Cargo.toml", kill_on_drop: false }`
[INFO] [stderr]     Blocking waiting for file lock on package cache
[INFO] running `Command { std: "docker" "create" "-v" "/var/lib/crater-agent-workspace/builds/worker-30/target:/opt/rustwide/target:rw,Z" "-v" "/var/lib/crater-agent-workspace/builds/worker-30/source:/opt/rustwide/workdir:ro,Z" "-v" "/var/lib/crater-agent-workspace/cargo-home:/opt/rustwide/cargo-home:ro,Z" "-v" "/var/lib/crater-agent-workspace/rustup-home:/opt/rustwide/rustup-home:ro,Z" "-e" "SOURCE_DIR=/opt/rustwide/workdir" "-e" "CARGO_TARGET_DIR=/opt/rustwide/target" "-e" "CARGO_HOME=/opt/rustwide/cargo-home" "-e" "RUSTUP_HOME=/opt/rustwide/rustup-home" "-w" "/opt/rustwide/workdir" "-m" "1610612736" "--user" "0:0" "--network" "none" "ghcr.io/rust-lang/crates-build-env/linux@sha256:34b6a614d2c27851fe6cbf88fbd1137609cefab8b10d0615aaeb6fd47975d74e" "/opt/rustwide/cargo-home/bin/cargo" "+1.54.0" "metadata" "--no-deps" "--format-version=1", kill_on_drop: false }`
[INFO] [stdout] 1bd8b41906de9a62e36dea0f81c2e4ebe3cd5f58de4ab68bbc96720b6939f318
[INFO] running `Command { std: "docker" "start" "-a" "1bd8b41906de9a62e36dea0f81c2e4ebe3cd5f58de4ab68bbc96720b6939f318", kill_on_drop: false }`
[INFO] running `Command { std: "docker" "inspect" "1bd8b41906de9a62e36dea0f81c2e4ebe3cd5f58de4ab68bbc96720b6939f318", kill_on_drop: false }`
[INFO] running `Command { std: "docker" "rm" "-f" "1bd8b41906de9a62e36dea0f81c2e4ebe3cd5f58de4ab68bbc96720b6939f318", kill_on_drop: false }`
[INFO] [stdout] 1bd8b41906de9a62e36dea0f81c2e4ebe3cd5f58de4ab68bbc96720b6939f318
[INFO] running `Command { std: "docker" "create" "-v" "/var/lib/crater-agent-workspace/builds/worker-30/target:/opt/rustwide/target:rw,Z" "-v" "/var/lib/crater-agent-workspace/builds/worker-30/source:/opt/rustwide/workdir:ro,Z" "-v" "/var/lib/crater-agent-workspace/cargo-home:/opt/rustwide/cargo-home:ro,Z" "-v" "/var/lib/crater-agent-workspace/rustup-home:/opt/rustwide/rustup-home:ro,Z" "-e" "SOURCE_DIR=/opt/rustwide/workdir" "-e" "CARGO_TARGET_DIR=/opt/rustwide/target" "-e" "CARGO_INCREMENTAL=0" "-e" "RUST_BACKTRACE=full" "-e" "RUSTFLAGS=--cap-lints=warn" "-e" "CARGO_HOME=/opt/rustwide/cargo-home" "-e" "RUSTUP_HOME=/opt/rustwide/rustup-home" "-w" "/opt/rustwide/workdir" "-m" "1610612736" "--user" "0:0" "--network" "none" "ghcr.io/rust-lang/crates-build-env/linux@sha256:34b6a614d2c27851fe6cbf88fbd1137609cefab8b10d0615aaeb6fd47975d74e" "/opt/rustwide/cargo-home/bin/cargo" "+1.54.0" "build" "--frozen" "--message-format=json", kill_on_drop: false }`
[INFO] [stdout] b708eacb69430e7fc4cb5f7aaa75ed17defa7b99ec19b1ad304ad81e11ff2eda
[INFO] running `Command { std: "docker" "start" "-a" "b708eacb69430e7fc4cb5f7aaa75ed17defa7b99ec19b1ad304ad81e11ff2eda", kill_on_drop: false }`
[INFO] [stderr]     Blocking waiting for file lock on package cache
[INFO] [stderr]    Compiling libc v0.2.69
[INFO] [stderr]    Compiling proc-macro2 v1.0.10
[INFO] [stderr]    Compiling cfg-if v0.1.10
[INFO] [stderr]    Compiling unicode-xid v0.2.0
[INFO] [stderr]    Compiling syn v1.0.17
[INFO] [stderr]    Compiling log v0.4.8
[INFO] [stderr]    Compiling pkg-config v0.3.17
[INFO] [stderr]    Compiling memchr v2.3.3
[INFO] [stderr]    Compiling cc v1.0.50
[INFO] [stderr]    Compiling serde v1.0.106
[INFO] [stderr]    Compiling failure_derive v0.1.7
[INFO] [stderr]    Compiling bitflags v1.2.1
[INFO] [stderr]    Compiling lazy_static v1.4.0
[INFO] [stderr]    Compiling ryu v1.0.3
[INFO] [stderr]    Compiling quick-error v1.2.3
[INFO] [stderr]    Compiling arc-swap v0.4.5
[INFO] [stderr]    Compiling nix v0.12.1
[INFO] [stderr]    Compiling rustc-demangle v0.1.16
[INFO] [stderr]    Compiling regex-syntax v0.6.17
[INFO] [stderr]    Compiling thread-scoped v1.0.2
[INFO] [stderr]    Compiling termcolor v1.1.0
[INFO] [stderr]    Compiling unicode-width v0.1.7
[INFO] [stderr]    Compiling itoa v0.4.5
[INFO] [stderr]    Compiling void v1.0.2
[INFO] [stderr]    Compiling thread_local v1.0.1
[INFO] [stderr]    Compiling getopts v0.2.21
[INFO] [stderr]    Compiling humantime v1.3.0
[INFO] [stderr]    Compiling log v0.3.9
[INFO] [stderr]    Compiling aho-corasick v0.7.10
[INFO] [stderr]    Compiling fuse v0.3.1
[INFO] [stderr]    Compiling sandboxfs v0.2.0 (/opt/rustwide/workdir)
[INFO] [stderr]    Compiling quote v1.0.3
[INFO] [stderr]    Compiling num_cpus v1.13.0
[INFO] [stderr]    Compiling atty v0.2.14
[INFO] [stderr]    Compiling time v0.1.43
[INFO] [stderr]    Compiling signal-hook-registry v1.2.0
[INFO] [stderr]    Compiling xattr v0.2.2
[INFO] [stderr]    Compiling backtrace-sys v0.1.35
[INFO] [stderr]    Compiling threadpool v1.7.1
[INFO] [stderr]    Compiling signal-hook v0.1.13
[INFO] [stderr]    Compiling regex v1.3.7
[INFO] [stderr]    Compiling backtrace v0.3.46
[INFO] [stderr]    Compiling env_logger v0.5.13
[INFO] [stderr]    Compiling synstructure v0.12.3
[INFO] [stderr]    Compiling serde_derive v1.0.106
[INFO] [stderr]    Compiling serde_json v1.0.51
[INFO] [stderr]    Compiling failure v0.1.7
[INFO] [stderr]     Finished dev [unoptimized + debuginfo] target(s) in 31.51s
[INFO] running `Command { std: "docker" "inspect" "b708eacb69430e7fc4cb5f7aaa75ed17defa7b99ec19b1ad304ad81e11ff2eda", kill_on_drop: false }`
[INFO] running `Command { std: "docker" "rm" "-f" "b708eacb69430e7fc4cb5f7aaa75ed17defa7b99ec19b1ad304ad81e11ff2eda", kill_on_drop: false }`
[INFO] [stdout] b708eacb69430e7fc4cb5f7aaa75ed17defa7b99ec19b1ad304ad81e11ff2eda
[INFO] running `Command { std: "docker" "create" "-v" "/var/lib/crater-agent-workspace/builds/worker-30/target:/opt/rustwide/target:rw,Z" "-v" "/var/lib/crater-agent-workspace/builds/worker-30/source:/opt/rustwide/workdir:ro,Z" "-v" "/var/lib/crater-agent-workspace/cargo-home:/opt/rustwide/cargo-home:ro,Z" "-v" "/var/lib/crater-agent-workspace/rustup-home:/opt/rustwide/rustup-home:ro,Z" "-e" "SOURCE_DIR=/opt/rustwide/workdir" "-e" "CARGO_TARGET_DIR=/opt/rustwide/target" "-e" "CARGO_INCREMENTAL=0" "-e" "RUST_BACKTRACE=full" "-e" "RUSTFLAGS=--cap-lints=warn" "-e" "CARGO_HOME=/opt/rustwide/cargo-home" "-e" "RUSTUP_HOME=/opt/rustwide/rustup-home" "-w" "/opt/rustwide/workdir" "-m" "1610612736" "--user" "0:0" "--network" "none" "ghcr.io/rust-lang/crates-build-env/linux@sha256:34b6a614d2c27851fe6cbf88fbd1137609cefab8b10d0615aaeb6fd47975d74e" "/opt/rustwide/cargo-home/bin/cargo" "+1.54.0" "test" "--frozen" "--no-run" "--message-format=json", kill_on_drop: false }`
[INFO] [stdout] 53a57b33cb213aca5c91468949480fd5f72e2f84ea7780ae6adce850b537d2da
[INFO] running `Command { std: "docker" "start" "-a" "53a57b33cb213aca5c91468949480fd5f72e2f84ea7780ae6adce850b537d2da", kill_on_drop: false }`
[INFO] [stderr]    Compiling getrandom v0.1.14
[INFO] [stderr]    Compiling ppv-lite86 v0.2.6
[INFO] [stderr]    Compiling remove_dir_all v0.5.2
[INFO] [stderr]    Compiling users v0.9.1
[INFO] [stderr]    Compiling rand_core v0.5.1
[INFO] [stderr]    Compiling rand_chacha v0.2.2
[INFO] [stderr]    Compiling rand v0.7.3
[INFO] [stderr]    Compiling tempfile v3.1.0
[INFO] [stderr]    Compiling sandboxfs v0.2.0 (/opt/rustwide/workdir)
[INFO] [stdout] warning: panic message is not a string literal
[INFO] [stdout]    --> src/main.rs:365:30
[INFO] [stdout]     |
[INFO] [stdout] 365 |             Err(e) => panic!(e),
[INFO] [stdout]     |                              ^
[INFO] [stdout]     |
[INFO] [stdout]     = note: `#[warn(non_fmt_panic)]` on by default
[INFO] [stdout]     = note: this is no longer accepted in Rust 2021
[INFO] [stdout] help: add a "{}" format string to Display the message
[INFO] [stdout]     |
[INFO] [stdout] 365 |             Err(e) => panic!("{}", e),
[INFO] [stdout]     |                              ^^^^^
[INFO] [stdout] help: or use std::panic::panic_any instead
[INFO] [stdout]     |
[INFO] [stdout] 365 |             Err(e) => std::panic::panic_any(e),
[INFO] [stdout]     |                       ^^^^^^^^^^^^^^^^^^^^^
[INFO] [stdout] 
[INFO] [stdout] 
[INFO] [stdout] warning: 1 warning emitted
[INFO] [stdout] 
[INFO] [stdout] 
[INFO] [stderr]     Finished test [unoptimized + debuginfo] target(s) in 9.83s
[INFO] running `Command { std: "docker" "inspect" "53a57b33cb213aca5c91468949480fd5f72e2f84ea7780ae6adce850b537d2da", kill_on_drop: false }`
[INFO] running `Command { std: "docker" "rm" "-f" "53a57b33cb213aca5c91468949480fd5f72e2f84ea7780ae6adce850b537d2da", kill_on_drop: false }`
[INFO] [stdout] 53a57b33cb213aca5c91468949480fd5f72e2f84ea7780ae6adce850b537d2da
[INFO] running `Command { std: "docker" "create" "-v" "/var/lib/crater-agent-workspace/builds/worker-30/target:/opt/rustwide/target:rw,Z" "-v" "/var/lib/crater-agent-workspace/builds/worker-30/source:/opt/rustwide/workdir:ro,Z" "-v" "/var/lib/crater-agent-workspace/cargo-home:/opt/rustwide/cargo-home:ro,Z" "-v" "/var/lib/crater-agent-workspace/rustup-home:/opt/rustwide/rustup-home:ro,Z" "-e" "SOURCE_DIR=/opt/rustwide/workdir" "-e" "CARGO_TARGET_DIR=/opt/rustwide/target" "-e" "CARGO_INCREMENTAL=0" "-e" "RUST_BACKTRACE=full" "-e" "RUSTFLAGS=--cap-lints=warn" "-e" "CARGO_HOME=/opt/rustwide/cargo-home" "-e" "RUSTUP_HOME=/opt/rustwide/rustup-home" "-w" "/opt/rustwide/workdir" "-m" "1610612736" "--user" "0:0" "--network" "none" "ghcr.io/rust-lang/crates-build-env/linux@sha256:34b6a614d2c27851fe6cbf88fbd1137609cefab8b10d0615aaeb6fd47975d74e" "/opt/rustwide/cargo-home/bin/cargo" "+1.54.0" "test" "--frozen", kill_on_drop: false }`
[INFO] [stdout] 6117da00797f4924e657ed93664b3bf9976d662d07fb4e875445b9b818a57499
[INFO] running `Command { std: "docker" "start" "-a" "6117da00797f4924e657ed93664b3bf9976d662d07fb4e875445b9b818a57499", kill_on_drop: false }`
[INFO] [stderr] warning: panic message is not a string literal
[INFO] [stderr]    --> src/main.rs:365:30
[INFO] [stderr]     |
[INFO] [stderr] 365 |             Err(e) => panic!(e),
[INFO] [stderr]     |                              ^
[INFO] [stderr]     |
[INFO] [stderr]     = note: `#[warn(non_fmt_panic)]` on by default
[INFO] [stderr]     = note: this is no longer accepted in Rust 2021
[INFO] [stderr] help: add a "{}" format string to Display the message
[INFO] [stderr]     |
[INFO] [stderr] 365 |             Err(e) => panic!("{}", e),
[INFO] [stderr]     |                              ^^^^^
[INFO] [stderr] help: or use std::panic::panic_any instead
[INFO] [stderr]     |
[INFO] [stderr] 365 |             Err(e) => std::panic::panic_any(e),
[INFO] [stderr]     |                       ^^^^^^^^^^^^^^^^^^^^^
[INFO] [stderr] 
[INFO] [stderr] warning: 1 warning emitted
[INFO] [stderr] 
[INFO] [stderr]     Finished test [unoptimized + debuginfo] target(s) in 0.15s
[INFO] [stderr]      Running unittests (/opt/rustwide/target/debug/deps/sandboxfs-3ee6186159f85228)
[INFO] [stdout] 
[INFO] [stdout] running 51 tests
[INFO] [stdout] test reconfig::tests::test_prefixes_create_two_sandboxes_with_inconsistent_prefixes ... ok
[INFO] [stdout] test nodes::conv::tests::test_system_time_to_timespec_bad ... ok
[INFO] [stdout] test nodes::conv::tests::test_system_time_to_timespec_missing ... ok
[INFO] [stdout] test errors::tests::flatten_causes_one ... ok
[INFO] [stdout] test nodes::conv::tests::test_flags_to_openoptions_wronly ... ok
[INFO] [stdout] test tests::id_generator_ok ... ok
[INFO] [stdout] test tests::test_mapping_is_root ... ok
[INFO] [stdout] test errors::tests::flatten_causes_multiple ... ok
[INFO] [stdout] test tests::test_mapping_new_path_is_not_normalized ... ok
[INFO] [stdout] test tests::test_split_abs_path ... ok
[INFO] [stdout] test reconfig::tests::test_validate_id ... ok
[INFO] [stdout] test nodes::conv::tests::test_attr_fs_to_fuse_directory ... ok
[INFO] [stdout] test nodes::conv::tests::test_flags_to_openoptions_rdonly ... ok
[INFO] [stdout] test concurrent::tests::test_shareable_file_clones_share_descriptor_and_only_one_owns ... ok
[INFO] [stdout] test nodes::conv::tests::test_timeval_to_nix_timespec ... ok
[INFO] [stdout] test nodes::conv::tests::test_timeval_to_timespec ... ok
[INFO] [stdout] test tests::create_as_self ... ok
[INFO] [stdout] test reconfig::tests::test_run_loop_one ... ok
[INFO] [stdout] test reconfig::tests::test_prefixes_create_one_sandbox ... ok
[INFO] [stdout] test nodes::conv::tests::test_attr_fs_to_fuse_regular ... ok
[INFO] [stdout] test reconfig::tests::test_prefixes_create_two_disjoint_sandboxes ... ok
[INFO] [stdout] test reconfig::tests::test_prefixes_create_two_sandboxes_with_common_prefixes ... ok
[INFO] [stdout] test reconfig::tests::test_prefixes_destroy_sandbox ... ok
[INFO] [stdout] test nodes::conv::tests::test_timespec_to_timeval ... ok
[INFO] [stdout] test tests::test_mapping_new_path_is_not_absolute ... ok
[INFO] [stdout] test tests::test_mapping_new_ok ... ok
[INFO] [stdout] test tests::test_mapping_new_underlying_path_is_not_absolute ... ok
[INFO] [stdout] test nodes::caches::tests::path_cache_behavior ... ok
[INFO] [stdout] test nodes::caches::tests::path_cache_nodes_support_all_file_types ... ok
[INFO] [stdout] test nodes::conv::tests::test_system_time_to_timespec_ok ... ok
[INFO] [stdout] test tests::create_as_create_error_wins_over_delete_error ... ok
[INFO] [stdout] test reconfig::tests::test_prefixes_bad_prefix_id ... ok
[INFO] [stdout] test reconfig::tests::test_run_loop_many ... ok
[INFO] [stdout] test reconfig::tests::test_run_loop_fatal_syntax_error_due_to_conflicting_requests ... ok
[INFO] [stdout] test tests::create_as_file_deleted_if_chown_fails ... ok
[INFO] [stdout] test reconfig::tests::test_run_loop_roots ... ok
[INFO] [stdout] test reconfig::tests::test_prefixes_unknown_underlying_path_prefix ... ok
[INFO] [stdout] test reconfig::tests::test_run_loop_prefixes_ok ... ok
[INFO] [stdout] test reconfig::tests::test_prefixes_unknown_path_prefix ... ok
[INFO] [stdout] test reconfig::tests::test_run_loop_empty ... ok
[INFO] [stdout] test nodes::conv::tests::test_flags_to_openoptions_rdwr ... ok
[INFO] [stdout] test reconfig::tests::test_make_path ... ok
[INFO] [stdout] test nodes::conv::tests::test_flags_to_openoptions_custom ... ok
[INFO] [stdout] test nodes::conv::tests::test_filetype_fs_to_fuse ... ok
[INFO] [stdout] test reconfig::tests::test_run_loop_fatal_syntax_error_stops_processing ... ok
[INFO] [stdout] test reconfig::tests::test_run_loop_fatal_syntax_error_due_to_empty_request ... ok
[INFO] [stdout] test reconfig::tests::test_run_loop_prefixes_errors ... ok
[INFO] [stdout] test reconfig::tests::test_run_loop_errors ... ok
[INFO] [stdout] test tests::create_as_other ... FAILED
[INFO] [stdout] test tests::id_generator_exhaustion - should panic ... ok
[INFO] [stdout] test concurrent::tests::test_shareable_file_close_unblocks_reads_without_error ... ok
[INFO] [stdout] 
[INFO] [stdout] failures:
[INFO] [stdout] 
[INFO] [stdout] ---- tests::create_as_other stdout ----
[INFO] [stdout] thread 'tests::create_as_other' panicked at 'UNPRIVILEGED_USER must be set when running as root for this test to run', src/lib.rs:996:17
[INFO] [stdout] stack backtrace:
[INFO] [stdout]    0:     0x5615b380be90 - std::backtrace_rs::backtrace::libunwind::trace::h34055254b57d8e79
[INFO] [stdout]                                at /rustc/a178d0322ce20e33eac124758e837cbd80a6f633/library/std/src/../../backtrace/src/backtrace/libunwind.rs:90:5
[INFO] [stdout]    1:     0x5615b380be90 - std::backtrace_rs::backtrace::trace_unsynchronized::h8f1e3fbd9afff6ec
[INFO] [stdout]                                at /rustc/a178d0322ce20e33eac124758e837cbd80a6f633/library/std/src/../../backtrace/src/backtrace/mod.rs:66:5
[INFO] [stdout]    2:     0x5615b380be90 - std::sys_common::backtrace::_print_fmt::h3a99a796b770c360
[INFO] [stdout]                                at /rustc/a178d0322ce20e33eac124758e837cbd80a6f633/library/std/src/sys_common/backtrace.rs:67:5
[INFO] [stdout]    3:     0x5615b380be90 - <std::sys_common::backtrace::_print::DisplayBacktrace as core::fmt::Display>::fmt::h32d1f94a80615d18
[INFO] [stdout]                                at /rustc/a178d0322ce20e33eac124758e837cbd80a6f633/library/std/src/sys_common/backtrace.rs:46:22
[INFO] [stdout]    4:     0x5615b3830b1c - core::fmt::write::h306731c068f7162c
[INFO] [stdout]                                at /rustc/a178d0322ce20e33eac124758e837cbd80a6f633/library/core/src/fmt/mod.rs:1110:17
[INFO] [stdout]    5:     0x5615b38081f5 - std::io::Write::write_fmt::h87f19b0a2cd190bc
[INFO] [stdout]                                at /rustc/a178d0322ce20e33eac124758e837cbd80a6f633/library/std/src/io/mod.rs:1588:15
[INFO] [stdout]    6:     0x5615b380e4fb - std::sys_common::backtrace::_print::h5abaa2601a852287
[INFO] [stdout]                                at /rustc/a178d0322ce20e33eac124758e837cbd80a6f633/library/std/src/sys_common/backtrace.rs:49:5
[INFO] [stdout]    7:     0x5615b380e4fb - std::sys_common::backtrace::print::h8d81445442bb638f
[INFO] [stdout]                                at /rustc/a178d0322ce20e33eac124758e837cbd80a6f633/library/std/src/sys_common/backtrace.rs:36:9
[INFO] [stdout]    8:     0x5615b380e4fb - std::panicking::default_hook::{{closure}}::hcfe804496a9fa747
[INFO] [stdout]                                at /rustc/a178d0322ce20e33eac124758e837cbd80a6f633/library/std/src/panicking.rs:208:50
[INFO] [stdout]    9:     0x5615b380e00c - std::panicking::default_hook::hbea8e3ccf2ba8901
[INFO] [stdout]                                at /rustc/a178d0322ce20e33eac124758e837cbd80a6f633/library/std/src/panicking.rs:222:9
[INFO] [stdout]   10:     0x5615b380ebc4 - std::panicking::rust_panic_with_hook::h7ee9e1a2d0f8975a
[INFO] [stdout]                                at /rustc/a178d0322ce20e33eac124758e837cbd80a6f633/library/std/src/panicking.rs:622:17
[INFO] [stdout]   11:     0x5615b376b2f3 - std::panicking::begin_panic::{{closure}}::h9ea7fd6f95246828
[INFO] [stdout]                                at /rustc/a178d0322ce20e33eac124758e837cbd80a6f633/library/std/src/panicking.rs:542:9
[INFO] [stdout]   12:     0x5615b376bdf9 - std::sys_common::backtrace::__rust_end_short_backtrace::h457b4106b6ea0d4d
[INFO] [stdout]                                at /rustc/a178d0322ce20e33eac124758e837cbd80a6f633/library/std/src/sys_common/backtrace.rs:141:18
[INFO] [stdout]   13:     0x5615b376b229 - std::panicking::begin_panic::h45f4a2ebd1e5cf49
[INFO] [stdout]                                at /rustc/a178d0322ce20e33eac124758e837cbd80a6f633/library/std/src/panicking.rs:541:12
[INFO] [stdout]   14:     0x5615b36cd526 - sandboxfs::tests::create_as_other::h45c5ae485e3524e8
[INFO] [stdout]                                at /opt/rustwide/workdir/src/lib.rs:996:17
[INFO] [stdout]   15:     0x5615b36cd3da - sandboxfs::tests::create_as_other::{{closure}}::h6d32f8b33a23eeba
[INFO] [stdout]                                at /opt/rustwide/workdir/src/lib.rs:982:5
[INFO] [stdout]   16:     0x5615b3692d2e - core::ops::function::FnOnce::call_once::h18cde46835d7a87c
[INFO] [stdout]                                at /rustc/a178d0322ce20e33eac124758e837cbd80a6f633/library/core/src/ops/function.rs:227:5
[INFO] [stdout]   17:     0x5615b3718683 - core::ops::function::FnOnce::call_once::h152e7e439ff59e19
[INFO] [stdout]                                at /rustc/a178d0322ce20e33eac124758e837cbd80a6f633/library/core/src/ops/function.rs:227:5
[INFO] [stdout]   18:     0x5615b3718683 - test::__rust_begin_short_backtrace::h0908f3b1fdbb72ab
[INFO] [stdout]                                at /rustc/a178d0322ce20e33eac124758e837cbd80a6f633/library/test/src/lib.rs:577:5
[INFO] [stdout]   19:     0x5615b3717140 - <alloc::boxed::Box<F,A> as core::ops::function::FnOnce<Args>>::call_once::hf6d2a51e5587546c
[INFO] [stdout]                                at /rustc/a178d0322ce20e33eac124758e837cbd80a6f633/library/alloc/src/boxed.rs:1575:9
[INFO] [stdout]   20:     0x5615b3717140 - <std::panic::AssertUnwindSafe<F> as core::ops::function::FnOnce<()>>::call_once::h8af660f3a89ef593
[INFO] [stdout]                                at /rustc/a178d0322ce20e33eac124758e837cbd80a6f633/library/std/src/panic.rs:347:9
[INFO] [stdout]   21:     0x5615b3717140 - std::panicking::try::do_call::hd36aef60f84b6d36
[INFO] [stdout]                                at /rustc/a178d0322ce20e33eac124758e837cbd80a6f633/library/std/src/panicking.rs:401:40
[INFO] [stdout]   22:     0x5615b3717140 - std::panicking::try::h9932b4480e69817c
[INFO] [stdout]                                at /rustc/a178d0322ce20e33eac124758e837cbd80a6f633/library/std/src/panicking.rs:365:19
[INFO] [stdout]   23:     0x5615b3717140 - std::panic::catch_unwind::h6aa177099cfff5f8
[INFO] [stdout]                                at /rustc/a178d0322ce20e33eac124758e837cbd80a6f633/library/std/src/panic.rs:434:14
[INFO] [stdout]   24:     0x5615b3717140 - test::run_test_in_process::h5884d6f2d99e20c3
[INFO] [stdout]                                at /rustc/a178d0322ce20e33eac124758e837cbd80a6f633/library/test/src/lib.rs:600:18
[INFO] [stdout]   25:     0x5615b3717140 - test::run_test::run_test_inner::{{closure}}::h6fdc58c6d5f5b6e3
[INFO] [stdout]                                at /rustc/a178d0322ce20e33eac124758e837cbd80a6f633/library/test/src/lib.rs:492:39
[INFO] [stdout]   26:     0x5615b36f07f2 - test::run_test::run_test_inner::{{closure}}::h408365d67a78ade8
[INFO] [stdout]                                at /rustc/a178d0322ce20e33eac124758e837cbd80a6f633/library/test/src/lib.rs:519:37
[INFO] [stdout]   27:     0x5615b36f07f2 - std::sys_common::backtrace::__rust_begin_short_backtrace::hb560b77c4f701523
[INFO] [stdout]                                at /rustc/a178d0322ce20e33eac124758e837cbd80a6f633/library/std/src/sys_common/backtrace.rs:125:18
[INFO] [stdout]   28:     0x5615b36f43a8 - std::thread::Builder::spawn_unchecked::{{closure}}::{{closure}}::hf2e7831dad93c597
[INFO] [stdout]                                at /rustc/a178d0322ce20e33eac124758e837cbd80a6f633/library/std/src/thread/mod.rs:481:17
[INFO] [stdout]   29:     0x5615b36f43a8 - <std::panic::AssertUnwindSafe<F> as core::ops::function::FnOnce<()>>::call_once::hd2e08783d8be4d02
[INFO] [stdout]                                at /rustc/a178d0322ce20e33eac124758e837cbd80a6f633/library/std/src/panic.rs:347:9
[INFO] [stdout]   30:     0x5615b36f43a8 - std::panicking::try::do_call::h062597b7acfd6b82
[INFO] [stdout]                                at /rustc/a178d0322ce20e33eac124758e837cbd80a6f633/library/std/src/panicking.rs:401:40
[INFO] [stdout]   31:     0x5615b36f43a8 - std::panicking::try::h0d7b79db04c14552
[INFO] [stdout]                                at /rustc/a178d0322ce20e33eac124758e837cbd80a6f633/library/std/src/panicking.rs:365:19
[INFO] [stdout]   32:     0x5615b36f43a8 - std::panic::catch_unwind::hb01a0b5e7c8cd43b
[INFO] [stdout]                                at /rustc/a178d0322ce20e33eac124758e837cbd80a6f633/library/std/src/panic.rs:434:14
[INFO] [stdout]   33:     0x5615b36f43a8 - std::thread::Builder::spawn_unchecked::{{closure}}::h5bde48cc887e0d1e
[INFO] [stdout]                                at /rustc/a178d0322ce20e33eac124758e837cbd80a6f633/library/std/src/thread/mod.rs:480:30
[INFO] [stdout]   34:     0x5615b36f43a8 - core::ops::function::FnOnce::call_once{{vtable.shim}}::h745ea30807a29e55
[INFO] [stdout]                                at /rustc/a178d0322ce20e33eac124758e837cbd80a6f633/library/core/src/ops/function.rs:227:5
[INFO] [stdout]   35:     0x5615b3815147 - <alloc::boxed::Box<F,A> as core::ops::function::FnOnce<Args>>::call_once::h7ece6cfefaff1005
[INFO] [stdout]                                at /rustc/a178d0322ce20e33eac124758e837cbd80a6f633/library/alloc/src/boxed.rs:1575:9
[INFO] [stdout]   36:     0x5615b3815147 - <alloc::boxed::Box<F,A> as core::ops::function::FnOnce<Args>>::call_once::hb8b48e55c21f193e
[INFO] [stdout]                                at /rustc/a178d0322ce20e33eac124758e837cbd80a6f633/library/alloc/src/boxed.rs:1575:9
[INFO] [stdout]   37:     0x5615b3815147 - std::sys::unix::thread::Thread::new::thread_start::h8c7c4450dba62914
[INFO] [stdout]                                at /rustc/a178d0322ce20e33eac124758e837cbd80a6f633/library/std/src/sys/unix/thread.rs:71:17
[INFO] [stdout]   38:     0x7f184b752609 - start_thread
[INFO] [stdout]   39:     0x7f184b528293 - clone
[INFO] [stdout]   40:                0x0 - <unknown>
[INFO] [stdout] 
[INFO] [stdout] 
[INFO] [stdout] failures:
[INFO] [stdout]     tests::create_as_other
[INFO] [stdout] 
[INFO] [stdout] test result: FAILED. 50 passed; 1 failed; 0 ignored; 0 measured; 0 filtered out; finished in 0.27s
[INFO] [stdout] 
[INFO] [stderr] error: test failed, to rerun pass '--lib'
[INFO] running `Command { std: "docker" "inspect" "6117da00797f4924e657ed93664b3bf9976d662d07fb4e875445b9b818a57499", kill_on_drop: false }`
[INFO] running `Command { std: "docker" "rm" "-f" "6117da00797f4924e657ed93664b3bf9976d662d07fb4e875445b9b818a57499", kill_on_drop: false }`
[INFO] [stdout] 6117da00797f4924e657ed93664b3bf9976d662d07fb4e875445b9b818a57499
