[INFO] fetching crate salak_factory 0.10.0...
[INFO] testing salak_factory-0.10.0 against 1.54.0 for beta-1.55-1
[INFO] extracting crate salak_factory 0.10.0 into /workspace/builds/worker-21/source
[INFO] validating manifest of crates.io crate salak_factory 0.10.0 on toolchain 1.54.0
[INFO] running `Command { std: "/workspace/cargo-home/bin/cargo" "+1.54.0" "metadata" "--manifest-path" "Cargo.toml" "--no-deps", kill_on_drop: false }`
[INFO] started tweaking crates.io crate salak_factory 0.10.0
[INFO] removed 0 missing examples
[INFO] finished tweaking crates.io crate salak_factory 0.10.0
[INFO] tweaked toml for crates.io crate salak_factory 0.10.0 written to /workspace/builds/worker-21/source/Cargo.toml
[INFO] crate crates.io crate salak_factory 0.10.0 already has a lockfile, it will not be regenerated
[INFO] running `Command { std: "/workspace/cargo-home/bin/cargo" "+1.54.0" "fetch" "--manifest-path" "Cargo.toml", kill_on_drop: false }`
[INFO] [stderr]     Blocking waiting for file lock on package cache
[INFO] [stderr]     Blocking waiting for file lock on package cache
[INFO] running `Command { std: "docker" "create" "-v" "/var/lib/crater-agent-workspace/builds/worker-21/target:/opt/rustwide/target:rw,Z" "-v" "/var/lib/crater-agent-workspace/builds/worker-21/source:/opt/rustwide/workdir:ro,Z" "-v" "/var/lib/crater-agent-workspace/cargo-home:/opt/rustwide/cargo-home:ro,Z" "-v" "/var/lib/crater-agent-workspace/rustup-home:/opt/rustwide/rustup-home:ro,Z" "-e" "SOURCE_DIR=/opt/rustwide/workdir" "-e" "CARGO_TARGET_DIR=/opt/rustwide/target" "-e" "CARGO_HOME=/opt/rustwide/cargo-home" "-e" "RUSTUP_HOME=/opt/rustwide/rustup-home" "-w" "/opt/rustwide/workdir" "-m" "1610612736" "--user" "0:0" "--network" "none" "ghcr.io/rust-lang/crates-build-env/linux@sha256:34b6a614d2c27851fe6cbf88fbd1137609cefab8b10d0615aaeb6fd47975d74e" "/opt/rustwide/cargo-home/bin/cargo" "+1.54.0" "metadata" "--no-deps" "--format-version=1", kill_on_drop: false }`
[INFO] [stdout] 45eed36a8e4556fe86ddd155632418a04f378953fdbdf639dc94766f23d94965
[INFO] running `Command { std: "docker" "start" "-a" "45eed36a8e4556fe86ddd155632418a04f378953fdbdf639dc94766f23d94965", kill_on_drop: false }`
[INFO] running `Command { std: "docker" "inspect" "45eed36a8e4556fe86ddd155632418a04f378953fdbdf639dc94766f23d94965", kill_on_drop: false }`
[INFO] running `Command { std: "docker" "rm" "-f" "45eed36a8e4556fe86ddd155632418a04f378953fdbdf639dc94766f23d94965", kill_on_drop: false }`
[INFO] [stdout] 45eed36a8e4556fe86ddd155632418a04f378953fdbdf639dc94766f23d94965
[INFO] running `Command { std: "docker" "create" "-v" "/var/lib/crater-agent-workspace/builds/worker-21/target:/opt/rustwide/target:rw,Z" "-v" "/var/lib/crater-agent-workspace/builds/worker-21/source:/opt/rustwide/workdir:ro,Z" "-v" "/var/lib/crater-agent-workspace/cargo-home:/opt/rustwide/cargo-home:ro,Z" "-v" "/var/lib/crater-agent-workspace/rustup-home:/opt/rustwide/rustup-home:ro,Z" "-e" "SOURCE_DIR=/opt/rustwide/workdir" "-e" "CARGO_TARGET_DIR=/opt/rustwide/target" "-e" "CARGO_INCREMENTAL=0" "-e" "RUST_BACKTRACE=full" "-e" "RUSTFLAGS=--cap-lints=warn" "-e" "CARGO_HOME=/opt/rustwide/cargo-home" "-e" "RUSTUP_HOME=/opt/rustwide/rustup-home" "-w" "/opt/rustwide/workdir" "-m" "1610612736" "--user" "0:0" "--network" "none" "ghcr.io/rust-lang/crates-build-env/linux@sha256:34b6a614d2c27851fe6cbf88fbd1137609cefab8b10d0615aaeb6fd47975d74e" "/opt/rustwide/cargo-home/bin/cargo" "+1.54.0" "build" "--frozen" "--message-format=json", kill_on_drop: false }`
[INFO] [stdout] 161369d4029f8ac4d2b509707f45be06d9a70f5b4d265e139f796d576a8cba5b
[INFO] running `Command { std: "docker" "start" "-a" "161369d4029f8ac4d2b509707f45be06d9a70f5b4d265e139f796d576a8cba5b", kill_on_drop: false }`
[INFO] [stderr]    Compiling proc-macro2 v1.0.28
[INFO] [stderr]    Compiling syn v1.0.74
[INFO] [stderr]    Compiling serde v1.0.126
[INFO] [stderr]    Compiling smallvec v1.6.1
[INFO] [stderr]    Compiling ppv-lite86 v0.2.10
[INFO] [stderr]    Compiling scopeguard v1.1.0
[INFO] [stderr]    Compiling unicode-width v0.1.8
[INFO] [stderr]    Compiling instant v0.1.10
[INFO] [stderr]    Compiling getrandom v0.2.3
[INFO] [stderr]    Compiling pad v0.1.6
[INFO] [stderr]    Compiling lock_api v0.4.4
[INFO] [stderr]    Compiling rand_core v0.6.3
[INFO] [stderr]    Compiling parking_lot_core v0.8.3
[INFO] [stderr]    Compiling rand_chacha v0.3.1
[INFO] [stderr]    Compiling parking_lot v0.11.1
[INFO] [stderr]    Compiling rand v0.8.4
[INFO] [stderr]    Compiling toml v0.5.8
[INFO] [stderr]    Compiling quote v1.0.9
[INFO] [stderr]    Compiling salak_derive v0.8.0
[INFO] [stderr]    Compiling salak v0.14.0
[INFO] [stderr]    Compiling salak_factory v0.10.0 (/opt/rustwide/workdir)
[INFO] [stderr]     Finished dev [unoptimized + debuginfo] target(s) in 27.13s
[INFO] running `Command { std: "docker" "inspect" "161369d4029f8ac4d2b509707f45be06d9a70f5b4d265e139f796d576a8cba5b", kill_on_drop: false }`
[INFO] running `Command { std: "docker" "rm" "-f" "161369d4029f8ac4d2b509707f45be06d9a70f5b4d265e139f796d576a8cba5b", kill_on_drop: false }`
[INFO] [stdout] 161369d4029f8ac4d2b509707f45be06d9a70f5b4d265e139f796d576a8cba5b
[INFO] running `Command { std: "docker" "create" "-v" "/var/lib/crater-agent-workspace/builds/worker-21/target:/opt/rustwide/target:rw,Z" "-v" "/var/lib/crater-agent-workspace/builds/worker-21/source:/opt/rustwide/workdir:ro,Z" "-v" "/var/lib/crater-agent-workspace/cargo-home:/opt/rustwide/cargo-home:ro,Z" "-v" "/var/lib/crater-agent-workspace/rustup-home:/opt/rustwide/rustup-home:ro,Z" "-e" "SOURCE_DIR=/opt/rustwide/workdir" "-e" "CARGO_TARGET_DIR=/opt/rustwide/target" "-e" "CARGO_INCREMENTAL=0" "-e" "RUST_BACKTRACE=full" "-e" "RUSTFLAGS=--cap-lints=warn" "-e" "CARGO_HOME=/opt/rustwide/cargo-home" "-e" "RUSTUP_HOME=/opt/rustwide/rustup-home" "-w" "/opt/rustwide/workdir" "-m" "1610612736" "--user" "0:0" "--network" "none" "ghcr.io/rust-lang/crates-build-env/linux@sha256:34b6a614d2c27851fe6cbf88fbd1137609cefab8b10d0615aaeb6fd47975d74e" "/opt/rustwide/cargo-home/bin/cargo" "+1.54.0" "test" "--frozen" "--no-run" "--message-format=json", kill_on_drop: false }`
[INFO] [stdout] 4d816c83eeb6625c399d1617794f241a78e332d721759e0407ace2aa6a0e58b0
[INFO] running `Command { std: "docker" "start" "-a" "4d816c83eeb6625c399d1617794f241a78e332d721759e0407ace2aa6a0e58b0", kill_on_drop: false }`
[INFO] [stderr]    Compiling regex-syntax v0.6.25
[INFO] [stderr]    Compiling termcolor v1.1.2
[INFO] [stderr]    Compiling humantime v2.1.0
[INFO] [stderr]    Compiling atty v0.2.14
[INFO] [stderr]    Compiling aho-corasick v0.7.18
[INFO] [stderr]    Compiling regex v1.5.4
[INFO] [stderr]    Compiling env_logger v0.9.0
[INFO] [stderr]    Compiling salak_factory v0.10.0 (/opt/rustwide/workdir)
[INFO] [stderr]     Finished test [unoptimized + debuginfo] target(s) in 5.09s
[INFO] running `Command { std: "docker" "inspect" "4d816c83eeb6625c399d1617794f241a78e332d721759e0407ace2aa6a0e58b0", kill_on_drop: false }`
[INFO] running `Command { std: "docker" "rm" "-f" "4d816c83eeb6625c399d1617794f241a78e332d721759e0407ace2aa6a0e58b0", kill_on_drop: false }`
[INFO] [stdout] 4d816c83eeb6625c399d1617794f241a78e332d721759e0407ace2aa6a0e58b0
[INFO] running `Command { std: "docker" "create" "-v" "/var/lib/crater-agent-workspace/builds/worker-21/target:/opt/rustwide/target:rw,Z" "-v" "/var/lib/crater-agent-workspace/builds/worker-21/source:/opt/rustwide/workdir:ro,Z" "-v" "/var/lib/crater-agent-workspace/cargo-home:/opt/rustwide/cargo-home:ro,Z" "-v" "/var/lib/crater-agent-workspace/rustup-home:/opt/rustwide/rustup-home:ro,Z" "-e" "SOURCE_DIR=/opt/rustwide/workdir" "-e" "CARGO_TARGET_DIR=/opt/rustwide/target" "-e" "CARGO_INCREMENTAL=0" "-e" "RUST_BACKTRACE=full" "-e" "RUSTFLAGS=--cap-lints=warn" "-e" "CARGO_HOME=/opt/rustwide/cargo-home" "-e" "RUSTUP_HOME=/opt/rustwide/rustup-home" "-w" "/opt/rustwide/workdir" "-m" "1610612736" "--user" "0:0" "--network" "none" "ghcr.io/rust-lang/crates-build-env/linux@sha256:34b6a614d2c27851fe6cbf88fbd1137609cefab8b10d0615aaeb6fd47975d74e" "/opt/rustwide/cargo-home/bin/cargo" "+1.54.0" "test" "--frozen", kill_on_drop: false }`
[INFO] [stdout] 1598e075d59f8cd8aaee5da5fa8c92d887964ab33790d3e96f4510bcace9df5d
[INFO] running `Command { std: "docker" "start" "-a" "1598e075d59f8cd8aaee5da5fa8c92d887964ab33790d3e96f4510bcace9df5d", kill_on_drop: false }`
[INFO] [stderr]     Finished test [unoptimized + debuginfo] target(s) in 0.31s
[INFO] [stderr]      Running unittests (/opt/rustwide/target/debug/deps/salak_factory-f9452f8a54e5a523)
[INFO] [stdout] 
[INFO] [stdout] running 0 tests
[INFO] [stdout] 
[INFO] [stdout] test result: ok. 0 passed; 0 failed; 0 ignored; 0 measured; 0 filtered out; finished in 0.00s
[INFO] [stdout] 
[INFO] [stderr]    Doc-tests salak_factory
[INFO] [stdout] 
[INFO] [stdout] running 3 tests
[INFO] [stdout] test src/lib.rs - (line 13) - compile ... FAILED
[INFO] [stdout] test src/lib.rs - (line 21) - compile ... FAILED
[INFO] [stdout] test src/lib.rs - (line 29) - compile ... FAILED
[INFO] [stdout] 
[INFO] [stdout] failures:
[INFO] [stdout] 
[INFO] [stdout] ---- src/lib.rs - (line 13) stdout ----
[INFO] [stdout] error[E0432]: unresolved import `salak_factory::redis_default`
[INFO] [stdout]  --> src/lib.rs:16:20
[INFO] [stdout]   |
[INFO] [stdout] 6 | use salak_factory::redis_default::*;
[INFO] [stdout]   |                    ^^^^^^^^^^^^^ could not find `redis_default` in `salak_factory`
[INFO] [stdout] 
[INFO] [stdout] error[E0412]: cannot find type `RedisPool` in this scope
[INFO] [stdout]  --> src/lib.rs:18:38
[INFO] [stdout]   |
[INFO] [stdout] 3 | fn main() { #[allow(non_snake_case)] fn _doctest_main_src_lib_rs_13_0() {
[INFO] [stdout]   |                                                                      - help: you might be missing a type parameter: `<RedisPool>`
[INFO] [stdout] ...
[INFO] [stdout] 8 | let redis_pool = env.init_resource::<RedisPool>().unwrap();
[INFO] [stdout]   |                                      ^^^^^^^^^ not found in this scope
[INFO] [stdout] 
[INFO] [stdout] error: aborting due to 2 previous errors
[INFO] [stdout] 
[INFO] [stdout] Some errors have detailed explanations: E0412, E0432.
[INFO] [stdout] For more information about an error, try `rustc --explain E0412`.
[INFO] [stdout] Couldn't compile the test.
[INFO] [stdout] ---- src/lib.rs - (line 21) stdout ----
[INFO] [stdout] error[E0432]: unresolved import `salak_factory::redis_cluster`
[INFO] [stdout]  --> src/lib.rs:24:20
[INFO] [stdout]   |
[INFO] [stdout] 6 | use salak_factory::redis_cluster::*;
[INFO] [stdout]   |                    ^^^^^^^^^^^^^ could not find `redis_cluster` in `salak_factory`
[INFO] [stdout] 
[INFO] [stdout] error[E0412]: cannot find type `RedisClusterPool` in this scope
[INFO] [stdout]  --> src/lib.rs:26:46
[INFO] [stdout]   |
[INFO] [stdout] 3 | fn main() { #[allow(non_snake_case)] fn _doctest_main_src_lib_rs_21_0() {
[INFO] [stdout]   |                                                                      - help: you might be missing a type parameter: `<RedisClusterPool>`
[INFO] [stdout] ...
[INFO] [stdout] 8 | let redis_cluster_pool = env.init_resource::<RedisClusterPool>().unwrap();
[INFO] [stdout]   |                                              ^^^^^^^^^^^^^^^^ not found in this scope
[INFO] [stdout] 
[INFO] [stdout] error: aborting due to 2 previous errors
[INFO] [stdout] 
[INFO] [stdout] Some errors have detailed explanations: E0412, E0432.
[INFO] [stdout] For more information about an error, try `rustc --explain E0412`.
[INFO] [stdout] Couldn't compile the test.
[INFO] [stdout] ---- src/lib.rs - (line 29) stdout ----
[INFO] [stdout] error[E0432]: unresolved import `salak_factory::postgresql`
[INFO] [stdout]  --> src/lib.rs:32:20
[INFO] [stdout]   |
[INFO] [stdout] 6 | use salak_factory::postgresql::*;
[INFO] [stdout]   |                    ^^^^^^^^^^ could not find `postgresql` in `salak_factory`
[INFO] [stdout] 
[INFO] [stdout] error[E0412]: cannot find type `PostgresPool` in this scope
[INFO] [stdout]  --> src/lib.rs:34:35
[INFO] [stdout]   |
[INFO] [stdout] 3 | fn main() { #[allow(non_snake_case)] fn _doctest_main_src_lib_rs_29_0() {
[INFO] [stdout]   |                                                                      - help: you might be missing a type parameter: `<PostgresPool>`
[INFO] [stdout] ...
[INFO] [stdout] 8 | let pg_pool = env.init_resource::<PostgresPool>().unwrap();
[INFO] [stdout]   |                                   ^^^^^^^^^^^^ not found in this scope
[INFO] [stdout] 
[INFO] [stdout] error: aborting due to 2 previous errors
[INFO] [stdout] 
[INFO] [stdout] Some errors have detailed explanations: E0412, E0432.
[INFO] [stdout] For more information about an error, try `rustc --explain E0412`.
[INFO] [stdout] Couldn't compile the test.
[INFO] [stdout] 
[INFO] [stdout] failures:
[INFO] [stdout]     src/lib.rs - (line 13)
[INFO] [stdout]     src/lib.rs - (line 21)
[INFO] [stdout]     src/lib.rs - (line 29)
[INFO] [stdout] 
[INFO] [stdout] test result: FAILED. 0 passed; 3 failed; 0 ignored; 0 measured; 0 filtered out; finished in 0.32s
[INFO] [stdout] 
[INFO] [stderr] error: test failed, to rerun pass '--doc'
[INFO] running `Command { std: "docker" "inspect" "1598e075d59f8cd8aaee5da5fa8c92d887964ab33790d3e96f4510bcace9df5d", kill_on_drop: false }`
[INFO] running `Command { std: "docker" "rm" "-f" "1598e075d59f8cd8aaee5da5fa8c92d887964ab33790d3e96f4510bcace9df5d", kill_on_drop: false }`
[INFO] [stdout] 1598e075d59f8cd8aaee5da5fa8c92d887964ab33790d3e96f4510bcace9df5d
