[INFO] fetching crate safer_ffi-proc_macro 0.0.6...
[INFO] testing safer_ffi-proc_macro-0.0.6 against beta-2021-08-01 for beta-1.55-1
[INFO] extracting crate safer_ffi-proc_macro 0.0.6 into /workspace/builds/worker-10/source
[INFO] validating manifest of crates.io crate safer_ffi-proc_macro 0.0.6 on toolchain beta-2021-08-01
[INFO] running `Command { std: "/workspace/cargo-home/bin/cargo" "+beta-2021-08-01" "metadata" "--manifest-path" "Cargo.toml" "--no-deps", kill_on_drop: false }`
[INFO] started tweaking crates.io crate safer_ffi-proc_macro 0.0.6
[INFO] finished tweaking crates.io crate safer_ffi-proc_macro 0.0.6
[INFO] tweaked toml for crates.io crate safer_ffi-proc_macro 0.0.6 written to /workspace/builds/worker-10/source/Cargo.toml
[INFO] running `Command { std: "/workspace/cargo-home/bin/cargo" "+beta-2021-08-01" "generate-lockfile" "--manifest-path" "Cargo.toml" "-Zno-index-update", kill_on_drop: false }`
[INFO] [stderr]     Blocking waiting for file lock on package cache
[INFO] running `Command { std: "/workspace/cargo-home/bin/cargo" "+beta-2021-08-01" "fetch" "--manifest-path" "Cargo.toml", kill_on_drop: false }`
[INFO] [stderr]     Blocking waiting for file lock on package cache
[INFO] [stderr]     Blocking waiting for file lock on package cache
[INFO] running `Command { std: "docker" "create" "-v" "/var/lib/crater-agent-workspace/builds/worker-10/target:/opt/rustwide/target:rw,Z" "-v" "/var/lib/crater-agent-workspace/builds/worker-10/source:/opt/rustwide/workdir:ro,Z" "-v" "/var/lib/crater-agent-workspace/cargo-home:/opt/rustwide/cargo-home:ro,Z" "-v" "/var/lib/crater-agent-workspace/rustup-home:/opt/rustwide/rustup-home:ro,Z" "-e" "SOURCE_DIR=/opt/rustwide/workdir" "-e" "CARGO_TARGET_DIR=/opt/rustwide/target" "-e" "CARGO_HOME=/opt/rustwide/cargo-home" "-e" "RUSTUP_HOME=/opt/rustwide/rustup-home" "-w" "/opt/rustwide/workdir" "-m" "1610612736" "--user" "0:0" "--network" "none" "ghcr.io/rust-lang/crates-build-env/linux@sha256:34b6a614d2c27851fe6cbf88fbd1137609cefab8b10d0615aaeb6fd47975d74e" "/opt/rustwide/cargo-home/bin/cargo" "+beta-2021-08-01" "metadata" "--no-deps" "--format-version=1", kill_on_drop: false }`
[INFO] [stdout] 5861ab43249b6f10ebd2f9621d0a370f70e833385e8e9d72bfb2c5fe3f033598
[INFO] running `Command { std: "docker" "start" "-a" "5861ab43249b6f10ebd2f9621d0a370f70e833385e8e9d72bfb2c5fe3f033598", kill_on_drop: false }`
[INFO] running `Command { std: "docker" "inspect" "5861ab43249b6f10ebd2f9621d0a370f70e833385e8e9d72bfb2c5fe3f033598", kill_on_drop: false }`
[INFO] running `Command { std: "docker" "rm" "-f" "5861ab43249b6f10ebd2f9621d0a370f70e833385e8e9d72bfb2c5fe3f033598", kill_on_drop: false }`
[INFO] [stdout] 5861ab43249b6f10ebd2f9621d0a370f70e833385e8e9d72bfb2c5fe3f033598
[INFO] running `Command { std: "docker" "create" "-v" "/var/lib/crater-agent-workspace/builds/worker-10/target:/opt/rustwide/target:rw,Z" "-v" "/var/lib/crater-agent-workspace/builds/worker-10/source:/opt/rustwide/workdir:ro,Z" "-v" "/var/lib/crater-agent-workspace/cargo-home:/opt/rustwide/cargo-home:ro,Z" "-v" "/var/lib/crater-agent-workspace/rustup-home:/opt/rustwide/rustup-home:ro,Z" "-e" "SOURCE_DIR=/opt/rustwide/workdir" "-e" "CARGO_TARGET_DIR=/opt/rustwide/target" "-e" "CARGO_INCREMENTAL=0" "-e" "RUST_BACKTRACE=full" "-e" "RUSTFLAGS=--cap-lints=warn" "-e" "CARGO_HOME=/opt/rustwide/cargo-home" "-e" "RUSTUP_HOME=/opt/rustwide/rustup-home" "-w" "/opt/rustwide/workdir" "-m" "1610612736" "--user" "0:0" "--network" "none" "ghcr.io/rust-lang/crates-build-env/linux@sha256:34b6a614d2c27851fe6cbf88fbd1137609cefab8b10d0615aaeb6fd47975d74e" "/opt/rustwide/cargo-home/bin/cargo" "+beta-2021-08-01" "build" "--frozen" "--message-format=json", kill_on_drop: false }`
[INFO] [stdout] b612ac9f303cf9964a3b8745e47a5a62da147c26e613567b31a3ecb031a18d92
[INFO] running `Command { std: "docker" "start" "-a" "b612ac9f303cf9964a3b8745e47a5a62da147c26e613567b31a3ecb031a18d92", kill_on_drop: false }`
[INFO] [stderr]     Blocking waiting for file lock on package cache
[INFO] [stderr]    Compiling safer_ffi-proc_macro v0.0.6 (/opt/rustwide/workdir)
[INFO] [stderr]     Finished dev [unoptimized + debuginfo] target(s) in 3.24s
[INFO] running `Command { std: "docker" "inspect" "b612ac9f303cf9964a3b8745e47a5a62da147c26e613567b31a3ecb031a18d92", kill_on_drop: false }`
[INFO] running `Command { std: "docker" "rm" "-f" "b612ac9f303cf9964a3b8745e47a5a62da147c26e613567b31a3ecb031a18d92", kill_on_drop: false }`
[INFO] [stdout] b612ac9f303cf9964a3b8745e47a5a62da147c26e613567b31a3ecb031a18d92
[INFO] running `Command { std: "docker" "create" "-v" "/var/lib/crater-agent-workspace/builds/worker-10/target:/opt/rustwide/target:rw,Z" "-v" "/var/lib/crater-agent-workspace/builds/worker-10/source:/opt/rustwide/workdir:ro,Z" "-v" "/var/lib/crater-agent-workspace/cargo-home:/opt/rustwide/cargo-home:ro,Z" "-v" "/var/lib/crater-agent-workspace/rustup-home:/opt/rustwide/rustup-home:ro,Z" "-e" "SOURCE_DIR=/opt/rustwide/workdir" "-e" "CARGO_TARGET_DIR=/opt/rustwide/target" "-e" "CARGO_INCREMENTAL=0" "-e" "RUST_BACKTRACE=full" "-e" "RUSTFLAGS=--cap-lints=warn" "-e" "CARGO_HOME=/opt/rustwide/cargo-home" "-e" "RUSTUP_HOME=/opt/rustwide/rustup-home" "-w" "/opt/rustwide/workdir" "-m" "1610612736" "--user" "0:0" "--network" "none" "ghcr.io/rust-lang/crates-build-env/linux@sha256:34b6a614d2c27851fe6cbf88fbd1137609cefab8b10d0615aaeb6fd47975d74e" "/opt/rustwide/cargo-home/bin/cargo" "+beta-2021-08-01" "test" "--frozen" "--no-run" "--message-format=json", kill_on_drop: false }`
[INFO] [stdout] 29dd660b20ca826b8895bc4365a2b4a4da4ddf393af15ca1d2942c9b48f1ecc7
[INFO] running `Command { std: "docker" "start" "-a" "29dd660b20ca826b8895bc4365a2b4a4da4ddf393af15ca1d2942c9b48f1ecc7", kill_on_drop: false }`
[INFO] [stderr]     Blocking waiting for file lock on package cache
[INFO] [stderr]    Compiling safer_ffi-proc_macro v0.0.6 (/opt/rustwide/workdir)
[INFO] [stderr]     Finished test [unoptimized + debuginfo] target(s) in 1.69s
[INFO] running `Command { std: "docker" "inspect" "29dd660b20ca826b8895bc4365a2b4a4da4ddf393af15ca1d2942c9b48f1ecc7", kill_on_drop: false }`
[INFO] running `Command { std: "docker" "rm" "-f" "29dd660b20ca826b8895bc4365a2b4a4da4ddf393af15ca1d2942c9b48f1ecc7", kill_on_drop: false }`
[INFO] [stdout] 29dd660b20ca826b8895bc4365a2b4a4da4ddf393af15ca1d2942c9b48f1ecc7
[INFO] running `Command { std: "docker" "create" "-v" "/var/lib/crater-agent-workspace/builds/worker-10/target:/opt/rustwide/target:rw,Z" "-v" "/var/lib/crater-agent-workspace/builds/worker-10/source:/opt/rustwide/workdir:ro,Z" "-v" "/var/lib/crater-agent-workspace/cargo-home:/opt/rustwide/cargo-home:ro,Z" "-v" "/var/lib/crater-agent-workspace/rustup-home:/opt/rustwide/rustup-home:ro,Z" "-e" "SOURCE_DIR=/opt/rustwide/workdir" "-e" "CARGO_TARGET_DIR=/opt/rustwide/target" "-e" "CARGO_INCREMENTAL=0" "-e" "RUST_BACKTRACE=full" "-e" "RUSTFLAGS=--cap-lints=warn" "-e" "CARGO_HOME=/opt/rustwide/cargo-home" "-e" "RUSTUP_HOME=/opt/rustwide/rustup-home" "-w" "/opt/rustwide/workdir" "-m" "1610612736" "--user" "0:0" "--network" "none" "ghcr.io/rust-lang/crates-build-env/linux@sha256:34b6a614d2c27851fe6cbf88fbd1137609cefab8b10d0615aaeb6fd47975d74e" "/opt/rustwide/cargo-home/bin/cargo" "+beta-2021-08-01" "test" "--frozen", kill_on_drop: false }`
[INFO] [stdout] d6205e0a378a0bf708eaa8f3bf37f399eae95d41ded2833c7019d37664edc4c2
[INFO] running `Command { std: "docker" "start" "-a" "d6205e0a378a0bf708eaa8f3bf37f399eae95d41ded2833c7019d37664edc4c2", kill_on_drop: false }`
[INFO] [stderr]     Blocking waiting for file lock on package cache
[INFO] [stderr]     Finished test [unoptimized + debuginfo] target(s) in 0.11s
[INFO] [stderr]      Running unittests (/opt/rustwide/target/debug/deps/safer_ffi_proc_macro-e8e333082103764c)
[INFO] [stdout] 
[INFO] [stdout] running 0 tests
[INFO] [stdout] 
[INFO] [stdout] test result: ok. 0 passed; 0 failed; 0 ignored; 0 measured; 0 filtered out; finished in 0.00s
[INFO] [stdout] 
[INFO] [stderr]    Doc-tests safer_ffi-proc_macro
[INFO] [stdout] 
[INFO] [stdout] running 1 test
[INFO] [stdout] test ffi_export.rs - ffi_export (line 5) ... FAILED
[INFO] [stdout] 
[INFO] [stdout] failures:
[INFO] [stdout] 
[INFO] [stdout] ---- ffi_export.rs - ffi_export (line 5) stdout ----
[INFO] [stdout] error[E0433]: failed to resolve: could not find `safer_ffi` in the list of imported crates
[INFO] [stdout]  --> ffi_export.rs:6:7
[INFO] [stdout]   |
[INFO] [stdout] 3 | use ::safer_ffi::prelude::ffi_export;
[INFO] [stdout]   |       ^^^^^^^^^ could not find `safer_ffi` in the list of imported crates
[INFO] [stdout] 
[INFO] [stdout] error: cannot find attribute `ffi_export` in this scope
[INFO] [stdout]  --> ffi_export.rs:8:3
[INFO] [stdout]   |
[INFO] [stdout] 5 | #[ffi_export]
[INFO] [stdout]   |   ^^^^^^^^^^
[INFO] [stdout] 
[INFO] [stdout] error: aborting due to 2 previous errors
[INFO] [stdout] 
[INFO] [stdout] For more information about this error, try `rustc --explain E0433`.
[INFO] [stdout] Couldn't compile the test.
[INFO] [stdout] 
[INFO] [stdout] failures:
[INFO] [stdout]     ffi_export.rs - ffi_export (line 5)
[INFO] [stdout] 
[INFO] [stdout] test result: FAILED. 0 passed; 1 failed; 0 ignored; 0 measured; 0 filtered out; finished in 0.46s
[INFO] [stdout] 
[INFO] [stderr] error: test failed, to rerun pass '--doc'
[INFO] running `Command { std: "docker" "inspect" "d6205e0a378a0bf708eaa8f3bf37f399eae95d41ded2833c7019d37664edc4c2", kill_on_drop: false }`
[INFO] running `Command { std: "docker" "rm" "-f" "d6205e0a378a0bf708eaa8f3bf37f399eae95d41ded2833c7019d37664edc4c2", kill_on_drop: false }`
[INFO] [stdout] d6205e0a378a0bf708eaa8f3bf37f399eae95d41ded2833c7019d37664edc4c2
