[INFO] fetching crate sae 0.1.1...
[INFO] testing sae-0.1.1 against beta-2021-08-01 for beta-1.55-1
[INFO] extracting crate sae 0.1.1 into /workspace/builds/worker-6/source
[INFO] validating manifest of crates.io crate sae 0.1.1 on toolchain beta-2021-08-01
[INFO] running `Command { std: "/workspace/cargo-home/bin/cargo" "+beta-2021-08-01" "metadata" "--manifest-path" "Cargo.toml" "--no-deps", kill_on_drop: false }`
[INFO] started tweaking crates.io crate sae 0.1.1
[INFO] finished tweaking crates.io crate sae 0.1.1
[INFO] tweaked toml for crates.io crate sae 0.1.1 written to /workspace/builds/worker-6/source/Cargo.toml
[INFO] running `Command { std: "/workspace/cargo-home/bin/cargo" "+beta-2021-08-01" "generate-lockfile" "--manifest-path" "Cargo.toml" "-Zno-index-update", kill_on_drop: false }`
[INFO] running `Command { std: "/workspace/cargo-home/bin/cargo" "+beta-2021-08-01" "fetch" "--manifest-path" "Cargo.toml", kill_on_drop: false }`
[INFO] [stderr]  Downloading crates ...
[INFO] [stderr]   Downloaded slog-term v2.8.0
[INFO] [stderr]   Downloaded slog-async v2.7.0
[INFO] [stderr]   Downloaded rand_xorshift v0.3.0
[INFO] [stderr]   Downloaded rand_distr v0.4.1
[INFO] [stderr]   Downloaded argmin v0.4.6
[INFO] running `Command { std: "docker" "create" "-v" "/var/lib/crater-agent-workspace/builds/worker-6/target:/opt/rustwide/target:rw,Z" "-v" "/var/lib/crater-agent-workspace/builds/worker-6/source:/opt/rustwide/workdir:ro,Z" "-v" "/var/lib/crater-agent-workspace/cargo-home:/opt/rustwide/cargo-home:ro,Z" "-v" "/var/lib/crater-agent-workspace/rustup-home:/opt/rustwide/rustup-home:ro,Z" "-e" "SOURCE_DIR=/opt/rustwide/workdir" "-e" "CARGO_TARGET_DIR=/opt/rustwide/target" "-e" "CARGO_HOME=/opt/rustwide/cargo-home" "-e" "RUSTUP_HOME=/opt/rustwide/rustup-home" "-w" "/opt/rustwide/workdir" "-m" "1610612736" "--user" "0:0" "--network" "none" "ghcr.io/rust-lang/crates-build-env/linux@sha256:34b6a614d2c27851fe6cbf88fbd1137609cefab8b10d0615aaeb6fd47975d74e" "/opt/rustwide/cargo-home/bin/cargo" "+beta-2021-08-01" "metadata" "--no-deps" "--format-version=1", kill_on_drop: false }`
[INFO] [stdout] 2114ebe0064c0d8ce5adf02f43ca83d17d4b6cc354a661b60fe7f3fcc1e8e5a6
[INFO] running `Command { std: "docker" "start" "-a" "2114ebe0064c0d8ce5adf02f43ca83d17d4b6cc354a661b60fe7f3fcc1e8e5a6", kill_on_drop: false }`
[INFO] running `Command { std: "docker" "inspect" "2114ebe0064c0d8ce5adf02f43ca83d17d4b6cc354a661b60fe7f3fcc1e8e5a6", kill_on_drop: false }`
[INFO] running `Command { std: "docker" "rm" "-f" "2114ebe0064c0d8ce5adf02f43ca83d17d4b6cc354a661b60fe7f3fcc1e8e5a6", kill_on_drop: false }`
[INFO] [stdout] 2114ebe0064c0d8ce5adf02f43ca83d17d4b6cc354a661b60fe7f3fcc1e8e5a6
[INFO] running `Command { std: "docker" "create" "-v" "/var/lib/crater-agent-workspace/builds/worker-6/target:/opt/rustwide/target:rw,Z" "-v" "/var/lib/crater-agent-workspace/builds/worker-6/source:/opt/rustwide/workdir:ro,Z" "-v" "/var/lib/crater-agent-workspace/cargo-home:/opt/rustwide/cargo-home:ro,Z" "-v" "/var/lib/crater-agent-workspace/rustup-home:/opt/rustwide/rustup-home:ro,Z" "-e" "SOURCE_DIR=/opt/rustwide/workdir" "-e" "CARGO_TARGET_DIR=/opt/rustwide/target" "-e" "CARGO_INCREMENTAL=0" "-e" "RUST_BACKTRACE=full" "-e" "RUSTFLAGS=--cap-lints=warn" "-e" "CARGO_HOME=/opt/rustwide/cargo-home" "-e" "RUSTUP_HOME=/opt/rustwide/rustup-home" "-w" "/opt/rustwide/workdir" "-m" "1610612736" "--user" "0:0" "--network" "none" "ghcr.io/rust-lang/crates-build-env/linux@sha256:34b6a614d2c27851fe6cbf88fbd1137609cefab8b10d0615aaeb6fd47975d74e" "/opt/rustwide/cargo-home/bin/cargo" "+beta-2021-08-01" "build" "--frozen" "--message-format=json", kill_on_drop: false }`
[INFO] [stdout] 4a83a1422e90c0f277ee8807c0721f08ec8c9791ab71c0846733ecb2c4dce82f
[INFO] running `Command { std: "docker" "start" "-a" "4a83a1422e90c0f277ee8807c0721f08ec8c9791ab71c0846733ecb2c4dce82f", kill_on_drop: false }`
[INFO] [stderr]     Blocking waiting for file lock on package cache
[INFO] [stderr]    Compiling syn v1.0.74
[INFO] [stderr]    Compiling libm v0.2.1
[INFO] [stderr]    Compiling serde_derive v1.0.127
[INFO] [stderr]    Compiling serde v1.0.127
[INFO] [stderr]    Compiling proc-macro-hack v0.5.19
[INFO] [stderr]    Compiling slog v2.7.0
[INFO] [stderr]    Compiling crossbeam-utils v0.8.5
[INFO] [stderr]    Compiling const_fn v0.4.8
[INFO] [stderr]    Compiling ryu v1.0.5
[INFO] [stderr]    Compiling once_cell v1.8.0
[INFO] [stderr]    Compiling serde_json v1.0.66
[INFO] [stderr]    Compiling ppv-lite86 v0.2.10
[INFO] [stderr]    Compiling slog-async v2.7.0
[INFO] [stderr]    Compiling itoa v0.4.7
[INFO] [stderr]    Compiling anyhow v1.0.42
[INFO] [stderr]    Compiling take_mut v0.2.2
[INFO] [stderr]    Compiling num-traits v0.2.14
[INFO] [stderr]    Compiling num-integer v0.1.44
[INFO] [stderr]    Compiling num-bigint v0.4.0
[INFO] [stderr]    Compiling num-iter v0.1.42
[INFO] [stderr]    Compiling num-rational v0.4.0
[INFO] [stderr]    Compiling standback v0.2.17
[INFO] [stderr]    Compiling time v0.2.27
[INFO] [stderr]    Compiling getrandom v0.2.3
[INFO] [stderr]    Compiling time v0.1.43
[INFO] [stderr]    Compiling dirs-sys-next v0.1.2
[INFO] [stderr]    Compiling atty v0.2.14
[INFO] [stderr]    Compiling thread_local v1.1.3
[INFO] [stderr]    Compiling dirs-next v2.0.0
[INFO] [stderr]    Compiling term v0.7.0
[INFO] [stderr]    Compiling crossbeam-channel v0.5.1
[INFO] [stderr]    Compiling num-complex v0.4.0
[INFO] [stderr]    Compiling approx v0.5.0
[INFO] [stderr]    Compiling chrono v0.4.19
[INFO] [stderr]    Compiling slog-term v2.8.0
[INFO] [stderr]    Compiling num v0.4.0
[INFO] [stderr]    Compiling time-macros-impl v0.1.2
[INFO] [stderr]    Compiling thiserror-impl v1.0.26
[INFO] [stderr]    Compiling time-macros v0.1.1
[INFO] [stderr]    Compiling thiserror v1.0.26
[INFO] [stderr]    Compiling instant v0.1.10
[INFO] [stderr]    Compiling rand_core v0.6.3
[INFO] [stderr]    Compiling bincode v1.3.3
[INFO] [stderr]    Compiling rand_chacha v0.3.1
[INFO] [stderr]    Compiling rand_xorshift v0.3.0
[INFO] [stderr]    Compiling rand v0.8.4
[INFO] [stderr]    Compiling slog-json v2.4.0
[INFO] [stderr]    Compiling rand_distr v0.4.1
[INFO] [stderr]    Compiling argmin v0.4.6
[INFO] [stderr]    Compiling sae v0.1.1 (/opt/rustwide/workdir)
[INFO] [stdout] warning: unused variable: `f`
[INFO] [stdout]    --> src/lib.rs:489:19
[INFO] [stdout]     |
[INFO] [stdout] 489 |     fn fmt(&self, f: &mut std::fmt::Formatter<'_>) -> std::fmt::Result {
[INFO] [stdout]     |                   ^ help: if this is intentional, prefix it with an underscore: `_f`
[INFO] [stdout]     |
[INFO] [stdout]     = note: `#[warn(unused_variables)]` on by default
[INFO] [stdout] 
[INFO] [stdout] 
[INFO] [stdout] warning: variable does not need to be mutable
[INFO] [stdout]    --> src/constants.rs:109:9
[INFO] [stdout]     |
[INFO] [stdout] 109 |     let mut materials: std::collections::HashMap<usize, std::collections::HashMap<String, f64>> =
[INFO] [stdout]     |         ----^^^^^^^^^
[INFO] [stdout]     |         |
[INFO] [stdout]     |         help: remove this `mut`
[INFO] [stdout]     |
[INFO] [stdout]     = note: `#[warn(unused_mut)]` on by default
[INFO] [stdout] 
[INFO] [stdout] 
[INFO] [stdout] warning: variable does not need to be mutable
[INFO] [stdout]    --> src/constants.rs:116:9
[INFO] [stdout]     |
[INFO] [stdout] 116 |     let mut motors: std::collections::HashMap<usize, std::collections::HashMap<String, f64>> =
[INFO] [stdout]     |         ----^^^^^^
[INFO] [stdout]     |         |
[INFO] [stdout]     |         help: remove this `mut`
[INFO] [stdout] 
[INFO] [stdout] 
[INFO] [stdout] warning: variable does not need to be mutable
[INFO] [stdout]    --> src/constants.rs:123:9
[INFO] [stdout]     |
[INFO] [stdout] 123 |     let mut suspensions: std::collections::HashMap<usize, std::collections::HashMap<String, f64>> =
[INFO] [stdout]     |         ----^^^^^^^^^^^
[INFO] [stdout]     |         |
[INFO] [stdout]     |         help: remove this `mut`
[INFO] [stdout] 
[INFO] [stdout] 
[INFO] [stdout] warning: constant is never used: `V_CAR`
[INFO] [stdout]  --> src/lib.rs:4:1
[INFO] [stdout]   |
[INFO] [stdout] 4 | const V_CAR: f64 = 26.8;
[INFO] [stdout]   | ^^^^^^^^^^^^^^^^^^^^^^^^
[INFO] [stdout]   |
[INFO] [stdout]   = note: `#[warn(dead_code)]` on by default
[INFO] [stdout] 
[INFO] [stdout] 
[INFO] [stdout] warning: constant is never used: `W_E`
[INFO] [stdout]  --> src/lib.rs:5:1
[INFO] [stdout]   |
[INFO] [stdout] 5 | const W_E: f64 = 3600.0 * 2.0 * std::f64::consts::PI / 60.0;
[INFO] [stdout]   | ^^^^^^^^^^^^^^^^^^^^^^^^^^^^^^^^^^^^^^^^^^^^^^^^^^^^^^^^^^^^
[INFO] [stdout] 
[INFO] [stdout] 
[INFO] [stdout] warning: constant is never used: `RHO_AIR`
[INFO] [stdout]  --> src/lib.rs:6:1
[INFO] [stdout]   |
[INFO] [stdout] 6 | const RHO_AIR: f64 = 1.225;
[INFO] [stdout]   | ^^^^^^^^^^^^^^^^^^^^^^^^^^^
[INFO] [stdout] 
[INFO] [stdout] 
[INFO] [stdout] warning: constant is never used: `R_TRACK`
[INFO] [stdout]  --> src/lib.rs:7:1
[INFO] [stdout]   |
[INFO] [stdout] 7 | const R_TRACK: f64 = 9.0;
[INFO] [stdout]   | ^^^^^^^^^^^^^^^^^^^^^^^^^
[INFO] [stdout] 
[INFO] [stdout] 
[INFO] [stdout] warning: constant is never used: `P_BRAKE`
[INFO] [stdout]  --> src/lib.rs:8:1
[INFO] [stdout]   |
[INFO] [stdout] 8 | const P_BRAKE: f64 = 10_000_000.0;
[INFO] [stdout]   | ^^^^^^^^^^^^^^^^^^^^^^^^^^^^^^^^^^
[INFO] [stdout] 
[INFO] [stdout] 
[INFO] [stdout] warning: constant is never used: `C_DC`
[INFO] [stdout]  --> src/lib.rs:9:1
[INFO] [stdout]   |
[INFO] [stdout] 9 | const C_DC: f64 = 0.04;
[INFO] [stdout]   | ^^^^^^^^^^^^^^^^^^^^^^^
[INFO] [stdout] 
[INFO] [stdout] 
[INFO] [stdout] warning: constant is never used: `GRAVITY`
[INFO] [stdout]   --> src/lib.rs:10:1
[INFO] [stdout]    |
[INFO] [stdout] 10 | const GRAVITY: f64 = 9.81;
[INFO] [stdout]    | ^^^^^^^^^^^^^^^^^^^^^^^^^^
[INFO] [stdout] 
[INFO] [stdout] 
[INFO] [stdout] warning: constant is never used: `Y_SUSPENSION`
[INFO] [stdout]   --> src/lib.rs:11:1
[INFO] [stdout]    |
[INFO] [stdout] 11 | const Y_SUSPENSION: f64 = 0.05;
[INFO] [stdout]    | ^^^^^^^^^^^^^^^^^^^^^^^^^^^^^^^
[INFO] [stdout] 
[INFO] [stdout] 
[INFO] [stdout] warning: constant is never used: `DYDT_SUSPENSION`
[INFO] [stdout]   --> src/lib.rs:12:1
[INFO] [stdout]    |
[INFO] [stdout] 12 | const DYDT_SUSPENSION: f64 = 0.025;
[INFO] [stdout]    | ^^^^^^^^^^^^^^^^^^^^^^^^^^^^^^^^^^^
[INFO] [stdout] 
[INFO] [stdout] 
[INFO] [stdout] warning: constant is never used: `WEIGHTS1`
[INFO] [stdout]   --> src/lib.rs:16:1
[INFO] [stdout]    |
[INFO] [stdout] 16 | const WEIGHTS1: [i32; 11] = [14, 1, 20, 30, 10, 1, 1, 10, 10, 2, 1]; // TODO: Make f64
[INFO] [stdout]    | ^^^^^^^^^^^^^^^^^^^^^^^^^^^^^^^^^^^^^^^^^^^^^^^^^^^^^^^^^^^^^^^^^^^^
[INFO] [stdout] 
[INFO] [stdout] 
[INFO] [stdout] warning: constant is never used: `WEIGHTS2`
[INFO] [stdout]   --> src/lib.rs:17:1
[INFO] [stdout]    |
[INFO] [stdout] 17 | const WEIGHTS2: [i32; 11] = [25, 1, 15, 20, 15, 1, 1, 15, 5, 1, 1]; // TODO: Make f64
[INFO] [stdout]    | ^^^^^^^^^^^^^^^^^^^^^^^^^^^^^^^^^^^^^^^^^^^^^^^^^^^^^^^^^^^^^^^^^^^
[INFO] [stdout] 
[INFO] [stdout] 
[INFO] [stdout] warning: constant is never used: `WEIGHTS3`
[INFO] [stdout]   --> src/lib.rs:18:1
[INFO] [stdout]    |
[INFO] [stdout] 18 | const WEIGHTS3: [i32; 11] = [14, 1, 20, 15, 25, 1, 1, 10, 10, 2, 1]; // TODO: Make f64
[INFO] [stdout]    | ^^^^^^^^^^^^^^^^^^^^^^^^^^^^^^^^^^^^^^^^^^^^^^^^^^^^^^^^^^^^^^^^^^^^
[INFO] [stdout] 
[INFO] [stdout] 
[INFO] [stdout] warning: field is never read: `rear_wing_angle_of_attack`
[INFO] [stdout]   --> src/lib.rs:24:5
[INFO] [stdout]    |
[INFO] [stdout] 24 |     rear_wing_angle_of_attack: f64,
[INFO] [stdout]    |     ^^^^^^^^^^^^^^^^^^^^^^^^^^^^^^
[INFO] [stdout] 
[INFO] [stdout] 
[INFO] [stdout] warning: field is never read: `front_wing_angle_of_attack`
[INFO] [stdout]   --> src/lib.rs:28:5
[INFO] [stdout]    |
[INFO] [stdout] 28 |     front_wing_angle_of_attack: f64,
[INFO] [stdout]    |     ^^^^^^^^^^^^^^^^^^^^^^^^^^^^^^^
[INFO] [stdout] 
[INFO] [stdout] 
[INFO] [stdout] warning: field is never read: `side_wings_angle_of_attack`
[INFO] [stdout]   --> src/lib.rs:32:5
[INFO] [stdout]    |
[INFO] [stdout] 32 |     side_wings_angle_of_attack: f64,
[INFO] [stdout]    |     ^^^^^^^^^^^^^^^^^^^^^^^^^^^^^^^
[INFO] [stdout] 
[INFO] [stdout] 
[INFO] [stdout] warning: field is never read: `rear_tire_pressure`
[INFO] [stdout]   --> src/lib.rs:33:5
[INFO] [stdout]    |
[INFO] [stdout] 33 |     rear_tire_pressure: f64,
[INFO] [stdout]    |     ^^^^^^^^^^^^^^^^^^^^^^^
[INFO] [stdout] 
[INFO] [stdout] 
[INFO] [stdout] warning: field is never read: `front_tire_pressure`
[INFO] [stdout]   --> src/lib.rs:34:5
[INFO] [stdout]    |
[INFO] [stdout] 34 |     front_tire_pressure: f64,
[INFO] [stdout]    |     ^^^^^^^^^^^^^^^^^^^^^^^^
[INFO] [stdout] 
[INFO] [stdout] 
[INFO] [stdout] warning: field is never read: `impact_attenuator_modulus`
[INFO] [stdout]   --> src/lib.rs:46:5
[INFO] [stdout]    |
[INFO] [stdout] 46 |     impact_attenuator_modulus: f64,
[INFO] [stdout]    |     ^^^^^^^^^^^^^^^^^^^^^^^^^^^^^^
[INFO] [stdout] 
[INFO] [stdout] 
[INFO] [stdout] warning: field is never read: `engine_power`
[INFO] [stdout]   --> src/lib.rs:51:5
[INFO] [stdout]    |
[INFO] [stdout] 51 |     engine_power: f64,
[INFO] [stdout]    |     ^^^^^^^^^^^^^^^^^
[INFO] [stdout] 
[INFO] [stdout] 
[INFO] [stdout] warning: field is never read: `engine_length`
[INFO] [stdout]   --> src/lib.rs:52:5
[INFO] [stdout]    |
[INFO] [stdout] 52 |     engine_length: f64,
[INFO] [stdout]    |     ^^^^^^^^^^^^^^^^^^
[INFO] [stdout] 
[INFO] [stdout] 
[INFO] [stdout] warning: field is never read: `engine_height`
[INFO] [stdout]   --> src/lib.rs:53:5
[INFO] [stdout]    |
[INFO] [stdout] 53 |     engine_height: f64,
[INFO] [stdout]    |     ^^^^^^^^^^^^^^^^^^
[INFO] [stdout] 
[INFO] [stdout] 
[INFO] [stdout] warning: field is never read: `engine_torque`
[INFO] [stdout]   --> src/lib.rs:54:5
[INFO] [stdout]    |
[INFO] [stdout] 54 |     engine_torque: f64,
[INFO] [stdout]    |     ^^^^^^^^^^^^^^^^^^
[INFO] [stdout] 
[INFO] [stdout] 
[INFO] [stdout] warning: field is never read: `brake_radius`
[INFO] [stdout]   --> src/lib.rs:56:5
[INFO] [stdout]    |
[INFO] [stdout] 56 |     brake_radius: f64,
[INFO] [stdout]    |     ^^^^^^^^^^^^^^^^^
[INFO] [stdout] 
[INFO] [stdout] 
[INFO] [stdout] warning: field is never read: `brake_thickness`
[INFO] [stdout]   --> src/lib.rs:61:5
[INFO] [stdout]    |
[INFO] [stdout] 61 |     brake_thickness: f64,
[INFO] [stdout]    |     ^^^^^^^^^^^^^^^^^^^^
[INFO] [stdout] 
[INFO] [stdout] 
[INFO] [stdout] warning: field is never read: `rear_suspension_spring_constant`
[INFO] [stdout]   --> src/lib.rs:62:5
[INFO] [stdout]    |
[INFO] [stdout] 62 |     rear_suspension_spring_constant: f64,
[INFO] [stdout]    |     ^^^^^^^^^^^^^^^^^^^^^^^^^^^^^^^^^^^^
[INFO] [stdout] 
[INFO] [stdout] 
[INFO] [stdout] warning: field is never read: `rear_suspension_damping_coefficient`
[INFO] [stdout]   --> src/lib.rs:63:5
[INFO] [stdout]    |
[INFO] [stdout] 63 |     rear_suspension_damping_coefficient: f64,
[INFO] [stdout]    |     ^^^^^^^^^^^^^^^^^^^^^^^^^^^^^^^^^^^^^^^^
[INFO] [stdout] 
[INFO] [stdout] 
[INFO] [stdout] warning: field is never read: `front_suspension_spring_constant`
[INFO] [stdout]   --> src/lib.rs:65:5
[INFO] [stdout]    |
[INFO] [stdout] 65 |     front_suspension_spring_constant: f64,
[INFO] [stdout]    |     ^^^^^^^^^^^^^^^^^^^^^^^^^^^^^^^^^^^^^
[INFO] [stdout] 
[INFO] [stdout] 
[INFO] [stdout] warning: field is never read: `front_suspension_damping_coefficient`
[INFO] [stdout]   --> src/lib.rs:66:5
[INFO] [stdout]    |
[INFO] [stdout] 66 |     front_suspension_damping_coefficient: f64,
[INFO] [stdout]    |     ^^^^^^^^^^^^^^^^^^^^^^^^^^^^^^^^^^^^^^^^^
[INFO] [stdout] 
[INFO] [stdout] 
[INFO] [stdout] warning: 32 warnings emitted
[INFO] [stdout] 
[INFO] [stdout] 
[INFO] [stderr]     Finished dev [unoptimized + debuginfo] target(s) in 30.99s
[INFO] running `Command { std: "docker" "inspect" "4a83a1422e90c0f277ee8807c0721f08ec8c9791ab71c0846733ecb2c4dce82f", kill_on_drop: false }`
[INFO] running `Command { std: "docker" "rm" "-f" "4a83a1422e90c0f277ee8807c0721f08ec8c9791ab71c0846733ecb2c4dce82f", kill_on_drop: false }`
[INFO] [stdout] 4a83a1422e90c0f277ee8807c0721f08ec8c9791ab71c0846733ecb2c4dce82f
[INFO] running `Command { std: "docker" "create" "-v" "/var/lib/crater-agent-workspace/builds/worker-6/target:/opt/rustwide/target:rw,Z" "-v" "/var/lib/crater-agent-workspace/builds/worker-6/source:/opt/rustwide/workdir:ro,Z" "-v" "/var/lib/crater-agent-workspace/cargo-home:/opt/rustwide/cargo-home:ro,Z" "-v" "/var/lib/crater-agent-workspace/rustup-home:/opt/rustwide/rustup-home:ro,Z" "-e" "SOURCE_DIR=/opt/rustwide/workdir" "-e" "CARGO_TARGET_DIR=/opt/rustwide/target" "-e" "CARGO_INCREMENTAL=0" "-e" "RUST_BACKTRACE=full" "-e" "RUSTFLAGS=--cap-lints=warn" "-e" "CARGO_HOME=/opt/rustwide/cargo-home" "-e" "RUSTUP_HOME=/opt/rustwide/rustup-home" "-w" "/opt/rustwide/workdir" "-m" "1610612736" "--user" "0:0" "--network" "none" "ghcr.io/rust-lang/crates-build-env/linux@sha256:34b6a614d2c27851fe6cbf88fbd1137609cefab8b10d0615aaeb6fd47975d74e" "/opt/rustwide/cargo-home/bin/cargo" "+beta-2021-08-01" "test" "--frozen" "--no-run" "--message-format=json", kill_on_drop: false }`
[INFO] [stdout] 0eff0fee2c1bb31ff10af255c05d3c0146188fd8d9c428a21754d45c6a8cf34e
[INFO] running `Command { std: "docker" "start" "-a" "0eff0fee2c1bb31ff10af255c05d3c0146188fd8d9c428a21754d45c6a8cf34e", kill_on_drop: false }`
[INFO] [stdout] warning: unused variable: `f`
[INFO] [stdout]    --> src/lib.rs:489:19
[INFO] [stdout]     |
[INFO] [stdout] 489 |     fn fmt(&self, f: &mut std::fmt::Formatter<'_>) -> std::fmt::Result {
[INFO] [stdout]     |                   ^ help: if this is intentional, prefix it with an underscore: `_f`
[INFO] [stdout]     |
[INFO] [stdout]     = note: `#[warn(unused_variables)]` on by default
[INFO] [stdout] 
[INFO] [stdout] 
[INFO] [stdout] warning: variable does not need to be mutable
[INFO] [stdout]    --> src/constants.rs:109:9
[INFO] [stdout]     |
[INFO] [stdout] 109 |     let mut materials: std::collections::HashMap<usize, std::collections::HashMap<String, f64>> =
[INFO] [stdout]     |         ----^^^^^^^^^
[INFO] [stdout]     |         |
[INFO] [stdout]     |         help: remove this `mut`
[INFO] [stdout]     |
[INFO] [stdout]     = note: `#[warn(unused_mut)]` on by default
[INFO] [stdout] 
[INFO] [stdout] 
[INFO] [stdout] warning: variable does not need to be mutable
[INFO] [stdout]    --> src/constants.rs:116:9
[INFO] [stdout]     |
[INFO] [stdout] 116 |     let mut motors: std::collections::HashMap<usize, std::collections::HashMap<String, f64>> =
[INFO] [stdout]     |         ----^^^^^^
[INFO] [stdout]     |         |
[INFO] [stdout]     |         help: remove this `mut`
[INFO] [stdout] 
[INFO] [stdout] 
[INFO] [stderr]    Compiling sae v0.1.1 (/opt/rustwide/workdir)
[INFO] [stdout] warning: variable does not need to be mutable
[INFO] [stdout]    --> src/constants.rs:123:9
[INFO] [stdout]     |
[INFO] [stdout] 123 |     let mut suspensions: std::collections::HashMap<usize, std::collections::HashMap<String, f64>> =
[INFO] [stdout]     |         ----^^^^^^^^^^^
[INFO] [stdout]     |         |
[INFO] [stdout]     |         help: remove this `mut`
[INFO] [stdout] 
[INFO] [stdout] 
[INFO] [stdout] warning: constant is never used: `V_CAR`
[INFO] [stdout]  --> src/lib.rs:4:1
[INFO] [stdout]   |
[INFO] [stdout] 4 | const V_CAR: f64 = 26.8;
[INFO] [stdout]   | ^^^^^^^^^^^^^^^^^^^^^^^^
[INFO] [stdout]   |
[INFO] [stdout]   = note: `#[warn(dead_code)]` on by default
[INFO] [stdout] 
[INFO] [stdout] 
[INFO] [stdout] warning: constant is never used: `W_E`
[INFO] [stdout]  --> src/lib.rs:5:1
[INFO] [stdout]   |
[INFO] [stdout] 5 | const W_E: f64 = 3600.0 * 2.0 * std::f64::consts::PI / 60.0;
[INFO] [stdout]   | ^^^^^^^^^^^^^^^^^^^^^^^^^^^^^^^^^^^^^^^^^^^^^^^^^^^^^^^^^^^^
[INFO] [stdout] 
[INFO] [stdout] 
[INFO] [stdout] warning: constant is never used: `RHO_AIR`
[INFO] [stdout]  --> src/lib.rs:6:1
[INFO] [stdout]   |
[INFO] [stdout] 6 | const RHO_AIR: f64 = 1.225;
[INFO] [stdout]   | ^^^^^^^^^^^^^^^^^^^^^^^^^^^
[INFO] [stdout] 
[INFO] [stdout] 
[INFO] [stdout] warning: constant is never used: `R_TRACK`
[INFO] [stdout]  --> src/lib.rs:7:1
[INFO] [stdout]   |
[INFO] [stdout] 7 | const R_TRACK: f64 = 9.0;
[INFO] [stdout]   | ^^^^^^^^^^^^^^^^^^^^^^^^^
[INFO] [stdout] 
[INFO] [stdout] 
[INFO] [stdout] warning: constant is never used: `P_BRAKE`
[INFO] [stdout]  --> src/lib.rs:8:1
[INFO] [stdout]   |
[INFO] [stdout] 8 | const P_BRAKE: f64 = 10_000_000.0;
[INFO] [stdout]   | ^^^^^^^^^^^^^^^^^^^^^^^^^^^^^^^^^^
[INFO] [stdout] 
[INFO] [stdout] 
[INFO] [stdout] warning: constant is never used: `C_DC`
[INFO] [stdout]  --> src/lib.rs:9:1
[INFO] [stdout]   |
[INFO] [stdout] 9 | const C_DC: f64 = 0.04;
[INFO] [stdout]   | ^^^^^^^^^^^^^^^^^^^^^^^
[INFO] [stdout] 
[INFO] [stdout] 
[INFO] [stdout] warning: constant is never used: `GRAVITY`
[INFO] [stdout]   --> src/lib.rs:10:1
[INFO] [stdout]    |
[INFO] [stdout] 10 | const GRAVITY: f64 = 9.81;
[INFO] [stdout]    | ^^^^^^^^^^^^^^^^^^^^^^^^^^
[INFO] [stdout] 
[INFO] [stdout] 
[INFO] [stdout] warning: constant is never used: `Y_SUSPENSION`
[INFO] [stdout]   --> src/lib.rs:11:1
[INFO] [stdout]    |
[INFO] [stdout] 11 | const Y_SUSPENSION: f64 = 0.05;
[INFO] [stdout]    | ^^^^^^^^^^^^^^^^^^^^^^^^^^^^^^^
[INFO] [stdout] 
[INFO] [stdout] 
[INFO] [stdout] warning: constant is never used: `DYDT_SUSPENSION`
[INFO] [stdout]   --> src/lib.rs:12:1
[INFO] [stdout]    |
[INFO] [stdout] 12 | const DYDT_SUSPENSION: f64 = 0.025;
[INFO] [stdout]    | ^^^^^^^^^^^^^^^^^^^^^^^^^^^^^^^^^^^
[INFO] [stdout] 
[INFO] [stdout] 
[INFO] [stdout] warning: constant is never used: `WEIGHTS1`
[INFO] [stdout]   --> src/lib.rs:16:1
[INFO] [stdout]    |
[INFO] [stdout] 16 | const WEIGHTS1: [i32; 11] = [14, 1, 20, 30, 10, 1, 1, 10, 10, 2, 1]; // TODO: Make f64
[INFO] [stdout]    | ^^^^^^^^^^^^^^^^^^^^^^^^^^^^^^^^^^^^^^^^^^^^^^^^^^^^^^^^^^^^^^^^^^^^
[INFO] [stdout] 
[INFO] [stdout] 
[INFO] [stdout] warning: constant is never used: `WEIGHTS2`
[INFO] [stdout]   --> src/lib.rs:17:1
[INFO] [stdout]    |
[INFO] [stdout] 17 | const WEIGHTS2: [i32; 11] = [25, 1, 15, 20, 15, 1, 1, 15, 5, 1, 1]; // TODO: Make f64
[INFO] [stdout]    | ^^^^^^^^^^^^^^^^^^^^^^^^^^^^^^^^^^^^^^^^^^^^^^^^^^^^^^^^^^^^^^^^^^^
[INFO] [stdout] 
[INFO] [stdout] 
[INFO] [stdout] warning: constant is never used: `WEIGHTS3`
[INFO] [stdout]   --> src/lib.rs:18:1
[INFO] [stdout]    |
[INFO] [stdout] 18 | const WEIGHTS3: [i32; 11] = [14, 1, 20, 15, 25, 1, 1, 10, 10, 2, 1]; // TODO: Make f64
[INFO] [stdout]    | ^^^^^^^^^^^^^^^^^^^^^^^^^^^^^^^^^^^^^^^^^^^^^^^^^^^^^^^^^^^^^^^^^^^^
[INFO] [stdout] 
[INFO] [stdout] 
[INFO] [stdout] warning: field is never read: `rear_wing_angle_of_attack`
[INFO] [stdout]   --> src/lib.rs:24:5
[INFO] [stdout]    |
[INFO] [stdout] 24 |     rear_wing_angle_of_attack: f64,
[INFO] [stdout]    |     ^^^^^^^^^^^^^^^^^^^^^^^^^^^^^^
[INFO] [stdout] 
[INFO] [stdout] 
[INFO] [stdout] warning: field is never read: `front_wing_angle_of_attack`
[INFO] [stdout]   --> src/lib.rs:28:5
[INFO] [stdout]    |
[INFO] [stdout] 28 |     front_wing_angle_of_attack: f64,
[INFO] [stdout]    |     ^^^^^^^^^^^^^^^^^^^^^^^^^^^^^^^
[INFO] [stdout] 
[INFO] [stdout] 
[INFO] [stdout] warning: field is never read: `side_wings_angle_of_attack`
[INFO] [stdout]   --> src/lib.rs:32:5
[INFO] [stdout]    |
[INFO] [stdout] 32 |     side_wings_angle_of_attack: f64,
[INFO] [stdout]    |     ^^^^^^^^^^^^^^^^^^^^^^^^^^^^^^^
[INFO] [stdout] 
[INFO] [stdout] 
[INFO] [stdout] warning: field is never read: `rear_tire_pressure`
[INFO] [stdout]   --> src/lib.rs:33:5
[INFO] [stdout]    |
[INFO] [stdout] 33 |     rear_tire_pressure: f64,
[INFO] [stdout]    |     ^^^^^^^^^^^^^^^^^^^^^^^
[INFO] [stdout] 
[INFO] [stdout] 
[INFO] [stdout] warning: field is never read: `front_tire_pressure`
[INFO] [stdout]   --> src/lib.rs:34:5
[INFO] [stdout]    |
[INFO] [stdout] 34 |     front_tire_pressure: f64,
[INFO] [stdout]    |     ^^^^^^^^^^^^^^^^^^^^^^^^
[INFO] [stdout] 
[INFO] [stdout] 
[INFO] [stdout] warning: field is never read: `impact_attenuator_modulus`
[INFO] [stdout]   --> src/lib.rs:46:5
[INFO] [stdout]    |
[INFO] [stdout] 46 |     impact_attenuator_modulus: f64,
[INFO] [stdout]    |     ^^^^^^^^^^^^^^^^^^^^^^^^^^^^^^
[INFO] [stdout] 
[INFO] [stdout] 
[INFO] [stdout] warning: field is never read: `engine_power`
[INFO] [stdout]   --> src/lib.rs:51:5
[INFO] [stdout]    |
[INFO] [stdout] 51 |     engine_power: f64,
[INFO] [stdout]    |     ^^^^^^^^^^^^^^^^^
[INFO] [stdout] 
[INFO] [stdout] 
[INFO] [stdout] warning: field is never read: `engine_length`
[INFO] [stdout]   --> src/lib.rs:52:5
[INFO] [stdout]    |
[INFO] [stdout] 52 |     engine_length: f64,
[INFO] [stdout]    |     ^^^^^^^^^^^^^^^^^^
[INFO] [stdout] 
[INFO] [stdout] 
[INFO] [stdout] warning: field is never read: `engine_height`
[INFO] [stdout]   --> src/lib.rs:53:5
[INFO] [stdout]    |
[INFO] [stdout] 53 |     engine_height: f64,
[INFO] [stdout]    |     ^^^^^^^^^^^^^^^^^^
[INFO] [stdout] 
[INFO] [stdout] 
[INFO] [stdout] warning: field is never read: `engine_torque`
[INFO] [stdout]   --> src/lib.rs:54:5
[INFO] [stdout]    |
[INFO] [stdout] 54 |     engine_torque: f64,
[INFO] [stdout]    |     ^^^^^^^^^^^^^^^^^^
[INFO] [stdout] 
[INFO] [stdout] 
[INFO] [stdout] warning: field is never read: `brake_radius`
[INFO] [stdout]   --> src/lib.rs:56:5
[INFO] [stdout]    |
[INFO] [stdout] 56 |     brake_radius: f64,
[INFO] [stdout]    |     ^^^^^^^^^^^^^^^^^
[INFO] [stdout] 
[INFO] [stdout] 
[INFO] [stdout] warning: field is never read: `brake_thickness`
[INFO] [stdout]   --> src/lib.rs:61:5
[INFO] [stdout]    |
[INFO] [stdout] 61 |     brake_thickness: f64,
[INFO] [stdout]    |     ^^^^^^^^^^^^^^^^^^^^
[INFO] [stdout] 
[INFO] [stdout] 
[INFO] [stdout] warning: field is never read: `rear_suspension_spring_constant`
[INFO] [stdout]   --> src/lib.rs:62:5
[INFO] [stdout]    |
[INFO] [stdout] 62 |     rear_suspension_spring_constant: f64,
[INFO] [stdout]    |     ^^^^^^^^^^^^^^^^^^^^^^^^^^^^^^^^^^^^
[INFO] [stdout] 
[INFO] [stdout] 
[INFO] [stdout] warning: field is never read: `rear_suspension_damping_coefficient`
[INFO] [stdout]   --> src/lib.rs:63:5
[INFO] [stdout]    |
[INFO] [stdout] 63 |     rear_suspension_damping_coefficient: f64,
[INFO] [stdout]    |     ^^^^^^^^^^^^^^^^^^^^^^^^^^^^^^^^^^^^^^^^
[INFO] [stdout] 
[INFO] [stdout] 
[INFO] [stdout] warning: field is never read: `front_suspension_spring_constant`
[INFO] [stdout]   --> src/lib.rs:65:5
[INFO] [stdout]    |
[INFO] [stdout] 65 |     front_suspension_spring_constant: f64,
[INFO] [stdout]    |     ^^^^^^^^^^^^^^^^^^^^^^^^^^^^^^^^^^^^^
[INFO] [stdout] 
[INFO] [stdout] 
[INFO] [stdout] warning: field is never read: `front_suspension_damping_coefficient`
[INFO] [stdout]   --> src/lib.rs:66:5
[INFO] [stdout]    |
[INFO] [stdout] 66 |     front_suspension_damping_coefficient: f64,
[INFO] [stdout]    |     ^^^^^^^^^^^^^^^^^^^^^^^^^^^^^^^^^^^^^^^^^
[INFO] [stdout] 
[INFO] [stdout] 
[INFO] [stdout] warning: 32 warnings emitted
[INFO] [stdout] 
[INFO] [stdout] 
[INFO] [stdout] warning: unused variable: `f`
[INFO] [stdout]    --> src/lib.rs:489:19
[INFO] [stdout]     |
[INFO] [stdout] 489 |     fn fmt(&self, f: &mut std::fmt::Formatter<'_>) -> std::fmt::Result {
[INFO] [stdout]     |                   ^ help: if this is intentional, prefix it with an underscore: `_f`
[INFO] [stdout]     |
[INFO] [stdout]     = note: `#[warn(unused_variables)]` on by default
[INFO] [stdout] 
[INFO] [stdout] 
[INFO] [stdout] warning: variable does not need to be mutable
[INFO] [stdout]    --> src/constants.rs:109:9
[INFO] [stdout]     |
[INFO] [stdout] 109 |     let mut materials: std::collections::HashMap<usize, std::collections::HashMap<String, f64>> =
[INFO] [stdout]     |         ----^^^^^^^^^
[INFO] [stdout]     |         |
[INFO] [stdout]     |         help: remove this `mut`
[INFO] [stdout]     |
[INFO] [stdout]     = note: `#[warn(unused_mut)]` on by default
[INFO] [stdout] 
[INFO] [stdout] 
[INFO] [stdout] warning: variable does not need to be mutable
[INFO] [stdout]    --> src/constants.rs:116:9
[INFO] [stdout]     |
[INFO] [stdout] 116 |     let mut motors: std::collections::HashMap<usize, std::collections::HashMap<String, f64>> =
[INFO] [stdout]     |         ----^^^^^^
[INFO] [stdout]     |         |
[INFO] [stdout]     |         help: remove this `mut`
[INFO] [stdout] 
[INFO] [stdout] 
[INFO] [stdout] warning: variable does not need to be mutable
[INFO] [stdout]    --> src/constants.rs:123:9
[INFO] [stdout]     |
[INFO] [stdout] 123 |     let mut suspensions: std::collections::HashMap<usize, std::collections::HashMap<String, f64>> =
[INFO] [stdout]     |         ----^^^^^^^^^^^
[INFO] [stdout]     |         |
[INFO] [stdout]     |         help: remove this `mut`
[INFO] [stdout] 
[INFO] [stdout] 
[INFO] [stdout] warning: constant is never used: `V_CAR`
[INFO] [stdout]  --> src/lib.rs:4:1
[INFO] [stdout]   |
[INFO] [stdout] 4 | const V_CAR: f64 = 26.8;
[INFO] [stdout]   | ^^^^^^^^^^^^^^^^^^^^^^^^
[INFO] [stdout]   |
[INFO] [stdout]   = note: `#[warn(dead_code)]` on by default
[INFO] [stdout] 
[INFO] [stdout] 
[INFO] [stdout] warning: constant is never used: `W_E`
[INFO] [stdout]  --> src/lib.rs:5:1
[INFO] [stdout]   |
[INFO] [stdout] 5 | const W_E: f64 = 3600.0 * 2.0 * std::f64::consts::PI / 60.0;
[INFO] [stdout]   | ^^^^^^^^^^^^^^^^^^^^^^^^^^^^^^^^^^^^^^^^^^^^^^^^^^^^^^^^^^^^
[INFO] [stdout] 
[INFO] [stdout] 
[INFO] [stdout] warning: constant is never used: `RHO_AIR`
[INFO] [stdout]  --> src/lib.rs:6:1
[INFO] [stdout]   |
[INFO] [stdout] 6 | const RHO_AIR: f64 = 1.225;
[INFO] [stdout]   | ^^^^^^^^^^^^^^^^^^^^^^^^^^^
[INFO] [stdout] 
[INFO] [stdout] 
[INFO] [stdout] warning: constant is never used: `R_TRACK`
[INFO] [stdout]  --> src/lib.rs:7:1
[INFO] [stdout]   |
[INFO] [stdout] 7 | const R_TRACK: f64 = 9.0;
[INFO] [stdout]   | ^^^^^^^^^^^^^^^^^^^^^^^^^
[INFO] [stdout] 
[INFO] [stdout] 
[INFO] [stdout] warning: constant is never used: `P_BRAKE`
[INFO] [stdout]  --> src/lib.rs:8:1
[INFO] [stdout]   |
[INFO] [stdout] 8 | const P_BRAKE: f64 = 10_000_000.0;
[INFO] [stdout]   | ^^^^^^^^^^^^^^^^^^^^^^^^^^^^^^^^^^
[INFO] [stdout] 
[INFO] [stdout] 
[INFO] [stdout] warning: constant is never used: `C_DC`
[INFO] [stdout]  --> src/lib.rs:9:1
[INFO] [stdout]   |
[INFO] [stdout] 9 | const C_DC: f64 = 0.04;
[INFO] [stdout]   | ^^^^^^^^^^^^^^^^^^^^^^^
[INFO] [stdout] 
[INFO] [stdout] 
[INFO] [stdout] warning: constant is never used: `GRAVITY`
[INFO] [stdout]   --> src/lib.rs:10:1
[INFO] [stdout]    |
[INFO] [stdout] 10 | const GRAVITY: f64 = 9.81;
[INFO] [stdout]    | ^^^^^^^^^^^^^^^^^^^^^^^^^^
[INFO] [stdout] 
[INFO] [stdout] 
[INFO] [stdout] warning: constant is never used: `Y_SUSPENSION`
[INFO] [stdout]   --> src/lib.rs:11:1
[INFO] [stdout]    |
[INFO] [stdout] 11 | const Y_SUSPENSION: f64 = 0.05;
[INFO] [stdout]    | ^^^^^^^^^^^^^^^^^^^^^^^^^^^^^^^
[INFO] [stdout] 
[INFO] [stdout] 
[INFO] [stdout] warning: constant is never used: `DYDT_SUSPENSION`
[INFO] [stdout]   --> src/lib.rs:12:1
[INFO] [stdout]    |
[INFO] [stdout] 12 | const DYDT_SUSPENSION: f64 = 0.025;
[INFO] [stdout]    | ^^^^^^^^^^^^^^^^^^^^^^^^^^^^^^^^^^^
[INFO] [stdout] 
[INFO] [stdout] 
[INFO] [stdout] warning: constant is never used: `WEIGHTS1`
[INFO] [stdout]   --> src/lib.rs:16:1
[INFO] [stdout]    |
[INFO] [stdout] 16 | const WEIGHTS1: [i32; 11] = [14, 1, 20, 30, 10, 1, 1, 10, 10, 2, 1]; // TODO: Make f64
[INFO] [stdout]    | ^^^^^^^^^^^^^^^^^^^^^^^^^^^^^^^^^^^^^^^^^^^^^^^^^^^^^^^^^^^^^^^^^^^^
[INFO] [stdout] 
[INFO] [stdout] 
[INFO] [stdout] warning: constant is never used: `WEIGHTS2`
[INFO] [stdout]   --> src/lib.rs:17:1
[INFO] [stdout]    |
[INFO] [stdout] 17 | const WEIGHTS2: [i32; 11] = [25, 1, 15, 20, 15, 1, 1, 15, 5, 1, 1]; // TODO: Make f64
[INFO] [stdout]    | ^^^^^^^^^^^^^^^^^^^^^^^^^^^^^^^^^^^^^^^^^^^^^^^^^^^^^^^^^^^^^^^^^^^
[INFO] [stdout] 
[INFO] [stdout] 
[INFO] [stdout] warning: constant is never used: `WEIGHTS3`
[INFO] [stdout]   --> src/lib.rs:18:1
[INFO] [stdout]    |
[INFO] [stdout] 18 | const WEIGHTS3: [i32; 11] = [14, 1, 20, 15, 25, 1, 1, 10, 10, 2, 1]; // TODO: Make f64
[INFO] [stdout]    | ^^^^^^^^^^^^^^^^^^^^^^^^^^^^^^^^^^^^^^^^^^^^^^^^^^^^^^^^^^^^^^^^^^^^
[INFO] [stdout] 
[INFO] [stdout] 
[INFO] [stdout] warning: field is never read: `rear_wing_angle_of_attack`
[INFO] [stdout]   --> src/lib.rs:24:5
[INFO] [stdout]    |
[INFO] [stdout] 24 |     rear_wing_angle_of_attack: f64,
[INFO] [stdout]    |     ^^^^^^^^^^^^^^^^^^^^^^^^^^^^^^
[INFO] [stdout] 
[INFO] [stdout] 
[INFO] [stdout] warning: field is never read: `front_wing_angle_of_attack`
[INFO] [stdout]   --> src/lib.rs:28:5
[INFO] [stdout]    |
[INFO] [stdout] 28 |     front_wing_angle_of_attack: f64,
[INFO] [stdout]    |     ^^^^^^^^^^^^^^^^^^^^^^^^^^^^^^^
[INFO] [stdout] 
[INFO] [stdout] 
[INFO] [stdout] warning: field is never read: `side_wings_angle_of_attack`
[INFO] [stdout]   --> src/lib.rs:32:5
[INFO] [stdout]    |
[INFO] [stdout] 32 |     side_wings_angle_of_attack: f64,
[INFO] [stdout]    |     ^^^^^^^^^^^^^^^^^^^^^^^^^^^^^^^
[INFO] [stdout] 
[INFO] [stdout] 
[INFO] [stdout] warning: field is never read: `rear_tire_pressure`
[INFO] [stdout]   --> src/lib.rs:33:5
[INFO] [stdout]    |
[INFO] [stdout] 33 |     rear_tire_pressure: f64,
[INFO] [stdout]    |     ^^^^^^^^^^^^^^^^^^^^^^^
[INFO] [stdout] 
[INFO] [stdout] 
[INFO] [stdout] warning: field is never read: `front_tire_pressure`
[INFO] [stdout]   --> src/lib.rs:34:5
[INFO] [stdout]    |
[INFO] [stdout] 34 |     front_tire_pressure: f64,
[INFO] [stdout]    |     ^^^^^^^^^^^^^^^^^^^^^^^^
[INFO] [stdout] 
[INFO] [stdout] 
[INFO] [stdout] warning: field is never read: `impact_attenuator_modulus`
[INFO] [stdout]   --> src/lib.rs:46:5
[INFO] [stdout]    |
[INFO] [stdout] 46 |     impact_attenuator_modulus: f64,
[INFO] [stdout]    |     ^^^^^^^^^^^^^^^^^^^^^^^^^^^^^^
[INFO] [stdout] 
[INFO] [stdout] 
[INFO] [stdout] warning: field is never read: `engine_power`
[INFO] [stdout]   --> src/lib.rs:51:5
[INFO] [stdout]    |
[INFO] [stdout] 51 |     engine_power: f64,
[INFO] [stdout]    |     ^^^^^^^^^^^^^^^^^
[INFO] [stdout] 
[INFO] [stdout] 
[INFO] [stdout] warning: field is never read: `engine_length`
[INFO] [stdout]   --> src/lib.rs:52:5
[INFO] [stdout]    |
[INFO] [stdout] 52 |     engine_length: f64,
[INFO] [stdout]    |     ^^^^^^^^^^^^^^^^^^
[INFO] [stdout] 
[INFO] [stdout] 
[INFO] [stdout] warning: field is never read: `engine_height`
[INFO] [stdout]   --> src/lib.rs:53:5
[INFO] [stdout]    |
[INFO] [stdout] 53 |     engine_height: f64,
[INFO] [stdout]    |     ^^^^^^^^^^^^^^^^^^
[INFO] [stdout] 
[INFO] [stdout] 
[INFO] [stdout] warning: field is never read: `engine_torque`
[INFO] [stdout]   --> src/lib.rs:54:5
[INFO] [stdout]    |
[INFO] [stdout] 54 |     engine_torque: f64,
[INFO] [stdout]    |     ^^^^^^^^^^^^^^^^^^
[INFO] [stdout] 
[INFO] [stdout] 
[INFO] [stdout] warning: field is never read: `brake_radius`
[INFO] [stdout]   --> src/lib.rs:56:5
[INFO] [stdout]    |
[INFO] [stdout] 56 |     brake_radius: f64,
[INFO] [stdout]    |     ^^^^^^^^^^^^^^^^^
[INFO] [stdout] 
[INFO] [stdout] 
[INFO] [stdout] warning: field is never read: `brake_thickness`
[INFO] [stdout]   --> src/lib.rs:61:5
[INFO] [stdout]    |
[INFO] [stdout] 61 |     brake_thickness: f64,
[INFO] [stdout]    |     ^^^^^^^^^^^^^^^^^^^^
[INFO] [stdout] 
[INFO] [stdout] 
[INFO] [stdout] warning: field is never read: `rear_suspension_spring_constant`
[INFO] [stdout]   --> src/lib.rs:62:5
[INFO] [stdout]    |
[INFO] [stdout] 62 |     rear_suspension_spring_constant: f64,
[INFO] [stdout]    |     ^^^^^^^^^^^^^^^^^^^^^^^^^^^^^^^^^^^^
[INFO] [stdout] 
[INFO] [stdout] 
[INFO] [stdout] warning: field is never read: `rear_suspension_damping_coefficient`
[INFO] [stdout]   --> src/lib.rs:63:5
[INFO] [stdout]    |
[INFO] [stdout] 63 |     rear_suspension_damping_coefficient: f64,
[INFO] [stdout]    |     ^^^^^^^^^^^^^^^^^^^^^^^^^^^^^^^^^^^^^^^^
[INFO] [stdout] 
[INFO] [stdout] 
[INFO] [stdout] warning: field is never read: `front_suspension_spring_constant`
[INFO] [stdout]   --> src/lib.rs:65:5
[INFO] [stdout]    |
[INFO] [stdout] 65 |     front_suspension_spring_constant: f64,
[INFO] [stdout]    |     ^^^^^^^^^^^^^^^^^^^^^^^^^^^^^^^^^^^^^
[INFO] [stdout] 
[INFO] [stdout] 
[INFO] [stdout] warning: field is never read: `front_suspension_damping_coefficient`
[INFO] [stdout]   --> src/lib.rs:66:5
[INFO] [stdout]    |
[INFO] [stdout] 66 |     front_suspension_damping_coefficient: f64,
[INFO] [stdout]    |     ^^^^^^^^^^^^^^^^^^^^^^^^^^^^^^^^^^^^^^^^^
[INFO] [stdout] 
[INFO] [stdout] 
[INFO] [stdout] warning: 32 warnings emitted
[INFO] [stdout] 
[INFO] [stdout] 
[INFO] [stderr]     Finished test [unoptimized + debuginfo] target(s) in 2.74s
[INFO] running `Command { std: "docker" "inspect" "0eff0fee2c1bb31ff10af255c05d3c0146188fd8d9c428a21754d45c6a8cf34e", kill_on_drop: false }`
[INFO] running `Command { std: "docker" "rm" "-f" "0eff0fee2c1bb31ff10af255c05d3c0146188fd8d9c428a21754d45c6a8cf34e", kill_on_drop: false }`
[INFO] [stdout] 0eff0fee2c1bb31ff10af255c05d3c0146188fd8d9c428a21754d45c6a8cf34e
[INFO] running `Command { std: "docker" "create" "-v" "/var/lib/crater-agent-workspace/builds/worker-6/target:/opt/rustwide/target:rw,Z" "-v" "/var/lib/crater-agent-workspace/builds/worker-6/source:/opt/rustwide/workdir:ro,Z" "-v" "/var/lib/crater-agent-workspace/cargo-home:/opt/rustwide/cargo-home:ro,Z" "-v" "/var/lib/crater-agent-workspace/rustup-home:/opt/rustwide/rustup-home:ro,Z" "-e" "SOURCE_DIR=/opt/rustwide/workdir" "-e" "CARGO_TARGET_DIR=/opt/rustwide/target" "-e" "CARGO_INCREMENTAL=0" "-e" "RUST_BACKTRACE=full" "-e" "RUSTFLAGS=--cap-lints=warn" "-e" "CARGO_HOME=/opt/rustwide/cargo-home" "-e" "RUSTUP_HOME=/opt/rustwide/rustup-home" "-w" "/opt/rustwide/workdir" "-m" "1610612736" "--user" "0:0" "--network" "none" "ghcr.io/rust-lang/crates-build-env/linux@sha256:34b6a614d2c27851fe6cbf88fbd1137609cefab8b10d0615aaeb6fd47975d74e" "/opt/rustwide/cargo-home/bin/cargo" "+beta-2021-08-01" "test" "--frozen", kill_on_drop: false }`
[INFO] [stdout] 3b3e73b76bd85b82fc1e903bb741164487f0ee89f907d850a6b2ee44fb2864fa
[INFO] running `Command { std: "docker" "start" "-a" "3b3e73b76bd85b82fc1e903bb741164487f0ee89f907d850a6b2ee44fb2864fa", kill_on_drop: false }`
[INFO] [stderr] warning: unused variable: `f`
[INFO] [stderr]    --> src/lib.rs:489:19
[INFO] [stderr]     |
[INFO] [stderr] 489 |     fn fmt(&self, f: &mut std::fmt::Formatter<'_>) -> std::fmt::Result {
[INFO] [stderr]     |                   ^ help: if this is intentional, prefix it with an underscore: `_f`
[INFO] [stderr]     |
[INFO] [stderr]     = note: `#[warn(unused_variables)]` on by default
[INFO] [stderr] 
[INFO] [stderr] warning: variable does not need to be mutable
[INFO] [stderr]    --> src/constants.rs:109:9
[INFO] [stderr]     |
[INFO] [stderr] 109 |     let mut materials: std::collections::HashMap<usize, std::collections::HashMap<String, f64>> =
[INFO] [stderr]     |         ----^^^^^^^^^
[INFO] [stderr]     |         |
[INFO] [stderr]     |         help: remove this `mut`
[INFO] [stderr]     |
[INFO] [stderr]     = note: `#[warn(unused_mut)]` on by default
[INFO] [stderr] 
[INFO] [stderr] warning: variable does not need to be mutable
[INFO] [stderr]    --> src/constants.rs:116:9
[INFO] [stderr]     |
[INFO] [stderr] 116 |     let mut motors: std::collections::HashMap<usize, std::collections::HashMap<String, f64>> =
[INFO] [stderr]     |         ----^^^^^^
[INFO] [stderr]     |         |
[INFO] [stderr]     |         help: remove this `mut`
[INFO] [stderr] 
[INFO] [stderr] warning: variable does not need to be mutable
[INFO] [stderr]    --> src/constants.rs:123:9
[INFO] [stderr]     |
[INFO] [stderr] 123 |     let mut suspensions: std::collections::HashMap<usize, std::collections::HashMap<String, f64>> =
[INFO] [stderr]     |         ----^^^^^^^^^^^
[INFO] [stderr]     |         |
[INFO] [stderr]     |         help: remove this `mut`
[INFO] [stderr] 
[INFO] [stderr] warning: constant is never used: `V_CAR`
[INFO] [stderr]  --> src/lib.rs:4:1
[INFO] [stderr]   |
[INFO] [stderr] 4 | const V_CAR: f64 = 26.8;
[INFO] [stderr]   | ^^^^^^^^^^^^^^^^^^^^^^^^
[INFO] [stderr]   |
[INFO] [stderr]   = note: `#[warn(dead_code)]` on by default
[INFO] [stderr] 
[INFO] [stderr] warning: constant is never used: `W_E`
[INFO] [stderr]  --> src/lib.rs:5:1
[INFO] [stderr]   |
[INFO] [stderr] 5 | const W_E: f64 = 3600.0 * 2.0 * std::f64::consts::PI / 60.0;
[INFO] [stderr]   | ^^^^^^^^^^^^^^^^^^^^^^^^^^^^^^^^^^^^^^^^^^^^^^^^^^^^^^^^^^^^
[INFO] [stderr] 
[INFO] [stderr] warning: constant is never used: `RHO_AIR`
[INFO] [stderr]  --> src/lib.rs:6:1
[INFO] [stderr]   |
[INFO] [stderr] 6 | const RHO_AIR: f64 = 1.225;
[INFO] [stderr]   | ^^^^^^^^^^^^^^^^^^^^^^^^^^^
[INFO] [stderr] 
[INFO] [stderr] warning: constant is never used: `R_TRACK`
[INFO] [stderr]  --> src/lib.rs:7:1
[INFO] [stderr]   |
[INFO] [stderr] 7 | const R_TRACK: f64 = 9.0;
[INFO] [stderr]   | ^^^^^^^^^^^^^^^^^^^^^^^^^
[INFO] [stderr] 
[INFO] [stderr] warning: constant is never used: `P_BRAKE`
[INFO] [stderr]  --> src/lib.rs:8:1
[INFO] [stderr]   |
[INFO] [stderr] 8 | const P_BRAKE: f64 = 10_000_000.0;
[INFO] [stderr]   | ^^^^^^^^^^^^^^^^^^^^^^^^^^^^^^^^^^
[INFO] [stderr] 
[INFO] [stderr] warning: constant is never used: `C_DC`
[INFO] [stderr]  --> src/lib.rs:9:1
[INFO] [stderr]   |
[INFO] [stderr] 9 | const C_DC: f64 = 0.04;
[INFO] [stderr]   | ^^^^^^^^^^^^^^^^^^^^^^^
[INFO] [stderr] 
[INFO] [stderr] warning: constant is never used: `GRAVITY`
[INFO] [stderr]   --> src/lib.rs:10:1
[INFO] [stderr]    |
[INFO] [stderr] 10 | const GRAVITY: f64 = 9.81;
[INFO] [stderr]    | ^^^^^^^^^^^^^^^^^^^^^^^^^^
[INFO] [stderr] 
[INFO] [stderr] warning: constant is never used: `Y_SUSPENSION`
[INFO] [stderr]   --> src/lib.rs:11:1
[INFO] [stderr]    |
[INFO] [stderr] 11 | const Y_SUSPENSION: f64 = 0.05;
[INFO] [stdout] 
[INFO] [stderr]    | ^^^^^^^^^^^^^^^^^^^^^^^^^^^^^^^
[INFO] [stdout] running 1 test
[INFO] [stderr] 
[INFO] [stderr] warning: constant is never used: `DYDT_SUSPENSION`
[INFO] [stderr]   --> src/lib.rs:12:1
[INFO] [stderr]    |
[INFO] [stderr] 12 | const DYDT_SUSPENSION: f64 = 0.025;
[INFO] [stderr]    | ^^^^^^^^^^^^^^^^^^^^^^^^^^^^^^^^^^^
[INFO] [stderr] 
[INFO] [stderr] warning: constant is never used: `WEIGHTS1`
[INFO] [stderr]   --> src/lib.rs:16:1
[INFO] [stderr]    |
[INFO] [stderr] 16 | const WEIGHTS1: [i32; 11] = [14, 1, 20, 30, 10, 1, 1, 10, 10, 2, 1]; // TODO: Make f64
[INFO] [stderr]    | ^^^^^^^^^^^^^^^^^^^^^^^^^^^^^^^^^^^^^^^^^^^^^^^^^^^^^^^^^^^^^^^^^^^^
[INFO] [stderr] 
[INFO] [stderr] warning: constant is never used: `WEIGHTS2`
[INFO] [stderr]   --> src/lib.rs:17:1
[INFO] [stderr]    |
[INFO] [stderr] 17 | const WEIGHTS2: [i32; 11] = [25, 1, 15, 20, 15, 1, 1, 15, 5, 1, 1]; // TODO: Make f64
[INFO] [stderr]    | ^^^^^^^^^^^^^^^^^^^^^^^^^^^^^^^^^^^^^^^^^^^^^^^^^^^^^^^^^^^^^^^^^^^
[INFO] [stderr] 
[INFO] [stderr] warning: constant is never used: `WEIGHTS3`
[INFO] [stderr]   --> src/lib.rs:18:1
[INFO] [stderr]    |
[INFO] [stderr] 18 | const WEIGHTS3: [i32; 11] = [14, 1, 20, 15, 25, 1, 1, 10, 10, 2, 1]; // TODO: Make f64
[INFO] [stderr]    | ^^^^^^^^^^^^^^^^^^^^^^^^^^^^^^^^^^^^^^^^^^^^^^^^^^^^^^^^^^^^^^^^^^^^
[INFO] [stderr] 
[INFO] [stderr] warning: field is never read: `rear_wing_angle_of_attack`
[INFO] [stderr]   --> src/lib.rs:24:5
[INFO] [stderr]    |
[INFO] [stderr] 24 |     rear_wing_angle_of_attack: f64,
[INFO] [stderr]    |     ^^^^^^^^^^^^^^^^^^^^^^^^^^^^^^
[INFO] [stderr] 
[INFO] [stderr] warning: field is never read: `front_wing_angle_of_attack`
[INFO] [stderr]   --> src/lib.rs:28:5
[INFO] [stderr]    |
[INFO] [stderr] 28 |     front_wing_angle_of_attack: f64,
[INFO] [stderr]    |     ^^^^^^^^^^^^^^^^^^^^^^^^^^^^^^^
[INFO] [stderr] 
[INFO] [stderr] warning: field is never read: `side_wings_angle_of_attack`
[INFO] [stderr]   --> src/lib.rs:32:5
[INFO] [stderr]    |
[INFO] [stderr] 32 |     side_wings_angle_of_attack: f64,
[INFO] [stderr]    |     ^^^^^^^^^^^^^^^^^^^^^^^^^^^^^^^
[INFO] [stderr] 
[INFO] [stderr] warning: field is never read: `rear_tire_pressure`
[INFO] [stderr]   --> src/lib.rs:33:5
[INFO] [stderr]    |
[INFO] [stderr] 33 |     rear_tire_pressure: f64,
[INFO] [stderr]    |     ^^^^^^^^^^^^^^^^^^^^^^^
[INFO] [stderr] 
[INFO] [stderr] warning: field is never read: `front_tire_pressure`
[INFO] [stderr]   --> src/lib.rs:34:5
[INFO] [stderr]    |
[INFO] [stderr] 34 |     front_tire_pressure: f64,
[INFO] [stderr]    |     ^^^^^^^^^^^^^^^^^^^^^^^^
[INFO] [stderr] 
[INFO] [stderr] warning: field is never read: `impact_attenuator_modulus`
[INFO] [stderr]   --> src/lib.rs:46:5
[INFO] [stderr]    |
[INFO] [stderr] 46 |     impact_attenuator_modulus: f64,
[INFO] [stderr]    |     ^^^^^^^^^^^^^^^^^^^^^^^^^^^^^^
[INFO] [stderr] 
[INFO] [stderr] warning: field is never read: `engine_power`
[INFO] [stderr]   --> src/lib.rs:51:5
[INFO] [stderr]    |
[INFO] [stderr] 51 |     engine_power: f64,
[INFO] [stderr]    |     ^^^^^^^^^^^^^^^^^
[INFO] [stderr] 
[INFO] [stderr] warning: field is never read: `engine_length`
[INFO] [stderr]   --> src/lib.rs:52:5
[INFO] [stderr]    |
[INFO] [stderr] 52 |     engine_length: f64,
[INFO] [stderr]    |     ^^^^^^^^^^^^^^^^^^
[INFO] [stderr] 
[INFO] [stderr] warning: field is never read: `engine_height`
[INFO] [stderr]   --> src/lib.rs:53:5
[INFO] [stderr]    |
[INFO] [stderr] 53 |     engine_height: f64,
[INFO] [stderr]    |     ^^^^^^^^^^^^^^^^^^
[INFO] [stderr] 
[INFO] [stderr] warning: field is never read: `engine_torque`
[INFO] [stderr]   --> src/lib.rs:54:5
[INFO] [stderr]    |
[INFO] [stderr] 54 |     engine_torque: f64,
[INFO] [stderr]    |     ^^^^^^^^^^^^^^^^^^
[INFO] [stderr] 
[INFO] [stderr] warning: field is never read: `brake_radius`
[INFO] [stderr]   --> src/lib.rs:56:5
[INFO] [stderr]    |
[INFO] [stderr] 56 |     brake_radius: f64,
[INFO] [stderr]    |     ^^^^^^^^^^^^^^^^^
[INFO] [stderr] 
[INFO] [stderr] warning: field is never read: `brake_thickness`
[INFO] [stderr]   --> src/lib.rs:61:5
[INFO] [stderr]    |
[INFO] [stderr] 61 |     brake_thickness: f64,
[INFO] [stderr]    |     ^^^^^^^^^^^^^^^^^^^^
[INFO] [stderr] 
[INFO] [stderr] warning: field is never read: `rear_suspension_spring_constant`
[INFO] [stderr]   --> src/lib.rs:62:5
[INFO] [stderr]    |
[INFO] [stderr] 62 |     rear_suspension_spring_constant: f64,
[INFO] [stderr]    |     ^^^^^^^^^^^^^^^^^^^^^^^^^^^^^^^^^^^^
[INFO] [stderr] 
[INFO] [stderr] warning: field is never read: `rear_suspension_damping_coefficient`
[INFO] [stderr]   --> src/lib.rs:63:5
[INFO] [stderr]    |
[INFO] [stderr] 63 |     rear_suspension_damping_coefficient: f64,
[INFO] [stderr]    |     ^^^^^^^^^^^^^^^^^^^^^^^^^^^^^^^^^^^^^^^^
[INFO] [stderr] 
[INFO] [stderr] warning: field is never read: `front_suspension_spring_constant`
[INFO] [stderr]   --> src/lib.rs:65:5
[INFO] [stderr]    |
[INFO] [stderr] 65 |     front_suspension_spring_constant: f64,
[INFO] [stderr]    |     ^^^^^^^^^^^^^^^^^^^^^^^^^^^^^^^^^^^^^
[INFO] [stderr] 
[INFO] [stderr] warning: field is never read: `front_suspension_damping_coefficient`
[INFO] [stderr]   --> src/lib.rs:66:5
[INFO] [stderr]    |
[INFO] [stderr] 66 |     front_suspension_damping_coefficient: f64,
[INFO] [stderr]    |     ^^^^^^^^^^^^^^^^^^^^^^^^^^^^^^^^^^^^^^^^^
[INFO] [stderr] 
[INFO] [stderr] warning: `sae` (lib) generated 32 warnings
[INFO] [stderr] warning: `sae` (lib test) generated 32 warnings (32 duplicates)
[INFO] [stderr]     Finished test [unoptimized + debuginfo] target(s) in 0.13s
[INFO] [stderr]      Running unittests (/opt/rustwide/target/debug/deps/sae-ede239f87dde50a9)
[INFO] [stdout] test tests::internal ... FAILED
[INFO] [stdout] 
[INFO] [stdout] failures:
[INFO] [stdout] 
[INFO] [stdout] ---- tests::internal stdout ----
[INFO] [stdout] thread 'tests::internal' panicked at 'called `Result::unwrap()` on an `Err` value: NoItem', src/utils.rs:17:48
[INFO] [stdout] stack backtrace:
[INFO] [stdout]    0:     0x56036858c8a0 - std::backtrace_rs::backtrace::libunwind::trace::hff4d1766e93f64f1
[INFO] [stdout]                                at /rustc/53fd98ca776cb875bc9e5514f56b52eb74f9e7a9/library/std/src/../../backtrace/src/backtrace/libunwind.rs:90:5
[INFO] [stdout]    1:     0x56036858c8a0 - std::backtrace_rs::backtrace::trace_unsynchronized::h56bbc8eb78770bcb
[INFO] [stdout]                                at /rustc/53fd98ca776cb875bc9e5514f56b52eb74f9e7a9/library/std/src/../../backtrace/src/backtrace/mod.rs:66:5
[INFO] [stdout]    2:     0x56036858c8a0 - std::sys_common::backtrace::_print_fmt::h5c8e75464faca780
[INFO] [stdout]                                at /rustc/53fd98ca776cb875bc9e5514f56b52eb74f9e7a9/library/std/src/sys_common/backtrace.rs:67:5
[INFO] [stdout]    3:     0x56036858c8a0 - <std::sys_common::backtrace::_print::DisplayBacktrace as core::fmt::Display>::fmt::h48b88277def8b362
[INFO] [stdout]                                at /rustc/53fd98ca776cb875bc9e5514f56b52eb74f9e7a9/library/std/src/sys_common/backtrace.rs:46:22
[INFO] [stdout]    4:     0x5603685af07c - core::fmt::write::h3381b3176fe2b3d3
[INFO] [stdout]                                at /rustc/53fd98ca776cb875bc9e5514f56b52eb74f9e7a9/library/core/src/fmt/mod.rs:1115:17
[INFO] [stdout]    5:     0x560368589805 - std::io::Write::write_fmt::h5f34a676f60246b5
[INFO] [stdout]                                at /rustc/53fd98ca776cb875bc9e5514f56b52eb74f9e7a9/library/std/src/io/mod.rs:1665:15
[INFO] [stdout]    6:     0x56036858ea1b - std::sys_common::backtrace::_print::ha537687d6c17dd0d
[INFO] [stdout]                                at /rustc/53fd98ca776cb875bc9e5514f56b52eb74f9e7a9/library/std/src/sys_common/backtrace.rs:49:5
[INFO] [stdout]    7:     0x56036858ea1b - std::sys_common::backtrace::print::h61376ae57d131d72
[INFO] [stdout]                                at /rustc/53fd98ca776cb875bc9e5514f56b52eb74f9e7a9/library/std/src/sys_common/backtrace.rs:36:9
[INFO] [stdout]    8:     0x56036858ea1b - std::panicking::default_hook::{{closure}}::h0f7208c0b9644a54
[INFO] [stdout]                                at /rustc/53fd98ca776cb875bc9e5514f56b52eb74f9e7a9/library/std/src/panicking.rs:208:50
[INFO] [stdout]    9:     0x56036858e52c - std::panicking::default_hook::hdac7fc06578c14ce
[INFO] [stdout]                                at /rustc/53fd98ca776cb875bc9e5514f56b52eb74f9e7a9/library/std/src/panicking.rs:222:9
[INFO] [stdout]   10:     0x56036858f0e4 - std::panicking::rust_panic_with_hook::h72b21c283da3d1ef
[INFO] [stdout]                                at /rustc/53fd98ca776cb875bc9e5514f56b52eb74f9e7a9/library/std/src/panicking.rs:622:17
[INFO] [stdout]   11:     0x56036858ebc7 - std::panicking::begin_panic_handler::{{closure}}::he5778f1729cff84a
[INFO] [stdout]                                at /rustc/53fd98ca776cb875bc9e5514f56b52eb74f9e7a9/library/std/src/panicking.rs:519:13
[INFO] [stdout]   12:     0x56036858cd7c - std::sys_common::backtrace::__rust_end_short_backtrace::h2d11ca8b453b4b1d
[INFO] [stdout]                                at /rustc/53fd98ca776cb875bc9e5514f56b52eb74f9e7a9/library/std/src/sys_common/backtrace.rs:141:18
[INFO] [stdout]   13:     0x56036858eb29 - rust_begin_unwind
[INFO] [stdout]                                at /rustc/53fd98ca776cb875bc9e5514f56b52eb74f9e7a9/library/std/src/panicking.rs:515:5
[INFO] [stdout]   14:     0x5603684e47d1 - core::panicking::panic_fmt::hf9de31d4acbce4db
[INFO] [stdout]                                at /rustc/53fd98ca776cb875bc9e5514f56b52eb74f9e7a9/library/core/src/panicking.rs:92:14
[INFO] [stdout]   15:     0x5603684e48c3 - core::result::unwrap_failed::ha0c84e81219e5878
[INFO] [stdout]                                at /rustc/53fd98ca776cb875bc9e5514f56b52eb74f9e7a9/library/core/src/result.rs:1599:5
[INFO] [stdout]   16:     0x5603684f0f48 - core::result::Result<T,E>::unwrap::h39cb6227379cd0f0
[INFO] [stdout]                                at /rustc/53fd98ca776cb875bc9e5514f56b52eb74f9e7a9/library/core/src/result.rs:1281:23
[INFO] [stdout]   17:     0x5603684ee0f0 - sae::utils::multinomial_draw::hd67036313ed90244
[INFO] [stdout]                                at /opt/rustwide/workdir/src/utils.rs:17:20
[INFO] [stdout]   18:     0x5603684e90db - sae::Car::new::h391a628c69bc0f74
[INFO] [stdout]                                at /opt/rustwide/workdir/src/lib.rs:93:27
[INFO] [stdout]   19:     0x5603684f1701 - sae::tests::internal::h013f41afa4faf9d8
[INFO] [stdout]                                at /opt/rustwide/workdir/src/lib.rs:500:20
[INFO] [stdout]   20:     0x5603684f16da - sae::tests::internal::{{closure}}::h193442cdecf715ba
[INFO] [stdout]                                at /opt/rustwide/workdir/src/lib.rs:499:5
[INFO] [stdout]   21:     0x5603684ee51e - core::ops::function::FnOnce::call_once::hb56549b7398b5c02
[INFO] [stdout]                                at /rustc/53fd98ca776cb875bc9e5514f56b52eb74f9e7a9/library/core/src/ops/function.rs:227:5
[INFO] [stdout]   22:     0x5603685345e3 - core::ops::function::FnOnce::call_once::hbb52c4519d3137b0
[INFO] [stdout]                                at /rustc/53fd98ca776cb875bc9e5514f56b52eb74f9e7a9/library/core/src/ops/function.rs:227:5
[INFO] [stdout]   23:     0x5603685345e3 - test::__rust_begin_short_backtrace::h86fe3a2a5a5121af
[INFO] [stdout]                                at /rustc/53fd98ca776cb875bc9e5514f56b52eb74f9e7a9/library/test/src/lib.rs:578:5
[INFO] [stdout]   24:     0x560368533098 - <alloc::boxed::Box<F,A> as core::ops::function::FnOnce<Args>>::call_once::hfd956bc3d57399be
[INFO] [stdout]                                at /rustc/53fd98ca776cb875bc9e5514f56b52eb74f9e7a9/library/alloc/src/boxed.rs:1572:9
[INFO] [stdout]   25:     0x560368533098 - <std::panic::AssertUnwindSafe<F> as core::ops::function::FnOnce<()>>::call_once::h40dc93e0ddb5938a
[INFO] [stdout]                                at /rustc/53fd98ca776cb875bc9e5514f56b52eb74f9e7a9/library/std/src/panic.rs:347:9
[INFO] [stdout]   26:     0x560368533098 - std::panicking::try::do_call::h90d07750cb47c562
[INFO] [stdout]                                at /rustc/53fd98ca776cb875bc9e5514f56b52eb74f9e7a9/library/std/src/panicking.rs:401:40
[INFO] [stdout]   27:     0x560368533098 - std::panicking::try::h063c84733ad2a629
[INFO] [stdout]                                at /rustc/53fd98ca776cb875bc9e5514f56b52eb74f9e7a9/library/std/src/panicking.rs:365:19
[INFO] [stdout]   28:     0x560368533098 - std::panic::catch_unwind::h0c464836a84e7c08
[INFO] [stdout]                                at /rustc/53fd98ca776cb875bc9e5514f56b52eb74f9e7a9/library/std/src/panic.rs:434:14
[INFO] [stdout]   29:     0x560368533098 - test::run_test_in_process::h5cb06ef620b157fc
[INFO] [stdout]                                at /rustc/53fd98ca776cb875bc9e5514f56b52eb74f9e7a9/library/test/src/lib.rs:601:18
[INFO] [stdout]   30:     0x560368533098 - test::run_test::run_test_inner::{{closure}}::h76f677f4b93f9828
[INFO] [stdout]                                at /rustc/53fd98ca776cb875bc9e5514f56b52eb74f9e7a9/library/test/src/lib.rs:493:39
[INFO] [stdout]   31:     0x56036850182d - test::run_test::run_test_inner::{{closure}}::h366d01fe04f4d67a
[INFO] [stdout]                                at /rustc/53fd98ca776cb875bc9e5514f56b52eb74f9e7a9/library/test/src/lib.rs:520:37
[INFO] [stdout]   32:     0x56036850182d - std::sys_common::backtrace::__rust_begin_short_backtrace::h7dfa0de4eb395af2
[INFO] [stdout]                                at /rustc/53fd98ca776cb875bc9e5514f56b52eb74f9e7a9/library/std/src/sys_common/backtrace.rs:125:18
[INFO] [stdout]   33:     0x560368505ff8 - std::thread::Builder::spawn_unchecked::{{closure}}::{{closure}}::hf0a74bb58798037f
[INFO] [stdout]                                at /rustc/53fd98ca776cb875bc9e5514f56b52eb74f9e7a9/library/std/src/thread/mod.rs:476:17
[INFO] [stdout]   34:     0x560368505ff8 - <std::panic::AssertUnwindSafe<F> as core::ops::function::FnOnce<()>>::call_once::hb024e854818586ac
[INFO] [stdout]                                at /rustc/53fd98ca776cb875bc9e5514f56b52eb74f9e7a9/library/std/src/panic.rs:347:9
[INFO] [stdout]   35:     0x560368505ff8 - std::panicking::try::do_call::hb2dd9f1d0d48e41d
[INFO] [stdout]                                at /rustc/53fd98ca776cb875bc9e5514f56b52eb74f9e7a9/library/std/src/panicking.rs:401:40
[INFO] [stdout]   36:     0x560368505ff8 - std::panicking::try::h4717ae7bac8b2bf3
[INFO] [stdout]                                at /rustc/53fd98ca776cb875bc9e5514f56b52eb74f9e7a9/library/std/src/panicking.rs:365:19
[INFO] [stdout]   37:     0x560368505ff8 - std::panic::catch_unwind::h0dc8a061326ce8d8
[INFO] [stdout]                                at /rustc/53fd98ca776cb875bc9e5514f56b52eb74f9e7a9/library/std/src/panic.rs:434:14
[INFO] [stdout]   38:     0x560368505ff8 - std::thread::Builder::spawn_unchecked::{{closure}}::haa369e2d6fd00aa1
[INFO] [stdout]                                at /rustc/53fd98ca776cb875bc9e5514f56b52eb74f9e7a9/library/std/src/thread/mod.rs:475:30
[INFO] [stdout]   39:     0x560368505ff8 - core::ops::function::FnOnce::call_once{{vtable.shim}}::h36dcf3de8b056f17
[INFO] [stdout]                                at /rustc/53fd98ca776cb875bc9e5514f56b52eb74f9e7a9/library/core/src/ops/function.rs:227:5
[INFO] [stdout]   40:     0x560368593c57 - <alloc::boxed::Box<F,A> as core::ops::function::FnOnce<Args>>::call_once::h65c29e4642be2358
[INFO] [stdout]                                at /rustc/53fd98ca776cb875bc9e5514f56b52eb74f9e7a9/library/alloc/src/boxed.rs:1572:9
[INFO] [stdout]   41:     0x560368593c57 - <alloc::boxed::Box<F,A> as core::ops::function::FnOnce<Args>>::call_once::hd0f8f7fbbd9fffbf
[INFO] [stdout]                                at /rustc/53fd98ca776cb875bc9e5514f56b52eb74f9e7a9/library/alloc/src/boxed.rs:1572:9
[INFO] [stdout]   42:     0x560368593c57 - std::sys::unix::thread::Thread::new::thread_start::h2fd22fee3ca77b65
[INFO] [stdout]                                at /rustc/53fd98ca776cb875bc9e5514f56b52eb74f9e7a9/library/std/src/sys/unix/thread.rs:74:17
[INFO] [stdout]   43:     0x7fc9963f6609 - start_thread
[INFO] [stdout]   44:     0x7fc9961c8293 - clone
[INFO] [stdout]   45:                0x0 - <unknown>
[INFO] [stdout] 
[INFO] [stdout] 
[INFO] [stdout] failures:
[INFO] [stdout]     tests::internal
[INFO] [stdout] 
[INFO] [stdout] test result: FAILED. 0 passed; 1 failed; 0 ignored; 0 measured; 0 filtered out; finished in 0.21s
[INFO] [stdout] 
[INFO] [stderr] error: test failed, to rerun pass '--lib'
[INFO] running `Command { std: "docker" "inspect" "3b3e73b76bd85b82fc1e903bb741164487f0ee89f907d850a6b2ee44fb2864fa", kill_on_drop: false }`
[INFO] running `Command { std: "docker" "rm" "-f" "3b3e73b76bd85b82fc1e903bb741164487f0ee89f907d850a6b2ee44fb2864fa", kill_on_drop: false }`
[INFO] [stdout] 3b3e73b76bd85b82fc1e903bb741164487f0ee89f907d850a6b2ee44fb2864fa
