[INFO] fetching crate rxrust 0.13.0...
[INFO] testing rxrust-0.13.0 against beta-2021-08-01 for beta-1.55-1
[INFO] extracting crate rxrust 0.13.0 into /workspace/builds/worker-94/source
[INFO] validating manifest of crates.io crate rxrust 0.13.0 on toolchain beta-2021-08-01
[INFO] running `Command { std: "/workspace/cargo-home/bin/cargo" "+beta-2021-08-01" "metadata" "--manifest-path" "Cargo.toml" "--no-deps", kill_on_drop: false }`
[INFO] started tweaking crates.io crate rxrust 0.13.0
[INFO] finished tweaking crates.io crate rxrust 0.13.0
[INFO] tweaked toml for crates.io crate rxrust 0.13.0 written to /workspace/builds/worker-94/source/Cargo.toml
[INFO] running `Command { std: "/workspace/cargo-home/bin/cargo" "+beta-2021-08-01" "generate-lockfile" "--manifest-path" "Cargo.toml" "-Zno-index-update", kill_on_drop: false }`
[INFO] running `Command { std: "/workspace/cargo-home/bin/cargo" "+beta-2021-08-01" "fetch" "--manifest-path" "Cargo.toml", kill_on_drop: false }`
[INFO] running `Command { std: "docker" "create" "-v" "/var/lib/crater-agent-workspace/builds/worker-94/target:/opt/rustwide/target:rw,Z" "-v" "/var/lib/crater-agent-workspace/builds/worker-94/source:/opt/rustwide/workdir:ro,Z" "-v" "/var/lib/crater-agent-workspace/cargo-home:/opt/rustwide/cargo-home:ro,Z" "-v" "/var/lib/crater-agent-workspace/rustup-home:/opt/rustwide/rustup-home:ro,Z" "-e" "SOURCE_DIR=/opt/rustwide/workdir" "-e" "CARGO_TARGET_DIR=/opt/rustwide/target" "-e" "CARGO_HOME=/opt/rustwide/cargo-home" "-e" "RUSTUP_HOME=/opt/rustwide/rustup-home" "-w" "/opt/rustwide/workdir" "-m" "1610612736" "--user" "0:0" "--network" "none" "ghcr.io/rust-lang/crates-build-env/linux@sha256:34b6a614d2c27851fe6cbf88fbd1137609cefab8b10d0615aaeb6fd47975d74e" "/opt/rustwide/cargo-home/bin/cargo" "+beta-2021-08-01" "metadata" "--no-deps" "--format-version=1", kill_on_drop: false }`
[INFO] [stdout] f3efbfd677d322e22d3c1000e693784a5e55e8a99b04edeaf0af24891581cbd4
[INFO] running `Command { std: "docker" "start" "-a" "f3efbfd677d322e22d3c1000e693784a5e55e8a99b04edeaf0af24891581cbd4", kill_on_drop: false }`
[INFO] running `Command { std: "docker" "inspect" "f3efbfd677d322e22d3c1000e693784a5e55e8a99b04edeaf0af24891581cbd4", kill_on_drop: false }`
[INFO] running `Command { std: "docker" "rm" "-f" "f3efbfd677d322e22d3c1000e693784a5e55e8a99b04edeaf0af24891581cbd4", kill_on_drop: false }`
[INFO] [stdout] f3efbfd677d322e22d3c1000e693784a5e55e8a99b04edeaf0af24891581cbd4
[INFO] running `Command { std: "docker" "create" "-v" "/var/lib/crater-agent-workspace/builds/worker-94/target:/opt/rustwide/target:rw,Z" "-v" "/var/lib/crater-agent-workspace/builds/worker-94/source:/opt/rustwide/workdir:ro,Z" "-v" "/var/lib/crater-agent-workspace/cargo-home:/opt/rustwide/cargo-home:ro,Z" "-v" "/var/lib/crater-agent-workspace/rustup-home:/opt/rustwide/rustup-home:ro,Z" "-e" "SOURCE_DIR=/opt/rustwide/workdir" "-e" "CARGO_TARGET_DIR=/opt/rustwide/target" "-e" "CARGO_INCREMENTAL=0" "-e" "RUST_BACKTRACE=full" "-e" "RUSTFLAGS=--cap-lints=warn" "-e" "CARGO_HOME=/opt/rustwide/cargo-home" "-e" "RUSTUP_HOME=/opt/rustwide/rustup-home" "-w" "/opt/rustwide/workdir" "-m" "1610612736" "--user" "0:0" "--network" "none" "ghcr.io/rust-lang/crates-build-env/linux@sha256:34b6a614d2c27851fe6cbf88fbd1137609cefab8b10d0615aaeb6fd47975d74e" "/opt/rustwide/cargo-home/bin/cargo" "+beta-2021-08-01" "build" "--frozen" "--message-format=json", kill_on_drop: false }`
[INFO] [stdout] 3a02608915e68b786207a31522bd026aa8d51601132abfba30ae320d2cc4f6cc
[INFO] running `Command { std: "docker" "start" "-a" "3a02608915e68b786207a31522bd026aa8d51601132abfba30ae320d2cc4f6cc", kill_on_drop: false }`
[INFO] [stderr]     Blocking waiting for file lock on package cache
[INFO] [stderr]    Compiling syn v1.0.74
[INFO] [stderr]    Compiling futures-core v0.3.16
[INFO] [stderr]    Compiling memchr v2.4.0
[INFO] [stderr]    Compiling pin-project-lite v0.2.7
[INFO] [stderr]    Compiling futures-io v0.3.16
[INFO] [stderr]    Compiling cache-padded v1.1.1
[INFO] [stderr]    Compiling log v0.4.14
[INFO] [stderr]    Compiling slab v0.4.4
[INFO] [stderr]    Compiling event-listener v2.5.1
[INFO] [stderr]    Compiling fastrand v1.5.0
[INFO] [stderr]    Compiling waker-fn v1.1.0
[INFO] [stderr]    Compiling parking v2.0.0
[INFO] [stderr]    Compiling once_cell v1.8.0
[INFO] [stderr]    Compiling proc-macro-hack v0.5.19
[INFO] [stderr]    Compiling futures-task v0.3.16
[INFO] [stderr]    Compiling futures-channel v0.3.16
[INFO] [stderr]    Compiling proc-macro-nested v0.1.7
[INFO] [stderr]    Compiling signal-hook v0.3.9
[INFO] [stderr]    Compiling pin-utils v0.1.0
[INFO] [stderr]    Compiling futures-sink v0.3.16
[INFO] [stderr]    Compiling async-task v4.0.3
[INFO] [stderr]    Compiling atomic-waker v1.0.0
[INFO] [stderr]    Compiling smallvec v1.6.1
[INFO] [stderr]    Compiling value-bag v1.0.0-alpha.7
[INFO] [stderr]    Compiling futures-macro v0.3.16
[INFO] [stderr]    Compiling futures-util v0.3.16
[INFO] [stderr]    Compiling socket2 v0.4.1
[INFO] [stderr]    Compiling signal-hook-registry v1.4.0
[INFO] [stderr]    Compiling async-mutex v1.4.0
[INFO] [stderr]    Compiling async-lock v2.4.0
[INFO] [stderr]    Compiling concurrent-queue v1.2.2
[INFO] [stderr]    Compiling async-channel v1.6.1
[INFO] [stderr]    Compiling futures-lite v1.12.0
[INFO] [stderr]    Compiling async-executor v1.4.1
[INFO] [stderr]    Compiling blocking v1.0.2
[INFO] [stderr]    Compiling ctor v0.1.20
[INFO] [stderr]    Compiling polling v2.1.0
[INFO] [stderr]    Compiling kv-log-macro v1.0.7
[INFO] [stderr]    Compiling async-io v1.6.0
[INFO] [stderr]    Compiling async-process v1.2.0
[INFO] [stderr]    Compiling async-global-executor v2.0.2
[INFO] [stderr]    Compiling async-std v1.9.0
[INFO] [stderr]    Compiling futures-executor v0.3.16
[INFO] [stderr]    Compiling futures v0.3.16
[INFO] [stderr]    Compiling rxrust v0.13.0 (/opt/rustwide/workdir)
[INFO] [stderr]     Finished dev [unoptimized + debuginfo] target(s) in 23.31s
[INFO] running `Command { std: "docker" "inspect" "3a02608915e68b786207a31522bd026aa8d51601132abfba30ae320d2cc4f6cc", kill_on_drop: false }`
[INFO] running `Command { std: "docker" "rm" "-f" "3a02608915e68b786207a31522bd026aa8d51601132abfba30ae320d2cc4f6cc", kill_on_drop: false }`
[INFO] [stdout] 3a02608915e68b786207a31522bd026aa8d51601132abfba30ae320d2cc4f6cc
[INFO] running `Command { std: "docker" "create" "-v" "/var/lib/crater-agent-workspace/builds/worker-94/target:/opt/rustwide/target:rw,Z" "-v" "/var/lib/crater-agent-workspace/builds/worker-94/source:/opt/rustwide/workdir:ro,Z" "-v" "/var/lib/crater-agent-workspace/cargo-home:/opt/rustwide/cargo-home:ro,Z" "-v" "/var/lib/crater-agent-workspace/rustup-home:/opt/rustwide/rustup-home:ro,Z" "-e" "SOURCE_DIR=/opt/rustwide/workdir" "-e" "CARGO_TARGET_DIR=/opt/rustwide/target" "-e" "CARGO_INCREMENTAL=0" "-e" "RUST_BACKTRACE=full" "-e" "RUSTFLAGS=--cap-lints=warn" "-e" "CARGO_HOME=/opt/rustwide/cargo-home" "-e" "RUSTUP_HOME=/opt/rustwide/rustup-home" "-w" "/opt/rustwide/workdir" "-m" "1610612736" "--user" "0:0" "--network" "none" "ghcr.io/rust-lang/crates-build-env/linux@sha256:34b6a614d2c27851fe6cbf88fbd1137609cefab8b10d0615aaeb6fd47975d74e" "/opt/rustwide/cargo-home/bin/cargo" "+beta-2021-08-01" "test" "--frozen" "--no-run" "--message-format=json", kill_on_drop: false }`
[INFO] [stdout] b7cb6118faa76c290b8a429931d9bd26bfdb847d26e01a3c8b86c5ce5f568407
[INFO] running `Command { std: "docker" "start" "-a" "b7cb6118faa76c290b8a429931d9bd26bfdb847d26e01a3c8b86c5ce5f568407", kill_on_drop: false }`
[INFO] [stderr]    Compiling bencher v0.1.5
[INFO] [stderr]    Compiling num-traits v0.2.14
[INFO] [stderr]    Compiling float-cmp v0.8.0
[INFO] [stderr]    Compiling rxrust v0.13.0 (/opt/rustwide/workdir)
[INFO] [stderr]     Finished test [unoptimized + debuginfo] target(s) in 14.36s
[INFO] running `Command { std: "docker" "inspect" "b7cb6118faa76c290b8a429931d9bd26bfdb847d26e01a3c8b86c5ce5f568407", kill_on_drop: false }`
[INFO] running `Command { std: "docker" "rm" "-f" "b7cb6118faa76c290b8a429931d9bd26bfdb847d26e01a3c8b86c5ce5f568407", kill_on_drop: false }`
[INFO] [stdout] b7cb6118faa76c290b8a429931d9bd26bfdb847d26e01a3c8b86c5ce5f568407
[INFO] running `Command { std: "docker" "create" "-v" "/var/lib/crater-agent-workspace/builds/worker-94/target:/opt/rustwide/target:rw,Z" "-v" "/var/lib/crater-agent-workspace/builds/worker-94/source:/opt/rustwide/workdir:ro,Z" "-v" "/var/lib/crater-agent-workspace/cargo-home:/opt/rustwide/cargo-home:ro,Z" "-v" "/var/lib/crater-agent-workspace/rustup-home:/opt/rustwide/rustup-home:ro,Z" "-e" "SOURCE_DIR=/opt/rustwide/workdir" "-e" "CARGO_TARGET_DIR=/opt/rustwide/target" "-e" "CARGO_INCREMENTAL=0" "-e" "RUST_BACKTRACE=full" "-e" "RUSTFLAGS=--cap-lints=warn" "-e" "CARGO_HOME=/opt/rustwide/cargo-home" "-e" "RUSTUP_HOME=/opt/rustwide/rustup-home" "-w" "/opt/rustwide/workdir" "-m" "1610612736" "--user" "0:0" "--network" "none" "ghcr.io/rust-lang/crates-build-env/linux@sha256:34b6a614d2c27851fe6cbf88fbd1137609cefab8b10d0615aaeb6fd47975d74e" "/opt/rustwide/cargo-home/bin/cargo" "+beta-2021-08-01" "test" "--frozen", kill_on_drop: false }`
[INFO] [stdout] 123187a20929bff6dad8669b7bd319bd49ad6dba0849834ee5b6a8c05a3379cb
[INFO] running `Command { std: "docker" "start" "-a" "123187a20929bff6dad8669b7bd319bd49ad6dba0849834ee5b6a8c05a3379cb", kill_on_drop: false }`
[INFO] [stderr]     Blocking waiting for file lock on package cache
[INFO] [stderr]     Finished test [unoptimized + debuginfo] target(s) in 0.35s
[INFO] [stderr]      Running unittests (/opt/rustwide/target/debug/deps/rxrust-e07a84875b00ff35)
[INFO] [stdout] 
[INFO] [stdout] running 219 tests
[INFO] [stdout] test observable::connectable_observable::test::bench ... ok
[INFO] [stdout] test observable::connectable_observable::test::fork_and_shared ... ok
[INFO] [stdout] test observable::connectable_observable::test::publish_smoke ... ok
[INFO] [stdout] test observable::defer::test::fork_and_share ... ok
[INFO] [stdout] test observable::from_fn::test::bench ... ok
[INFO] [stdout] test observable::from_fn::test::support_fork ... ok
[INFO] [stdout] test observable::from_fn::test::fork_and_share ... ok
[INFO] [stdout] test observable::defer::test::no_results_before_deferred_subscribe ... ok
[INFO] [stdout] test observable::from_fn::test::proxy_call ... ok
[INFO] [stdout] test observable::defer::test::bench ... ok
[INFO] [stdout] test observable::connectable_observable::test::smoke ... ok
[INFO] [stdout] test observable::defer::test::support_fork ... ok
[INFO] [stdout] test observable::from_future::tests::bench ... ok
[INFO] [stdout] test observable::from_iter::test::from_vec ... ok
[INFO] [stdout] test observable::from_iter::test::repeat_zero_times ... ok
[INFO] [stdout] test observable::from_future::tests::local ... ok
[INFO] [stdout] test observable::from_iter::test::repeat_three_times ... ok
[INFO] [stdout] test observable::interval::tests::local_manual ... ok
[INFO] [stdout] test observable::from_iter::test::bench ... ok
[INFO] [stdout] test observable::from_iter::test::from_range ... ok
[INFO] [stdout] test observable::of::test::of_result ... ok
[INFO] [stdout] test observable::tests::bench_all ... ok
[INFO] [stdout] test observable::tests::bench_element_at ... ok
[INFO] [stdout] test observable::of::test::of_option ... ok
[INFO] [stdout] test observable::tests::bench_first ... ok
[INFO] [stdout] test observable::of::test::of ... ok
[INFO] [stdout] test observable::of::test::from_fn ... ok
[INFO] [stdout] test observable::observable_all::raii ... ok
[INFO] [stdout] test observable::of::test::of_macros ... ok
[INFO] [stdout] test observable::tests::bench_first_or ... ok
[INFO] [stdout] test observable::observable_comp::raii ... ok
[INFO] [stdout] test observable::observable_err::raii ... ok
[INFO] [stdout] test observable::of::test::bench ... ok
[INFO] [stdout] test observable::interval::tests::local ... ok
[INFO] [stdout] test observable::observable_next::raii ... ok
[INFO] [stdout] test observable::tests::first ... ok
[INFO] [stdout] test observable::tests::bench_ignore ... ok
[INFO] [stdout] test observable::tests::first_support_fork ... ok
[INFO] [stdout] test observable::tests::shared_ignore_elements ... ok
[INFO] [stdout] test observable::tests::smoke_all ... ok
[INFO] [stdout] test observable::tests::smoke_element_at ... ok
[INFO] [stdout] test observable::tests::smoke_ignore_elements ... ok
[INFO] [stdout] test observable::trivial::test::throw ... ok
[INFO] [stdout] test ops::box_it::test::bench ... ok
[INFO] [stdout] test ops::box_it::test::box_clone ... ok
[INFO] [stdout] test observable::tests::first_or_support_fork ... ok
[INFO] [stdout] test ops::box_it::test::shared_box_clone ... ok
[INFO] [stdout] test ops::contains::test::bench ... ok
[INFO] [stdout] test ops::contains::test::contains_shared ... ok
[INFO] [stdout] test ops::box_it::test::box_observable ... ok
[INFO] [stdout] test ops::contains::test::contains_smoke ... ok
[INFO] [stdout] test observable::trivial::test::empty ... ok
[INFO] [stdout] test ops::default_if_empty::test::base_empty_function ... ok
[INFO] [stdout] test ops::box_it::test::shared_box_observable ... ok
[INFO] [stdout] test ops::default_if_empty::test::base_function ... ok
[INFO] [stdout] test ops::distinct::tests::bench ... ok
[INFO] [stdout] test ops::default_if_empty::test::ininto_shared_empty ... ok
[INFO] [stdout] test ops::default_if_empty::test::into_shared ... ok
[INFO] [stdout] test observable::tests::first_or ... ok
[INFO] [stdout] test ops::default_if_empty::test::bench_empty ... ok
[INFO] [stdout] test ops::filter_map::test::filter_map_return_ref ... ok
[INFO] [stdout] test ops::default_if_empty::test::bench_base ... ok
[INFO] [stdout] test ops::distinct::tests::shared ... ok
[INFO] [stdout] test ops::distinct::tests::smoke ... ok
[INFO] [stdout] test ops::filter::test::smoke ... ok
[INFO] [stdout] test ops::filter::test::bench ... ok
[INFO] [stdout] test ops::filter::test::fork_and_shared ... ok
[INFO] [stdout] test ops::filter_map::test::bench ... ok
[INFO] [stdout] test ops::filter_map::test::filter_map_shared_and_fork ... ok
[INFO] [stdout] test ops::finalize::test::bench ... ok
[INFO] [stdout] test ops::filter_map::test::map_types_mixed ... ok
[INFO] [stdout] test ops::finalize::test::finalize_on_unsubscribe ... ok
[INFO] [stdout] test ops::last::test::last_support_fork ... ok
[INFO] [stdout] test ops::finalize::test::finalize_only_once ... ok
[INFO] [stdout] test ops::last::test::last_or_support_fork ... ok
[INFO] [stdout] test ops::last::test::bench ... ok
[INFO] [stdout] test ops::flatten::test::flatten_completed_test ... ok
[INFO] [stdout] test ops::last::test::last_or_no_items ... ok
[INFO] [stdout] test ops::map_to::test::primitive_type ... ok
[INFO] [stdout] test ops::map_to::test::fork_and_shared ... ok
[INFO] [stdout] test ops::finalize::test::finalize_on_error ... ok
[INFO] [stdout] test ops::map_to::test::reference_lifetime_should_work ... ok
[INFO] [stdout] test ops::last::test::last_one_item ... ok
[INFO] [stdout] test ops::ref_count::test::fork_and_shared ... ok
[INFO] [stdout] test ops::map::test::primitive_type ... ok
[INFO] [stdout] test ops::last::test::last_no_items ... ok
[INFO] [stdout] test ops::ref_count::test::smoke ... ok
[INFO] [stdout] test ops::scan::test::scan_fork_and_shared ... ok
[INFO] [stdout] test ops::map_to::test::map_types_mixed ... ok
[INFO] [stdout] test ops::skip_last::test::base_empty_function ... ok
[INFO] [stdout] test ops::take_last::test::base_function ... ok
[INFO] [stdout] test ops::scan::test::bench ... ok
[INFO] [stdout] test ops::skip::test::benchmark ... ok
[INFO] [stdout] test ops::sample::test::sample_by_subject ... ok
[INFO] [stdout] test ops::flatten::test::flatten_error_test ... ok
[INFO] [stdout] test ops::skip_last::test::bench ... ok
[INFO] [stdout] test ops::scan::test::scan_initial ... ok
[INFO] [stdout] test ops::take::test::ininto_shared ... ok
[INFO] [stdout] test ops::finalize::test::finalize_shared ... ok
[INFO] [stdout] test ops::map::test::map_types_mixed ... ok
[INFO] [stdout] test ops::scan::test::scan_with_default ... ok
[INFO] [stdout] test ops::skip::test::ininto_shared ... ok
[INFO] [stdout] test ops::take::test::take_support_fork ... ok
[INFO] [stdout] test ops::take::test::base_function ... ok
[INFO] [stdout] test ops::take::test::bench ... ok
[INFO] [stdout] test ops::finalize::test::finalize_on_complete_subject ... ok
[INFO] [stdout] test ops::flatten::test::bench ... ok
[INFO] [stdout] test ops::take_last::test::ininto_shared ... ok
[INFO] [stdout] test ops::take_until::test::base_function ... ok
[INFO] [stdout] test ops::scan::test::scan_initial_mixed_types ... ok
[INFO] [stdout] test ops::take_until::test::ininto_shared ... ok
[INFO] [stdout] test ops::take_while::test::bench ... ok
[INFO] [stdout] test ops::skip::test::base_empty_function ... ok
[INFO] [stdout] test ops::map::test::fork_and_shared ... ok
[INFO] [stdout] test ops::skip_while::test::base_function ... ok
[INFO] [stdout] test ops::take_until::test::bench ... ok
[INFO] [stdout] test ops::scan::test::scan_initial_on_empty_observable ... ok
[INFO] [stdout] test ops::take_while::test::base_function ... ok
[INFO] [stdout] test ops::test::max_on_empty_observable ... ok
[INFO] [stdout] test ops::map::test::benchmark ... ok
[INFO] [stdout] test ops::last::test::last_or_hundered_items ... ok
[INFO] [stdout] test ops::skip::test::skip_support_fork ... ok
[INFO] [stdout] test ops::test::average_on_empty_observable ... ok
[INFO] [stdout] test ops::test::max_of_floats_negative_values ... ok
[INFO] [stdout] test ops::test::count_fork_and_shared ... ok
[INFO] [stdout] test ops::take_while::test::ininto_shared ... ok
[INFO] [stdout] test ops::test::flat_map_associative ... ok
[INFO] [stdout] test ops::test::max_of_floats ... ok
[INFO] [stdout] test ops::test::max_fork_and_shared ... ok
[INFO] [stdout] test ops::finalize::test::finalize_on_complete_simple ... ok
[INFO] [stdout] test ops::test::reduce_initial_on_empty_observable ... ok
[INFO] [stdout] test ops::test::average_on_single_float_item ... ok
[INFO] [stdout] test ops::test::count ... ok
[INFO] [stdout] test ops::test::reduce_for_counting_total_length ... ok
[INFO] [stdout] test ops::test::reduce_fork_and_shared ... ok
[INFO] [stdout] test subject::test::subject_subscribe_subject ... ok
[INFO] [stdout] test ops::test::reduce ... ok
[INFO] [stdout] test ops::test::min_on_single_float_item ... ok
[INFO] [stdout] test ops::test::min_of_floats ... ok
[INFO] [stdout] test ops::test::min_of_floats_negative_values ... ok
[INFO] [stdout] test ops::test::min_on_empty_observable ... ok
[INFO] [stdout] test ops::test::sum_on_single_item ... ok
[INFO] [stdout] test ops::test::sum_on_mixed_sign_values ... ok
[INFO] [stdout] test ops::test::flat_map_identity ... ok
[INFO] [stdout] test ops::test::reduce_initial ... ok
[INFO] [stdout] test test_scheduler::tests::schedule_repeating ... ok
[INFO] [stdout] test ops::test::count_on_empty_observable ... ok
[INFO] [stdout] test ops::test::reduce_mixed_types ... ok
[INFO] [stdout] test test_scheduler::tests::spawns_sync ... ok
[INFO] [stdout] test subject::test::base_data_flow ... ok
[INFO] [stdout] test ops::test::reduce_on_empty_observable ... ok
[INFO] [stdout] test ops::take_last::test::take_last_support_fork ... ok
[INFO] [stdout] test ops::test::sum_on_empty_observable ... ok
[INFO] [stdout] test subscriber::test::shared_err_complete ... ok
[INFO] [stdout] test ops::map_to::test::bench ... ok
[INFO] [stdout] test subscription::test::add_remove_for_local ... ok
[INFO] [stdout] test test_scheduler::tests::schedule ... ok
[INFO] [stdout] test ops::zip::test::smoke ... ok
[INFO] [stdout] test test_scheduler::tests::schedule_no_schedule_after_unsub ... ok
[INFO] [stdout] test subject::local_subject::test::smoke ... ok
[INFO] [stdout] test subject::test::unsubscribe ... ok
[INFO] [stdout] test subject::shared_subject::smoke ... ok
[INFO] [stdout] test subscription::test::add_remove_for_shared ... ok
[INFO] [stdout] test subscriber::test::shared_next_complete ... ok
[INFO] [stdout] test ops::test::sum_fork_and_shared ... ok
[INFO] [stdout] test ops::zip::test::bench ... ok
[INFO] [stdout] test ops::zip::test::complete ... ok
[INFO] [stdout] test subject::local_subject::test::emit_ref ... ok
[INFO] [stdout] test ops::throttle_time::tests::smoke ... ok
[INFO] [stdout] test ops::test::sum ... ok
[INFO] [stdout] test ops::take_last::test::bench ... ok
[INFO] [stdout] test ops::last::test::last_fork_and_shared ... ok
[INFO] [stdout] test ops::sample::test::sample_base ... ok
[INFO] [stdout] test ops::skip_last::test::base_function ... ok
[INFO] [stdout] test ops::take_while::test::take_while_support_fork ... ok
[INFO] [stdout] test ops::test::average_of_floats ... ok
[INFO] [stdout] test ops::skip::test::base_function ... ok
[INFO] [stdout] test ops::flatten::test::flatten_local_and_shared ... ok
[INFO] [stdout] test ops::flatten::test::flatten_unsubscribe_work ... ok
[INFO] [stdout] test ops::flatten::test::odd_even_flatten ... ok
[INFO] [stdout] test ops::merge::test::bench ... ok
[INFO] [stdout] test ops::merge::test::completed_test ... ok
[INFO] [stdout] test ops::merge::test::error_test ... ok
[INFO] [stdout] test ops::merge::test::merge_fork ... ok
[INFO] [stdout] test ops::merge::test::merge_local_and_shared ... ok
[INFO] [stdout] test ops::merge::test::merge_unsubscribe_work ... ok
[INFO] [stdout] test ops::merge::test::odd_even_merge ... ok
[INFO] [stdout] test ops::observe_on::test::bench ... ok
[INFO] [stdout] test ops::observe_on::test::smoke ... ok
[INFO] [stdout] test ops::ref_count::test::auto_unsubscribe ... ok
[INFO] [stdout] test ops::ref_count::test::bench ... ok
[INFO] [stdout] test ops::scan::test::scan_fork_and_shared_mixed_types ... ok
[INFO] [stdout] test ops::skip_while::test::bench ... ok
[INFO] [stdout] test ops::skip_last::test::skip_last_support_fork ... ok
[INFO] [stdout] test ops::skip_last::test::ininto_shared ... ok
[INFO] [stdout] test ops::skip_while::test::ininto_shared ... ok
[INFO] [stdout] test ops::skip_while::test::skip_while_support_fork ... ok
[INFO] [stdout] test ops::test::average_fork_and_shared ... ok
[INFO] [stdout] test ops::map::test::reference_lifetime_should_work ... ok
[INFO] [stdout] test ops::test::min_fork_and_shared ... ok
[INFO] [stdout] test ops::debounce::tests::smoke_every ... ok
[INFO] [stdout] test ops::debounce::tests::smoke_last ... ok
[INFO] [stdout] test subscriber::test::next_and_error ... ok
[INFO] [stdout] test ops::test::max_on_single_float_item ... ok
[INFO] [stdout] test ops::delay::tests::local_smoke ... ok
[INFO] [stdout] test subscriber::test::next_and_complete ... ok
[INFO] [stdout] test subject::test::error - should panic ... ok
[INFO] [stdout] test ops::delay::tests::shared_smoke ... ok
[INFO] [stdout] test ops::throttle_time::tests::fork_and_shared ... ok
[INFO] [stdout] test ops::observe_on::test::switch_thread ... ok
[INFO] [stdout] test ops::subscribe_on::test::thread_pool ... ok
[INFO] [stdout] test ops::subscribe_on::test::pool_unsubscribe ... ok
[INFO] [stdout] test ops::debounce::tests::fork_and_shared ... ok
[INFO] [stdout] test observable::from_future::tests::shared ... ok
[INFO] [stdout] test observable::observable_block::test::blocks_shared ... ok
[INFO] [stdout] test observable::observable_block_all::test::blocks_shared ... ok
[INFO] [stdout] test ops::observe_on::test::pool_unsubscribe ... ok
[INFO] [stdout] test observable::interval::tests::shared ... ok
[INFO] [stdout] test subject::test::empty_local_subject_can_convert_into_shared ... ok
[INFO] [stdout] 
[INFO] [stdout] test result: ok. 219 passed; 0 failed; 0 ignored; 0 measured; 0 filtered out; finished in 1.08s
[INFO] [stdout] 
[INFO] [stderr]    Doc-tests rxrust
[INFO] [stdout] 
[INFO] [stdout] running 37 tests
[INFO] [stdout] test src/observable.rs - observable::Observable::sample (line 607) ... FAILED
[INFO] [stdout] test src/observable.rs - observable::Observable::subscribe_on (line 1034) ... FAILED
[INFO] [stdout] test src/observable.rs - observable::Observable::flatten (line 207) ... FAILED
[INFO] [stdout] test src/observable.rs - observable::Observable::merge (line 281) ... FAILED
[INFO] [stdout] test src/observable/from_future.rs - observable::from_future::from_future (line 10) ... FAILED
[INFO] [stdout] test src/observable.rs - observable::Observable::throttle_time (line 1094) ... FAILED
[INFO] [stdout] test src/observable.rs - observable::Observable::filter (line 309) ... FAILED
[INFO] [stdout] test src/observable.rs - observable::Observable::take_while (line 541) ... FAILED
[INFO] [stdout] test src/observable.rs - observable::Observable::subscribe_on (line 1020) ... FAILED
[INFO] [stdout] test src/observable.rs - observable::Observable::filter_map (line 349) ... FAILED
[INFO] [stdout] test src/observable.rs - observable::Observable::average (line 904) ... FAILED
[INFO] [stdout] test src/observable.rs - observable::Observable::box_it (line 370) ... FAILED
[INFO] [stdout] test src/observable.rs - observable::Observable::skip (line 400) ... FAILED
[INFO] [stdout] test src/observable.rs - observable::Observable::take (line 495) ... FAILED
[INFO] [stdout] test src/observable.rs - observable::Observable::min (line 814) ... FAILED
[INFO] [stdout] test src/observable.rs - observable::Observable::scan_initial (line 663) ... FAILED
[INFO] [stdout] test src/observable.rs - observable::Observable::sum (line 855) ... FAILED
[INFO] [stdout] test src/observable/of.rs - of_sequence (line 13) ... FAILED
[INFO] [stdout] test src/observable.rs - observable::Observable::take_last (line 577) ... FAILED
[INFO] [stdout] test src/observable.rs - observable::Observable::max (line 776) ... FAILED
[INFO] [stdout] test src/observable.rs - observable::Observable::reduce_initial (line 725) ... FAILED
[INFO] [stdout] test src/observable.rs - observable::Observable::last (line 172) ... FAILED
[INFO] [stdout] test src/observable.rs - observable::Observable::skip_last (line 463) ... FAILED
[INFO] [stdout] test src/observable.rs - observable::Observable::count (line 883) ... FAILED
[INFO] [stdout] test src/observable/from_iter.rs - observable::from_iter::from_iter (line 25) ... FAILED
[INFO] [stdout] test src/observable.rs - observable::Observable::skip_while (line 428) ... FAILED
[INFO] [stdout] test src/observable/from_iter.rs - observable::from_iter::from_iter (line 16) ... FAILED
[INFO] [stdout] test src/observable.rs - observable::Observable::last_or (line 111) ... FAILED
[INFO] [stdout] test src/observable.rs - observable::Observable::default_if_empty (line 1147) ... FAILED
[INFO] [stdout] test src/observable/from_iter.rs - observable::from_iter::repeat (line 95) ... FAILED
[INFO] [stdout] test src/observable/of.rs - observable::of::of (line 49) ... FAILED
[INFO] [stdout] test src/observable/of.rs - observable::of::of_option (line 160) ... FAILED
[INFO] [stdout] test src/observable/of.rs - observable::of::of_fn (line 211) ... FAILED
[INFO] [stdout] test src/observable/defer.rs - observable::defer::defer (line 7) ... FAILED
[INFO] [stdout] test src/observable/of.rs - observable::of::of_result (line 105) ... FAILED
[INFO] [stdout] test src/observable/of.rs - observable::of::of_result (line 98) ... FAILED
[INFO] [stdout] test src/observable/trivial.rs - observable::trivial::empty (line 45) ... FAILED
[INFO] [stdout] 
[INFO] [stdout] failures:
[INFO] [stdout] 
[INFO] [stdout] ---- src/observable.rs - observable::Observable::sample (line 607) stdout ----
[INFO] [stdout] Couldn't compile the test.
[INFO] [stdout] ---- src/observable.rs - observable::Observable::subscribe_on (line 1034) stdout ----
[INFO] [stdout] Couldn't compile the test.
[INFO] [stdout] ---- src/observable.rs - observable::Observable::flatten (line 207) stdout ----
[INFO] [stdout] Couldn't compile the test.
[INFO] [stdout] ---- src/observable.rs - observable::Observable::merge (line 281) stdout ----
[INFO] [stdout] Couldn't compile the test.
[INFO] [stdout] ---- src/observable/from_future.rs - observable::from_future::from_future (line 10) stdout ----
[INFO] [stdout] Couldn't compile the test.
[INFO] [stdout] ---- src/observable.rs - observable::Observable::throttle_time (line 1094) stdout ----
[INFO] [stdout] Couldn't compile the test.
[INFO] [stdout] ---- src/observable.rs - observable::Observable::filter (line 309) stdout ----
[INFO] [stdout] Couldn't compile the test.
[INFO] [stdout] ---- src/observable.rs - observable::Observable::take_while (line 541) stdout ----
[INFO] [stdout] Couldn't compile the test.
[INFO] [stdout] ---- src/observable.rs - observable::Observable::subscribe_on (line 1020) stdout ----
[INFO] [stdout] Couldn't compile the test.
[INFO] [stdout] ---- src/observable.rs - observable::Observable::filter_map (line 349) stdout ----
[INFO] [stdout] Couldn't compile the test.
[INFO] [stdout] ---- src/observable.rs - observable::Observable::average (line 904) stdout ----
[INFO] [stdout] Couldn't compile the test.
[INFO] [stdout] ---- src/observable.rs - observable::Observable::box_it (line 370) stdout ----
[INFO] [stdout] Couldn't compile the test.
[INFO] [stdout] ---- src/observable.rs - observable::Observable::skip (line 400) stdout ----
[INFO] [stdout] Couldn't compile the test.
[INFO] [stdout] ---- src/observable.rs - observable::Observable::take (line 495) stdout ----
[INFO] [stdout] Couldn't compile the test.
[INFO] [stdout] ---- src/observable.rs - observable::Observable::min (line 814) stdout ----
[INFO] [stdout] Couldn't compile the test.
[INFO] [stdout] ---- src/observable.rs - observable::Observable::scan_initial (line 663) stdout ----
[INFO] [stdout] Couldn't compile the test.
[INFO] [stdout] ---- src/observable.rs - observable::Observable::sum (line 855) stdout ----
[INFO] [stdout] Couldn't compile the test.
[INFO] [stdout] ---- src/observable/of.rs - of_sequence (line 13) stdout ----
[INFO] [stdout] Couldn't compile the test.
[INFO] [stdout] ---- src/observable.rs - observable::Observable::take_last (line 577) stdout ----
[INFO] [stdout] Couldn't compile the test.
[INFO] [stdout] ---- src/observable.rs - observable::Observable::max (line 776) stdout ----
[INFO] [stdout] Couldn't compile the test.
[INFO] [stdout] ---- src/observable.rs - observable::Observable::reduce_initial (line 725) stdout ----
[INFO] [stdout] Couldn't compile the test.
[INFO] [stdout] ---- src/observable.rs - observable::Observable::last (line 172) stdout ----
[INFO] [stdout] Couldn't compile the test.
[INFO] [stdout] ---- src/observable.rs - observable::Observable::skip_last (line 463) stdout ----
[INFO] [stdout] Couldn't compile the test.
[INFO] [stdout] ---- src/observable.rs - observable::Observable::count (line 883) stdout ----
[INFO] [stdout] Couldn't compile the test.
[INFO] [stdout] ---- src/observable/from_iter.rs - observable::from_iter::from_iter (line 25) stdout ----
[INFO] [stdout] Couldn't compile the test.
[INFO] [stdout] ---- src/observable.rs - observable::Observable::skip_while (line 428) stdout ----
[INFO] [stdout] Couldn't compile the test.
[INFO] [stdout] ---- src/observable/from_iter.rs - observable::from_iter::from_iter (line 16) stdout ----
[INFO] [stdout] Couldn't compile the test.
[INFO] [stdout] ---- src/observable.rs - observable::Observable::last_or (line 111) stdout ----
[INFO] [stdout] Couldn't compile the test.
[INFO] [stdout] ---- src/observable.rs - observable::Observable::default_if_empty (line 1147) stdout ----
[INFO] [stdout] Couldn't compile the test.
[INFO] [stdout] ---- src/observable/from_iter.rs - observable::from_iter::repeat (line 95) stdout ----
[INFO] [stdout] Couldn't compile the test.
[INFO] [stdout] ---- src/observable/of.rs - observable::of::of (line 49) stdout ----
[INFO] [stdout] Couldn't compile the test.
[INFO] [stdout] ---- src/observable/of.rs - observable::of::of_option (line 160) stdout ----
[INFO] [stdout] Couldn't compile the test.
[INFO] [stdout] ---- src/observable/of.rs - observable::of::of_fn (line 211) stdout ----
[INFO] [stdout] Couldn't compile the test.
[INFO] [stdout] ---- src/observable/defer.rs - observable::defer::defer (line 7) stdout ----
[INFO] [stdout] Couldn't compile the test.
[INFO] [stdout] ---- src/observable/of.rs - observable::of::of_result (line 105) stdout ----
[INFO] [stdout] Couldn't compile the test.
[INFO] [stdout] ---- src/observable/of.rs - observable::of::of_result (line 98) stdout ----
[INFO] [stdout] Couldn't compile the test.
[INFO] [stdout] ---- src/observable/trivial.rs - observable::trivial::empty (line 45) stdout ----
[INFO] [stdout] Couldn't compile the test.
[INFO] [stdout] 
[INFO] [stdout] failures:
[INFO] [stdout]     src/observable.rs - observable::Observable::average (line 904)
[INFO] [stdout]     src/observable.rs - observable::Observable::box_it (line 370)
[INFO] [stdout]     src/observable.rs - observable::Observable::count (line 883)
[INFO] [stdout]     src/observable.rs - observable::Observable::default_if_empty (line 1147)
[INFO] [stdout]     src/observable.rs - observable::Observable::filter (line 309)
[INFO] [stdout]     src/observable.rs - observable::Observable::filter_map (line 349)
[INFO] [stdout]     src/observable.rs - observable::Observable::flatten (line 207)
[INFO] [stdout]     src/observable.rs - observable::Observable::last (line 172)
[INFO] [stdout]     src/observable.rs - observable::Observable::last_or (line 111)
[INFO] [stdout]     src/observable.rs - observable::Observable::max (line 776)
[INFO] [stdout]     src/observable.rs - observable::Observable::merge (line 281)
[INFO] [stdout]     src/observable.rs - observable::Observable::min (line 814)
[INFO] [stdout]     src/observable.rs - observable::Observable::reduce_initial (line 725)
[INFO] [stdout]     src/observable.rs - observable::Observable::sample (line 607)
[INFO] [stdout]     src/observable.rs - observable::Observable::scan_initial (line 663)
[INFO] [stdout]     src/observable.rs - observable::Observable::skip (line 400)
[INFO] [stdout]     src/observable.rs - observable::Observable::skip_last (line 463)
[INFO] [stdout]     src/observable.rs - observable::Observable::skip_while (line 428)
[INFO] [stdout]     src/observable.rs - observable::Observable::subscribe_on (line 1020)
[INFO] [stdout]     src/observable.rs - observable::Observable::subscribe_on (line 1034)
[INFO] [stdout]     src/observable.rs - observable::Observable::sum (line 855)
[INFO] [stdout]     src/observable.rs - observable::Observable::take (line 495)
[INFO] [stdout]     src/observable.rs - observable::Observable::take_last (line 577)
[INFO] [stdout]     src/observable.rs - observable::Observable::take_while (line 541)
[INFO] [stdout]     src/observable.rs - observable::Observable::throttle_time (line 1094)
[INFO] [stdout]     src/observable/defer.rs - observable::defer::defer (line 7)
[INFO] [stdout]     src/observable/from_future.rs - observable::from_future::from_future (line 10)
[INFO] [stdout]     src/observable/from_iter.rs - observable::from_iter::from_iter (line 16)
[INFO] [stdout]     src/observable/from_iter.rs - observable::from_iter::from_iter (line 25)
[INFO] [stdout]     src/observable/from_iter.rs - observable::from_iter::repeat (line 95)
[INFO] [stdout]     src/observable/of.rs - observable::of::of (line 49)
[INFO] [stdout]     src/observable/of.rs - observable::of::of_fn (line 211)
[INFO] [stdout]     src/observable/of.rs - observable::of::of_option (line 160)
[INFO] [stdout]     src/observable/of.rs - observable::of::of_result (line 105)
[INFO] [stdout]     src/observable/of.rs - observable::of::of_result (line 98)
[INFO] [stdout]     src/observable/of.rs - of_sequence (line 13)
[INFO] [stdout]     src/observable/trivial.rs - observable::trivial::empty (line 45)
[INFO] [stdout] 
[INFO] [stdout] test result: FAILED. 0 passed; 37 failed; 0 ignored; 0 measured; 0 filtered out; finished in 2.94s
[INFO] [stdout] 
[INFO] [stderr] error: test failed, to rerun pass '--doc'
[INFO] running `Command { std: "docker" "inspect" "123187a20929bff6dad8669b7bd319bd49ad6dba0849834ee5b6a8c05a3379cb", kill_on_drop: false }`
[INFO] running `Command { std: "docker" "rm" "-f" "123187a20929bff6dad8669b7bd319bd49ad6dba0849834ee5b6a8c05a3379cb", kill_on_drop: false }`
[INFO] [stdout] 123187a20929bff6dad8669b7bd319bd49ad6dba0849834ee5b6a8c05a3379cb
