[INFO] fetching crate rusymbols 0.1.2...
[INFO] testing rusymbols-0.1.2 against beta-2021-08-01 for beta-1.55-1
[INFO] extracting crate rusymbols 0.1.2 into /workspace/builds/worker-96/source
[INFO] validating manifest of crates.io crate rusymbols 0.1.2 on toolchain beta-2021-08-01
[INFO] running `Command { std: "/workspace/cargo-home/bin/cargo" "+beta-2021-08-01" "metadata" "--manifest-path" "Cargo.toml" "--no-deps", kill_on_drop: false }`
[INFO] started tweaking crates.io crate rusymbols 0.1.2
[INFO] finished tweaking crates.io crate rusymbols 0.1.2
[INFO] tweaked toml for crates.io crate rusymbols 0.1.2 written to /workspace/builds/worker-96/source/Cargo.toml
[INFO] running `Command { std: "/workspace/cargo-home/bin/cargo" "+beta-2021-08-01" "generate-lockfile" "--manifest-path" "Cargo.toml" "-Zno-index-update", kill_on_drop: false }`
[INFO] running `Command { std: "/workspace/cargo-home/bin/cargo" "+beta-2021-08-01" "fetch" "--manifest-path" "Cargo.toml", kill_on_drop: false }`
[INFO] [stderr]     Blocking waiting for file lock on package cache
[INFO] running `Command { std: "docker" "create" "-v" "/var/lib/crater-agent-workspace/builds/worker-96/target:/opt/rustwide/target:rw,Z" "-v" "/var/lib/crater-agent-workspace/builds/worker-96/source:/opt/rustwide/workdir:ro,Z" "-v" "/var/lib/crater-agent-workspace/cargo-home:/opt/rustwide/cargo-home:ro,Z" "-v" "/var/lib/crater-agent-workspace/rustup-home:/opt/rustwide/rustup-home:ro,Z" "-e" "SOURCE_DIR=/opt/rustwide/workdir" "-e" "CARGO_TARGET_DIR=/opt/rustwide/target" "-e" "CARGO_HOME=/opt/rustwide/cargo-home" "-e" "RUSTUP_HOME=/opt/rustwide/rustup-home" "-w" "/opt/rustwide/workdir" "-m" "1610612736" "--user" "0:0" "--network" "none" "ghcr.io/rust-lang/crates-build-env/linux@sha256:34b6a614d2c27851fe6cbf88fbd1137609cefab8b10d0615aaeb6fd47975d74e" "/opt/rustwide/cargo-home/bin/cargo" "+beta-2021-08-01" "metadata" "--no-deps" "--format-version=1", kill_on_drop: false }`
[INFO] [stdout] b2bcbd977f35ab244a89e25ebde59332152d299f2df839b5b61969e7dec40508
[INFO] running `Command { std: "docker" "start" "-a" "b2bcbd977f35ab244a89e25ebde59332152d299f2df839b5b61969e7dec40508", kill_on_drop: false }`
[INFO] running `Command { std: "docker" "inspect" "b2bcbd977f35ab244a89e25ebde59332152d299f2df839b5b61969e7dec40508", kill_on_drop: false }`
[INFO] running `Command { std: "docker" "rm" "-f" "b2bcbd977f35ab244a89e25ebde59332152d299f2df839b5b61969e7dec40508", kill_on_drop: false }`
[INFO] [stdout] b2bcbd977f35ab244a89e25ebde59332152d299f2df839b5b61969e7dec40508
[INFO] running `Command { std: "docker" "create" "-v" "/var/lib/crater-agent-workspace/builds/worker-96/target:/opt/rustwide/target:rw,Z" "-v" "/var/lib/crater-agent-workspace/builds/worker-96/source:/opt/rustwide/workdir:ro,Z" "-v" "/var/lib/crater-agent-workspace/cargo-home:/opt/rustwide/cargo-home:ro,Z" "-v" "/var/lib/crater-agent-workspace/rustup-home:/opt/rustwide/rustup-home:ro,Z" "-e" "SOURCE_DIR=/opt/rustwide/workdir" "-e" "CARGO_TARGET_DIR=/opt/rustwide/target" "-e" "CARGO_INCREMENTAL=0" "-e" "RUST_BACKTRACE=full" "-e" "RUSTFLAGS=--cap-lints=warn" "-e" "CARGO_HOME=/opt/rustwide/cargo-home" "-e" "RUSTUP_HOME=/opt/rustwide/rustup-home" "-w" "/opt/rustwide/workdir" "-m" "1610612736" "--user" "0:0" "--network" "none" "ghcr.io/rust-lang/crates-build-env/linux@sha256:34b6a614d2c27851fe6cbf88fbd1137609cefab8b10d0615aaeb6fd47975d74e" "/opt/rustwide/cargo-home/bin/cargo" "+beta-2021-08-01" "build" "--frozen" "--message-format=json", kill_on_drop: false }`
[INFO] [stdout] 1eeda6a721a5469a8bc4de5bb987ecb93b371bd55bd5656b20e1fbf1f4c65078
[INFO] running `Command { std: "docker" "start" "-a" "1eeda6a721a5469a8bc4de5bb987ecb93b371bd55bd5656b20e1fbf1f4c65078", kill_on_drop: false }`
[INFO] [stderr]    Compiling rusymbols v0.1.2 (/opt/rustwide/workdir)
[INFO] [stderr]     Finished dev [unoptimized + debuginfo] target(s) in 1.23s
[INFO] running `Command { std: "docker" "inspect" "1eeda6a721a5469a8bc4de5bb987ecb93b371bd55bd5656b20e1fbf1f4c65078", kill_on_drop: false }`
[INFO] running `Command { std: "docker" "rm" "-f" "1eeda6a721a5469a8bc4de5bb987ecb93b371bd55bd5656b20e1fbf1f4c65078", kill_on_drop: false }`
[INFO] [stdout] 1eeda6a721a5469a8bc4de5bb987ecb93b371bd55bd5656b20e1fbf1f4c65078
[INFO] running `Command { std: "docker" "create" "-v" "/var/lib/crater-agent-workspace/builds/worker-96/target:/opt/rustwide/target:rw,Z" "-v" "/var/lib/crater-agent-workspace/builds/worker-96/source:/opt/rustwide/workdir:ro,Z" "-v" "/var/lib/crater-agent-workspace/cargo-home:/opt/rustwide/cargo-home:ro,Z" "-v" "/var/lib/crater-agent-workspace/rustup-home:/opt/rustwide/rustup-home:ro,Z" "-e" "SOURCE_DIR=/opt/rustwide/workdir" "-e" "CARGO_TARGET_DIR=/opt/rustwide/target" "-e" "CARGO_INCREMENTAL=0" "-e" "RUST_BACKTRACE=full" "-e" "RUSTFLAGS=--cap-lints=warn" "-e" "CARGO_HOME=/opt/rustwide/cargo-home" "-e" "RUSTUP_HOME=/opt/rustwide/rustup-home" "-w" "/opt/rustwide/workdir" "-m" "1610612736" "--user" "0:0" "--network" "none" "ghcr.io/rust-lang/crates-build-env/linux@sha256:34b6a614d2c27851fe6cbf88fbd1137609cefab8b10d0615aaeb6fd47975d74e" "/opt/rustwide/cargo-home/bin/cargo" "+beta-2021-08-01" "test" "--frozen" "--no-run" "--message-format=json", kill_on_drop: false }`
[INFO] [stdout] 69f81e7a28adc1c5d460ba0cc0dc4d8d8cb87f32c6cbbbef89144f6f9aecb593
[INFO] running `Command { std: "docker" "start" "-a" "69f81e7a28adc1c5d460ba0cc0dc4d8d8cb87f32c6cbbbef89144f6f9aecb593", kill_on_drop: false }`
[INFO] [stderr]     Blocking waiting for file lock on package cache
[INFO] [stderr]    Compiling rusymbols v0.1.2 (/opt/rustwide/workdir)
[INFO] [stderr]     Finished test [unoptimized + debuginfo] target(s) in 1.18s
[INFO] running `Command { std: "docker" "inspect" "69f81e7a28adc1c5d460ba0cc0dc4d8d8cb87f32c6cbbbef89144f6f9aecb593", kill_on_drop: false }`
[INFO] running `Command { std: "docker" "rm" "-f" "69f81e7a28adc1c5d460ba0cc0dc4d8d8cb87f32c6cbbbef89144f6f9aecb593", kill_on_drop: false }`
[INFO] [stdout] 69f81e7a28adc1c5d460ba0cc0dc4d8d8cb87f32c6cbbbef89144f6f9aecb593
[INFO] running `Command { std: "docker" "create" "-v" "/var/lib/crater-agent-workspace/builds/worker-96/target:/opt/rustwide/target:rw,Z" "-v" "/var/lib/crater-agent-workspace/builds/worker-96/source:/opt/rustwide/workdir:ro,Z" "-v" "/var/lib/crater-agent-workspace/cargo-home:/opt/rustwide/cargo-home:ro,Z" "-v" "/var/lib/crater-agent-workspace/rustup-home:/opt/rustwide/rustup-home:ro,Z" "-e" "SOURCE_DIR=/opt/rustwide/workdir" "-e" "CARGO_TARGET_DIR=/opt/rustwide/target" "-e" "CARGO_INCREMENTAL=0" "-e" "RUST_BACKTRACE=full" "-e" "RUSTFLAGS=--cap-lints=warn" "-e" "CARGO_HOME=/opt/rustwide/cargo-home" "-e" "RUSTUP_HOME=/opt/rustwide/rustup-home" "-w" "/opt/rustwide/workdir" "-m" "1610612736" "--user" "0:0" "--network" "none" "ghcr.io/rust-lang/crates-build-env/linux@sha256:34b6a614d2c27851fe6cbf88fbd1137609cefab8b10d0615aaeb6fd47975d74e" "/opt/rustwide/cargo-home/bin/cargo" "+beta-2021-08-01" "test" "--frozen", kill_on_drop: false }`
[INFO] [stdout] 392a29ba1f45b79bdaed4faffe43f17c78a6c47784aa6a89c91bebddcf8fa6a8
[INFO] running `Command { std: "docker" "start" "-a" "392a29ba1f45b79bdaed4faffe43f17c78a6c47784aa6a89c91bebddcf8fa6a8", kill_on_drop: false }`
[INFO] [stderr]     Finished test [unoptimized + debuginfo] target(s) in 0.01s
[INFO] [stderr]      Running unittests (/opt/rustwide/target/debug/deps/rusymbols-177902e95139a74b)
[INFO] [stdout] 
[INFO] [stderr]    Doc-tests rusymbols
[INFO] [stdout] running 2 tests
[INFO] [stdout] test tests::expressions_priority_eq ... ok
[INFO] [stdout] test tests::expressions_priority_ord ... ok
[INFO] [stdout] 
[INFO] [stdout] test result: ok. 2 passed; 0 failed; 0 ignored; 0 measured; 0 filtered out; finished in 0.00s
[INFO] [stdout] 
[INFO] [stdout] 
[INFO] [stdout] running 14 tests
[INFO] [stdout] test src/lib.rs - (line 23) ... FAILED
[INFO] [stdout] test src/lib.rs - (line 16) ... FAILED
[INFO] [stdout] test src/core/actions.rs - core::actions::Actions (line 70) ... ok
[INFO] [stdout] test src/core/actions.rs - core::actions::Actions (line 105) ... ok
[INFO] [stdout] test src/core/expression.rs - core::expression::Expression::new_var (line 70) ... ok
[INFO] [stdout] test src/core/expression.rs - core::expression::Expression::new (line 56) ... ok
[INFO] [stdout] test src/core/expression.rs - core::expression::Expression::pow (line 143) ... ok
[INFO] [stdout] test src/core/expression.rs - core::expression::Expression::brackets_round (line 129) ... ok
[INFO] [stdout] test src/core/expression.rs - core::expression::Expression (line 27) ... ok
[INFO] [stdout] test src/core/expression.rs - core::expression::Expression::brackets (line 114) ... ok
[INFO] [stdout] test src/core/expression.rs - core::expression::Expression::new_val (line 85) ... ok
[INFO] [stdout] test src/core/expression.rs - core::expression::Expression (line 17) ... ok
[INFO] [stdout] test src/core/expression.rs - core::expression::Expression::eval_args (line 174) ... ok
[INFO] [stdout] test src/lib.rs - (line 25) ... ok
[INFO] [stdout] 
[INFO] [stdout] failures:
[INFO] [stdout] 
[INFO] [stdout] ---- src/lib.rs - (line 23) stdout ----
[INFO] [stdout] error: expected one of `!`, `.`, `::`, `;`, `?`, `{`, `}`, or an operator, found keyword `use`
[INFO] [stdout]  --> src/lib.rs:24:6
[INFO] [stdout]   |
[INFO] [stdout] 3 | Just use it! The main idea is simplicity. Enjoy!
[INFO] [stdout]   |      ^^^ expected one of 8 possible tokens
[INFO] [stdout] 
[INFO] [stdout] error: aborting due to previous error
[INFO] [stdout] 
[INFO] [stdout] Couldn't compile the test.
[INFO] [stdout] ---- src/lib.rs - (line 16) stdout ----
[INFO] [stdout] error: unexpected token: `-`
[INFO] [stdout]  --> src/lib.rs:18:1
[INFO] [stdout]   |
[INFO] [stdout] 4 | - Fast (maybe not at maximum speed, but still fast)
[INFO] [stdout]   | ^
[INFO] [stdout] 
[INFO] [stdout] error: unexpected `at` after identifier
[INFO] [stdout]  --> src/lib.rs:18:19
[INFO] [stdout]   |
[INFO] [stdout] 4 | - Fast (maybe not at maximum speed, but still fast)
[INFO] [stdout]   |               ----^^
[INFO] [stdout]   |               |
[INFO] [stdout]   |               help: use `!` to perform logical negation
[INFO] [stdout] 
[INFO] [stdout] error: expected one of `!`, `)`, `,`, `.`, `::`, `?`, `{`, or an operator, found `not`
[INFO] [stdout]  --> src/lib.rs:18:15
[INFO] [stdout]   |
[INFO] [stdout] 4 | - Fast (maybe not at maximum speed, but still fast)
[INFO] [stdout]   |              -^^^ expected one of 8 possible tokens
[INFO] [stdout]   |              |
[INFO] [stdout]   |              help: missing `,`
[INFO] [stdout] 
[INFO] [stdout] error: expected one of `!`, `)`, `,`, `.`, `::`, `?`, `{`, or an operator, found `maximum`
[INFO] [stdout]  --> src/lib.rs:18:22
[INFO] [stdout]   |
[INFO] [stdout] 4 | - Fast (maybe not at maximum speed, but still fast)
[INFO] [stdout]   |                     -^^^^^^^ expected one of 8 possible tokens
[INFO] [stdout]   |                     |
[INFO] [stdout]   |                     help: missing `,`
[INFO] [stdout] 
[INFO] [stdout] error: expected one of `!`, `)`, `,`, `.`, `::`, `?`, `{`, or an operator, found `speed`
[INFO] [stdout]  --> src/lib.rs:18:30
[INFO] [stdout]   |
[INFO] [stdout] 4 | - Fast (maybe not at maximum speed, but still fast)
[INFO] [stdout]   |                             -^^^^^ expected one of 8 possible tokens
[INFO] [stdout]   |                             |
[INFO] [stdout]   |                             help: missing `,`
[INFO] [stdout] 
[INFO] [stdout] error: expected one of `!`, `)`, `,`, `.`, `::`, `?`, `{`, or an operator, found `still`
[INFO] [stdout]  --> src/lib.rs:18:41
[INFO] [stdout]   |
[INFO] [stdout] 4 | - Fast (maybe not at maximum speed, but still fast)
[INFO] [stdout]   |                                        -^^^^^ expected one of 8 possible tokens
[INFO] [stdout]   |                                        |
[INFO] [stdout]   |                                        help: missing `,`
[INFO] [stdout] 
[INFO] [stdout] error: expected one of `!`, `)`, `,`, `.`, `::`, `?`, `{`, or an operator, found `fast`
[INFO] [stdout]  --> src/lib.rs:18:47
[INFO] [stdout]   |
[INFO] [stdout] 4 | - Fast (maybe not at maximum speed, but still fast)
[INFO] [stdout]   |                                              -^^^^ expected one of 8 possible tokens
[INFO] [stdout]   |                                              |
[INFO] [stdout]   |                                              help: missing `,`
[INFO] [stdout] 
[INFO] [stdout] error: expected one of `!`, `)`, `,`, `.`, `::`, `?`, `{`, or an operator, found `with`
[INFO] [stdout]  --> src/lib.rs:20:28
[INFO] [stdout]   |
[INFO] [stdout] 6 | - Universal (compatibility with nalgebra and standard types (possibly) and other similar crates)
[INFO] [stdout]   |                           -^^^^ expected one of 8 possible tokens
[INFO] [stdout]   |                           |
[INFO] [stdout]   |                           help: missing `,`
[INFO] [stdout] 
[INFO] [stdout] error: `and` is not a logical operator
[INFO] [stdout]  --> src/lib.rs:20:42
[INFO] [stdout]   |
[INFO] [stdout] 6 | - Universal (compatibility with nalgebra and standard types (possibly) and other similar crates)
[INFO] [stdout]   |                                          ^^^ help: use `&&` to perform logical conjunction
[INFO] [stdout]   |
[INFO] [stdout]   = note: unlike in e.g., python and PHP, `&&` and `||` are used for logical operators
[INFO] [stdout] 
[INFO] [stdout] error: expected one of `!`, `)`, `,`, `.`, `::`, `?`, `{`, or an operator, found `nalgebra`
[INFO] [stdout]  --> src/lib.rs:20:33
[INFO] [stdout]   |
[INFO] [stdout] 6 | - Universal (compatibility with nalgebra and standard types (possibly) and other similar crates)
[INFO] [stdout]   |                                -^^^^^^^^ expected one of 8 possible tokens
[INFO] [stdout]   |                                |
[INFO] [stdout]   |                                help: missing `,`
[INFO] [stdout] 
[INFO] [stdout] error: `and` is not a logical operator
[INFO] [stdout]  --> src/lib.rs:20:72
[INFO] [stdout]   |
[INFO] [stdout] 6 | - Universal (compatibility with nalgebra and standard types (possibly) and other similar crates)
[INFO] [stdout]   |                                                                        ^^^ help: use `&&` to perform logical conjunction
[INFO] [stdout]   |
[INFO] [stdout]   = note: unlike in e.g., python and PHP, `&&` and `||` are used for logical operators
[INFO] [stdout] 
[INFO] [stdout] error: expected one of `!`, `)`, `,`, `.`, `::`, `?`, `{`, or an operator, found `types`
[INFO] [stdout]  --> src/lib.rs:20:55
[INFO] [stdout]   |
[INFO] [stdout] 6 | - Universal (compatibility with nalgebra and standard types (possibly) and other similar crates)
[INFO] [stdout]   |                                                      -^^^^^ expected one of 8 possible tokens
[INFO] [stdout]   |                                                      |
[INFO] [stdout]   |                                                      help: missing `,`
[INFO] [stdout] 
[INFO] [stdout] error: expected one of `!`, `)`, `,`, `.`, `::`, `?`, `{`, or an operator, found `similar`
[INFO] [stdout]  --> src/lib.rs:20:82
[INFO] [stdout]   |
[INFO] [stdout] 6 | - Universal (compatibility with nalgebra and standard types (possibly) and other similar crates)
[INFO] [stdout]   |                                                                                 -^^^^^^^ expected one of 8 possible tokens
[INFO] [stdout]   |                                                                                 |
[INFO] [stdout]   |                                                                                 help: missing `,`
[INFO] [stdout] 
[INFO] [stdout] error: expected one of `!`, `)`, `,`, `.`, `::`, `?`, `{`, or an operator, found `crates`
[INFO] [stdout]  --> src/lib.rs:20:90
[INFO] [stdout]   |
[INFO] [stdout] 6 | - Universal (compatibility with nalgebra and standard types (possibly) and other similar crates)
[INFO] [stdout]   |                                                                                         -^^^^^^ expected one of 8 possible tokens
[INFO] [stdout]   |                                                                                         |
[INFO] [stdout]   |                                                                                         help: missing `,`
[INFO] [stdout] 
[INFO] [stdout] error[E0425]: cannot find value `Simple` in this scope
[INFO] [stdout]  --> src/lib.rs:17:3
[INFO] [stdout]   |
[INFO] [stdout] 3 | - Simple.
[INFO] [stdout]   |   ^^^^^^ not found in this scope
[INFO] [stdout] 
[INFO] [stdout] error[E0425]: cannot find function, tuple struct or tuple variant `Fast` in this scope
[INFO] [stdout]  --> src/lib.rs:18:3
[INFO] [stdout]   |
[INFO] [stdout] 4 | - Fast (maybe not at maximum speed, but still fast)
[INFO] [stdout]   |   ^^^^ not found in this scope
[INFO] [stdout] 
[INFO] [stdout] error[E0425]: cannot find value `maybe` in this scope
[INFO] [stdout]  --> src/lib.rs:18:9
[INFO] [stdout]   |
[INFO] [stdout] 4 | - Fast (maybe not at maximum speed, but still fast)
[INFO] [stdout]   |         ^^^^^ not found in this scope
[INFO] [stdout] 
[INFO] [stdout] error[E0425]: cannot find value `at` in this scope
[INFO] [stdout]  --> src/lib.rs:18:19
[INFO] [stdout]   |
[INFO] [stdout] 4 | - Fast (maybe not at maximum speed, but still fast)
[INFO] [stdout]   |                   ^^ not found in this scope
[INFO] [stdout] 
[INFO] [stdout] error[E0425]: cannot find value `maximum` in this scope
[INFO] [stdout]  --> src/lib.rs:18:22
[INFO] [stdout]   |
[INFO] [stdout] 4 | - Fast (maybe not at maximum speed, but still fast)
[INFO] [stdout]   |                      ^^^^^^^ not found in this scope
[INFO] [stdout] 
[INFO] [stdout] error[E0425]: cannot find value `speed` in this scope
[INFO] [stdout]  --> src/lib.rs:18:30
[INFO] [stdout]   |
[INFO] [stdout] 4 | - Fast (maybe not at maximum speed, but still fast)
[INFO] [stdout]   |                              ^^^^^ not found in this scope
[INFO] [stdout] 
[INFO] [stdout] error[E0425]: cannot find value `but` in this scope
[INFO] [stdout]  --> src/lib.rs:18:37
[INFO] [stdout]   |
[INFO] [stdout] 4 | - Fast (maybe not at maximum speed, but still fast)
[INFO] [stdout]   |                                     ^^^ not found in this scope
[INFO] [stdout] 
[INFO] [stdout] error[E0425]: cannot find value `still` in this scope
[INFO] [stdout]  --> src/lib.rs:18:41
[INFO] [stdout]   |
[INFO] [stdout] 4 | - Fast (maybe not at maximum speed, but still fast)
[INFO] [stdout]   |                                         ^^^^^ not found in this scope
[INFO] [stdout] 
[INFO] [stdout] error[E0425]: cannot find value `fast` in this scope
[INFO] [stdout]  --> src/lib.rs:18:47
[INFO] [stdout]   |
[INFO] [stdout] 4 | - Fast (maybe not at maximum speed, but still fast)
[INFO] [stdout]   |                                               ^^^^ not found in this scope
[INFO] [stdout] 
[INFO] [stdout] error[E0425]: cannot find value `Safe` in this scope
[INFO] [stdout]  --> src/lib.rs:19:3
[INFO] [stdout]   |
[INFO] [stdout] 5 | - Safe
[INFO] [stdout]   |   ^^^^ not found in this scope
[INFO] [stdout] 
[INFO] [stdout] error[E0425]: cannot find function, tuple struct or tuple variant `Universal` in this scope
[INFO] [stdout]  --> src/lib.rs:20:3
[INFO] [stdout]   |
[INFO] [stdout] 6 | - Universal (compatibility with nalgebra and standard types (possibly) and other similar crates)
[INFO] [stdout]   |   ^^^^^^^^^ not found in this scope
[INFO] [stdout] 
[INFO] [stdout] error[E0425]: cannot find value `compatibility` in this scope
[INFO] [stdout]  --> src/lib.rs:20:14
[INFO] [stdout]   |
[INFO] [stdout] 6 | - Universal (compatibility with nalgebra and standard types (possibly) and other similar crates)
[INFO] [stdout]   |              ^^^^^^^^^^^^^ not found in this scope
[INFO] [stdout] 
[INFO] [stdout] error[E0425]: cannot find value `with` in this scope
[INFO] [stdout]  --> src/lib.rs:20:28
[INFO] [stdout]   |
[INFO] [stdout] 6 | - Universal (compatibility with nalgebra and standard types (possibly) and other similar crates)
[INFO] [stdout]   |                            ^^^^ not found in this scope
[INFO] [stdout] 
[INFO] [stdout] error[E0425]: cannot find value `nalgebra` in this scope
[INFO] [stdout]  --> src/lib.rs:20:33
[INFO] [stdout]   |
[INFO] [stdout] 6 | - Universal (compatibility with nalgebra and standard types (possibly) and other similar crates)
[INFO] [stdout]   |                                 ^^^^^^^^ not found in this scope
[INFO] [stdout] 
[INFO] [stdout] error[E0425]: cannot find value `standard` in this scope
[INFO] [stdout]  --> src/lib.rs:20:46
[INFO] [stdout]   |
[INFO] [stdout] 6 | - Universal (compatibility with nalgebra and standard types (possibly) and other similar crates)
[INFO] [stdout]   |                                              ^^^^^^^^ not found in this scope
[INFO] [stdout] 
[INFO] [stdout] error[E0425]: cannot find function `types` in this scope
[INFO] [stdout]  --> src/lib.rs:20:55
[INFO] [stdout]   |
[INFO] [stdout] 6 | - Universal (compatibility with nalgebra and standard types (possibly) and other similar crates)
[INFO] [stdout]   |                                                       ^^^^^ not found in this scope
[INFO] [stdout] 
[INFO] [stdout] error[E0425]: cannot find value `possibly` in this scope
[INFO] [stdout]  --> src/lib.rs:20:62
[INFO] [stdout]   |
[INFO] [stdout] 6 | - Universal (compatibility with nalgebra and standard types (possibly) and other similar crates)
[INFO] [stdout]   |                                                              ^^^^^^^^ not found in this scope
[INFO] [stdout] 
[INFO] [stdout] error[E0425]: cannot find value `other` in this scope
[INFO] [stdout]  --> src/lib.rs:20:76
[INFO] [stdout]   |
[INFO] [stdout] 6 | - Universal (compatibility with nalgebra and standard types (possibly) and other similar crates)
[INFO] [stdout]   |                                                                            ^^^^^ not found in this scope
[INFO] [stdout] 
[INFO] [stdout] error[E0425]: cannot find value `similar` in this scope
[INFO] [stdout]  --> src/lib.rs:20:82
[INFO] [stdout]   |
[INFO] [stdout] 6 | - Universal (compatibility with nalgebra and standard types (possibly) and other similar crates)
[INFO] [stdout]   |                                                                                  ^^^^^^^ not found in this scope
[INFO] [stdout] 
[INFO] [stdout] error[E0425]: cannot find value `crates` in this scope
[INFO] [stdout]  --> src/lib.rs:20:90
[INFO] [stdout]   |
[INFO] [stdout] 6 | - Universal (compatibility with nalgebra and standard types (possibly) and other similar crates)
[INFO] [stdout]   |                                                                                          ^^^^^^ not found in this scope
[INFO] [stdout] 
[INFO] [stdout] error: aborting due to 34 previous errors
[INFO] [stdout] 
[INFO] [stdout] For more information about this error, try `rustc --explain E0425`.
[INFO] [stdout] Couldn't compile the test.
[INFO] [stdout] 
[INFO] [stdout] failures:
[INFO] [stdout]     src/lib.rs - (line 16)
[INFO] [stdout]     src/lib.rs - (line 23)
[INFO] [stdout] 
[INFO] [stdout] test result: FAILED. 12 passed; 2 failed; 0 ignored; 0 measured; 0 filtered out; finished in 0.54s
[INFO] [stdout] 
[INFO] [stderr] error: test failed, to rerun pass '--doc'
[INFO] running `Command { std: "docker" "inspect" "392a29ba1f45b79bdaed4faffe43f17c78a6c47784aa6a89c91bebddcf8fa6a8", kill_on_drop: false }`
[INFO] running `Command { std: "docker" "rm" "-f" "392a29ba1f45b79bdaed4faffe43f17c78a6c47784aa6a89c91bebddcf8fa6a8", kill_on_drop: false }`
[INFO] [stdout] 392a29ba1f45b79bdaed4faffe43f17c78a6c47784aa6a89c91bebddcf8fa6a8
