[INFO] fetching crate rustypy 0.1.17...
[INFO] testing rustypy-0.1.17 against beta-2021-08-01 for beta-1.55-1
[INFO] extracting crate rustypy 0.1.17 into /workspace/builds/worker-65/source
[INFO] validating manifest of crates.io crate rustypy 0.1.17 on toolchain beta-2021-08-01
[INFO] running `Command { std: "/workspace/cargo-home/bin/cargo" "+beta-2021-08-01" "metadata" "--manifest-path" "Cargo.toml" "--no-deps", kill_on_drop: false }`
[INFO] started tweaking crates.io crate rustypy 0.1.17
[INFO] finished tweaking crates.io crate rustypy 0.1.17
[INFO] tweaked toml for crates.io crate rustypy 0.1.17 written to /workspace/builds/worker-65/source/Cargo.toml
[INFO] running `Command { std: "/workspace/cargo-home/bin/cargo" "+beta-2021-08-01" "generate-lockfile" "--manifest-path" "Cargo.toml" "-Zno-index-update", kill_on_drop: false }`
[INFO] [stderr]     Blocking waiting for file lock on package cache
[INFO] running `Command { std: "/workspace/cargo-home/bin/cargo" "+beta-2021-08-01" "fetch" "--manifest-path" "Cargo.toml", kill_on_drop: false }`
[INFO] [stderr]     Blocking waiting for file lock on package cache
[INFO] [stderr]     Blocking waiting for file lock on package cache
[INFO] running `Command { std: "docker" "create" "-v" "/var/lib/crater-agent-workspace/builds/worker-65/target:/opt/rustwide/target:rw,Z" "-v" "/var/lib/crater-agent-workspace/builds/worker-65/source:/opt/rustwide/workdir:ro,Z" "-v" "/var/lib/crater-agent-workspace/cargo-home:/opt/rustwide/cargo-home:ro,Z" "-v" "/var/lib/crater-agent-workspace/rustup-home:/opt/rustwide/rustup-home:ro,Z" "-e" "SOURCE_DIR=/opt/rustwide/workdir" "-e" "CARGO_TARGET_DIR=/opt/rustwide/target" "-e" "CARGO_HOME=/opt/rustwide/cargo-home" "-e" "RUSTUP_HOME=/opt/rustwide/rustup-home" "-w" "/opt/rustwide/workdir" "-m" "1610612736" "--user" "0:0" "--network" "none" "ghcr.io/rust-lang/crates-build-env/linux@sha256:34b6a614d2c27851fe6cbf88fbd1137609cefab8b10d0615aaeb6fd47975d74e" "/opt/rustwide/cargo-home/bin/cargo" "+beta-2021-08-01" "metadata" "--no-deps" "--format-version=1", kill_on_drop: false }`
[INFO] [stdout] e67dc75cfb6fb897b09eec21c909e5dc60cbdb5f2bc138cb639c1504879c52ae
[INFO] running `Command { std: "docker" "start" "-a" "e67dc75cfb6fb897b09eec21c909e5dc60cbdb5f2bc138cb639c1504879c52ae", kill_on_drop: false }`
[INFO] running `Command { std: "docker" "inspect" "e67dc75cfb6fb897b09eec21c909e5dc60cbdb5f2bc138cb639c1504879c52ae", kill_on_drop: false }`
[INFO] running `Command { std: "docker" "rm" "-f" "e67dc75cfb6fb897b09eec21c909e5dc60cbdb5f2bc138cb639c1504879c52ae", kill_on_drop: false }`
[INFO] [stdout] e67dc75cfb6fb897b09eec21c909e5dc60cbdb5f2bc138cb639c1504879c52ae
[INFO] running `Command { std: "docker" "create" "-v" "/var/lib/crater-agent-workspace/builds/worker-65/target:/opt/rustwide/target:rw,Z" "-v" "/var/lib/crater-agent-workspace/builds/worker-65/source:/opt/rustwide/workdir:ro,Z" "-v" "/var/lib/crater-agent-workspace/cargo-home:/opt/rustwide/cargo-home:ro,Z" "-v" "/var/lib/crater-agent-workspace/rustup-home:/opt/rustwide/rustup-home:ro,Z" "-e" "SOURCE_DIR=/opt/rustwide/workdir" "-e" "CARGO_TARGET_DIR=/opt/rustwide/target" "-e" "CARGO_INCREMENTAL=0" "-e" "RUST_BACKTRACE=full" "-e" "RUSTFLAGS=--cap-lints=warn" "-e" "CARGO_HOME=/opt/rustwide/cargo-home" "-e" "RUSTUP_HOME=/opt/rustwide/rustup-home" "-w" "/opt/rustwide/workdir" "-m" "1610612736" "--user" "0:0" "--network" "none" "ghcr.io/rust-lang/crates-build-env/linux@sha256:34b6a614d2c27851fe6cbf88fbd1137609cefab8b10d0615aaeb6fd47975d74e" "/opt/rustwide/cargo-home/bin/cargo" "+beta-2021-08-01" "build" "--frozen" "--message-format=json", kill_on_drop: false }`
[INFO] [stdout] 2af44f1993579f31a93808eaa791f8bd9ffd4d7a26628b7ecf64000102d5b71c
[INFO] running `Command { std: "docker" "start" "-a" "2af44f1993579f31a93808eaa791f8bd9ffd4d7a26628b7ecf64000102d5b71c", kill_on_drop: false }`
[INFO] [stderr]     Blocking waiting for file lock on package cache
[INFO] [stderr]    Compiling regex-syntax v0.6.25
[INFO] [stderr]    Compiling autocfg v1.0.1
[INFO] [stderr]    Compiling proc-macro2 v1.0.28
[INFO] [stderr]    Compiling unicode-xid v0.2.2
[INFO] [stderr]    Compiling syn v1.0.74
[INFO] [stderr]    Compiling cpython v0.3.0
[INFO] [stderr]    Compiling same-file v0.1.3
[INFO] [stderr]    Compiling aho-corasick v0.7.18
[INFO] [stderr]    Compiling walkdir v1.0.7
[INFO] [stderr]    Compiling num-traits v0.2.14
[INFO] [stderr]    Compiling quote v1.0.9
[INFO] [stderr]    Compiling regex v1.5.4
[INFO] [stderr]    Compiling python3-sys v0.3.0
[INFO] [stderr]    Compiling rustypy v0.1.17 (/opt/rustwide/workdir)
[INFO] [stdout] warning: unnecessary trailing semicolon
[INFO] [stdout]    --> pytypes/pydict.rs:615:6
[INFO] [stdout]     |
[INFO] [stdout] 615 |     };
[INFO] [stdout]     |      ^ help: remove this semicolon
[INFO] [stdout]     |
[INFO] [stdout]     = note: `#[warn(redundant_semicolons)]` on by default
[INFO] [stdout] 
[INFO] [stdout] 
[INFO] [stdout] warning: 1 warning emitted
[INFO] [stdout] 
[INFO] [stdout] 
[INFO] [stderr]     Finished dev [unoptimized + debuginfo] target(s) in 13.19s
[INFO] running `Command { std: "docker" "inspect" "2af44f1993579f31a93808eaa791f8bd9ffd4d7a26628b7ecf64000102d5b71c", kill_on_drop: false }`
[INFO] running `Command { std: "docker" "rm" "-f" "2af44f1993579f31a93808eaa791f8bd9ffd4d7a26628b7ecf64000102d5b71c", kill_on_drop: false }`
[INFO] [stdout] 2af44f1993579f31a93808eaa791f8bd9ffd4d7a26628b7ecf64000102d5b71c
[INFO] running `Command { std: "docker" "create" "-v" "/var/lib/crater-agent-workspace/builds/worker-65/target:/opt/rustwide/target:rw,Z" "-v" "/var/lib/crater-agent-workspace/builds/worker-65/source:/opt/rustwide/workdir:ro,Z" "-v" "/var/lib/crater-agent-workspace/cargo-home:/opt/rustwide/cargo-home:ro,Z" "-v" "/var/lib/crater-agent-workspace/rustup-home:/opt/rustwide/rustup-home:ro,Z" "-e" "SOURCE_DIR=/opt/rustwide/workdir" "-e" "CARGO_TARGET_DIR=/opt/rustwide/target" "-e" "CARGO_INCREMENTAL=0" "-e" "RUST_BACKTRACE=full" "-e" "RUSTFLAGS=--cap-lints=warn" "-e" "CARGO_HOME=/opt/rustwide/cargo-home" "-e" "RUSTUP_HOME=/opt/rustwide/rustup-home" "-w" "/opt/rustwide/workdir" "-m" "1610612736" "--user" "0:0" "--network" "none" "ghcr.io/rust-lang/crates-build-env/linux@sha256:34b6a614d2c27851fe6cbf88fbd1137609cefab8b10d0615aaeb6fd47975d74e" "/opt/rustwide/cargo-home/bin/cargo" "+beta-2021-08-01" "test" "--frozen" "--no-run" "--message-format=json", kill_on_drop: false }`
[INFO] [stdout] ece5f0c007252d38e93df398d47143d6655036d9954a3848c6d6088292f83399
[INFO] running `Command { std: "docker" "start" "-a" "ece5f0c007252d38e93df398d47143d6655036d9954a3848c6d6088292f83399", kill_on_drop: false }`
[INFO] [stderr]     Blocking waiting for file lock on package cache
[INFO] [stderr]    Compiling rustypy v0.1.17 (/opt/rustwide/workdir)
[INFO] [stdout] warning: unnecessary trailing semicolon
[INFO] [stdout]    --> pytypes/pydict.rs:615:6
[INFO] [stdout]     |
[INFO] [stdout] 615 |     };
[INFO] [stdout]     |      ^ help: remove this semicolon
[INFO] [stdout]     |
[INFO] [stdout]     = note: `#[warn(redundant_semicolons)]` on by default
[INFO] [stdout] 
[INFO] [stdout] 
[INFO] [stdout] warning: 1 warning emitted
[INFO] [stdout] 
[INFO] [stdout] 
[INFO] [stdout] warning: unnecessary trailing semicolon
[INFO] [stdout]    --> pytypes/pytuple.rs:196:11
[INFO] [stdout]     |
[INFO] [stdout] 196 |           )*;
[INFO] [stdout]     |             ^ help: remove this semicolon
[INFO] [stdout]     | 
[INFO] [stdout]    ::: macros.rs:517:23
[INFO] [stdout]     |
[INFO] [stdout] 517 |           let pytuple = pytuple!(
[INFO] [stdout]     |  _______________________-
[INFO] [stdout] 518 | |             PyArg::PyBool(PyBool::from(false)),
[INFO] [stdout] 519 | |             PyArg::PyString(PyString::from("test")),
[INFO] [stdout] 520 | |             PyArg::I64(55i64)
[INFO] [stdout] 521 | |         )
[INFO] [stdout]     | |_________- in this macro invocation
[INFO] [stdout]     |
[INFO] [stdout]     = note: `#[warn(redundant_semicolons)]` on by default
[INFO] [stdout]     = note: this warning originates in the macro `pytuple` (in Nightly builds, run with -Z macro-backtrace for more info)
[INFO] [stdout] 
[INFO] [stdout] 
[INFO] [stdout] warning: unnecessary trailing semicolon
[INFO] [stdout]    --> pytypes/pytuple.rs:196:11
[INFO] [stdout]     |
[INFO] [stdout] 196 |           )*;
[INFO] [stdout]     |             ^ help: remove this semicolon
[INFO] [stdout]     | 
[INFO] [stdout]    ::: macros.rs:531:13
[INFO] [stdout]     |
[INFO] [stdout] 531 | /             pytuple!(
[INFO] [stdout] 532 | |                 PyArg::PyList(PyList::from_iter(vec![1i32, 2, 3]).into_raw()),
[INFO] [stdout] 533 | |                 PyArg::F32(0.1)
[INFO] [stdout] 534 | |             ),
[INFO] [stdout]     | |_____________- in this macro invocation
[INFO] [stdout]     |
[INFO] [stdout]     = note: this warning originates in the macro `pytuple` (in Nightly builds, run with -Z macro-backtrace for more info)
[INFO] [stdout] 
[INFO] [stdout] 
[INFO] [stdout] warning: unnecessary trailing semicolon
[INFO] [stdout]    --> pytypes/pytuple.rs:196:11
[INFO] [stdout]     |
[INFO] [stdout] 196 |           )*;
[INFO] [stdout]     |             ^ help: remove this semicolon
[INFO] [stdout]     | 
[INFO] [stdout]    ::: macros.rs:535:13
[INFO] [stdout]     |
[INFO] [stdout] 535 | /             pytuple!(
[INFO] [stdout] 536 | |                 PyArg::PyList(PyList::from_iter(vec![3i32, 2, 1]).into_raw()),
[INFO] [stdout] 537 | |                 PyArg::F32(0.2)
[INFO] [stdout] 538 | |             ),
[INFO] [stdout]     | |_____________- in this macro invocation
[INFO] [stdout]     |
[INFO] [stdout]     = note: this warning originates in the macro `pytuple` (in Nightly builds, run with -Z macro-backtrace for more info)
[INFO] [stdout] 
[INFO] [stdout] 
[INFO] [stdout] warning: unnecessary trailing semicolon
[INFO] [stdout]    --> pytypes/pydict.rs:615:6
[INFO] [stdout]     |
[INFO] [stdout] 615 |     };
[INFO] [stdout]     |      ^ help: remove this semicolon
[INFO] [stdout] 
[INFO] [stdout] 
[INFO] [stdout] warning: use of deprecated function `std::env::home_dir`: This function's behavior is unexpected and probably not what you want. Consider using a crate from crates.io instead.
[INFO] [stdout]    --> lib.rs:297:30
[INFO] [stdout]     |
[INFO] [stdout] 297 |         let path = std::env::home_dir()
[INFO] [stdout]     |                              ^^^^^^^^
[INFO] [stdout]     |
[INFO] [stdout]     = note: `#[warn(deprecated)]` on by default
[INFO] [stdout] 
[INFO] [stdout] 
[INFO] [stdout] warning: 5 warnings emitted
[INFO] [stdout] 
[INFO] [stdout] 
[INFO] [stderr]     Finished test [unoptimized + debuginfo] target(s) in 2.68s
[INFO] running `Command { std: "docker" "inspect" "ece5f0c007252d38e93df398d47143d6655036d9954a3848c6d6088292f83399", kill_on_drop: false }`
[INFO] running `Command { std: "docker" "rm" "-f" "ece5f0c007252d38e93df398d47143d6655036d9954a3848c6d6088292f83399", kill_on_drop: false }`
[INFO] [stdout] ece5f0c007252d38e93df398d47143d6655036d9954a3848c6d6088292f83399
[INFO] running `Command { std: "docker" "create" "-v" "/var/lib/crater-agent-workspace/builds/worker-65/target:/opt/rustwide/target:rw,Z" "-v" "/var/lib/crater-agent-workspace/builds/worker-65/source:/opt/rustwide/workdir:ro,Z" "-v" "/var/lib/crater-agent-workspace/cargo-home:/opt/rustwide/cargo-home:ro,Z" "-v" "/var/lib/crater-agent-workspace/rustup-home:/opt/rustwide/rustup-home:ro,Z" "-e" "SOURCE_DIR=/opt/rustwide/workdir" "-e" "CARGO_TARGET_DIR=/opt/rustwide/target" "-e" "CARGO_INCREMENTAL=0" "-e" "RUST_BACKTRACE=full" "-e" "RUSTFLAGS=--cap-lints=warn" "-e" "CARGO_HOME=/opt/rustwide/cargo-home" "-e" "RUSTUP_HOME=/opt/rustwide/rustup-home" "-w" "/opt/rustwide/workdir" "-m" "1610612736" "--user" "0:0" "--network" "none" "ghcr.io/rust-lang/crates-build-env/linux@sha256:34b6a614d2c27851fe6cbf88fbd1137609cefab8b10d0615aaeb6fd47975d74e" "/opt/rustwide/cargo-home/bin/cargo" "+beta-2021-08-01" "test" "--frozen", kill_on_drop: false }`
[INFO] [stdout] 560b54c3424f01cba52e61e3a837c912df7c127b974b790ccacfcdb6471cdd2a
[INFO] running `Command { std: "docker" "start" "-a" "560b54c3424f01cba52e61e3a837c912df7c127b974b790ccacfcdb6471cdd2a", kill_on_drop: false }`
[INFO] [stderr]     Blocking waiting for file lock on package cache
[INFO] [stderr] warning: unnecessary trailing semicolon
[INFO] [stderr]    --> pytypes/pydict.rs:615:6
[INFO] [stderr]     |
[INFO] [stderr] 615 |     };
[INFO] [stderr]     |      ^ help: remove this semicolon
[INFO] [stderr]     |
[INFO] [stderr]     = note: `#[warn(redundant_semicolons)]` on by default
[INFO] [stderr] 
[INFO] [stderr] warning: unnecessary trailing semicolon
[INFO] [stderr]    --> pytypes/pytuple.rs:196:11
[INFO] [stderr]     |
[INFO] [stderr] 196 |           )*;
[INFO] [stderr]     |             ^ help: remove this semicolon
[INFO] [stderr]     | 
[INFO] [stderr]    ::: macros.rs:517:23
[INFO] [stderr]     |
[INFO] [stderr] 517 |           let pytuple = pytuple!(
[INFO] [stderr]     |  _______________________-
[INFO] [stderr] 518 | |             PyArg::PyBool(PyBool::from(false)),
[INFO] [stderr] 519 | |             PyArg::PyString(PyString::from("test")),
[INFO] [stderr] 520 | |             PyArg::I64(55i64)
[INFO] [stderr] 521 | |         )
[INFO] [stderr]     | |_________- in this macro invocation
[INFO] [stderr]     |
[INFO] [stderr]     = note: `#[warn(redundant_semicolons)]` on by default
[INFO] [stderr]     = note: this warning originates in the macro `pytuple` (in Nightly builds, run with -Z macro-backtrace for more info)
[INFO] [stderr] 
[INFO] [stderr] warning: unnecessary trailing semicolon
[INFO] [stderr]    --> pytypes/pytuple.rs:196:11
[INFO] [stderr]     |
[INFO] [stderr] 196 |           )*;
[INFO] [stderr]     |             ^ help: remove this semicolon
[INFO] [stderr]     | 
[INFO] [stderr]    ::: macros.rs:531:13
[INFO] [stderr]     |
[INFO] [stderr] 531 | /             pytuple!(
[INFO] [stderr] 532 | |                 PyArg::PyList(PyList::from_iter(vec![1i32, 2, 3]).into_raw()),
[INFO] [stderr] 533 | |                 PyArg::F32(0.1)
[INFO] [stderr] 534 | |             ),
[INFO] [stderr]     | |_____________- in this macro invocation
[INFO] [stderr]     |
[INFO] [stderr]     = note: this warning originates in the macro `pytuple` (in Nightly builds, run with -Z macro-backtrace for more info)
[INFO] [stderr] 
[INFO] [stderr] warning: unnecessary trailing semicolon
[INFO] [stderr]    --> pytypes/pytuple.rs:196:11
[INFO] [stderr]     |
[INFO] [stderr] 196 |           )*;
[INFO] [stderr]     |             ^ help: remove this semicolon
[INFO] [stderr]     | 
[INFO] [stderr]    ::: macros.rs:535:13
[INFO] [stderr]     |
[INFO] [stderr] 535 | /             pytuple!(
[INFO] [stderr] 536 | |                 PyArg::PyList(PyList::from_iter(vec![3i32, 2, 1]).into_raw()),
[INFO] [stderr] 537 | |                 PyArg::F32(0.2)
[INFO] [stderr] 538 | |             ),
[INFO] [stderr]     | |_____________- in this macro invocation
[INFO] [stderr]     |
[INFO] [stderr]     = note: this warning originates in the macro `pytuple` (in Nightly builds, run with -Z macro-backtrace for more info)
[INFO] [stderr] 
[INFO] [stderr] warning: unnecessary trailing semicolon
[INFO] [stderr]    --> pytypes/pydict.rs:615:6
[INFO] [stderr]     |
[INFO] [stderr] 615 |     };
[INFO] [stderr]     |      ^ help: remove this semicolon
[INFO] [stderr] 
[INFO] [stderr] warning: use of deprecated function `std::env::home_dir`: This function's behavior is unexpected and probably not what you want. Consider using a crate from crates.io instead.
[INFO] [stderr]    --> lib.rs:297:30
[INFO] [stderr]     |
[INFO] [stderr] 297 |         let path = std::env::home_dir()
[INFO] [stderr]     |                              ^^^^^^^^
[INFO] [stderr]     |
[INFO] [stderr]     = note: `#[warn(deprecated)]` on by default
[INFO] [stderr] 
[INFO] [stderr] warning: `rustypy` (lib) generated 1 warning
[INFO] [stderr] warning: `rustypy` (lib test) generated 5 warnings
[INFO] [stderr]     Finished test [unoptimized + debuginfo] target(s) in 1.34s
[INFO] [stderr]      Running unittests (/opt/rustwide/target/debug/deps/rustypy-a3825a57d1785613)
[INFO] [stdout] 
[INFO] [stderr]    Doc-tests rustypy
[INFO] [stdout] running 5 tests
[INFO] [stdout] test parsing_tests::parse_lib ... ignored
[INFO] [stdout] test macros::tests::unpack_pylist_macro ... ok
[INFO] [stdout] test macros::tests::pytuple_macro ... ok
[INFO] [stdout] test pytypes::pydict::drain_dict ... ok
[INFO] [stdout] test pytypes::pystring::tests::pystring_operations ... ok
[INFO] [stdout] 
[INFO] [stdout] test result: ok. 4 passed; 0 failed; 1 ignored; 0 measured; 0 filtered out; finished in 0.00s
[INFO] [stdout] 
[INFO] [stderr] warning: unnecessary trailing semicolon
[INFO] [stderr]    --> /opt/rustwide/workdir/pytypes/pydict.rs:615:6
[INFO] [stderr]     |
[INFO] [stderr] 615 |     };
[INFO] [stderr]     |      ^ help: remove this semicolon
[INFO] [stderr]     |
[INFO] [stderr]     = note: `#[warn(redundant_semicolons)]` on by default
[INFO] [stderr] 
[INFO] [stderr] warning: 1 warning emitted
[INFO] [stderr] 
[INFO] [stdout] 
[INFO] [stdout] running 19 tests
[INFO] [stdout] test macros.rs - unpack_pytype (line 466) ... FAILED
[INFO] [stdout] test macros.rs - unpack_pytype (line 421) ... FAILED
[INFO] [stdout] test macros.rs - unpack_pytuple (line 16) ... FAILED
[INFO] [stdout] test macros.rs - unpack_pydict (line 336) ... FAILED
[INFO] [stdout] test macros.rs - unpack_pylist (line 241) ... FAILED
[INFO] [stdout] test pytypes/pydict.rs - pytypes::pydict (line 22) ... FAILED
[INFO] [stdout] test macros.rs - unpack_pydict (line 321) ... FAILED
[INFO] [stdout] test pytypes/pydict.rs - pytypes::pydict::PyDict<K>::from_ptr (line 158) ... FAILED
[INFO] [stdout] test pytypes/pydict.rs - pytypes::pydict (line 9) ... FAILED
[INFO] [stdout] test macros.rs - unpack_pylist (line 228) ... FAILED
[INFO] [stdout] test pytypes/pylist.rs - pytypes::pylist (line 19) ... FAILED
[INFO] [stdout] test macros.rs - unpack_pytype (line 451) ... FAILED
[INFO] [stdout] test macros.rs - unpack_pylist (line 217) ... FAILED
[INFO] [stdout] test pytypes/pylist.rs - pytypes::pylist (line 8) ... FAILED
[INFO] [stdout] test macros.rs - unpack_pytype (line 439) ... FAILED
[INFO] [stdout] test pytypes/pytuple.rs - pytypes::pytuple (line 5) ... FAILED
[INFO] [stdout] test pytypes/pybool.rs - pytypes::pybool (line 13) ... FAILED
[INFO] [stdout] test pytypes/pystring.rs - pytypes::pystring (line 14) ... ok
[INFO] [stdout] test pytypes/pytuple.rs - pytuple (line 149) ... ok
[INFO] [stdout] 
[INFO] [stdout] failures:
[INFO] [stdout] 
[INFO] [stdout] ---- macros.rs - unpack_pytype (line 466) stdout ----
[INFO] [stdout] Couldn't compile the test.
[INFO] [stdout] ---- macros.rs - unpack_pytype (line 421) stdout ----
[INFO] [stdout] Couldn't compile the test.
[INFO] [stdout] ---- macros.rs - unpack_pytuple (line 16) stdout ----
[INFO] [stdout] Couldn't compile the test.
[INFO] [stdout] ---- macros.rs - unpack_pydict (line 336) stdout ----
[INFO] [stdout] Couldn't compile the test.
[INFO] [stdout] ---- macros.rs - unpack_pylist (line 241) stdout ----
[INFO] [stdout] Couldn't compile the test.
[INFO] [stdout] ---- pytypes/pydict.rs - pytypes::pydict (line 22) stdout ----
[INFO] [stdout] Couldn't compile the test.
[INFO] [stdout] ---- macros.rs - unpack_pydict (line 321) stdout ----
[INFO] [stdout] Couldn't compile the test.
[INFO] [stdout] ---- pytypes/pydict.rs - pytypes::pydict::PyDict<K>::from_ptr (line 158) stdout ----
[INFO] [stdout] Couldn't compile the test.
[INFO] [stdout] ---- pytypes/pydict.rs - pytypes::pydict (line 9) stdout ----
[INFO] [stdout] Couldn't compile the test.
[INFO] [stdout] ---- macros.rs - unpack_pylist (line 228) stdout ----
[INFO] [stdout] Couldn't compile the test.
[INFO] [stdout] ---- pytypes/pylist.rs - pytypes::pylist (line 19) stdout ----
[INFO] [stdout] Couldn't compile the test.
[INFO] [stdout] ---- macros.rs - unpack_pytype (line 451) stdout ----
[INFO] [stdout] Couldn't compile the test.
[INFO] [stdout] ---- macros.rs - unpack_pylist (line 217) stdout ----
[INFO] [stdout] Couldn't compile the test.
[INFO] [stdout] ---- pytypes/pylist.rs - pytypes::pylist (line 8) stdout ----
[INFO] [stdout] Couldn't compile the test.
[INFO] [stdout] ---- macros.rs - unpack_pytype (line 439) stdout ----
[INFO] [stdout] Couldn't compile the test.
[INFO] [stdout] ---- pytypes/pytuple.rs - pytypes::pytuple (line 5) stdout ----
[INFO] [stdout] Couldn't compile the test.
[INFO] [stdout] ---- pytypes/pybool.rs - pytypes::pybool (line 13) stdout ----
[INFO] [stdout] Couldn't compile the test.
[INFO] [stdout] 
[INFO] [stdout] failures:
[INFO] [stdout]     macros.rs - unpack_pydict (line 321)
[INFO] [stdout]     macros.rs - unpack_pydict (line 336)
[INFO] [stdout]     macros.rs - unpack_pylist (line 217)
[INFO] [stdout]     macros.rs - unpack_pylist (line 228)
[INFO] [stdout]     macros.rs - unpack_pylist (line 241)
[INFO] [stdout]     macros.rs - unpack_pytuple (line 16)
[INFO] [stdout]     macros.rs - unpack_pytype (line 421)
[INFO] [stdout]     macros.rs - unpack_pytype (line 439)
[INFO] [stdout]     macros.rs - unpack_pytype (line 451)
[INFO] [stdout]     macros.rs - unpack_pytype (line 466)
[INFO] [stdout]     pytypes/pybool.rs - pytypes::pybool (line 13)
[INFO] [stdout]     pytypes/pydict.rs - pytypes::pydict (line 22)
[INFO] [stdout]     pytypes/pydict.rs - pytypes::pydict (line 9)
[INFO] [stdout]     pytypes/pydict.rs - pytypes::pydict::PyDict<K>::from_ptr (line 158)
[INFO] [stdout]     pytypes/pylist.rs - pytypes::pylist (line 19)
[INFO] [stdout]     pytypes/pylist.rs - pytypes::pylist (line 8)
[INFO] [stdout]     pytypes/pytuple.rs - pytypes::pytuple (line 5)
[INFO] [stdout] 
[INFO] [stdout] test result: FAILED. 2 passed; 17 failed; 0 ignored; 0 measured; 0 filtered out; finished in 6.78s
[INFO] [stdout] 
[INFO] [stderr] error: test failed, to rerun pass '--doc'
[INFO] running `Command { std: "docker" "inspect" "560b54c3424f01cba52e61e3a837c912df7c127b974b790ccacfcdb6471cdd2a", kill_on_drop: false }`
[INFO] running `Command { std: "docker" "rm" "-f" "560b54c3424f01cba52e61e3a837c912df7c127b974b790ccacfcdb6471cdd2a", kill_on_drop: false }`
[INFO] [stdout] 560b54c3424f01cba52e61e3a837c912df7c127b974b790ccacfcdb6471cdd2a
