[INFO] fetching crate rusty-logger 0.1.1...
[INFO] testing rusty-logger-0.1.1 against beta-2021-08-01 for beta-1.55-1
[INFO] extracting crate rusty-logger 0.1.1 into /workspace/builds/worker-3/source
[INFO] validating manifest of crates.io crate rusty-logger 0.1.1 on toolchain beta-2021-08-01
[INFO] running `Command { std: "/workspace/cargo-home/bin/cargo" "+beta-2021-08-01" "metadata" "--manifest-path" "Cargo.toml" "--no-deps", kill_on_drop: false }`
[INFO] started tweaking crates.io crate rusty-logger 0.1.1
[INFO] finished tweaking crates.io crate rusty-logger 0.1.1
[INFO] tweaked toml for crates.io crate rusty-logger 0.1.1 written to /workspace/builds/worker-3/source/Cargo.toml
[INFO] running `Command { std: "/workspace/cargo-home/bin/cargo" "+beta-2021-08-01" "generate-lockfile" "--manifest-path" "Cargo.toml" "-Zno-index-update", kill_on_drop: false }`
[INFO] running `Command { std: "/workspace/cargo-home/bin/cargo" "+beta-2021-08-01" "fetch" "--manifest-path" "Cargo.toml", kill_on_drop: false }`
[INFO] [stderr]     Blocking waiting for file lock on package cache
[INFO] [stderr]  Downloading crates ...
[INFO] [stderr]   Downloaded colored v2.0.0
[INFO] running `Command { std: "docker" "create" "-v" "/var/lib/crater-agent-workspace/builds/worker-3/target:/opt/rustwide/target:rw,Z" "-v" "/var/lib/crater-agent-workspace/builds/worker-3/source:/opt/rustwide/workdir:ro,Z" "-v" "/var/lib/crater-agent-workspace/cargo-home:/opt/rustwide/cargo-home:ro,Z" "-v" "/var/lib/crater-agent-workspace/rustup-home:/opt/rustwide/rustup-home:ro,Z" "-e" "SOURCE_DIR=/opt/rustwide/workdir" "-e" "CARGO_TARGET_DIR=/opt/rustwide/target" "-e" "CARGO_HOME=/opt/rustwide/cargo-home" "-e" "RUSTUP_HOME=/opt/rustwide/rustup-home" "-w" "/opt/rustwide/workdir" "-m" "1610612736" "--user" "0:0" "--network" "none" "ghcr.io/rust-lang/crates-build-env/linux@sha256:34b6a614d2c27851fe6cbf88fbd1137609cefab8b10d0615aaeb6fd47975d74e" "/opt/rustwide/cargo-home/bin/cargo" "+beta-2021-08-01" "metadata" "--no-deps" "--format-version=1", kill_on_drop: false }`
[INFO] [stdout] 8b1b1c853331ef9fb16c1c874c78fecc62296460f0255c94100415c70b289df8
[INFO] running `Command { std: "docker" "start" "-a" "8b1b1c853331ef9fb16c1c874c78fecc62296460f0255c94100415c70b289df8", kill_on_drop: false }`
[INFO] running `Command { std: "docker" "inspect" "8b1b1c853331ef9fb16c1c874c78fecc62296460f0255c94100415c70b289df8", kill_on_drop: false }`
[INFO] running `Command { std: "docker" "rm" "-f" "8b1b1c853331ef9fb16c1c874c78fecc62296460f0255c94100415c70b289df8", kill_on_drop: false }`
[INFO] [stdout] 8b1b1c853331ef9fb16c1c874c78fecc62296460f0255c94100415c70b289df8
[INFO] running `Command { std: "docker" "create" "-v" "/var/lib/crater-agent-workspace/builds/worker-3/target:/opt/rustwide/target:rw,Z" "-v" "/var/lib/crater-agent-workspace/builds/worker-3/source:/opt/rustwide/workdir:ro,Z" "-v" "/var/lib/crater-agent-workspace/cargo-home:/opt/rustwide/cargo-home:ro,Z" "-v" "/var/lib/crater-agent-workspace/rustup-home:/opt/rustwide/rustup-home:ro,Z" "-e" "SOURCE_DIR=/opt/rustwide/workdir" "-e" "CARGO_TARGET_DIR=/opt/rustwide/target" "-e" "CARGO_INCREMENTAL=0" "-e" "RUST_BACKTRACE=full" "-e" "RUSTFLAGS=--cap-lints=warn" "-e" "CARGO_HOME=/opt/rustwide/cargo-home" "-e" "RUSTUP_HOME=/opt/rustwide/rustup-home" "-w" "/opt/rustwide/workdir" "-m" "1610612736" "--user" "0:0" "--network" "none" "ghcr.io/rust-lang/crates-build-env/linux@sha256:34b6a614d2c27851fe6cbf88fbd1137609cefab8b10d0615aaeb6fd47975d74e" "/opt/rustwide/cargo-home/bin/cargo" "+beta-2021-08-01" "build" "--frozen" "--message-format=json", kill_on_drop: false }`
[INFO] [stdout] 77fdd406ed7e17fc06f24ad5dc82d1434275a7707b3a40c1906ae49ebefe49da
[INFO] running `Command { std: "docker" "start" "-a" "77fdd406ed7e17fc06f24ad5dc82d1434275a7707b3a40c1906ae49ebefe49da", kill_on_drop: false }`
[INFO] [stderr]    Compiling colored v2.0.0
[INFO] [stderr]    Compiling rusty-logger v0.1.1 (/opt/rustwide/workdir)
[INFO] [stderr]     Finished dev [unoptimized + debuginfo] target(s) in 1.87s
[INFO] running `Command { std: "docker" "inspect" "77fdd406ed7e17fc06f24ad5dc82d1434275a7707b3a40c1906ae49ebefe49da", kill_on_drop: false }`
[INFO] running `Command { std: "docker" "rm" "-f" "77fdd406ed7e17fc06f24ad5dc82d1434275a7707b3a40c1906ae49ebefe49da", kill_on_drop: false }`
[INFO] [stdout] 77fdd406ed7e17fc06f24ad5dc82d1434275a7707b3a40c1906ae49ebefe49da
[INFO] running `Command { std: "docker" "create" "-v" "/var/lib/crater-agent-workspace/builds/worker-3/target:/opt/rustwide/target:rw,Z" "-v" "/var/lib/crater-agent-workspace/builds/worker-3/source:/opt/rustwide/workdir:ro,Z" "-v" "/var/lib/crater-agent-workspace/cargo-home:/opt/rustwide/cargo-home:ro,Z" "-v" "/var/lib/crater-agent-workspace/rustup-home:/opt/rustwide/rustup-home:ro,Z" "-e" "SOURCE_DIR=/opt/rustwide/workdir" "-e" "CARGO_TARGET_DIR=/opt/rustwide/target" "-e" "CARGO_INCREMENTAL=0" "-e" "RUST_BACKTRACE=full" "-e" "RUSTFLAGS=--cap-lints=warn" "-e" "CARGO_HOME=/opt/rustwide/cargo-home" "-e" "RUSTUP_HOME=/opt/rustwide/rustup-home" "-w" "/opt/rustwide/workdir" "-m" "1610612736" "--user" "0:0" "--network" "none" "ghcr.io/rust-lang/crates-build-env/linux@sha256:34b6a614d2c27851fe6cbf88fbd1137609cefab8b10d0615aaeb6fd47975d74e" "/opt/rustwide/cargo-home/bin/cargo" "+beta-2021-08-01" "test" "--frozen" "--no-run" "--message-format=json", kill_on_drop: false }`
[INFO] [stdout] 0ac9c4105d0a85a30f87dae9f639e8ae401cb1db8141fda0ff1a70baf144dcd4
[INFO] running `Command { std: "docker" "start" "-a" "0ac9c4105d0a85a30f87dae9f639e8ae401cb1db8141fda0ff1a70baf144dcd4", kill_on_drop: false }`
[INFO] [stderr]    Compiling rusty-logger v0.1.1 (/opt/rustwide/workdir)
[INFO] [stderr]     Finished test [unoptimized + debuginfo] target(s) in 1.14s
[INFO] running `Command { std: "docker" "inspect" "0ac9c4105d0a85a30f87dae9f639e8ae401cb1db8141fda0ff1a70baf144dcd4", kill_on_drop: false }`
[INFO] running `Command { std: "docker" "rm" "-f" "0ac9c4105d0a85a30f87dae9f639e8ae401cb1db8141fda0ff1a70baf144dcd4", kill_on_drop: false }`
[INFO] [stdout] 0ac9c4105d0a85a30f87dae9f639e8ae401cb1db8141fda0ff1a70baf144dcd4
[INFO] running `Command { std: "docker" "create" "-v" "/var/lib/crater-agent-workspace/builds/worker-3/target:/opt/rustwide/target:rw,Z" "-v" "/var/lib/crater-agent-workspace/builds/worker-3/source:/opt/rustwide/workdir:ro,Z" "-v" "/var/lib/crater-agent-workspace/cargo-home:/opt/rustwide/cargo-home:ro,Z" "-v" "/var/lib/crater-agent-workspace/rustup-home:/opt/rustwide/rustup-home:ro,Z" "-e" "SOURCE_DIR=/opt/rustwide/workdir" "-e" "CARGO_TARGET_DIR=/opt/rustwide/target" "-e" "CARGO_INCREMENTAL=0" "-e" "RUST_BACKTRACE=full" "-e" "RUSTFLAGS=--cap-lints=warn" "-e" "CARGO_HOME=/opt/rustwide/cargo-home" "-e" "RUSTUP_HOME=/opt/rustwide/rustup-home" "-w" "/opt/rustwide/workdir" "-m" "1610612736" "--user" "0:0" "--network" "none" "ghcr.io/rust-lang/crates-build-env/linux@sha256:34b6a614d2c27851fe6cbf88fbd1137609cefab8b10d0615aaeb6fd47975d74e" "/opt/rustwide/cargo-home/bin/cargo" "+beta-2021-08-01" "test" "--frozen", kill_on_drop: false }`
[INFO] [stdout] c5cbf7fd6d77f89b68b6df8675ab8a374c6d918e35fb68a38dc03f24b32be317
[INFO] running `Command { std: "docker" "start" "-a" "c5cbf7fd6d77f89b68b6df8675ab8a374c6d918e35fb68a38dc03f24b32be317", kill_on_drop: false }`
[INFO] [stdout] 
[INFO] [stderr]     Finished test [unoptimized + debuginfo] target(s) in 0.02s
[INFO] [stdout] running 1 test
[INFO] [stderr]      Running unittests (/opt/rustwide/target/debug/deps/rusty_logger-7aca21538c2b5ecf)
[INFO] [stdout] [main][INFO]: Hello !
[INFO] [stdout] [main][WARN]: Oups !
[INFO] [stdout] [main][TIME]: Small code block - 0ms
[INFO] [stdout] [main][FAIL]: Oh no !
[INFO] [stdout] [main][TIME]: Small code block - 0ms
[INFO] [stderr]    Doc-tests rusty-logger
[INFO] [stdout] [main][TIME]: Pause test - 1135ms
[INFO] [stdout] test tests::log ... ok
[INFO] [stdout] 
[INFO] [stdout] test result: ok. 1 passed; 0 failed; 0 ignored; 0 measured; 0 filtered out; finished in 1.28s
[INFO] [stdout] 
[INFO] [stdout] 
[INFO] [stdout] running 9 tests
[INFO] [stdout] test src/lib.rs - logger::Logger<T>::error (line 354) ... FAILED
[INFO] [stdout] test src/lib.rs - logger::Logger<T>::static_log (line 309) ... FAILED
[INFO] [stdout] test src/lib.rs - logger::Logger<T>::timer_log (line 407) ... FAILED
[INFO] [stdout] test src/lib.rs - logger::Logger<T>::info (line 324) ... FAILED
[INFO] [stdout] test src/lib.rs - logger::Logger<T>::with_options (line 216) ... FAILED
[INFO] [stdout] test src/lib.rs - logger::Logger<T>::timer_log_and_stop (line 445) ... FAILED
[INFO] [stdout] test src/lib.rs - logger::Logger<T>::new (line 198) ... FAILED
[INFO] [stdout] test src/lib.rs - logger::Logger<T>::warn (line 339) ... FAILED
[INFO] [stdout] test src/lib.rs - logger::Logger<T>::timer_log_and_reset (line 467) ... FAILED
[INFO] [stdout] 
[INFO] [stdout] failures:
[INFO] [stdout] 
[INFO] [stdout] ---- src/lib.rs - logger::Logger<T>::error (line 354) stdout ----
[INFO] [stdout] error[E0603]: module `logger` is private
[INFO] [stdout]   --> src/lib.rs:355:19
[INFO] [stdout]    |
[INFO] [stdout] 4  | use rusty_logger::logger::{Logger, LogType};
[INFO] [stdout]    |                   ^^^^^^ private module
[INFO] [stdout]    |
[INFO] [stdout] note: the module `logger` is defined here
[INFO] [stdout]   --> /opt/rustwide/workdir/src/lib.rs:31:1
[INFO] [stdout]    |
[INFO] [stdout] 31 | mod logger {
[INFO] [stdout]    | ^^^^^^^^^^
[INFO] [stdout] 
[INFO] [stdout] error: aborting due to previous error
[INFO] [stdout] 
[INFO] [stdout] For more information about this error, try `rustc --explain E0603`.
[INFO] [stdout] Couldn't compile the test.
[INFO] [stdout] ---- src/lib.rs - logger::Logger<T>::static_log (line 309) stdout ----
[INFO] [stdout] error[E0603]: module `logger` is private
[INFO] [stdout]   --> src/lib.rs:310:19
[INFO] [stdout]    |
[INFO] [stdout] 4  | use rusty_logger::logger::{Logger, LogType};
[INFO] [stdout]    |                   ^^^^^^ private module
[INFO] [stdout]    |
[INFO] [stdout] note: the module `logger` is defined here
[INFO] [stdout]   --> /opt/rustwide/workdir/src/lib.rs:31:1
[INFO] [stdout]    |
[INFO] [stdout] 31 | mod logger {
[INFO] [stdout]    | ^^^^^^^^^^
[INFO] [stdout] 
[INFO] [stdout] error: aborting due to previous error
[INFO] [stdout] 
[INFO] [stdout] For more information about this error, try `rustc --explain E0603`.
[INFO] [stdout] Couldn't compile the test.
[INFO] [stdout] ---- src/lib.rs - logger::Logger<T>::timer_log (line 407) stdout ----
[INFO] [stdout] error[E0603]: module `logger` is private
[INFO] [stdout]   --> src/lib.rs:408:19
[INFO] [stdout]    |
[INFO] [stdout] 4  | use rusty_logger::logger::{Logger, LogType};
[INFO] [stdout]    |                   ^^^^^^ private module
[INFO] [stdout]    |
[INFO] [stdout] note: the module `logger` is defined here
[INFO] [stdout]   --> /opt/rustwide/workdir/src/lib.rs:31:1
[INFO] [stdout]    |
[INFO] [stdout] 31 | mod logger {
[INFO] [stdout]    | ^^^^^^^^^^
[INFO] [stdout] 
[INFO] [stdout] error: aborting due to previous error
[INFO] [stdout] 
[INFO] [stdout] For more information about this error, try `rustc --explain E0603`.
[INFO] [stdout] Couldn't compile the test.
[INFO] [stdout] ---- src/lib.rs - logger::Logger<T>::info (line 324) stdout ----
[INFO] [stdout] error[E0603]: module `logger` is private
[INFO] [stdout]   --> src/lib.rs:325:19
[INFO] [stdout]    |
[INFO] [stdout] 4  | use rusty_logger::logger::{Logger, LogType};
[INFO] [stdout]    |                   ^^^^^^ private module
[INFO] [stdout]    |
[INFO] [stdout] note: the module `logger` is defined here
[INFO] [stdout]   --> /opt/rustwide/workdir/src/lib.rs:31:1
[INFO] [stdout]    |
[INFO] [stdout] 31 | mod logger {
[INFO] [stdout]    | ^^^^^^^^^^
[INFO] [stdout] 
[INFO] [stdout] error: aborting due to previous error
[INFO] [stdout] 
[INFO] [stdout] For more information about this error, try `rustc --explain E0603`.
[INFO] [stdout] Couldn't compile the test.
[INFO] [stdout] ---- src/lib.rs - logger::Logger<T>::with_options (line 216) stdout ----
[INFO] [stdout] error[E0603]: module `logger` is private
[INFO] [stdout]   --> src/lib.rs:217:19
[INFO] [stdout]    |
[INFO] [stdout] 4  | use rusty_logger::logger::{Logger, Options};
[INFO] [stdout]    |                   ^^^^^^ private module
[INFO] [stdout]    |
[INFO] [stdout] note: the module `logger` is defined here
[INFO] [stdout]   --> /opt/rustwide/workdir/src/lib.rs:31:1
[INFO] [stdout]    |
[INFO] [stdout] 31 | mod logger {
[INFO] [stdout]    | ^^^^^^^^^^
[INFO] [stdout] 
[INFO] [stdout] error: aborting due to previous error
[INFO] [stdout] 
[INFO] [stdout] For more information about this error, try `rustc --explain E0603`.
[INFO] [stdout] Couldn't compile the test.
[INFO] [stdout] ---- src/lib.rs - logger::Logger<T>::timer_log_and_stop (line 445) stdout ----
[INFO] [stdout] error[E0603]: module `logger` is private
[INFO] [stdout]   --> src/lib.rs:446:19
[INFO] [stdout]    |
[INFO] [stdout] 4  | use rusty_logger::logger::{Logger, LogType};
[INFO] [stdout]    |                   ^^^^^^ private module
[INFO] [stdout]    |
[INFO] [stdout] note: the module `logger` is defined here
[INFO] [stdout]   --> /opt/rustwide/workdir/src/lib.rs:31:1
[INFO] [stdout]    |
[INFO] [stdout] 31 | mod logger {
[INFO] [stdout]    | ^^^^^^^^^^
[INFO] [stdout] 
[INFO] [stdout] error: aborting due to previous error
[INFO] [stdout] 
[INFO] [stdout] For more information about this error, try `rustc --explain E0603`.
[INFO] [stdout] Couldn't compile the test.
[INFO] [stdout] ---- src/lib.rs - logger::Logger<T>::new (line 198) stdout ----
[INFO] [stdout] error[E0603]: module `logger` is private
[INFO] [stdout]   --> src/lib.rs:199:19
[INFO] [stdout]    |
[INFO] [stdout] 4  | use rusty_logger::logger::Logger;
[INFO] [stdout]    |                   ^^^^^^ private module
[INFO] [stdout]    |
[INFO] [stdout] note: the module `logger` is defined here
[INFO] [stdout]   --> /opt/rustwide/workdir/src/lib.rs:31:1
[INFO] [stdout]    |
[INFO] [stdout] 31 | mod logger {
[INFO] [stdout]    | ^^^^^^^^^^
[INFO] [stdout] 
[INFO] [stdout] error: aborting due to previous error
[INFO] [stdout] 
[INFO] [stdout] For more information about this error, try `rustc --explain E0603`.
[INFO] [stdout] Couldn't compile the test.
[INFO] [stdout] ---- src/lib.rs - logger::Logger<T>::warn (line 339) stdout ----
[INFO] [stdout] error[E0603]: module `logger` is private
[INFO] [stdout]   --> src/lib.rs:340:19
[INFO] [stdout]    |
[INFO] [stdout] 4  | use rusty_logger::logger::{Logger, LogType};
[INFO] [stdout]    |                   ^^^^^^ private module
[INFO] [stdout]    |
[INFO] [stdout] note: the module `logger` is defined here
[INFO] [stdout]   --> /opt/rustwide/workdir/src/lib.rs:31:1
[INFO] [stdout]    |
[INFO] [stdout] 31 | mod logger {
[INFO] [stdout]    | ^^^^^^^^^^
[INFO] [stdout] 
[INFO] [stdout] error: aborting due to previous error
[INFO] [stdout] 
[INFO] [stdout] For more information about this error, try `rustc --explain E0603`.
[INFO] [stdout] Couldn't compile the test.
[INFO] [stdout] ---- src/lib.rs - logger::Logger<T>::timer_log_and_reset (line 467) stdout ----
[INFO] [stdout] error[E0603]: module `logger` is private
[INFO] [stdout]   --> src/lib.rs:468:19
[INFO] [stdout]    |
[INFO] [stdout] 4  | use rusty_logger::logger::{Logger, LogType};
[INFO] [stdout]    |                   ^^^^^^ private module
[INFO] [stdout]    |
[INFO] [stdout] note: the module `logger` is defined here
[INFO] [stdout]   --> /opt/rustwide/workdir/src/lib.rs:31:1
[INFO] [stdout]    |
[INFO] [stdout] 31 | mod logger {
[INFO] [stdout]    | ^^^^^^^^^^
[INFO] [stdout] 
[INFO] [stdout] error: aborting due to previous error
[INFO] [stdout] 
[INFO] [stdout] For more information about this error, try `rustc --explain E0603`.
[INFO] [stdout] Couldn't compile the test.
[INFO] [stdout] 
[INFO] [stdout] failures:
[INFO] [stdout]     src/lib.rs - logger::Logger<T>::error (line 354)
[INFO] [stdout]     src/lib.rs - logger::Logger<T>::info (line 324)
[INFO] [stdout]     src/lib.rs - logger::Logger<T>::new (line 198)
[INFO] [stdout]     src/lib.rs - logger::Logger<T>::static_log (line 309)
[INFO] [stdout]     src/lib.rs - logger::Logger<T>::timer_log (line 407)
[INFO] [stdout]     src/lib.rs - logger::Logger<T>::timer_log_and_reset (line 467)
[INFO] [stdout]     src/lib.rs - logger::Logger<T>::timer_log_and_stop (line 445)
[INFO] [stdout]     src/lib.rs - logger::Logger<T>::warn (line 339)
[INFO] [stdout]     src/lib.rs - logger::Logger<T>::with_options (line 216)
[INFO] [stdout] 
[INFO] [stdout] test result: FAILED. 0 passed; 9 failed; 0 ignored; 0 measured; 0 filtered out; finished in 0.42s
[INFO] [stdout] 
[INFO] [stderr] error: test failed, to rerun pass '--doc'
[INFO] running `Command { std: "docker" "inspect" "c5cbf7fd6d77f89b68b6df8675ab8a374c6d918e35fb68a38dc03f24b32be317", kill_on_drop: false }`
[INFO] running `Command { std: "docker" "rm" "-f" "c5cbf7fd6d77f89b68b6df8675ab8a374c6d918e35fb68a38dc03f24b32be317", kill_on_drop: false }`
[INFO] [stdout] c5cbf7fd6d77f89b68b6df8675ab8a374c6d918e35fb68a38dc03f24b32be317
