[INFO] fetching crate rusty-leveldb 0.3.6...
[INFO] testing rusty-leveldb-0.3.6 against 1.54.0 for beta-1.55-1
[INFO] extracting crate rusty-leveldb 0.3.6 into /workspace/builds/worker-0/source
[INFO] validating manifest of crates.io crate rusty-leveldb 0.3.6 on toolchain 1.54.0
[INFO] running `Command { std: "/workspace/cargo-home/bin/cargo" "+1.54.0" "metadata" "--manifest-path" "Cargo.toml" "--no-deps", kill_on_drop: false }`
[INFO] started tweaking crates.io crate rusty-leveldb 0.3.6
[INFO] finished tweaking crates.io crate rusty-leveldb 0.3.6
[INFO] tweaked toml for crates.io crate rusty-leveldb 0.3.6 written to /workspace/builds/worker-0/source/Cargo.toml
[INFO] running `Command { std: "/workspace/cargo-home/bin/cargo" "+1.54.0" "generate-lockfile" "--manifest-path" "Cargo.toml" "-Zno-index-update", kill_on_drop: false }`
[INFO] running `Command { std: "/workspace/cargo-home/bin/cargo" "+1.54.0" "fetch" "--manifest-path" "Cargo.toml", kill_on_drop: false }`
[INFO] [stderr]     Blocking waiting for file lock on package cache
[INFO] running `Command { std: "docker" "create" "-v" "/var/lib/crater-agent-workspace/builds/worker-0/target:/opt/rustwide/target:rw,Z" "-v" "/var/lib/crater-agent-workspace/builds/worker-0/source:/opt/rustwide/workdir:ro,Z" "-v" "/var/lib/crater-agent-workspace/cargo-home:/opt/rustwide/cargo-home:ro,Z" "-v" "/var/lib/crater-agent-workspace/rustup-home:/opt/rustwide/rustup-home:ro,Z" "-e" "SOURCE_DIR=/opt/rustwide/workdir" "-e" "CARGO_TARGET_DIR=/opt/rustwide/target" "-e" "CARGO_HOME=/opt/rustwide/cargo-home" "-e" "RUSTUP_HOME=/opt/rustwide/rustup-home" "-w" "/opt/rustwide/workdir" "-m" "1610612736" "--user" "0:0" "--network" "none" "ghcr.io/rust-lang/crates-build-env/linux@sha256:34b6a614d2c27851fe6cbf88fbd1137609cefab8b10d0615aaeb6fd47975d74e" "/opt/rustwide/cargo-home/bin/cargo" "+1.54.0" "metadata" "--no-deps" "--format-version=1", kill_on_drop: false }`
[INFO] [stdout] ca2152ba35ab35bfc5b7921c6df415ee0c1dfcf85c7274fbc946f4a947e8425e
[INFO] running `Command { std: "docker" "start" "-a" "ca2152ba35ab35bfc5b7921c6df415ee0c1dfcf85c7274fbc946f4a947e8425e", kill_on_drop: false }`
[INFO] running `Command { std: "docker" "inspect" "ca2152ba35ab35bfc5b7921c6df415ee0c1dfcf85c7274fbc946f4a947e8425e", kill_on_drop: false }`
[INFO] running `Command { std: "docker" "rm" "-f" "ca2152ba35ab35bfc5b7921c6df415ee0c1dfcf85c7274fbc946f4a947e8425e", kill_on_drop: false }`
[INFO] [stdout] ca2152ba35ab35bfc5b7921c6df415ee0c1dfcf85c7274fbc946f4a947e8425e
[INFO] running `Command { std: "docker" "create" "-v" "/var/lib/crater-agent-workspace/builds/worker-0/target:/opt/rustwide/target:rw,Z" "-v" "/var/lib/crater-agent-workspace/builds/worker-0/source:/opt/rustwide/workdir:ro,Z" "-v" "/var/lib/crater-agent-workspace/cargo-home:/opt/rustwide/cargo-home:ro,Z" "-v" "/var/lib/crater-agent-workspace/rustup-home:/opt/rustwide/rustup-home:ro,Z" "-e" "SOURCE_DIR=/opt/rustwide/workdir" "-e" "CARGO_TARGET_DIR=/opt/rustwide/target" "-e" "CARGO_INCREMENTAL=0" "-e" "RUST_BACKTRACE=full" "-e" "RUSTFLAGS=--cap-lints=warn" "-e" "CARGO_HOME=/opt/rustwide/cargo-home" "-e" "RUSTUP_HOME=/opt/rustwide/rustup-home" "-w" "/opt/rustwide/workdir" "-m" "1610612736" "--user" "0:0" "--network" "none" "ghcr.io/rust-lang/crates-build-env/linux@sha256:34b6a614d2c27851fe6cbf88fbd1137609cefab8b10d0615aaeb6fd47975d74e" "/opt/rustwide/cargo-home/bin/cargo" "+1.54.0" "build" "--frozen" "--message-format=json", kill_on_drop: false }`
[INFO] [stdout] c9d47b9afa75805b749e21b6b971ea4bdbbcc135aaacc961c0984639f7c6fac3
[INFO] running `Command { std: "docker" "start" "-a" "c9d47b9afa75805b749e21b6b971ea4bdbbcc135aaacc961c0984639f7c6fac3", kill_on_drop: false }`
[INFO] [stderr]    Compiling integer-encoding v1.1.7
[INFO] [stderr]    Compiling errno v0.2.7
[INFO] [stderr]    Compiling fs2 v0.4.3
[INFO] [stderr]    Compiling rand v0.7.3
[INFO] [stderr]    Compiling rusty-leveldb v0.3.6 (/opt/rustwide/workdir)
[INFO] [stdout] warning: anonymous parameters are deprecated and will be removed in the next edition.
[INFO] [stdout]   --> src/env.rs:37:36
[INFO] [stdout]    |
[INFO] [stdout] 37 |     fn open_sequential_file(&self, &Path) -> Result<Box<dyn Read>>;
[INFO] [stdout]    |                                    ^^^^^ help: try naming the parameter or explicitly ignoring it: `_: &Path`
[INFO] [stdout]    |
[INFO] [stdout]    = note: `#[warn(anonymous_parameters)]` on by default
[INFO] [stdout]    = warning: this was previously accepted by the compiler but is being phased out; it will become a hard error in the 2018 edition!
[INFO] [stdout]    = note: for more information, see issue #41686 <https://github.com/rust-lang/rust/issues/41686>
[INFO] [stdout] 
[INFO] [stdout] 
[INFO] [stdout] warning: anonymous parameters are deprecated and will be removed in the next edition.
[INFO] [stdout]   --> src/env.rs:38:39
[INFO] [stdout]    |
[INFO] [stdout] 38 |     fn open_random_access_file(&self, &Path) -> Result<Box<dyn RandomAccess>>;
[INFO] [stdout]    |                                       ^^^^^ help: try naming the parameter or explicitly ignoring it: `_: &Path`
[INFO] [stdout]    |
[INFO] [stdout]    = warning: this was previously accepted by the compiler but is being phased out; it will become a hard error in the 2018 edition!
[INFO] [stdout]    = note: for more information, see issue #41686 <https://github.com/rust-lang/rust/issues/41686>
[INFO] [stdout] 
[INFO] [stdout] 
[INFO] [stdout] warning: anonymous parameters are deprecated and will be removed in the next edition.
[INFO] [stdout]   --> src/env.rs:39:34
[INFO] [stdout]    |
[INFO] [stdout] 39 |     fn open_writable_file(&self, &Path) -> Result<Box<dyn Write>>;
[INFO] [stdout]    |                                  ^^^^^ help: try naming the parameter or explicitly ignoring it: `_: &Path`
[INFO] [stdout]    |
[INFO] [stdout]    = warning: this was previously accepted by the compiler but is being phased out; it will become a hard error in the 2018 edition!
[INFO] [stdout]    = note: for more information, see issue #41686 <https://github.com/rust-lang/rust/issues/41686>
[INFO] [stdout] 
[INFO] [stdout] 
[INFO] [stdout] warning: anonymous parameters are deprecated and will be removed in the next edition.
[INFO] [stdout]   --> src/env.rs:40:36
[INFO] [stdout]    |
[INFO] [stdout] 40 |     fn open_appendable_file(&self, &Path) -> Result<Box<dyn Write>>;
[INFO] [stdout]    |                                    ^^^^^ help: try naming the parameter or explicitly ignoring it: `_: &Path`
[INFO] [stdout]    |
[INFO] [stdout]    = warning: this was previously accepted by the compiler but is being phased out; it will become a hard error in the 2018 edition!
[INFO] [stdout]    = note: for more information, see issue #41686 <https://github.com/rust-lang/rust/issues/41686>
[INFO] [stdout] 
[INFO] [stdout] 
[INFO] [stdout] warning: anonymous parameters are deprecated and will be removed in the next edition.
[INFO] [stdout]   --> src/env.rs:42:22
[INFO] [stdout]    |
[INFO] [stdout] 42 |     fn exists(&self, &Path) -> Result<bool>;
[INFO] [stdout]    |                      ^^^^^ help: try naming the parameter or explicitly ignoring it: `_: &Path`
[INFO] [stdout]    |
[INFO] [stdout]    = warning: this was previously accepted by the compiler but is being phased out; it will become a hard error in the 2018 edition!
[INFO] [stdout]    = note: for more information, see issue #41686 <https://github.com/rust-lang/rust/issues/41686>
[INFO] [stdout] 
[INFO] [stdout] 
[INFO] [stdout] warning: anonymous parameters are deprecated and will be removed in the next edition.
[INFO] [stdout]   --> src/env.rs:43:24
[INFO] [stdout]    |
[INFO] [stdout] 43 |     fn children(&self, &Path) -> Result<Vec<PathBuf>>;
[INFO] [stdout]    |                        ^^^^^ help: try naming the parameter or explicitly ignoring it: `_: &Path`
[INFO] [stdout]    |
[INFO] [stdout]    = warning: this was previously accepted by the compiler but is being phased out; it will become a hard error in the 2018 edition!
[INFO] [stdout]    = note: for more information, see issue #41686 <https://github.com/rust-lang/rust/issues/41686>
[INFO] [stdout] 
[INFO] [stdout] 
[INFO] [stdout] warning: anonymous parameters are deprecated and will be removed in the next edition.
[INFO] [stdout]   --> src/env.rs:44:23
[INFO] [stdout]    |
[INFO] [stdout] 44 |     fn size_of(&self, &Path) -> Result<usize>;
[INFO] [stdout]    |                       ^^^^^ help: try naming the parameter or explicitly ignoring it: `_: &Path`
[INFO] [stdout]    |
[INFO] [stdout]    = warning: this was previously accepted by the compiler but is being phased out; it will become a hard error in the 2018 edition!
[INFO] [stdout]    = note: for more information, see issue #41686 <https://github.com/rust-lang/rust/issues/41686>
[INFO] [stdout] 
[INFO] [stdout] 
[INFO] [stdout] warning: anonymous parameters are deprecated and will be removed in the next edition.
[INFO] [stdout]   --> src/env.rs:46:22
[INFO] [stdout]    |
[INFO] [stdout] 46 |     fn delete(&self, &Path) -> Result<()>;
[INFO] [stdout]    |                      ^^^^^ help: try naming the parameter or explicitly ignoring it: `_: &Path`
[INFO] [stdout]    |
[INFO] [stdout]    = warning: this was previously accepted by the compiler but is being phased out; it will become a hard error in the 2018 edition!
[INFO] [stdout]    = note: for more information, see issue #41686 <https://github.com/rust-lang/rust/issues/41686>
[INFO] [stdout] 
[INFO] [stdout] 
[INFO] [stdout] warning: anonymous parameters are deprecated and will be removed in the next edition.
[INFO] [stdout]   --> src/env.rs:47:21
[INFO] [stdout]    |
[INFO] [stdout] 47 |     fn mkdir(&self, &Path) -> Result<()>;
[INFO] [stdout]    |                     ^^^^^ help: try naming the parameter or explicitly ignoring it: `_: &Path`
[INFO] [stdout]    |
[INFO] [stdout]    = warning: this was previously accepted by the compiler but is being phased out; it will become a hard error in the 2018 edition!
[INFO] [stdout]    = note: for more information, see issue #41686 <https://github.com/rust-lang/rust/issues/41686>
[INFO] [stdout] 
[INFO] [stdout] 
[INFO] [stdout] warning: anonymous parameters are deprecated and will be removed in the next edition.
[INFO] [stdout]   --> src/env.rs:48:21
[INFO] [stdout]    |
[INFO] [stdout] 48 |     fn rmdir(&self, &Path) -> Result<()>;
[INFO] [stdout]    |                     ^^^^^ help: try naming the parameter or explicitly ignoring it: `_: &Path`
[INFO] [stdout]    |
[INFO] [stdout]    = warning: this was previously accepted by the compiler but is being phased out; it will become a hard error in the 2018 edition!
[INFO] [stdout]    = note: for more information, see issue #41686 <https://github.com/rust-lang/rust/issues/41686>
[INFO] [stdout] 
[INFO] [stdout] 
[INFO] [stdout] warning: anonymous parameters are deprecated and will be removed in the next edition.
[INFO] [stdout]   --> src/env.rs:49:22
[INFO] [stdout]    |
[INFO] [stdout] 49 |     fn rename(&self, &Path, &Path) -> Result<()>;
[INFO] [stdout]    |                      ^^^^^ help: try naming the parameter or explicitly ignoring it: `_: &Path`
[INFO] [stdout]    |
[INFO] [stdout]    = warning: this was previously accepted by the compiler but is being phased out; it will become a hard error in the 2018 edition!
[INFO] [stdout]    = note: for more information, see issue #41686 <https://github.com/rust-lang/rust/issues/41686>
[INFO] [stdout] 
[INFO] [stdout] 
[INFO] [stdout] warning: anonymous parameters are deprecated and will be removed in the next edition.
[INFO] [stdout]   --> src/env.rs:49:29
[INFO] [stdout]    |
[INFO] [stdout] 49 |     fn rename(&self, &Path, &Path) -> Result<()>;
[INFO] [stdout]    |                             ^^^^^ help: try naming the parameter or explicitly ignoring it: `_: &Path`
[INFO] [stdout]    |
[INFO] [stdout]    = warning: this was previously accepted by the compiler but is being phased out; it will become a hard error in the 2018 edition!
[INFO] [stdout]    = note: for more information, see issue #41686 <https://github.com/rust-lang/rust/issues/41686>
[INFO] [stdout] 
[INFO] [stdout] 
[INFO] [stdout] warning: anonymous parameters are deprecated and will be removed in the next edition.
[INFO] [stdout]   --> src/env.rs:51:20
[INFO] [stdout]    |
[INFO] [stdout] 51 |     fn lock(&self, &Path) -> Result<FileLock>;
[INFO] [stdout]    |                    ^^^^^ help: try naming the parameter or explicitly ignoring it: `_: &Path`
[INFO] [stdout]    |
[INFO] [stdout]    = warning: this was previously accepted by the compiler but is being phased out; it will become a hard error in the 2018 edition!
[INFO] [stdout]    = note: for more information, see issue #41686 <https://github.com/rust-lang/rust/issues/41686>
[INFO] [stdout] 
[INFO] [stdout] 
[INFO] [stdout] warning: anonymous parameters are deprecated and will be removed in the next edition.
[INFO] [stdout]   --> src/env.rs:54:26
[INFO] [stdout]    |
[INFO] [stdout] 54 |     fn new_logger(&self, &Path) -> Result<Logger>;
[INFO] [stdout]    |                          ^^^^^ help: try naming the parameter or explicitly ignoring it: `_: &Path`
[INFO] [stdout]    |
[INFO] [stdout]    = warning: this was previously accepted by the compiler but is being phased out; it will become a hard error in the 2018 edition!
[INFO] [stdout]    = note: for more information, see issue #41686 <https://github.com/rust-lang/rust/issues/41686>
[INFO] [stdout] 
[INFO] [stdout] 
[INFO] [stdout] warning: 14 warnings emitted
[INFO] [stdout] 
[INFO] [stdout] 
[INFO] [stderr]     Finished dev [unoptimized + debuginfo] target(s) in 5.28s
[INFO] running `Command { std: "docker" "inspect" "c9d47b9afa75805b749e21b6b971ea4bdbbcc135aaacc961c0984639f7c6fac3", kill_on_drop: false }`
[INFO] running `Command { std: "docker" "rm" "-f" "c9d47b9afa75805b749e21b6b971ea4bdbbcc135aaacc961c0984639f7c6fac3", kill_on_drop: false }`
[INFO] [stdout] c9d47b9afa75805b749e21b6b971ea4bdbbcc135aaacc961c0984639f7c6fac3
[INFO] running `Command { std: "docker" "create" "-v" "/var/lib/crater-agent-workspace/builds/worker-0/target:/opt/rustwide/target:rw,Z" "-v" "/var/lib/crater-agent-workspace/builds/worker-0/source:/opt/rustwide/workdir:ro,Z" "-v" "/var/lib/crater-agent-workspace/cargo-home:/opt/rustwide/cargo-home:ro,Z" "-v" "/var/lib/crater-agent-workspace/rustup-home:/opt/rustwide/rustup-home:ro,Z" "-e" "SOURCE_DIR=/opt/rustwide/workdir" "-e" "CARGO_TARGET_DIR=/opt/rustwide/target" "-e" "CARGO_INCREMENTAL=0" "-e" "RUST_BACKTRACE=full" "-e" "RUSTFLAGS=--cap-lints=warn" "-e" "CARGO_HOME=/opt/rustwide/cargo-home" "-e" "RUSTUP_HOME=/opt/rustwide/rustup-home" "-w" "/opt/rustwide/workdir" "-m" "1610612736" "--user" "0:0" "--network" "none" "ghcr.io/rust-lang/crates-build-env/linux@sha256:34b6a614d2c27851fe6cbf88fbd1137609cefab8b10d0615aaeb6fd47975d74e" "/opt/rustwide/cargo-home/bin/cargo" "+1.54.0" "test" "--frozen" "--no-run" "--message-format=json", kill_on_drop: false }`
[INFO] [stdout] d7b88359eed772cb60e474f8cc7f31a76d6304401ef4ca69da2578781ad6bb07
[INFO] running `Command { std: "docker" "start" "-a" "d7b88359eed772cb60e474f8cc7f31a76d6304401ef4ca69da2578781ad6bb07", kill_on_drop: false }`
[INFO] [stderr]    Compiling bencher v0.1.5
[INFO] [stderr]    Compiling time-test v0.2.2
[INFO] [stdout] warning: anonymous parameters are deprecated and will be removed in the next edition.
[INFO] [stdout]   --> src/env.rs:37:36
[INFO] [stdout]    |
[INFO] [stdout] 37 |     fn open_sequential_file(&self, &Path) -> Result<Box<dyn Read>>;
[INFO] [stdout]    |                                    ^^^^^ help: try naming the parameter or explicitly ignoring it: `_: &Path`
[INFO] [stdout]    |
[INFO] [stdout]    = note: `#[warn(anonymous_parameters)]` on by default
[INFO] [stdout]    = warning: this was previously accepted by the compiler but is being phased out; it will become a hard error in the 2018 edition!
[INFO] [stdout]    = note: for more information, see issue #41686 <https://github.com/rust-lang/rust/issues/41686>
[INFO] [stdout] 
[INFO] [stdout] 
[INFO] [stdout] warning: anonymous parameters are deprecated and will be removed in the next edition.
[INFO] [stdout]   --> src/env.rs:38:39
[INFO] [stdout]    |
[INFO] [stdout] 38 |     fn open_random_access_file(&self, &Path) -> Result<Box<dyn RandomAccess>>;
[INFO] [stdout]    |                                       ^^^^^ help: try naming the parameter or explicitly ignoring it: `_: &Path`
[INFO] [stdout]    |
[INFO] [stdout]    = warning: this was previously accepted by the compiler but is being phased out; it will become a hard error in the 2018 edition!
[INFO] [stdout]    = note: for more information, see issue #41686 <https://github.com/rust-lang/rust/issues/41686>
[INFO] [stdout] 
[INFO] [stdout] 
[INFO] [stdout] warning: anonymous parameters are deprecated and will be removed in the next edition.
[INFO] [stdout]   --> src/env.rs:39:34
[INFO] [stdout]    |
[INFO] [stdout] 39 |     fn open_writable_file(&self, &Path) -> Result<Box<dyn Write>>;
[INFO] [stdout]    |                                  ^^^^^ help: try naming the parameter or explicitly ignoring it: `_: &Path`
[INFO] [stdout]    |
[INFO] [stdout]    = warning: this was previously accepted by the compiler but is being phased out; it will become a hard error in the 2018 edition!
[INFO] [stdout]    = note: for more information, see issue #41686 <https://github.com/rust-lang/rust/issues/41686>
[INFO] [stdout] 
[INFO] [stdout] 
[INFO] [stdout] warning: anonymous parameters are deprecated and will be removed in the next edition.
[INFO] [stdout]   --> src/env.rs:40:36
[INFO] [stdout]    |
[INFO] [stdout] 40 |     fn open_appendable_file(&self, &Path) -> Result<Box<dyn Write>>;
[INFO] [stdout]    |                                    ^^^^^ help: try naming the parameter or explicitly ignoring it: `_: &Path`
[INFO] [stdout]    |
[INFO] [stdout]    = warning: this was previously accepted by the compiler but is being phased out; it will become a hard error in the 2018 edition!
[INFO] [stdout]    = note: for more information, see issue #41686 <https://github.com/rust-lang/rust/issues/41686>
[INFO] [stdout] 
[INFO] [stdout] 
[INFO] [stdout] warning: anonymous parameters are deprecated and will be removed in the next edition.
[INFO] [stdout]   --> src/env.rs:42:22
[INFO] [stdout]    |
[INFO] [stdout] 42 |     fn exists(&self, &Path) -> Result<bool>;
[INFO] [stdout]    |                      ^^^^^ help: try naming the parameter or explicitly ignoring it: `_: &Path`
[INFO] [stdout]    |
[INFO] [stdout]    = warning: this was previously accepted by the compiler but is being phased out; it will become a hard error in the 2018 edition!
[INFO] [stdout]    = note: for more information, see issue #41686 <https://github.com/rust-lang/rust/issues/41686>
[INFO] [stdout] 
[INFO] [stdout] 
[INFO] [stdout] warning: anonymous parameters are deprecated and will be removed in the next edition.
[INFO] [stdout]   --> src/env.rs:43:24
[INFO] [stdout]    |
[INFO] [stdout] 43 |     fn children(&self, &Path) -> Result<Vec<PathBuf>>;
[INFO] [stdout]    |                        ^^^^^ help: try naming the parameter or explicitly ignoring it: `_: &Path`
[INFO] [stdout]    |
[INFO] [stdout]    = warning: this was previously accepted by the compiler but is being phased out; it will become a hard error in the 2018 edition!
[INFO] [stdout]    = note: for more information, see issue #41686 <https://github.com/rust-lang/rust/issues/41686>
[INFO] [stdout] 
[INFO] [stdout] 
[INFO] [stdout] warning: anonymous parameters are deprecated and will be removed in the next edition.
[INFO] [stdout]   --> src/env.rs:44:23
[INFO] [stdout]    |
[INFO] [stdout] 44 |     fn size_of(&self, &Path) -> Result<usize>;
[INFO] [stdout]    |                       ^^^^^ help: try naming the parameter or explicitly ignoring it: `_: &Path`
[INFO] [stdout]    |
[INFO] [stdout]    = warning: this was previously accepted by the compiler but is being phased out; it will become a hard error in the 2018 edition!
[INFO] [stdout]    = note: for more information, see issue #41686 <https://github.com/rust-lang/rust/issues/41686>
[INFO] [stdout] 
[INFO] [stdout] 
[INFO] [stdout] warning: anonymous parameters are deprecated and will be removed in the next edition.
[INFO] [stdout]   --> src/env.rs:46:22
[INFO] [stdout]    |
[INFO] [stdout] 46 |     fn delete(&self, &Path) -> Result<()>;
[INFO] [stdout]    |                      ^^^^^ help: try naming the parameter or explicitly ignoring it: `_: &Path`
[INFO] [stdout]    |
[INFO] [stdout]    = warning: this was previously accepted by the compiler but is being phased out; it will become a hard error in the 2018 edition!
[INFO] [stdout]    = note: for more information, see issue #41686 <https://github.com/rust-lang/rust/issues/41686>
[INFO] [stdout] 
[INFO] [stdout] 
[INFO] [stdout] warning: anonymous parameters are deprecated and will be removed in the next edition.
[INFO] [stdout]   --> src/env.rs:47:21
[INFO] [stdout]    |
[INFO] [stdout] 47 |     fn mkdir(&self, &Path) -> Result<()>;
[INFO] [stdout]    |                     ^^^^^ help: try naming the parameter or explicitly ignoring it: `_: &Path`
[INFO] [stdout]    |
[INFO] [stdout]    = warning: this was previously accepted by the compiler but is being phased out; it will become a hard error in the 2018 edition!
[INFO] [stdout]    = note: for more information, see issue #41686 <https://github.com/rust-lang/rust/issues/41686>
[INFO] [stdout] 
[INFO] [stdout] 
[INFO] [stdout] warning: anonymous parameters are deprecated and will be removed in the next edition.
[INFO] [stdout]   --> src/env.rs:48:21
[INFO] [stdout]    |
[INFO] [stdout] 48 |     fn rmdir(&self, &Path) -> Result<()>;
[INFO] [stdout]    |                     ^^^^^ help: try naming the parameter or explicitly ignoring it: `_: &Path`
[INFO] [stdout]    |
[INFO] [stdout]    = warning: this was previously accepted by the compiler but is being phased out; it will become a hard error in the 2018 edition!
[INFO] [stdout]    = note: for more information, see issue #41686 <https://github.com/rust-lang/rust/issues/41686>
[INFO] [stdout] 
[INFO] [stdout] 
[INFO] [stdout] warning: anonymous parameters are deprecated and will be removed in the next edition.
[INFO] [stdout]   --> src/env.rs:49:22
[INFO] [stdout]    |
[INFO] [stdout] 49 |     fn rename(&self, &Path, &Path) -> Result<()>;
[INFO] [stdout]    |                      ^^^^^ help: try naming the parameter or explicitly ignoring it: `_: &Path`
[INFO] [stdout]    |
[INFO] [stdout]    = warning: this was previously accepted by the compiler but is being phased out; it will become a hard error in the 2018 edition!
[INFO] [stdout]    = note: for more information, see issue #41686 <https://github.com/rust-lang/rust/issues/41686>
[INFO] [stdout] 
[INFO] [stdout] 
[INFO] [stdout] warning: anonymous parameters are deprecated and will be removed in the next edition.
[INFO] [stdout]   --> src/env.rs:49:29
[INFO] [stdout]    |
[INFO] [stdout] 49 |     fn rename(&self, &Path, &Path) -> Result<()>;
[INFO] [stdout]    |                             ^^^^^ help: try naming the parameter or explicitly ignoring it: `_: &Path`
[INFO] [stdout]    |
[INFO] [stdout]    = warning: this was previously accepted by the compiler but is being phased out; it will become a hard error in the 2018 edition!
[INFO] [stdout]    = note: for more information, see issue #41686 <https://github.com/rust-lang/rust/issues/41686>
[INFO] [stdout] 
[INFO] [stdout] 
[INFO] [stdout] warning: anonymous parameters are deprecated and will be removed in the next edition.
[INFO] [stdout]   --> src/env.rs:51:20
[INFO] [stdout]    |
[INFO] [stdout] 51 |     fn lock(&self, &Path) -> Result<FileLock>;
[INFO] [stdout]    |                    ^^^^^ help: try naming the parameter or explicitly ignoring it: `_: &Path`
[INFO] [stdout]    |
[INFO] [stdout]    = warning: this was previously accepted by the compiler but is being phased out; it will become a hard error in the 2018 edition!
[INFO] [stdout]    = note: for more information, see issue #41686 <https://github.com/rust-lang/rust/issues/41686>
[INFO] [stdout] 
[INFO] [stdout] 
[INFO] [stdout] warning: anonymous parameters are deprecated and will be removed in the next edition.
[INFO] [stdout]   --> src/env.rs:54:26
[INFO] [stdout]    |
[INFO] [stdout] 54 |     fn new_logger(&self, &Path) -> Result<Logger>;
[INFO] [stdout]    |                          ^^^^^ help: try naming the parameter or explicitly ignoring it: `_: &Path`
[INFO] [stdout]    |
[INFO] [stdout]    = warning: this was previously accepted by the compiler but is being phased out; it will become a hard error in the 2018 edition!
[INFO] [stdout]    = note: for more information, see issue #41686 <https://github.com/rust-lang/rust/issues/41686>
[INFO] [stdout] 
[INFO] [stdout] 
[INFO] [stdout] warning: 14 warnings emitted
[INFO] [stdout] 
[INFO] [stdout] 
[INFO] [stderr]    Compiling rusty-leveldb v0.3.6 (/opt/rustwide/workdir)
[INFO] [stdout] warning: anonymous parameters are deprecated and will be removed in the next edition.
[INFO] [stdout]   --> src/env.rs:37:36
[INFO] [stdout]    |
[INFO] [stdout] 37 |     fn open_sequential_file(&self, &Path) -> Result<Box<dyn Read>>;
[INFO] [stdout]    |                                    ^^^^^ help: try naming the parameter or explicitly ignoring it: `_: &Path`
[INFO] [stdout]    |
[INFO] [stdout]    = note: `#[warn(anonymous_parameters)]` on by default
[INFO] [stdout]    = warning: this was previously accepted by the compiler but is being phased out; it will become a hard error in the 2018 edition!
[INFO] [stdout]    = note: for more information, see issue #41686 <https://github.com/rust-lang/rust/issues/41686>
[INFO] [stdout] 
[INFO] [stdout] 
[INFO] [stdout] warning: anonymous parameters are deprecated and will be removed in the next edition.
[INFO] [stdout]   --> src/env.rs:38:39
[INFO] [stdout]    |
[INFO] [stdout] 38 |     fn open_random_access_file(&self, &Path) -> Result<Box<dyn RandomAccess>>;
[INFO] [stdout]    |                                       ^^^^^ help: try naming the parameter or explicitly ignoring it: `_: &Path`
[INFO] [stdout]    |
[INFO] [stdout]    = warning: this was previously accepted by the compiler but is being phased out; it will become a hard error in the 2018 edition!
[INFO] [stdout]    = note: for more information, see issue #41686 <https://github.com/rust-lang/rust/issues/41686>
[INFO] [stdout] 
[INFO] [stdout] 
[INFO] [stdout] warning: anonymous parameters are deprecated and will be removed in the next edition.
[INFO] [stdout]   --> src/env.rs:39:34
[INFO] [stdout]    |
[INFO] [stdout] 39 |     fn open_writable_file(&self, &Path) -> Result<Box<dyn Write>>;
[INFO] [stdout]    |                                  ^^^^^ help: try naming the parameter or explicitly ignoring it: `_: &Path`
[INFO] [stdout]    |
[INFO] [stdout]    = warning: this was previously accepted by the compiler but is being phased out; it will become a hard error in the 2018 edition!
[INFO] [stdout]    = note: for more information, see issue #41686 <https://github.com/rust-lang/rust/issues/41686>
[INFO] [stdout] 
[INFO] [stdout] 
[INFO] [stdout] warning: anonymous parameters are deprecated and will be removed in the next edition.
[INFO] [stdout]   --> src/env.rs:40:36
[INFO] [stdout]    |
[INFO] [stdout] 40 |     fn open_appendable_file(&self, &Path) -> Result<Box<dyn Write>>;
[INFO] [stdout]    |                                    ^^^^^ help: try naming the parameter or explicitly ignoring it: `_: &Path`
[INFO] [stdout]    |
[INFO] [stdout]    = warning: this was previously accepted by the compiler but is being phased out; it will become a hard error in the 2018 edition!
[INFO] [stdout]    = note: for more information, see issue #41686 <https://github.com/rust-lang/rust/issues/41686>
[INFO] [stdout] 
[INFO] [stdout] 
[INFO] [stdout] warning: anonymous parameters are deprecated and will be removed in the next edition.
[INFO] [stdout]   --> src/env.rs:42:22
[INFO] [stdout]    |
[INFO] [stdout] 42 |     fn exists(&self, &Path) -> Result<bool>;
[INFO] [stdout]    |                      ^^^^^ help: try naming the parameter or explicitly ignoring it: `_: &Path`
[INFO] [stdout]    |
[INFO] [stdout]    = warning: this was previously accepted by the compiler but is being phased out; it will become a hard error in the 2018 edition!
[INFO] [stdout]    = note: for more information, see issue #41686 <https://github.com/rust-lang/rust/issues/41686>
[INFO] [stdout] 
[INFO] [stdout] 
[INFO] [stdout] warning: anonymous parameters are deprecated and will be removed in the next edition.
[INFO] [stdout]   --> src/env.rs:43:24
[INFO] [stdout]    |
[INFO] [stdout] 43 |     fn children(&self, &Path) -> Result<Vec<PathBuf>>;
[INFO] [stdout]    |                        ^^^^^ help: try naming the parameter or explicitly ignoring it: `_: &Path`
[INFO] [stdout]    |
[INFO] [stdout]    = warning: this was previously accepted by the compiler but is being phased out; it will become a hard error in the 2018 edition!
[INFO] [stdout]    = note: for more information, see issue #41686 <https://github.com/rust-lang/rust/issues/41686>
[INFO] [stdout] 
[INFO] [stdout] 
[INFO] [stdout] warning: anonymous parameters are deprecated and will be removed in the next edition.
[INFO] [stdout]   --> src/env.rs:44:23
[INFO] [stdout]    |
[INFO] [stdout] 44 |     fn size_of(&self, &Path) -> Result<usize>;
[INFO] [stdout]    |                       ^^^^^ help: try naming the parameter or explicitly ignoring it: `_: &Path`
[INFO] [stdout]    |
[INFO] [stdout]    = warning: this was previously accepted by the compiler but is being phased out; it will become a hard error in the 2018 edition!
[INFO] [stdout]    = note: for more information, see issue #41686 <https://github.com/rust-lang/rust/issues/41686>
[INFO] [stdout] 
[INFO] [stdout] 
[INFO] [stdout] warning: anonymous parameters are deprecated and will be removed in the next edition.
[INFO] [stdout]   --> src/env.rs:46:22
[INFO] [stdout]    |
[INFO] [stdout] 46 |     fn delete(&self, &Path) -> Result<()>;
[INFO] [stdout]    |                      ^^^^^ help: try naming the parameter or explicitly ignoring it: `_: &Path`
[INFO] [stdout]    |
[INFO] [stdout]    = warning: this was previously accepted by the compiler but is being phased out; it will become a hard error in the 2018 edition!
[INFO] [stdout]    = note: for more information, see issue #41686 <https://github.com/rust-lang/rust/issues/41686>
[INFO] [stdout] 
[INFO] [stdout] 
[INFO] [stdout] warning: anonymous parameters are deprecated and will be removed in the next edition.
[INFO] [stdout]   --> src/env.rs:47:21
[INFO] [stdout]    |
[INFO] [stdout] 47 |     fn mkdir(&self, &Path) -> Result<()>;
[INFO] [stdout]    |                     ^^^^^ help: try naming the parameter or explicitly ignoring it: `_: &Path`
[INFO] [stdout]    |
[INFO] [stdout]    = warning: this was previously accepted by the compiler but is being phased out; it will become a hard error in the 2018 edition!
[INFO] [stdout]    = note: for more information, see issue #41686 <https://github.com/rust-lang/rust/issues/41686>
[INFO] [stdout] 
[INFO] [stdout] 
[INFO] [stdout] warning: anonymous parameters are deprecated and will be removed in the next edition.
[INFO] [stdout]   --> src/env.rs:48:21
[INFO] [stdout]    |
[INFO] [stdout] 48 |     fn rmdir(&self, &Path) -> Result<()>;
[INFO] [stdout]    |                     ^^^^^ help: try naming the parameter or explicitly ignoring it: `_: &Path`
[INFO] [stdout]    |
[INFO] [stdout]    = warning: this was previously accepted by the compiler but is being phased out; it will become a hard error in the 2018 edition!
[INFO] [stdout]    = note: for more information, see issue #41686 <https://github.com/rust-lang/rust/issues/41686>
[INFO] [stdout] 
[INFO] [stdout] 
[INFO] [stdout] warning: anonymous parameters are deprecated and will be removed in the next edition.
[INFO] [stdout]   --> src/env.rs:49:22
[INFO] [stdout]    |
[INFO] [stdout] 49 |     fn rename(&self, &Path, &Path) -> Result<()>;
[INFO] [stdout]    |                      ^^^^^ help: try naming the parameter or explicitly ignoring it: `_: &Path`
[INFO] [stdout]    |
[INFO] [stdout]    = warning: this was previously accepted by the compiler but is being phased out; it will become a hard error in the 2018 edition!
[INFO] [stdout]    = note: for more information, see issue #41686 <https://github.com/rust-lang/rust/issues/41686>
[INFO] [stdout] 
[INFO] [stdout] 
[INFO] [stdout] warning: anonymous parameters are deprecated and will be removed in the next edition.
[INFO] [stdout]   --> src/env.rs:49:29
[INFO] [stdout]    |
[INFO] [stdout] 49 |     fn rename(&self, &Path, &Path) -> Result<()>;
[INFO] [stdout]    |                             ^^^^^ help: try naming the parameter or explicitly ignoring it: `_: &Path`
[INFO] [stdout]    |
[INFO] [stdout]    = warning: this was previously accepted by the compiler but is being phased out; it will become a hard error in the 2018 edition!
[INFO] [stdout]    = note: for more information, see issue #41686 <https://github.com/rust-lang/rust/issues/41686>
[INFO] [stdout] 
[INFO] [stdout] 
[INFO] [stdout] warning: anonymous parameters are deprecated and will be removed in the next edition.
[INFO] [stdout]   --> src/env.rs:51:20
[INFO] [stdout]    |
[INFO] [stdout] 51 |     fn lock(&self, &Path) -> Result<FileLock>;
[INFO] [stdout]    |                    ^^^^^ help: try naming the parameter or explicitly ignoring it: `_: &Path`
[INFO] [stdout]    |
[INFO] [stdout]    = warning: this was previously accepted by the compiler but is being phased out; it will become a hard error in the 2018 edition!
[INFO] [stdout]    = note: for more information, see issue #41686 <https://github.com/rust-lang/rust/issues/41686>
[INFO] [stdout] 
[INFO] [stdout] 
[INFO] [stdout] warning: anonymous parameters are deprecated and will be removed in the next edition.
[INFO] [stdout]   --> src/env.rs:54:26
[INFO] [stdout]    |
[INFO] [stdout] 54 |     fn new_logger(&self, &Path) -> Result<Logger>;
[INFO] [stdout]    |                          ^^^^^ help: try naming the parameter or explicitly ignoring it: `_: &Path`
[INFO] [stdout]    |
[INFO] [stdout]    = warning: this was previously accepted by the compiler but is being phased out; it will become a hard error in the 2018 edition!
[INFO] [stdout]    = note: for more information, see issue #41686 <https://github.com/rust-lang/rust/issues/41686>
[INFO] [stdout] 
[INFO] [stdout] 
[INFO] [stdout] warning: panic message is not a string literal
[INFO] [stdout]    --> src/filter_block.rs:242:21
[INFO] [stdout]     |
[INFO] [stdout] 242 |                     format!("{} {:?} ", block_offset, key)
[INFO] [stdout]     |                     ^^^^^^^^^^^^^^^^^^^^^^^^^^^^^^^^^^^^^^
[INFO] [stdout]     |
[INFO] [stdout]     = note: `#[warn(non_fmt_panic)]` on by default
[INFO] [stdout]     = note: this is no longer accepted in Rust 2021
[INFO] [stdout]     = note: the assert!() macro supports formatting, so there's no need for the format!() macro here
[INFO] [stdout] help: remove the `format!(..)` macro call
[INFO] [stdout]     |
[INFO] [stdout] 242 |                     "{} {:?} ", block_offset, key
[INFO] [stdout]     |                    --                           --
[INFO] [stdout] 
[INFO] [stdout] 
[INFO] [stdout] warning: 15 warnings emitted
[INFO] [stdout] 
[INFO] [stdout] 
[INFO] [stderr]     Finished test [unoptimized + debuginfo] target(s) in 8.58s
[INFO] running `Command { std: "docker" "inspect" "d7b88359eed772cb60e474f8cc7f31a76d6304401ef4ca69da2578781ad6bb07", kill_on_drop: false }`
[INFO] running `Command { std: "docker" "rm" "-f" "d7b88359eed772cb60e474f8cc7f31a76d6304401ef4ca69da2578781ad6bb07", kill_on_drop: false }`
[INFO] [stdout] d7b88359eed772cb60e474f8cc7f31a76d6304401ef4ca69da2578781ad6bb07
[INFO] running `Command { std: "docker" "create" "-v" "/var/lib/crater-agent-workspace/builds/worker-0/target:/opt/rustwide/target:rw,Z" "-v" "/var/lib/crater-agent-workspace/builds/worker-0/source:/opt/rustwide/workdir:ro,Z" "-v" "/var/lib/crater-agent-workspace/cargo-home:/opt/rustwide/cargo-home:ro,Z" "-v" "/var/lib/crater-agent-workspace/rustup-home:/opt/rustwide/rustup-home:ro,Z" "-e" "SOURCE_DIR=/opt/rustwide/workdir" "-e" "CARGO_TARGET_DIR=/opt/rustwide/target" "-e" "CARGO_INCREMENTAL=0" "-e" "RUST_BACKTRACE=full" "-e" "RUSTFLAGS=--cap-lints=warn" "-e" "CARGO_HOME=/opt/rustwide/cargo-home" "-e" "RUSTUP_HOME=/opt/rustwide/rustup-home" "-w" "/opt/rustwide/workdir" "-m" "1610612736" "--user" "0:0" "--network" "none" "ghcr.io/rust-lang/crates-build-env/linux@sha256:34b6a614d2c27851fe6cbf88fbd1137609cefab8b10d0615aaeb6fd47975d74e" "/opt/rustwide/cargo-home/bin/cargo" "+1.54.0" "test" "--frozen", kill_on_drop: false }`
[INFO] [stdout] e75038140a2fa28d116d4e2320e03f6a827220b3ce59e5a5d6549f867607ecc6
[INFO] running `Command { std: "docker" "start" "-a" "e75038140a2fa28d116d4e2320e03f6a827220b3ce59e5a5d6549f867607ecc6", kill_on_drop: false }`
[INFO] [stderr]     Blocking waiting for file lock on package cache
[INFO] [stderr]     Blocking waiting for file lock on package cache
[INFO] [stderr] warning: anonymous parameters are deprecated and will be removed in the next edition.
[INFO] [stderr]   --> src/env.rs:37:36
[INFO] [stderr]    |
[INFO] [stderr] 37 |     fn open_sequential_file(&self, &Path) -> Result<Box<dyn Read>>;
[INFO] [stderr]    |                                    ^^^^^ help: try naming the parameter or explicitly ignoring it: `_: &Path`
[INFO] [stderr]    |
[INFO] [stderr]    = note: `#[warn(anonymous_parameters)]` on by default
[INFO] [stderr]    = warning: this was previously accepted by the compiler but is being phased out; it will become a hard error in the 2018 edition!
[INFO] [stderr]    = note: for more information, see issue #41686 <https://github.com/rust-lang/rust/issues/41686>
[INFO] [stderr] 
[INFO] [stderr] warning: anonymous parameters are deprecated and will be removed in the next edition.
[INFO] [stderr]   --> src/env.rs:38:39
[INFO] [stderr]    |
[INFO] [stderr] 38 |     fn open_random_access_file(&self, &Path) -> Result<Box<dyn RandomAccess>>;
[INFO] [stderr]    |                                       ^^^^^ help: try naming the parameter or explicitly ignoring it: `_: &Path`
[INFO] [stderr]    |
[INFO] [stderr]    = warning: this was previously accepted by the compiler but is being phased out; it will become a hard error in the 2018 edition!
[INFO] [stderr]    = note: for more information, see issue #41686 <https://github.com/rust-lang/rust/issues/41686>
[INFO] [stderr] 
[INFO] [stderr] warning: anonymous parameters are deprecated and will be removed in the next edition.
[INFO] [stderr]   --> src/env.rs:39:34
[INFO] [stderr]    |
[INFO] [stderr] 39 |     fn open_writable_file(&self, &Path) -> Result<Box<dyn Write>>;
[INFO] [stderr]    |                                  ^^^^^ help: try naming the parameter or explicitly ignoring it: `_: &Path`
[INFO] [stderr]    |
[INFO] [stderr]    = warning: this was previously accepted by the compiler but is being phased out; it will become a hard error in the 2018 edition!
[INFO] [stderr]    = note: for more information, see issue #41686 <https://github.com/rust-lang/rust/issues/41686>
[INFO] [stderr] 
[INFO] [stderr] warning: anonymous parameters are deprecated and will be removed in the next edition.
[INFO] [stderr]   --> src/env.rs:40:36
[INFO] [stderr]    |
[INFO] [stderr] 40 |     fn open_appendable_file(&self, &Path) -> Result<Box<dyn Write>>;
[INFO] [stderr]    |                                    ^^^^^ help: try naming the parameter or explicitly ignoring it: `_: &Path`
[INFO] [stderr]    |
[INFO] [stderr]    = warning: this was previously accepted by the compiler but is being phased out; it will become a hard error in the 2018 edition!
[INFO] [stderr]    = note: for more information, see issue #41686 <https://github.com/rust-lang/rust/issues/41686>
[INFO] [stderr] 
[INFO] [stderr] warning: anonymous parameters are deprecated and will be removed in the next edition.
[INFO] [stderr]   --> src/env.rs:42:22
[INFO] [stderr]    |
[INFO] [stderr] 42 |     fn exists(&self, &Path) -> Result<bool>;
[INFO] [stderr]    |                      ^^^^^ help: try naming the parameter or explicitly ignoring it: `_: &Path`
[INFO] [stderr]    |
[INFO] [stderr]    = warning: this was previously accepted by the compiler but is being phased out; it will become a hard error in the 2018 edition!
[INFO] [stderr]    = note: for more information, see issue #41686 <https://github.com/rust-lang/rust/issues/41686>
[INFO] [stderr] 
[INFO] [stderr] warning: anonymous parameters are deprecated and will be removed in the next edition.
[INFO] [stderr]   --> src/env.rs:43:24
[INFO] [stderr]    |
[INFO] [stderr] 43 |     fn children(&self, &Path) -> Result<Vec<PathBuf>>;
[INFO] [stderr]    |                        ^^^^^ help: try naming the parameter or explicitly ignoring it: `_: &Path`
[INFO] [stderr]    |
[INFO] [stderr]    = warning: this was previously accepted by the compiler but is being phased out; it will become a hard error in the 2018 edition!
[INFO] [stderr]    = note: for more information, see issue #41686 <https://github.com/rust-lang/rust/issues/41686>
[INFO] [stderr] 
[INFO] [stderr] warning: anonymous parameters are deprecated and will be removed in the next edition.
[INFO] [stderr]   --> src/env.rs:44:23
[INFO] [stderr]    |
[INFO] [stderr] 44 |     fn size_of(&self, &Path) -> Result<usize>;
[INFO] [stderr]    |                       ^^^^^ help: try naming the parameter or explicitly ignoring it: `_: &Path`
[INFO] [stderr]    |
[INFO] [stderr]    = warning: this was previously accepted by the compiler but is being phased out; it will become a hard error in the 2018 edition!
[INFO] [stderr]    = note: for more information, see issue #41686 <https://github.com/rust-lang/rust/issues/41686>
[INFO] [stderr] 
[INFO] [stderr] warning: anonymous parameters are deprecated and will be removed in the next edition.
[INFO] [stderr]   --> src/env.rs:46:22
[INFO] [stderr]    |
[INFO] [stderr] 46 |     fn delete(&self, &Path) -> Result<()>;
[INFO] [stderr]    |                      ^^^^^ help: try naming the parameter or explicitly ignoring it: `_: &Path`
[INFO] [stderr]    |
[INFO] [stderr]    = warning: this was previously accepted by the compiler but is being phased out; it will become a hard error in the 2018 edition!
[INFO] [stderr]    = note: for more information, see issue #41686 <https://github.com/rust-lang/rust/issues/41686>
[INFO] [stderr] 
[INFO] [stderr] warning: anonymous parameters are deprecated and will be removed in the next edition.
[INFO] [stderr]   --> src/env.rs:47:21
[INFO] [stderr]    |
[INFO] [stderr] 47 |     fn mkdir(&self, &Path) -> Result<()>;
[INFO] [stderr]    |                     ^^^^^ help: try naming the parameter or explicitly ignoring it: `_: &Path`
[INFO] [stderr]    |
[INFO] [stderr]    = warning: this was previously accepted by the compiler but is being phased out; it will become a hard error in the 2018 edition!
[INFO] [stderr]    = note: for more information, see issue #41686 <https://github.com/rust-lang/rust/issues/41686>
[INFO] [stderr] 
[INFO] [stderr] warning: anonymous parameters are deprecated and will be removed in the next edition.
[INFO] [stderr]   --> src/env.rs:48:21
[INFO] [stderr]    |
[INFO] [stderr] 48 |     fn rmdir(&self, &Path) -> Result<()>;
[INFO] [stderr]    |                     ^^^^^ help: try naming the parameter or explicitly ignoring it: `_: &Path`
[INFO] [stderr]    |
[INFO] [stderr]    = warning: this was previously accepted by the compiler but is being phased out; it will become a hard error in the 2018 edition!
[INFO] [stderr]    = note: for more information, see issue #41686 <https://github.com/rust-lang/rust/issues/41686>
[INFO] [stderr] 
[INFO] [stderr] warning: anonymous parameters are deprecated and will be removed in the next edition.
[INFO] [stderr]   --> src/env.rs:49:22
[INFO] [stderr]    |
[INFO] [stderr] 49 |     fn rename(&self, &Path, &Path) -> Result<()>;
[INFO] [stderr]    |                      ^^^^^ help: try naming the parameter or explicitly ignoring it: `_: &Path`
[INFO] [stderr]    |
[INFO] [stderr]    = warning: this was previously accepted by the compiler but is being phased out; it will become a hard error in the 2018 edition!
[INFO] [stderr]    = note: for more information, see issue #41686 <https://github.com/rust-lang/rust/issues/41686>
[INFO] [stderr] 
[INFO] [stderr] warning: anonymous parameters are deprecated and will be removed in the next edition.
[INFO] [stderr]   --> src/env.rs:49:29
[INFO] [stderr]    |
[INFO] [stderr] 49 |     fn rename(&self, &Path, &Path) -> Result<()>;
[INFO] [stderr]    |                             ^^^^^ help: try naming the parameter or explicitly ignoring it: `_: &Path`
[INFO] [stderr]    |
[INFO] [stderr]    = warning: this was previously accepted by the compiler but is being phased out; it will become a hard error in the 2018 edition!
[INFO] [stderr]    = note: for more information, see issue #41686 <https://github.com/rust-lang/rust/issues/41686>
[INFO] [stderr] 
[INFO] [stderr] warning: anonymous parameters are deprecated and will be removed in the next edition.
[INFO] [stderr]   --> src/env.rs:51:20
[INFO] [stderr]    |
[INFO] [stderr] 51 |     fn lock(&self, &Path) -> Result<FileLock>;
[INFO] [stderr]    |                    ^^^^^ help: try naming the parameter or explicitly ignoring it: `_: &Path`
[INFO] [stderr]    |
[INFO] [stderr]    = warning: this was previously accepted by the compiler but is being phased out; it will become a hard error in the 2018 edition!
[INFO] [stderr]    = note: for more information, see issue #41686 <https://github.com/rust-lang/rust/issues/41686>
[INFO] [stderr] 
[INFO] [stderr] warning: anonymous parameters are deprecated and will be removed in the next edition.
[INFO] [stderr]   --> src/env.rs:54:26
[INFO] [stderr]    |
[INFO] [stderr] 54 |     fn new_logger(&self, &Path) -> Result<Logger>;
[INFO] [stderr]    |                          ^^^^^ help: try naming the parameter or explicitly ignoring it: `_: &Path`
[INFO] [stderr]    |
[INFO] [stderr]    = warning: this was previously accepted by the compiler but is being phased out; it will become a hard error in the 2018 edition!
[INFO] [stderr]    = note: for more information, see issue #41686 <https://github.com/rust-lang/rust/issues/41686>
[INFO] [stderr] 
[INFO] [stderr] warning: 14 warnings emitted
[INFO] [stderr] 
[INFO] [stderr] warning: anonymous parameters are deprecated and will be removed in the next edition.
[INFO] [stderr]   --> src/env.rs:37:36
[INFO] [stderr]    |
[INFO] [stderr] 37 |     fn open_sequential_file(&self, &Path) -> Result<Box<dyn Read>>;
[INFO] [stderr]    |                                    ^^^^^ help: try naming the parameter or explicitly ignoring it: `_: &Path`
[INFO] [stderr]    |
[INFO] [stderr]    = note: `#[warn(anonymous_parameters)]` on by default
[INFO] [stderr]    = warning: this was previously accepted by the compiler but is being phased out; it will become a hard error in the 2018 edition!
[INFO] [stderr]    = note: for more information, see issue #41686 <https://github.com/rust-lang/rust/issues/41686>
[INFO] [stderr] 
[INFO] [stderr] warning: anonymous parameters are deprecated and will be removed in the next edition.
[INFO] [stderr]   --> src/env.rs:38:39
[INFO] [stderr]    |
[INFO] [stderr] 38 |     fn open_random_access_file(&self, &Path) -> Result<Box<dyn RandomAccess>>;
[INFO] [stderr]    |                                       ^^^^^ help: try naming the parameter or explicitly ignoring it: `_: &Path`
[INFO] [stderr]    |
[INFO] [stderr]    = warning: this was previously accepted by the compiler but is being phased out; it will become a hard error in the 2018 edition!
[INFO] [stderr]    = note: for more information, see issue #41686 <https://github.com/rust-lang/rust/issues/41686>
[INFO] [stderr] 
[INFO] [stderr] warning: anonymous parameters are deprecated and will be removed in the next edition.
[INFO] [stderr]   --> src/env.rs:39:34
[INFO] [stderr]    |
[INFO] [stderr] 39 |     fn open_writable_file(&self, &Path) -> Result<Box<dyn Write>>;
[INFO] [stderr]    |                                  ^^^^^ help: try naming the parameter or explicitly ignoring it: `_: &Path`
[INFO] [stderr]    |
[INFO] [stderr]    = warning: this was previously accepted by the compiler but is being phased out; it will become a hard error in the 2018 edition!
[INFO] [stderr]    = note: for more information, see issue #41686 <https://github.com/rust-lang/rust/issues/41686>
[INFO] [stderr] 
[INFO] [stderr] warning: anonymous parameters are deprecated and will be removed in the next edition.
[INFO] [stderr]   --> src/env.rs:40:36
[INFO] [stderr]    |
[INFO] [stderr] 40 |     fn open_appendable_file(&self, &Path) -> Result<Box<dyn Write>>;
[INFO] [stderr]    |                                    ^^^^^ help: try naming the parameter or explicitly ignoring it: `_: &Path`
[INFO] [stderr]    |
[INFO] [stderr]    = warning: this was previously accepted by the compiler but is being phased out; it will become a hard error in the 2018 edition!
[INFO] [stderr]    = note: for more information, see issue #41686 <https://github.com/rust-lang/rust/issues/41686>
[INFO] [stderr] 
[INFO] [stderr] warning: anonymous parameters are deprecated and will be removed in the next edition.
[INFO] [stderr]   --> src/env.rs:42:22
[INFO] [stderr]    |
[INFO] [stderr] 42 |     fn exists(&self, &Path) -> Result<bool>;
[INFO] [stderr]    |                      ^^^^^ help: try naming the parameter or explicitly ignoring it: `_: &Path`
[INFO] [stderr]    |
[INFO] [stderr]    = warning: this was previously accepted by the compiler but is being phased out; it will become a hard error in the 2018 edition!
[INFO] [stderr]    = note: for more information, see issue #41686 <https://github.com/rust-lang/rust/issues/41686>
[INFO] [stderr] 
[INFO] [stderr] warning: anonymous parameters are deprecated and will be removed in the next edition.
[INFO] [stderr]   --> src/env.rs:43:24
[INFO] [stderr]    |
[INFO] [stderr] 43 |     fn children(&self, &Path) -> Result<Vec<PathBuf>>;
[INFO] [stderr]    |                        ^^^^^ help: try naming the parameter or explicitly ignoring it: `_: &Path`
[INFO] [stderr]    |
[INFO] [stderr]    = warning: this was previously accepted by the compiler but is being phased out; it will become a hard error in the 2018 edition!
[INFO] [stderr]    = note: for more information, see issue #41686 <https://github.com/rust-lang/rust/issues/41686>
[INFO] [stderr] 
[INFO] [stderr] warning: anonymous parameters are deprecated and will be removed in the next edition.
[INFO] [stderr]   --> src/env.rs:44:23
[INFO] [stderr]    |
[INFO] [stderr] 44 |     fn size_of(&self, &Path) -> Result<usize>;
[INFO] [stderr]    |                       ^^^^^ help: try naming the parameter or explicitly ignoring it: `_: &Path`
[INFO] [stderr]    |
[INFO] [stderr]    = warning: this was previously accepted by the compiler but is being phased out; it will become a hard error in the 2018 edition!
[INFO] [stderr]    = note: for more information, see issue #41686 <https://github.com/rust-lang/rust/issues/41686>
[INFO] [stderr] 
[INFO] [stderr] warning: anonymous parameters are deprecated and will be removed in the next edition.
[INFO] [stderr]   --> src/env.rs:46:22
[INFO] [stderr]    |
[INFO] [stderr] 46 |     fn delete(&self, &Path) -> Result<()>;
[INFO] [stderr]    |                      ^^^^^ help: try naming the parameter or explicitly ignoring it: `_: &Path`
[INFO] [stderr]    |
[INFO] [stderr]    = warning: this was previously accepted by the compiler but is being phased out; it will become a hard error in the 2018 edition!
[INFO] [stderr]    = note: for more information, see issue #41686 <https://github.com/rust-lang/rust/issues/41686>
[INFO] [stderr] 
[INFO] [stderr] warning: anonymous parameters are deprecated and will be removed in the next edition.
[INFO] [stderr]   --> src/env.rs:47:21
[INFO] [stderr]    |
[INFO] [stderr] 47 |     fn mkdir(&self, &Path) -> Result<()>;
[INFO] [stderr]    |                     ^^^^^ help: try naming the parameter or explicitly ignoring it: `_: &Path`
[INFO] [stderr]    |
[INFO] [stderr]    = warning: this was previously accepted by the compiler but is being phased out; it will become a hard error in the 2018 edition!
[INFO] [stderr]    = note: for more information, see issue #41686 <https://github.com/rust-lang/rust/issues/41686>
[INFO] [stderr] 
[INFO] [stderr] warning: anonymous parameters are deprecated and will be removed in the next edition.
[INFO] [stderr]   --> src/env.rs:48:21
[INFO] [stderr]    |
[INFO] [stderr] 48 |     fn rmdir(&self, &Path) -> Result<()>;
[INFO] [stderr]    |                     ^^^^^ help: try naming the parameter or explicitly ignoring it: `_: &Path`
[INFO] [stderr]    |
[INFO] [stderr]    = warning: this was previously accepted by the compiler but is being phased out; it will become a hard error in the 2018 edition!
[INFO] [stderr]    = note: for more information, see issue #41686 <https://github.com/rust-lang/rust/issues/41686>
[INFO] [stderr] 
[INFO] [stderr] warning: anonymous parameters are deprecated and will be removed in the next edition.
[INFO] [stderr]   --> src/env.rs:49:22
[INFO] [stderr]    |
[INFO] [stderr] 49 |     fn rename(&self, &Path, &Path) -> Result<()>;
[INFO] [stderr]    |                      ^^^^^ help: try naming the parameter or explicitly ignoring it: `_: &Path`
[INFO] [stderr]    |
[INFO] [stderr]    = warning: this was previously accepted by the compiler but is being phased out; it will become a hard error in the 2018 edition!
[INFO] [stderr]    = note: for more information, see issue #41686 <https://github.com/rust-lang/rust/issues/41686>
[INFO] [stderr] 
[INFO] [stderr] warning: anonymous parameters are deprecated and will be removed in the next edition.
[INFO] [stderr]   --> src/env.rs:49:29
[INFO] [stderr]    |
[INFO] [stderr] 49 |     fn rename(&self, &Path, &Path) -> Result<()>;
[INFO] [stdout] 
[INFO] [stderr]    |                             ^^^^^ help: try naming the parameter or explicitly ignoring it: `_: &Path`
[INFO] [stdout] running 143 tests
[INFO] [stderr]    |
[INFO] [stderr]    = warning: this was previously accepted by the compiler but is being phased out; it will become a hard error in the 2018 edition!
[INFO] [stderr]    = note: for more information, see issue #41686 <https://github.com/rust-lang/rust/issues/41686>
[INFO] [stderr] 
[INFO] [stderr] warning: anonymous parameters are deprecated and will be removed in the next edition.
[INFO] [stderr]   --> src/env.rs:51:20
[INFO] [stderr]    |
[INFO] [stderr] 51 |     fn lock(&self, &Path) -> Result<FileLock>;
[INFO] [stderr]    |                    ^^^^^ help: try naming the parameter or explicitly ignoring it: `_: &Path`
[INFO] [stderr]    |
[INFO] [stderr]    = warning: this was previously accepted by the compiler but is being phased out; it will become a hard error in the 2018 edition!
[INFO] [stderr]    = note: for more information, see issue #41686 <https://github.com/rust-lang/rust/issues/41686>
[INFO] [stderr] 
[INFO] [stderr] warning: anonymous parameters are deprecated and will be removed in the next edition.
[INFO] [stderr]   --> src/env.rs:54:26
[INFO] [stderr]    |
[INFO] [stderr] 54 |     fn new_logger(&self, &Path) -> Result<Logger>;
[INFO] [stderr]    |                          ^^^^^ help: try naming the parameter or explicitly ignoring it: `_: &Path`
[INFO] [stderr]    |
[INFO] [stderr]    = warning: this was previously accepted by the compiler but is being phased out; it will become a hard error in the 2018 edition!
[INFO] [stderr]    = note: for more information, see issue #41686 <https://github.com/rust-lang/rust/issues/41686>
[INFO] [stderr] 
[INFO] [stderr] warning: panic message is not a string literal
[INFO] [stderr]    --> src/filter_block.rs:242:21
[INFO] [stderr]     |
[INFO] [stderr] 242 |                     format!("{} {:?} ", block_offset, key)
[INFO] [stderr]     |                     ^^^^^^^^^^^^^^^^^^^^^^^^^^^^^^^^^^^^^^
[INFO] [stderr]     |
[INFO] [stderr]     = note: `#[warn(non_fmt_panic)]` on by default
[INFO] [stderr]     = note: this is no longer accepted in Rust 2021
[INFO] [stderr]     = note: the assert!() macro supports formatting, so there's no need for the format!() macro here
[INFO] [stderr] help: remove the `format!(..)` macro call
[INFO] [stderr]     |
[INFO] [stderr] 242 |                     "{} {:?} ", block_offset, key
[INFO] [stderr]     |                    --                           --
[INFO] [stderr] 
[INFO] [stderr] warning: 15 warnings emitted
[INFO] [stderr] 
[INFO] [stderr]     Finished test [unoptimized + debuginfo] target(s) in 0.63s
[INFO] [stderr]      Running unittests (/opt/rustwide/target/debug/deps/rusty_leveldb-35ce7aa353054418)
[INFO] [stderr] Recovered manifest with next_file=12 manifest_num=11 log_num=0 prev_log_num=0 last_seq=30
[INFO] [stderr] Deleting file type=Descriptor num=10
[INFO] [stderr] Recovered manifest with next_file=12 manifest_num=11 log_num=0 prev_log_num=0 last_seq=30
[INFO] [stderr] Deleting file type=Descriptor num=10
[INFO] [stdout] test block_builder::tests::test_block_builder_reset ... ok
[INFO] [stdout] test block_builder::tests::test_block_builder_sanity ... ok
[INFO] [stdout] test block::tests::test_block_seek ... ok
[INFO] [stdout] test cache::tests::test_blockcache_cache_add_rm ... ok
[INFO] [stdout] test block::tests::test_block_seek_to_last ... ok
[INFO] [stdout] test cache::tests::test_blockcache_lru_edge_cases ... ok
[INFO] [stdout] test block::tests::test_block_iterate_reverse ... ok
[INFO] [stdout] test blockhandle::tests::test_blockhandle ... ok
[INFO] [stdout] test block::tests::test_block_empty ... ok
[INFO] [stdout] test block::tests::test_block_iterator_properties ... ok
[INFO] [stdout] test cache::tests::test_blockcache_lru_remove ... ok
[INFO] [stdout] test cache::tests::test_blockcache_lru_reinsert ... ok
[INFO] [stdout] test block::tests::test_block_build_iterate ... ok
[INFO] [stdout] test cmp::tests::test_cmp_defaultcmp_short_succ ... ok
[INFO] [stdout] test cache::tests::test_blockcache_lru_reinsert_2 ... ok
[INFO] [stdout] test cache::tests::test_blockcache_cache_capacity ... ok
[INFO] [stdout] test cmp::tests::test_cmp_internalkeycmp_shortest_sep ... ok
[INFO] [stdout] test cache::tests::test_blockcache_lru_1 ... ok
[INFO] [stdout] test cmp::tests::test_cmp_defaultcmp_shortest_sep ... ok
[INFO] [stdout] test cmp::tests::test_cmp_internalkeycmp ... ok
[INFO] [stdout] test db_impl::tests::test_db_impl_build_table ... ok
[INFO] [stdout] test db_impl::tests::test_db_impl_compaction_state_cleanup ... ok
[INFO] [stdout] test db_impl::tests::test_db_impl_build_db_sanity ... ok
[INFO] [stdout] test block_builder::tests::test_block_builder_panics - should panic ... ok
[INFO] [stdout] test db_impl::tests::test_db_impl_open_info_log ... ok
[INFO] [stderr] Recovered manifest with next_file=12 manifest_num=11 log_num=0 prev_log_num=0 last_seq=30
[INFO] [stdout] test cmp::tests::test_cmp_memtablekeycmp_panics - should panic ... ok
[INFO] [stderr] Deleting file type=Descriptor num=10
[INFO] [stdout] test log::tests::test_crc_sanity ... ok
[INFO] [stderr] Expanding inputs@1 1+1 (216+218 bytes) to 3+1 (651+218 bytes)
[INFO] [stdout] test log::tests::test_reader ... ok
[INFO] [stderr] Compacting @1 [97, 97, 97, 1, 19, 0, 0, 0, 0, 0, 0] .. [102, 97, 98, 1, 15, 0, 0, 0, 0, 0, 0]
[INFO] [stdout] test log::tests::test_writer ... ok
[INFO] [stderr] Compacting 3 files at L1 and 1 files at L2
[INFO] [stdout] test db_impl::tests::test_db_impl_compact_single_file ... ok
[INFO] [stderr] New table num=13: keys=10 size=345
[INFO] [stdout] test log::tests::test_writer_append ... ok
[INFO] [stderr] Compacted 3 L1 files + 1 L2 files => 345B
[INFO] [stderr] Compaction finished: level 0: 2 files, 483 bytes ([(1, 232), (2, 251)]); level 2: 2 files, 595 bytes ([(13, 345), (7, 250)]); level 3: 2 files, 400 bytes ([(8, 200), (9, 200)]); 
[INFO] [stderr] Deleting file type=Table num=4
[INFO] [stderr] Deleting file type=Table num=5
[INFO] [stderr] Deleting file type=Table num=3
[INFO] [stderr] Deleting file type=Table num=6
[INFO] [stderr] Expanding inputs@1 1+1 (218+218 bytes) to 3+1 (651+218 bytes)
[INFO] [stderr] Compacting @1 [97, 97, 97, 1, 19, 0, 0, 0, 0, 0, 0] .. [102, 97, 98, 1, 15, 0, 0, 0, 0, 0, 0]
[INFO] [stderr] Compacting 3 files at L1 and 1 files at L2
[INFO] [stderr] Recovered manifest with next_file=12 manifest_num=11 log_num=0 prev_log_num=0 last_seq=30
[INFO] [stderr] Recovered manifest with next_file=3 manifest_num=2 log_num=0 prev_log_num=0 last_seq=0
[INFO] [stdout] test disk_env::tests::test_dirs ... FAILED
[INFO] [stderr] Deleting file type=Descriptor num=1
[INFO] [stdout] test disk_env::tests::test_files ... FAILED
[INFO] [stderr] Recovered manifest with next_file=3 manifest_num=2 log_num=0 prev_log_num=0 last_seq=0
[INFO] [stderr] reusing manifest "db/MANIFEST-000001"
[INFO] [stderr] Recovered manifest with next_file=3 manifest_num=2 log_num=0 prev_log_num=0 last_seq=0
[INFO] [stderr] Recovering log file "db/000003.log"
[INFO] [stderr] Start write of L0 table 000003
[INFO] [stderr] L0 table 000003 has 197 bytes
[INFO] [stderr] Start write of L0 table 000003
[INFO] [stderr] L0 table 000003 has 351 bytes
[INFO] [stderr] Deleting file type=Log num=3
[INFO] [stderr] Deleting file type=Descriptor num=1
[INFO] [stderr] files: [[RefCell { value: FileMetaData { allowed_seeks: 100, num: 3, size: 197, smallest: [97, 98, 99, 1, 1, 0, 0, 0, 0, 0, 0], largest: [97, 98, 100, 1, 2, 0, 0, 0, 0, 0, 0] } }], [], [], [], [], [], []]
[INFO] [stderr] Recovered manifest with next_file=12 manifest_num=11 log_num=0 prev_log_num=0 last_seq=30
[INFO] [stderr] Recovered manifest with next_file=6 manifest_num=5 log_num=4 prev_log_num=0 last_seq=2
[INFO] [stderr] reusing manifest "db/MANIFEST-000002"
[INFO] [stderr] Recovering log file "db/000004.log"
[INFO] [stderr] reusing log file "db/000004.log"
[INFO] [stderr] Compacting @2 [99, 97, 98, 1, 10, 0, 0, 0, 0, 0, 0] .. [102, 98, 97, 1, 12, 0, 0, 0, 0, 0, 0]
[INFO] [stderr] Moved num=6 bytes=218 from L2 to L3
[INFO] [stderr] Summary: level 0: 2 files, 483 bytes ([(1, 232), (2, 251)]); level 1: 3 files, 651 bytes ([(3, 218), (4, 216), (5, 217)]); level 2: 1 files, 250 bytes ([(7, 250)]); level 3: 3 files, 618 bytes ([(6, 218), (8, 200), (9, 200)]); 
[INFO] [stderr] Recovered manifest with next_file=3 manifest_num=2 log_num=0 prev_log_num=0 last_seq=0
[INFO] [stderr] reusing manifest "db/MANIFEST-000001"
[INFO] [stdout] test mem_env::tests::test_mem_fs_memfile_readat ... ok
[INFO] [stderr] Recovered manifest with next_file=3 manifest_num=2 log_num=0 prev_log_num=0 last_seq=0
[INFO] [stdout] test db_impl::tests::test_db_impl_memtable_compaction ... ok
[INFO] [stderr] reusing manifest "db/MANIFEST-000001"
[INFO] [stdout] test db_impl::tests::test_db_impl_init ... ok
[INFO] [stderr] Recovered manifest with next_file=12 manifest_num=11 log_num=0 prev_log_num=0 last_seq=30
[INFO] [stdout] test mem_env::tests::test_mem_fs_memfile_read ... ok
[INFO] [stderr] Deleting file type=Descriptor num=10
[INFO] [stdout] test db_impl::tests::test_db_impl_compaction_trivial ... ok
[INFO] [stderr] Recovered manifest with next_file=12 manifest_num=11 log_num=0 prev_log_num=0 last_seq=30
[INFO] [stderr] Recovered manifest with next_file=12 manifest_num=11 log_num=0 prev_log_num=0 last_seq=30
[INFO] [stderr] Deleting file type=Descriptor num=10
[INFO] [stderr] Recovered manifest with next_file=12 manifest_num=11 log_num=0 prev_log_num=0 last_seq=30
[INFO] [stderr] Deleting file type=Descriptor num=10
[INFO] [stderr] Deleting file type=Descriptor num=10
[INFO] [stderr] Compacting @0 [97, 97, 97, 1, 22, 0, 0, 0, 0, 0, 0] .. [98, 98, 97, 1, 30, 0, 0, 0, 0, 0, 0]
[INFO] [stderr] Compacting 2 files at L0 and 1 files at L1
[INFO] [stderr] New table num=13: keys=8 size=306
[INFO] [stderr] Compacted 2 L0 files + 1 L1 files => 306B
[INFO] [stderr] Compaction finished: level 1: 3 files, 739 bytes ([(13, 306), (4, 216), (5, 217)]); level 2: 2 files, 468 bytes ([(6, 218), (7, 250)]); level 3: 2 files, 400 bytes ([(8, 200), (9, 200)]); 
[INFO] [stderr] Deleting file type=Table num=1
[INFO] [stderr] Deleting file type=Table num=3
[INFO] [stderr] Deleting file type=Table num=2
[INFO] [stderr] Expanding inputs@1 2+1 (522+218 bytes) to 3+1 (739+218 bytes)
[INFO] [stderr] Compacting @1 [97, 97, 97, 1, 22, 0, 0, 0, 0, 0, 0] .. [102, 97, 98, 1, 15, 0, 0, 0, 0, 0, 0]
[INFO] [stderr] Compacting 3 files at L1 and 1 files at L2
[INFO] [stderr] New table num=14: keys=15 size=435
[INFO] [stderr] Compacted 3 L1 files + 1 L2 files => 435B
[INFO] [stderr] Compaction finished: level 2: 2 files, 685 bytes ([(14, 435), (7, 250)]); level 3: 2 files, 400 bytes ([(8, 200), (9, 200)]); 
[INFO] [stderr] Deleting file type=Table num=5
[INFO] [stderr] Deleting file type=Table num=6
[INFO] [stderr] Deleting file type=Table num=13
[INFO] [stderr] Deleting file type=Table num=4
[INFO] [stderr] Compacting @2 [97, 97, 97, 1, 22, 0, 0, 0, 0, 0, 0] .. [102, 98, 97, 1, 12, 0, 0, 0, 0, 0, 0]
[INFO] [stderr] Compacting 1 files at L2 and 0 files at L3
[INFO] [stderr] Recovered manifest with next_file=12 manifest_num=11 log_num=0 prev_log_num=0 last_seq=30
[INFO] [stderr] Deleting file type=Descriptor num=10
[INFO] [stderr] Deleting file type=Descriptor num=10
[INFO] [stderr] Recovered manifest with next_file=14 manifest_num=13 log_num=12 prev_log_num=0 last_seq=30
[INFO] [stderr] Recovering log file "db/000012.log"
[INFO] [stderr] Start write of L0 table 000014
[INFO] [stderr] L0 table 000014 has 238 bytes
[INFO] [stderr] Deleting file type=Descriptor num=11
[INFO] [stderr] Deleting file type=Log num=12
[INFO] [stderr] Recovered manifest with next_file=17 manifest_num=16 log_num=15 prev_log_num=0 last_seq=35
[INFO] [stderr] Recovering log file "db/000015.log"
[INFO] [stdout] test filter::tests::test_filter_bloom ... ok
[INFO] [stderr] Recovered manifest with next_file=12 manifest_num=11 log_num=0 prev_log_num=0 last_seq=30
[INFO] [stdout] test mem_env::tests::test_mem_fs_lock ... ok
[INFO] [stderr] Deleting file type=Descriptor num=10
[INFO] [stdout] test db_impl::tests::test_db_impl_locking ... ok
[INFO] [stderr] New table num=13: keys=10 size=345
[INFO] [stdout] test log::tests::test_crc_mask_crc ... ok
[INFO] [stderr] Compacted 3 L1 files + 1 L2 files => 345B
[INFO] [stderr] Compaction finished: level 0: 2 files, 483 bytes ([(1, 232), (2, 251)]); level 2: 2 files, 595 bytes ([(13, 345), (7, 250)]); level 3: 2 files, 400 bytes ([(8, 200), (9, 200)]); 
[INFO] [stderr] Deleting file type=Table num=6
[INFO] [stderr] Deleting file type=Table num=4
[INFO] [stderr] Deleting file type=Table num=3
[INFO] [stderr] Deleting file type=Table num=5
[INFO] [stderr] Start write of L0 table 000004
[INFO] [stderr] Start write of L0 table 000017
[INFO] [stderr] L0 table 000017 has 182 bytes
[INFO] [stderr] New table num=15: keys=15 size=435
[INFO] [stderr] Compacted 1 L2 files + 0 L3 files => 435B
[INFO] [stderr] Compaction finished: level 2: 1 files, 250 bytes ([(7, 250)]); level 3: 3 files, 835 bytes ([(15, 435), (8, 200), (9, 200)]); 
[INFO] [stderr] Deleting file type=Table num=14
[INFO] [stderr] Deleting file type=Descriptor num=10
[INFO] [stderr] Deleting file type=Log num=15
[INFO] [stderr] Deleting file type=Descriptor num=13
[INFO] [stderr] Compacting @0 [97, 97, 97, 1, 22, 0, 0, 0, 0, 0, 0] .. [98, 98, 97, 1, 30, 0, 0, 0, 0, 0, 0]
[INFO] [stderr] Compacting 2 files at L0 and 1 files at L1
[INFO] [stderr] Recovered manifest with next_file=12 manifest_num=11 log_num=0 prev_log_num=0 last_seq=30
[INFO] [stderr] Deleting file type=Descriptor num=10
[INFO] [stderr] Recovered manifest with next_file=12 manifest_num=11 log_num=0 prev_log_num=0 last_seq=30
[INFO] [stderr] Deleting file type=Descriptor num=10
[INFO] [stderr] Recovered manifest with next_file=14 manifest_num=13 log_num=12 prev_log_num=0 last_seq=30
[INFO] [stderr] Recovering log file "db/000012.log"
[INFO] [stderr] Start write of L0 table 000014
[INFO] [stderr] L0 table 000014 has 253 bytes
[INFO] [stderr] Deleting file type=Descriptor num=11
[INFO] [stderr] Deleting file type=Log num=12
[INFO] [stderr] Recovered manifest with next_file=17 manifest_num=16 log_num=15 prev_log_num=0 last_seq=36
[INFO] [stderr] Recovering log file "db/000015.log"
[INFO] [stderr] Start write of L0 table 000017
[INFO] [stderr] L0 table 000017 has 179 bytes
[INFO] [stderr] Deleting file type=Descriptor num=13
[INFO] [stderr] Deleting file type=Log num=15
[INFO] [stderr] Compacting @0 [97, 97, 97, 1, 22, 0, 0, 0, 0, 0, 0] .. [98, 98, 97, 1, 30, 0, 0, 0, 0, 0, 0]
[INFO] [stderr] Compacting 2 files at L0 and 1 files at L1
[INFO] [stdout] test filter::tests::test_filter_bloom_hash ... ok
[INFO] [stderr] Recovered manifest with next_file=12 manifest_num=11 log_num=0 prev_log_num=0 last_seq=30
[INFO] [stdout] test filter::tests::test_filter_internal_keys_identical ... ok
[INFO] [stdout] test filter_block::tests::test_filter_block_build_read ... ok
[INFO] [stdout] test filter_block::tests::test_filter_block_builder ... ok
[INFO] [stdout] test filter_block::tests::test_filter_index ... ok
[INFO] [stdout] test key_types::tests::test_build_memtable_key ... ok
[INFO] [stdout] test mem_env::tests::test_mem_fs_children ... ok
[INFO] [stderr] Deleting file type=Descriptor num=10
[INFO] [stderr] L0 table 000004 has 227 bytes
[INFO] [stderr] Compacting @2 [97, 98, 48, 1, 3, 0, 0, 0, 0, 0, 0] .. [97, 98, 122, 1, 4, 0, 0, 0, 0, 0, 0]
[INFO] [stderr] Moved num=4 bytes=227 from L2 to L3
[INFO] [stderr] Summary: level 3: 1 files, 227 bytes ([(4, 227)]); 
[INFO] [stdout] test disk_env::tests::test_locking ... FAILED
[INFO] [stderr] Recovered manifest with next_file=12 manifest_num=11 log_num=0 prev_log_num=0 last_seq=30
[INFO] [stdout] test mem_env::tests::test_mem_fs_metadata_operations ... ok
[INFO] [stderr] Deleting file type=Descriptor num=10
[INFO] [stdout] test mem_env::tests::test_memenv_all ... ok
[INFO] [stdout] test mem_env::tests::test_mem_fs_memfile_write ... ok
[INFO] [stdout] test mem_env::tests::test_mem_fs_open_read_write ... ok
[INFO] [stdout] test db_impl::tests::test_db_impl_get_from_table_with_snapshot ... ok
[INFO] [stdout] test db_iter::tests::db_iter_basic_test ... ok
[INFO] [stdout] test key_types::tests::test_memtable_lookupkey ... ok
[INFO] [stdout] test mem_env::tests::test_mem_fs_open_read_write_append_truncate ... ok
[INFO] [stdout] test db_impl::tests::test_db_impl_compaction ... ok
[INFO] [stdout] test memtable::tests::test_memtable_add ... ok
[INFO] [stdout] test memtable::tests::test_memtable_iterator_fwd ... ok
[INFO] [stdout] test memtable::tests::test_memtable_iterator_behavior ... ok
[INFO] [stdout] test memtable::tests::test_memtable_add_get ... ok
[INFO] [stdout] test db_iter::tests::db_iter_test_fwd_backwd ... ok
[INFO] [stdout] test db_impl::tests::test_db_impl_compact_range ... ok
[INFO] [stdout] test db_iter::tests::db_iter_test_seek ... ok
[INFO] [stdout] test db_iter::tests::db_iter_reset ... ok
[INFO] [stderr] (took PT0.000255454S) Start write of L0 table 000014
[INFO] [stdout] test db_impl::tests::test_db_impl_compaction_trivial_move ... ok
[INFO] [stderr] New table num=19: keys=8 size=306
[INFO] [stdout] test memtable::tests::test_memtable_parse_tag ... ok
[INFO] [stderr] Compacted 2 L0 files + 1 L1 files => 306B
[INFO] [stdout] test memtable::tests::test_memtable_parse_key ... ok
[INFO] [stderr] Compaction finished: level 0: 2 files, 420 bytes ([(14, 238), (17, 182)]); level 1: 3 files, 739 bytes ([(19, 306), (4, 216), (5, 217)]); level 2: 2 files, 468 bytes ([(6, 218), (7, 250)]); level 3: 2 files, 400 bytes ([(8, 200), (9, 200)]); 
[INFO] [stdout] test memtable::tests::test_shift_left ... ok
[INFO] [stderr] Deleting file type=Table num=3
[INFO] [stdout] test memtable::tests::test_memtable_iterator_init ... ok
[INFO] [stderr] Deleting file type=Table num=2
[INFO] [stdout] test memtable::tests::test_memtable_iterator_reverse ... ok
[INFO] [stderr] Deleting file type=Table num=1
[INFO] [stdout] test merging_iter::tests::test_merging_behavior ... ok
[INFO] [stdout] test memtable::tests::test_memtable_iterator_seek ... ok
[INFO] [stdout] test merging_iter::tests::test_merging_real ... ok
[INFO] [stdout] test merging_iter::tests::test_merging_forward_backward ... ok
[INFO] [stdout] test merging_iter::tests::test_merging_one ... ok
[INFO] [stdout] test skipmap::tests::test_empty_skipmap_find_memtable_cmp ... ok
[INFO] [stdout] test skipmap::tests::test_find ... ok
[INFO] [stdout] test skipmap::tests::test_insert ... ok
[INFO] [stdout] test skipmap::tests::test_skipmap_behavior ... ok
[INFO] [stdout] test skipmap::tests::test_skipmap_iterator_concurrent_insert ... ok
[INFO] [stdout] test skipmap::tests::test_contains ... ok
[INFO] [stdout] test skipmap::tests::test_skipmap_iterator_init ... ok
[INFO] [stdout] test skipmap::tests::test_skipmap_iterator ... ok
[INFO] [stdout] test merging_iter::tests::test_merging_seek_reset ... ok
[INFO] [stdout] test merging_iter::tests::test_merging_two ... ok
[INFO] [stdout] test merging_iter::tests::test_merging_zero ... ok
[INFO] [stdout] test skipmap::tests::test_skipmap_iterator_0 ... ok
[INFO] [stdout] test db_impl::tests::test_db_impl_delete ... ok
[INFO] [stdout] test skipmap::tests::test_skipmap_iterator_seek_valid ... ok
[INFO] [stdout] test table_cache::tests::test_table_file_name ... ok
[INFO] [stdout] test table_reader::tests::test_table_get ... ok
[INFO] [stdout] test table_reader::tests::test_table_internal_keys ... ok
[INFO] [stdout] test table_cache::tests::test_filenum_to_key ... ok
[INFO] [stderr] (init took PT0.000002850S) (took PT0.000069121S) (took PT0.000066301S) (took PT0.000126242S) New table num=19: keys=8 size=306
[INFO] [stderr] Compacted 2 L0 files + 1 L1 files => 306B
[INFO] [stderr] Compaction finished: level 0: 2 files, 432 bytes ([(14, 253), (17, 179)]); level 1: 3 files, 739 bytes ([(19, 306), (4, 216), (5, 217)]); level 2: 2 files, 468 bytes ([(6, 218), (7, 250)]); level 3: 2 files, 400 bytes ([(8, 200), (9, 200)]); 
[INFO] [stderr] Deleting file type=Table num=1
[INFO] [stderr] Deleting file type=Table num=3
[INFO] [stderr] Deleting file type=Table num=2
[INFO] [stdout] test table_builder::tests::test_footer ... ok
[INFO] [stdout] test snapshot::tests::test_snapshot_list ... ok
[INFO] [stdout] test table_cache::tests::test_table_cache ... ok
[INFO] [stdout] test table_reader::tests::test_table_iterator_behavior_standard ... ok
[INFO] [stdout] test table_reader::tests::test_table_approximate_offset ... ok
[INFO] [stderr] Recovered manifest with next_file=21 manifest_num=20 log_num=18 prev_log_num=0 last_seq=37
[INFO] [stderr] Recovering log file "db/000018.log"
[INFO] [stderr] Start write of L0 table 000021
[INFO] [stdout] test table_reader::tests::test_table_reader_checksum ... ok
[INFO] [stdout] test types::tests::test_types_parse_file_name ... ok
[INFO] [stdout] test table_reader::tests::test_table_iterator_filter ... ok
[INFO] [stdout] test db_iter::tests::db_iter_repeated_open_close ... ok
[INFO] [stdout] test test_util::tests::test_test_util_ldbiter_properties ... ok
[INFO] [stdout] test version::tests::test_version_key_ordering ... ok
[INFO] [stdout] test skipmap::tests::test_no_dupes - should panic ... ok
[INFO] [stdout] test table_reader::tests::test_table_iterator_seek ... ok
[INFO] [stderr] L0 table 000021 has 182 bytes
[INFO] [stdout] test test_util::tests::test_test_util_basic ... ok
[INFO] [stdout] test version::tests::test_version_file_overlaps ... ok
[INFO] [stdout] test version::tests::test_version_get_overlapping_basic ... ok
[INFO] [stdout] test table_reader::tests::test_table_block_cache_use ... ok
[INFO] [stdout] test table_reader::tests::test_table_iterator_values ... ok
[INFO] [stderr] (overlapping-inputs took PT0.000074671S) Compacting @0 [97, 97, 97, 1, 22, 0, 0, 0, 0, 0, 0] .. [98, 98, 97, 1, 30, 0, 0, 0, 0, 0, 0]
[INFO] [stdout] test table_builder::tests::test_bad_input - should panic ... ok
[INFO] [stderr] Compacting @0 [97, 97, 97, 1, 22, 0, 0, 0, 0, 0, 0] .. [98, 98, 97, 1, 30, 0, 0, 0, 0, 0, 0]
[INFO] [stdout] test db_iter::tests::db_iter_deleted_entry_not_returned ... ok
[INFO] [stderr] Expanding inputs@1 2+1 (433+218 bytes) to 3+1 (651+218 bytes)
[INFO] [stdout] test version_set::tests::test_version_set_total_size ... ok
[INFO] [stderr] Compacting @1 [97, 97, 97, 1, 19, 0, 0, 0, 0, 0, 0] .. [102, 97, 98, 1, 15, 0, 0, 0, 0, 0, 0]
[INFO] [stdout] test version::tests::test_version_record_read_sample ... ok
[INFO] [stderr] Compacting @2 [99, 97, 98, 1, 10, 0, 0, 0, 0, 0, 0] .. [102, 98, 97, 1, 12, 0, 0, 0, 0, 0, 0]
[INFO] [stdout] test version::tests::test_version_overlap_in_level ... ok
[INFO] [stderr] Compacting @0 [97, 97, 97, 1, 22, 0, 0, 0, 0, 0, 0] .. [98, 98, 97, 1, 30, 0, 0, 0, 0, 0, 0]
[INFO] [stdout] test table_reader::tests::test_table_iterator_state_behavior ... ok
[INFO] [stderr] Compacting @0 [97, 97, 97, 1, 22, 0, 0, 0, 0, 0, 0] .. [98, 98, 97, 1, 30, 0, 0, 0, 0, 0, 0]
[INFO] [stdout] test version::tests::test_version_summary ... ok
[INFO] [stderr] Compacting @0 [97, 97, 97, 1, 22, 0, 0, 0, 0, 0, 0] .. [98, 98, 97, 1, 30, 0, 0, 0, 0, 0, 0]
[INFO] [stdout] test version::tests::test_version_concat_iter_properties ... ok
[INFO] [stderr] (compaction tests took PT0.014737169S) (took PT0.016053089S) Compacting @0 [97, 97, 97, 1, 22, 0, 0, 0, 0, 0, 0] .. [98, 98, 97, 1, 30, 0, 0, 0, 0, 0, 0]
[INFO] [stdout] test write_batch::tests::test_write_batch ... ok
[INFO] [stderr] L0 table 000014 has 182 bytes
[INFO] [stdout] test version::tests::test_version_max_next_level_overlapping ... ok
[INFO] [stderr] Deleting file type=Log num=12
[INFO] [stdout] test version_edit::tests::test_version_edit_encode_decode ... ok
[INFO] [stderr] Compacting @0 [97, 97, 97, 1, 22, 0, 0, 0, 0, 0, 0] .. [98, 98, 97, 1, 30, 0, 0, 0, 0, 0, 0]
[INFO] [stdout] test version::tests::test_version_concat_iter ... ok
[INFO] [stderr] Compacting 2 files at L0 and 1 files at L1
[INFO] [stdout] test version_set::tests::test_version_set_builder ... ok
[INFO] [stderr] Deleting file type=Descriptor num=16
[INFO] [stdout] test version_set::tests::test_version_set_get_range ... ok
[INFO] [stderr] Deleting file type=Log num=18
[INFO] [stdout] test version_set::tests::test_version_set_merge_iters ... ok
[INFO] [stderr] Recovered manifest with next_file=21 manifest_num=20 log_num=10 prev_log_num=0 last_seq=30
[INFO] [stdout] test version::tests::test_version_overlapping_inputs ... ok
[INFO] [stderr] reusing manifest "db/MANIFEST-000019"
[INFO] [stdout] test table_builder::tests::test_table_builder ... ok
[INFO] [stderr] Expanding inputs@1 1+1 (218+218 bytes) to 3+1 (651+218 bytes)
[INFO] [stdout] test version_set::tests::test_version_set_compaction ... ok
[INFO] [stderr] Compacting @1 [97, 97, 97, 1, 19, 0, 0, 0, 0, 0, 0] .. [102, 97, 98, 1, 15, 0, 0, 0, 0, 0, 0]
[INFO] [stdout] test db_iter::tests::db_iter_deleted_entry_not_returned_memtable ... ok
[INFO] [stdout] test version::tests::test_version_pick_memtable_output_level ... ok
[INFO] [stdout] test skipmap::tests::test_skipmap_iterator_prev ... ok
[INFO] [stdout] test table_reader::tests::test_table_iterator_fwd_bwd ... ok
[INFO] [stdout] test version_set::tests::test_version_set_utils ... ok
[INFO] [stdout] test version::tests::test_version_get_simple ... ok
[INFO] [stdout] test version_set::tests::test_version_set_log_and_apply ... ok
[INFO] [stderr] New table num=15: keys=8 size=306
[INFO] [stdout] test version_set::tests::test_version_set_pick_compaction ... ok
[INFO] [stderr] Compacted 2 L0 files + 1 L1 files => 306B
[INFO] [stdout] test db_impl::tests::test_db_impl_open_close_reopen ... ok
[INFO] [stderr] Compaction finished: level 1: 3 files, 739 bytes ([(15, 306), (4, 216), (5, 217)]); level 2: 3 files, 650 bytes ([(6, 218), (7, 250), (14, 182)]); level 3: 2 files, 400 bytes ([(8, 200), (9, 200)]); 
[INFO] [stdout] test version::tests::test_version_all_iters ... ok
[INFO] [stderr] Deleting file type=Table num=1
[INFO] [stdout] test db_impl::tests::test_db_impl_compact_range_memtable ... ok
[INFO] [stderr] Deleting file type=Table num=3
[INFO] [stdout] 
[INFO] [stderr] Deleting file type=Table num=2
[INFO] [stdout] failures:
[INFO] [stderr] Expanding inputs@1 2+1 (522+218 bytes) to 3+1 (739+218 bytes)
[INFO] [stdout] 
[INFO] [stderr] Compacting @1 [97, 97, 97, 1, 22, 0, 0, 0, 0, 0, 0] .. [102, 97, 98, 1, 15, 0, 0, 0, 0, 0, 0]
[INFO] [stdout] ---- disk_env::tests::test_dirs stdout ----
[INFO] [stderr] Compacting 3 files at L1 and 1 files at L2
[INFO] [stdout] thread 'disk_env::tests::test_dirs' panicked at 'assertion failed: env.mkdir(dirname).is_ok()', src/disk_env.rs:257:9
[INFO] [stderr] New table num=16: keys=15 size=435
[INFO] [stdout] stack backtrace:
[INFO] [stderr] Compacted 3 L1 files + 1 L2 files => 435B
[INFO] [stdout]    0:     0x55feb29630a0 - std::backtrace_rs::backtrace::libunwind::trace::h34055254b57d8e79
[INFO] [stderr] Compaction finished: level 2: 3 files, 867 bytes ([(16, 435), (7, 250), (14, 182)]); level 3: 2 files, 400 bytes ([(8, 200), (9, 200)]); 
[INFO] [stdout]                                at /rustc/a178d0322ce20e33eac124758e837cbd80a6f633/library/std/src/../../backtrace/src/backtrace/libunwind.rs:90:5
[INFO] [stderr] Deleting file type=Table num=5
[INFO] [stdout]    1:     0x55feb29630a0 - std::backtrace_rs::backtrace::trace_unsynchronized::h8f1e3fbd9afff6ec
[INFO] [stderr] Deleting file type=Table num=6
[INFO] [stdout]                                at /rustc/a178d0322ce20e33eac124758e837cbd80a6f633/library/std/src/../../backtrace/src/backtrace/mod.rs:66:5
[INFO] [stderr] Deleting file type=Table num=4
[INFO] [stdout]    2:     0x55feb29630a0 - std::sys_common::backtrace::_print_fmt::h3a99a796b770c360
[INFO] [stderr] Deleting file type=Table num=15
[INFO] [stdout]                                at /rustc/a178d0322ce20e33eac124758e837cbd80a6f633/library/std/src/sys_common/backtrace.rs:67:5
[INFO] [stderr] Compacting @2 [97, 97, 97, 1, 22, 0, 0, 0, 0, 0, 0] .. [102, 98, 97, 1, 12, 0, 0, 0, 0, 0, 0]
[INFO] [stdout]    3:     0x55feb29630a0 - <std::sys_common::backtrace::_print::DisplayBacktrace as core::fmt::Display>::fmt::h32d1f94a80615d18
[INFO] [stderr] Compacting 1 files at L2 and 0 files at L3
[INFO] [stdout]                                at /rustc/a178d0322ce20e33eac124758e837cbd80a6f633/library/std/src/sys_common/backtrace.rs:46:22
[INFO] [stderr] New table num=17: keys=15 size=435
[INFO] [stdout]    4:     0x55feb298760c - core::fmt::write::h306731c068f7162c
[INFO] [stderr] Compacted 1 L2 files + 0 L3 files => 435B
[INFO] [stdout]                                at /rustc/a178d0322ce20e33eac124758e837cbd80a6f633/library/core/src/fmt/mod.rs:1110:17
[INFO] [stderr] Compaction finished: level 2: 2 files, 432 bytes ([(7, 250), (14, 182)]); level 3: 3 files, 835 bytes ([(17, 435), (8, 200), (9, 200)]); 
[INFO] [stdout]    5:     0x55feb295fb45 - std::io::Write::write_fmt::h87f19b0a2cd190bc
[INFO] [stderr] Deleting file type=Table num=16
[INFO] [stdout]                                at /rustc/a178d0322ce20e33eac124758e837cbd80a6f633/library/std/src/io/mod.rs:1588:15
[INFO] [stdout]    6:     0x55feb296563b - std::sys_common::backtrace::_print::h5abaa2601a852287
[INFO] [stdout]                                at /rustc/a178d0322ce20e33eac124758e837cbd80a6f633/library/std/src/sys_common/backtrace.rs:49:5
[INFO] [stdout]    7:     0x55feb296563b - std::sys_common::backtrace::print::h8d81445442bb638f
[INFO] [stdout]                                at /rustc/a178d0322ce20e33eac124758e837cbd80a6f633/library/std/src/sys_common/backtrace.rs:36:9
[INFO] [stdout]    8:     0x55feb296563b - std::panicking::default_hook::{{closure}}::hcfe804496a9fa747
[INFO] [stdout]                                at /rustc/a178d0322ce20e33eac124758e837cbd80a6f633/library/std/src/panicking.rs:208:50
[INFO] [stdout]    9:     0x55feb296514c - std::panicking::default_hook::hbea8e3ccf2ba8901
[INFO] [stdout]                                at /rustc/a178d0322ce20e33eac124758e837cbd80a6f633/library/std/src/panicking.rs:222:9
[INFO] [stdout]   10:     0x55feb2965d04 - std::panicking::rust_panic_with_hook::h7ee9e1a2d0f8975a
[INFO] [stdout]                                at /rustc/a178d0322ce20e33eac124758e837cbd80a6f633/library/std/src/panicking.rs:622:17
[INFO] [stdout]   11:     0x55feb29657b7 - std::panicking::begin_panic_handler::{{closure}}::h8ab3b4491718b2c7
[INFO] [stdout]                                at /rustc/a178d0322ce20e33eac124758e837cbd80a6f633/library/std/src/panicking.rs:517:13
[INFO] [stdout]   12:     0x55feb296359c - std::sys_common::backtrace::__rust_end_short_backtrace::hd489062ffa586a9f
[INFO] [stdout]                                at /rustc/a178d0322ce20e33eac124758e837cbd80a6f633/library/std/src/sys_common/backtrace.rs:141:18
[INFO] [stdout]   13:     0x55feb2965749 - rust_begin_unwind
[INFO] [stdout]                                at /rustc/a178d0322ce20e33eac124758e837cbd80a6f633/library/std/src/panicking.rs:515:5
[INFO] [stdout]   14:     0x55feb273fad1 - core::panicking::panic_fmt::hca6330e3e14086b4
[INFO] [stdout]                                at /rustc/a178d0322ce20e33eac124758e837cbd80a6f633/library/core/src/panicking.rs:92:14
[INFO] [stdout]   15:     0x55feb273fa1d - core::panicking::panic::h1a48d878ff3dcd40
[INFO] [stdout]                                at /rustc/a178d0322ce20e33eac124758e837cbd80a6f633/library/core/src/panicking.rs:50:5
[INFO] [stdout]   16:     0x55feb285205a - rusty_leveldb::disk_env::tests::test_dirs::he07da32bd3a8ddb3
[INFO] [stdout]                                at /opt/rustwide/workdir/src/disk_env.rs:257:9
[INFO] [stdout]   17:     0x55feb2851f0a - rusty_leveldb::disk_env::tests::test_dirs::{{closure}}::h8c7fafa049450f57
[INFO] [stdout]                                at /opt/rustwide/workdir/src/disk_env.rs:252:5
[INFO] [stdout]   18:     0x55feb27de14e - core::ops::function::FnOnce::call_once::hf48f1be767c73582
[INFO] [stdout]                                at /rustc/a178d0322ce20e33eac124758e837cbd80a6f633/library/core/src/ops/function.rs:227:5
[INFO] [stdout]   19:     0x55feb28d1913 - core::ops::function::FnOnce::call_once::h152e7e439ff59e19
[INFO] [stdout]                                at /rustc/a178d0322ce20e33eac124758e837cbd80a6f633/library/core/src/ops/function.rs:227:5
[INFO] [stdout]   20:     0x55feb28d1913 - test::__rust_begin_short_backtrace::h0908f3b1fdbb72ab
[INFO] [stdout]                                at /rustc/a178d0322ce20e33eac124758e837cbd80a6f633/library/test/src/lib.rs:577:5
[INFO] [stdout]   21:     0x55feb28d03d0 - <alloc::boxed::Box<F,A> as core::ops::function::FnOnce<Args>>::call_once::hf6d2a51e5587546c
[INFO] [stdout]                                at /rustc/a178d0322ce20e33eac124758e837cbd80a6f633/library/alloc/src/boxed.rs:1575:9
[INFO] [stdout]   22:     0x55feb28d03d0 - <std::panic::AssertUnwindSafe<F> as core::ops::function::FnOnce<()>>::call_once::h8af660f3a89ef593
[INFO] [stdout]                                at /rustc/a178d0322ce20e33eac124758e837cbd80a6f633/library/std/src/panic.rs:347:9
[INFO] [stdout]   23:     0x55feb28d03d0 - std::panicking::try::do_call::hd36aef60f84b6d36
[INFO] [stdout]                                at /rustc/a178d0322ce20e33eac124758e837cbd80a6f633/library/std/src/panicking.rs:401:40
[INFO] [stdout]   24:     0x55feb28d03d0 - std::panicking::try::h9932b4480e69817c
[INFO] [stdout]                                at /rustc/a178d0322ce20e33eac124758e837cbd80a6f633/library/std/src/panicking.rs:365:19
[INFO] [stdout]   25:     0x55feb28d03d0 - std::panic::catch_unwind::h6aa177099cfff5f8
[INFO] [stdout]                                at /rustc/a178d0322ce20e33eac124758e837cbd80a6f633/library/std/src/panic.rs:434:14
[INFO] [stdout]   26:     0x55feb28d03d0 - test::run_test_in_process::h5884d6f2d99e20c3
[INFO] [stdout]                                at /rustc/a178d0322ce20e33eac124758e837cbd80a6f633/library/test/src/lib.rs:600:18
[INFO] [stdout]   27:     0x55feb28d03d0 - test::run_test::run_test_inner::{{closure}}::h6fdc58c6d5f5b6e3
[INFO] [stdout]                                at /rustc/a178d0322ce20e33eac124758e837cbd80a6f633/library/test/src/lib.rs:492:39
[INFO] [stdout]   28:     0x55feb28a9a82 - test::run_test::run_test_inner::{{closure}}::h408365d67a78ade8
[INFO] [stdout]                                at /rustc/a178d0322ce20e33eac124758e837cbd80a6f633/library/test/src/lib.rs:519:37
[INFO] [stdout]   29:     0x55feb28a9a82 - std::sys_common::backtrace::__rust_begin_short_backtrace::hb560b77c4f701523
[INFO] [stdout]                                at /rustc/a178d0322ce20e33eac124758e837cbd80a6f633/library/std/src/sys_common/backtrace.rs:125:18
[INFO] [stdout]   30:     0x55feb28ad638 - std::thread::Builder::spawn_unchecked::{{closure}}::{{closure}}::hf2e7831dad93c597
[INFO] [stdout]                                at /rustc/a178d0322ce20e33eac124758e837cbd80a6f633/library/std/src/thread/mod.rs:481:17
[INFO] [stdout]   31:     0x55feb28ad638 - <std::panic::AssertUnwindSafe<F> as core::ops::function::FnOnce<()>>::call_once::hd2e08783d8be4d02
[INFO] [stdout]                                at /rustc/a178d0322ce20e33eac124758e837cbd80a6f633/library/std/src/panic.rs:347:9
[INFO] [stdout]   32:     0x55feb28ad638 - std::panicking::try::do_call::h062597b7acfd6b82
[INFO] [stdout]                                at /rustc/a178d0322ce20e33eac124758e837cbd80a6f633/library/std/src/panicking.rs:401:40
[INFO] [stdout]   33:     0x55feb28ad638 - std::panicking::try::h0d7b79db04c14552
[INFO] [stdout]                                at /rustc/a178d0322ce20e33eac124758e837cbd80a6f633/library/std/src/panicking.rs:365:19
[INFO] [stdout]   34:     0x55feb28ad638 - std::panic::catch_unwind::hb01a0b5e7c8cd43b
[INFO] [stdout]                                at /rustc/a178d0322ce20e33eac124758e837cbd80a6f633/library/std/src/panic.rs:434:14
[INFO] [stdout]   35:     0x55feb28ad638 - std::thread::Builder::spawn_unchecked::{{closure}}::h5bde48cc887e0d1e
[INFO] [stdout]                                at /rustc/a178d0322ce20e33eac124758e837cbd80a6f633/library/std/src/thread/mod.rs:480:30
[INFO] [stdout]   36:     0x55feb28ad638 - core::ops::function::FnOnce::call_once{{vtable.shim}}::h745ea30807a29e55
[INFO] [stdout]                                at /rustc/a178d0322ce20e33eac124758e837cbd80a6f633/library/core/src/ops/function.rs:227:5
[INFO] [stdout]   37:     0x55feb296bc07 - <alloc::boxed::Box<F,A> as core::ops::function::FnOnce<Args>>::call_once::h7ece6cfefaff1005
[INFO] [stdout]                                at /rustc/a178d0322ce20e33eac124758e837cbd80a6f633/library/alloc/src/boxed.rs:1575:9
[INFO] [stdout]   38:     0x55feb296bc07 - <alloc::boxed::Box<F,A> as core::ops::function::FnOnce<Args>>::call_once::hb8b48e55c21f193e
[INFO] [stdout]                                at /rustc/a178d0322ce20e33eac124758e837cbd80a6f633/library/alloc/src/boxed.rs:1575:9
[INFO] [stdout]   39:     0x55feb296bc07 - std::sys::unix::thread::Thread::new::thread_start::h8c7c4450dba62914
[INFO] [stdout]                                at /rustc/a178d0322ce20e33eac124758e837cbd80a6f633/library/std/src/sys/unix/thread.rs:71:17
[INFO] [stdout]   40:     0x7fd8fcd80609 - start_thread
[INFO] [stdout]   41:     0x7fd8fcb52293 - clone
[INFO] [stdout]   42:                0x0 - <unknown>
[INFO] [stdout] 
[INFO] [stdout] ---- disk_env::tests::test_files stdout ----
[INFO] [stdout] thread 'disk_env::tests::test_files' panicked at 'assertion failed: env.open_appendable_file(name).is_ok()', src/disk_env.rs:191:9
[INFO] [stdout] stack backtrace:
[INFO] [stdout]    0:     0x55feb29630a0 - std::backtrace_rs::backtrace::libunwind::trace::h34055254b57d8e79
[INFO] [stdout]                                at /rustc/a178d0322ce20e33eac124758e837cbd80a6f633/library/std/src/../../backtrace/src/backtrace/libunwind.rs:90:5
[INFO] [stdout]    1:     0x55feb29630a0 - std::backtrace_rs::backtrace::trace_unsynchronized::h8f1e3fbd9afff6ec
[INFO] [stdout]                                at /rustc/a178d0322ce20e33eac124758e837cbd80a6f633/library/std/src/../../backtrace/src/backtrace/mod.rs:66:5
[INFO] [stdout]    2:     0x55feb29630a0 - std::sys_common::backtrace::_print_fmt::h3a99a796b770c360
[INFO] [stdout]                                at /rustc/a178d0322ce20e33eac124758e837cbd80a6f633/library/std/src/sys_common/backtrace.rs:67:5
[INFO] [stdout]    3:     0x55feb29630a0 - <std::sys_common::backtrace::_print::DisplayBacktrace as core::fmt::Display>::fmt::h32d1f94a80615d18
[INFO] [stdout]                                at /rustc/a178d0322ce20e33eac124758e837cbd80a6f633/library/std/src/sys_common/backtrace.rs:46:22
[INFO] [stdout]    4:     0x55feb298760c - core::fmt::write::h306731c068f7162c
[INFO] [stdout]                                at /rustc/a178d0322ce20e33eac124758e837cbd80a6f633/library/core/src/fmt/mod.rs:1110:17
[INFO] [stdout]    5:     0x55feb295fb45 - std::io::Write::write_fmt::h87f19b0a2cd190bc
[INFO] [stdout]                                at /rustc/a178d0322ce20e33eac124758e837cbd80a6f633/library/std/src/io/mod.rs:1588:15
[INFO] [stdout]    6:     0x55feb296563b - std::sys_common::backtrace::_print::h5abaa2601a852287
[INFO] [stdout]                                at /rustc/a178d0322ce20e33eac124758e837cbd80a6f633/library/std/src/sys_common/backtrace.rs:49:5
[INFO] [stdout]    7:     0x55feb296563b - std::sys_common::backtrace::print::h8d81445442bb638f
[INFO] [stdout]                                at /rustc/a178d0322ce20e33eac124758e837cbd80a6f633/library/std/src/sys_common/backtrace.rs:36:9
[INFO] [stdout]    8:     0x55feb296563b - std::panicking::default_hook::{{closure}}::hcfe804496a9fa747
[INFO] [stdout]                                at /rustc/a178d0322ce20e33eac124758e837cbd80a6f633/library/std/src/panicking.rs:208:50
[INFO] [stdout]    9:     0x55feb296514c - std::panicking::default_hook::hbea8e3ccf2ba8901
[INFO] [stdout]                                at /rustc/a178d0322ce20e33eac124758e837cbd80a6f633/library/std/src/panicking.rs:222:9
[INFO] [stdout]   10:     0x55feb2965d04 - std::panicking::rust_panic_with_hook::h7ee9e1a2d0f8975a
[INFO] [stdout]                                at /rustc/a178d0322ce20e33eac124758e837cbd80a6f633/library/std/src/panicking.rs:622:17
[INFO] [stdout]   11:     0x55feb29657b7 - std::panicking::begin_panic_handler::{{closure}}::h8ab3b4491718b2c7
[INFO] [stdout]                                at /rustc/a178d0322ce20e33eac124758e837cbd80a6f633/library/std/src/panicking.rs:517:13
[INFO] [stdout]   12:     0x55feb296359c - std::sys_common::backtrace::__rust_end_short_backtrace::hd489062ffa586a9f
[INFO] [stdout]                                at /rustc/a178d0322ce20e33eac124758e837cbd80a6f633/library/std/src/sys_common/backtrace.rs:141:18
[INFO] [stdout]   13:     0x55feb2965749 - rust_begin_unwind
[INFO] [stdout]                                at /rustc/a178d0322ce20e33eac124758e837cbd80a6f633/library/std/src/panicking.rs:515:5
[INFO] [stdout]   14:     0x55feb273fad1 - core::panicking::panic_fmt::hca6330e3e14086b4
[INFO] [stdout]                                at /rustc/a178d0322ce20e33eac124758e837cbd80a6f633/library/core/src/panicking.rs:92:14
[INFO] [stdout]   15:     0x55feb273fa1d - core::panicking::panic::h1a48d878ff3dcd40
[INFO] [stdout]                                at /rustc/a178d0322ce20e33eac124758e837cbd80a6f633/library/core/src/panicking.rs:50:5
[INFO] [stderr] error: test failed, to rerun pass '--lib'
[INFO] [stdout]   16:     0x55feb2850c62 - rusty_leveldb::disk_env::tests::test_files::he0550008b30a9cdf
[INFO] [stdout]                                at /opt/rustwide/workdir/src/disk_env.rs:191:9
[INFO] [stdout]   17:     0x55feb2850a8a - rusty_leveldb::disk_env::tests::test_files::{{closure}}::hc012fdb55badba0b
[INFO] [stdout]                                at /opt/rustwide/workdir/src/disk_env.rs:185:5
[INFO] [stdout]   18:     0x55feb27ddc0e - core::ops::function::FnOnce::call_once::hd82f378d6aa3d94b
[INFO] [stdout]                                at /rustc/a178d0322ce20e33eac124758e837cbd80a6f633/library/core/src/ops/function.rs:227:5
[INFO] [stdout]   19:     0x55feb28d1913 - core::ops::function::FnOnce::call_once::h152e7e439ff59e19
[INFO] [stdout]                                at /rustc/a178d0322ce20e33eac124758e837cbd80a6f633/library/core/src/ops/function.rs:227:5
[INFO] [stdout]   20:     0x55feb28d1913 - test::__rust_begin_short_backtrace::h0908f3b1fdbb72ab
[INFO] [stdout]                                at /rustc/a178d0322ce20e33eac124758e837cbd80a6f633/library/test/src/lib.rs:577:5
[INFO] [stdout]   21:     0x55feb28d03d0 - <alloc::boxed::Box<F,A> as core::ops::function::FnOnce<Args>>::call_once::hf6d2a51e5587546c
[INFO] [stdout]                                at /rustc/a178d0322ce20e33eac124758e837cbd80a6f633/library/alloc/src/boxed.rs:1575:9
[INFO] [stdout]   22:     0x55feb28d03d0 - <std::panic::AssertUnwindSafe<F> as core::ops::function::FnOnce<()>>::call_once::h8af660f3a89ef593
[INFO] [stdout]                                at /rustc/a178d0322ce20e33eac124758e837cbd80a6f633/library/std/src/panic.rs:347:9
[INFO] [stdout]   23:     0x55feb28d03d0 - std::panicking::try::do_call::hd36aef60f84b6d36
[INFO] [stdout]                                at /rustc/a178d0322ce20e33eac124758e837cbd80a6f633/library/std/src/panicking.rs:401:40
[INFO] [stdout]   24:     0x55feb28d03d0 - std::panicking::try::h9932b4480e69817c
[INFO] [stdout]                                at /rustc/a178d0322ce20e33eac124758e837cbd80a6f633/library/std/src/panicking.rs:365:19
[INFO] [stdout]   25:     0x55feb28d03d0 - std::panic::catch_unwind::h6aa177099cfff5f8
[INFO] [stdout]                                at /rustc/a178d0322ce20e33eac124758e837cbd80a6f633/library/std/src/panic.rs:434:14
[INFO] [stdout]   26:     0x55feb28d03d0 - test::run_test_in_process::h5884d6f2d99e20c3
[INFO] [stdout]                                at /rustc/a178d0322ce20e33eac124758e837cbd80a6f633/library/test/src/lib.rs:600:18
[INFO] [stdout]   27:     0x55feb28d03d0 - test::run_test::run_test_inner::{{closure}}::h6fdc58c6d5f5b6e3
[INFO] [stdout]                                at /rustc/a178d0322ce20e33eac124758e837cbd80a6f633/library/test/src/lib.rs:492:39
[INFO] [stdout]   28:     0x55feb28a9a82 - test::run_test::run_test_inner::{{closure}}::h408365d67a78ade8
[INFO] [stdout]                                at /rustc/a178d0322ce20e33eac124758e837cbd80a6f633/library/test/src/lib.rs:519:37
[INFO] [stdout]   29:     0x55feb28a9a82 - std::sys_common::backtrace::__rust_begin_short_backtrace::hb560b77c4f701523
[INFO] [stdout]                                at /rustc/a178d0322ce20e33eac124758e837cbd80a6f633/library/std/src/sys_common/backtrace.rs:125:18
[INFO] [stdout]   30:     0x55feb28ad638 - std::thread::Builder::spawn_unchecked::{{closure}}::{{closure}}::hf2e7831dad93c597
[INFO] [stdout]                                at /rustc/a178d0322ce20e33eac124758e837cbd80a6f633/library/std/src/thread/mod.rs:481:17
[INFO] [stdout]   31:     0x55feb28ad638 - <std::panic::AssertUnwindSafe<F> as core::ops::function::FnOnce<()>>::call_once::hd2e08783d8be4d02
[INFO] [stdout]                                at /rustc/a178d0322ce20e33eac124758e837cbd80a6f633/library/std/src/panic.rs:347:9
[INFO] [stdout]   32:     0x55feb28ad638 - std::panicking::try::do_call::h062597b7acfd6b82
[INFO] [stdout]                                at /rustc/a178d0322ce20e33eac124758e837cbd80a6f633/library/std/src/panicking.rs:401:40
[INFO] [stdout]   33:     0x55feb28ad638 - std::panicking::try::h0d7b79db04c14552
[INFO] [stdout]                                at /rustc/a178d0322ce20e33eac124758e837cbd80a6f633/library/std/src/panicking.rs:365:19
[INFO] [stdout]   34:     0x55feb28ad638 - std::panic::catch_unwind::hb01a0b5e7c8cd43b
[INFO] [stdout]                                at /rustc/a178d0322ce20e33eac124758e837cbd80a6f633/library/std/src/panic.rs:434:14
[INFO] [stdout]   35:     0x55feb28ad638 - std::thread::Builder::spawn_unchecked::{{closure}}::h5bde48cc887e0d1e
[INFO] [stdout]                                at /rustc/a178d0322ce20e33eac124758e837cbd80a6f633/library/std/src/thread/mod.rs:480:30
[INFO] [stdout]   36:     0x55feb28ad638 - core::ops::function::FnOnce::call_once{{vtable.shim}}::h745ea30807a29e55
[INFO] [stdout]                                at /rustc/a178d0322ce20e33eac124758e837cbd80a6f633/library/core/src/ops/function.rs:227:5
[INFO] [stdout]   37:     0x55feb296bc07 - <alloc::boxed::Box<F,A> as core::ops::function::FnOnce<Args>>::call_once::h7ece6cfefaff1005
[INFO] [stdout]                                at /rustc/a178d0322ce20e33eac124758e837cbd80a6f633/library/alloc/src/boxed.rs:1575:9
[INFO] [stdout]   38:     0x55feb296bc07 - <alloc::boxed::Box<F,A> as core::ops::function::FnOnce<Args>>::call_once::hb8b48e55c21f193e
[INFO] [stdout]                                at /rustc/a178d0322ce20e33eac124758e837cbd80a6f633/library/alloc/src/boxed.rs:1575:9
[INFO] [stdout]   39:     0x55feb296bc07 - std::sys::unix::thread::Thread::new::thread_start::h8c7c4450dba62914
[INFO] [stdout]                                at /rustc/a178d0322ce20e33eac124758e837cbd80a6f633/library/std/src/sys/unix/thread.rs:71:17
[INFO] [stdout]   40:     0x7fd8fcd80609 - start_thread
[INFO] [stdout]   41:     0x7fd8fcb52293 - clone
[INFO] [stdout]   42:                0x0 - <unknown>
[INFO] [stdout] 
[INFO] [stdout] ---- disk_env::tests::test_locking stdout ----
[INFO] [stdout] thread 'disk_env::tests::test_locking' panicked at 'called `Result::unwrap()` on an `Err` value: Status { code: IOError, err: "open (write): IOError: Read-only file system (os error 30): testfile.123" }', src/disk_env.rs:229:54
[INFO] [stdout] stack backtrace:
[INFO] [stdout]    0:     0x55feb29630a0 - std::backtrace_rs::backtrace::libunwind::trace::h34055254b57d8e79
[INFO] [stdout]                                at /rustc/a178d0322ce20e33eac124758e837cbd80a6f633/library/std/src/../../backtrace/src/backtrace/libunwind.rs:90:5
[INFO] [stdout]    1:     0x55feb29630a0 - std::backtrace_rs::backtrace::trace_unsynchronized::h8f1e3fbd9afff6ec
[INFO] [stdout]                                at /rustc/a178d0322ce20e33eac124758e837cbd80a6f633/library/std/src/../../backtrace/src/backtrace/mod.rs:66:5
[INFO] [stdout]    2:     0x55feb29630a0 - std::sys_common::backtrace::_print_fmt::h3a99a796b770c360
[INFO] [stdout]                                at /rustc/a178d0322ce20e33eac124758e837cbd80a6f633/library/std/src/sys_common/backtrace.rs:67:5
[INFO] [stdout]    3:     0x55feb29630a0 - <std::sys_common::backtrace::_print::DisplayBacktrace as core::fmt::Display>::fmt::h32d1f94a80615d18
[INFO] [stdout]                                at /rustc/a178d0322ce20e33eac124758e837cbd80a6f633/library/std/src/sys_common/backtrace.rs:46:22
[INFO] [stdout]    4:     0x55feb298760c - core::fmt::write::h306731c068f7162c
[INFO] [stdout]                                at /rustc/a178d0322ce20e33eac124758e837cbd80a6f633/library/core/src/fmt/mod.rs:1110:17
[INFO] [stdout]    5:     0x55feb295fb45 - std::io::Write::write_fmt::h87f19b0a2cd190bc
[INFO] [stdout]                                at /rustc/a178d0322ce20e33eac124758e837cbd80a6f633/library/std/src/io/mod.rs:1588:15
[INFO] [stdout]    6:     0x55feb296563b - std::sys_common::backtrace::_print::h5abaa2601a852287
[INFO] [stdout]                                at /rustc/a178d0322ce20e33eac124758e837cbd80a6f633/library/std/src/sys_common/backtrace.rs:49:5
[INFO] [stdout]    7:     0x55feb296563b - std::sys_common::backtrace::print::h8d81445442bb638f
[INFO] [stdout]                                at /rustc/a178d0322ce20e33eac124758e837cbd80a6f633/library/std/src/sys_common/backtrace.rs:36:9
[INFO] [stdout]    8:     0x55feb296563b - std::panicking::default_hook::{{closure}}::hcfe804496a9fa747
[INFO] [stdout]                                at /rustc/a178d0322ce20e33eac124758e837cbd80a6f633/library/std/src/panicking.rs:208:50
[INFO] [stdout]    9:     0x55feb296514c - std::panicking::default_hook::hbea8e3ccf2ba8901
[INFO] [stdout]                                at /rustc/a178d0322ce20e33eac124758e837cbd80a6f633/library/std/src/panicking.rs:222:9
[INFO] [stdout]   10:     0x55feb2965d04 - std::panicking::rust_panic_with_hook::h7ee9e1a2d0f8975a
[INFO] [stdout]                                at /rustc/a178d0322ce20e33eac124758e837cbd80a6f633/library/std/src/panicking.rs:622:17
[INFO] [stdout]   11:     0x55feb29657e7 - std::panicking::begin_panic_handler::{{closure}}::h8ab3b4491718b2c7
[INFO] [stdout]                                at /rustc/a178d0322ce20e33eac124758e837cbd80a6f633/library/std/src/panicking.rs:519:13
[INFO] [stdout]   12:     0x55feb296359c - std::sys_common::backtrace::__rust_end_short_backtrace::hd489062ffa586a9f
[INFO] [stdout]                                at /rustc/a178d0322ce20e33eac124758e837cbd80a6f633/library/std/src/sys_common/backtrace.rs:141:18
[INFO] [stdout]   13:     0x55feb2965749 - rust_begin_unwind
[INFO] [stdout]                                at /rustc/a178d0322ce20e33eac124758e837cbd80a6f633/library/std/src/panicking.rs:515:5
[INFO] [stdout]   14:     0x55feb273fad1 - core::panicking::panic_fmt::hca6330e3e14086b4
[INFO] [stdout]                                at /rustc/a178d0322ce20e33eac124758e837cbd80a6f633/library/core/src/panicking.rs:92:14
[INFO] [stdout]   15:     0x55feb273fbc3 - core::result::unwrap_failed::h6160d2b4bfbb0e87
[INFO] [stdout]                                at /rustc/a178d0322ce20e33eac124758e837cbd80a6f633/library/core/src/result.rs:1355:5
[INFO] [stdout]   16:     0x55feb28a4cd3 - core::result::Result<T,E>::unwrap::h194098c27156c149
[INFO] [stdout]                                at /rustc/a178d0322ce20e33eac124758e837cbd80a6f633/library/core/src/result.rs:1037:23
[INFO] [stdout]   17:     0x55feb285196f - rusty_leveldb::disk_env::tests::test_locking::ha7976109eb352847
[INFO] [stdout]                                at /opt/rustwide/workdir/src/disk_env.rs:229:25
[INFO] [stdout]   18:     0x55feb285186a - rusty_leveldb::disk_env::tests::test_locking::{{closure}}::h88772250ec34fbf6
[INFO] [stdout]                                at /opt/rustwide/workdir/src/disk_env.rs:223:5
[INFO] [stdout]   19:     0x55feb27dc02e - core::ops::function::FnOnce::call_once::h1323febaebdc40c9
[INFO] [stdout]                                at /rustc/a178d0322ce20e33eac124758e837cbd80a6f633/library/core/src/ops/function.rs:227:5
[INFO] [stdout]   20:     0x55feb28d1913 - core::ops::function::FnOnce::call_once::h152e7e439ff59e19
[INFO] [stdout]                                at /rustc/a178d0322ce20e33eac124758e837cbd80a6f633/library/core/src/ops/function.rs:227:5
[INFO] [stdout]   21:     0x55feb28d1913 - test::__rust_begin_short_backtrace::h0908f3b1fdbb72ab
[INFO] [stdout]                                at /rustc/a178d0322ce20e33eac124758e837cbd80a6f633/library/test/src/lib.rs:577:5
[INFO] [stdout]   22:     0x55feb28d03d0 - <alloc::boxed::Box<F,A> as core::ops::function::FnOnce<Args>>::call_once::hf6d2a51e5587546c
[INFO] [stdout]                                at /rustc/a178d0322ce20e33eac124758e837cbd80a6f633/library/alloc/src/boxed.rs:1575:9
[INFO] [stdout]   23:     0x55feb28d03d0 - <std::panic::AssertUnwindSafe<F> as core::ops::function::FnOnce<()>>::call_once::h8af660f3a89ef593
[INFO] [stdout]                                at /rustc/a178d0322ce20e33eac124758e837cbd80a6f633/library/std/src/panic.rs:347:9
[INFO] [stdout]   24:     0x55feb28d03d0 - std::panicking::try::do_call::hd36aef60f84b6d36
[INFO] [stdout]                                at /rustc/a178d0322ce20e33eac124758e837cbd80a6f633/library/std/src/panicking.rs:401:40
[INFO] [stdout]   25:     0x55feb28d03d0 - std::panicking::try::h9932b4480e69817c
[INFO] [stdout]                                at /rustc/a178d0322ce20e33eac124758e837cbd80a6f633/library/std/src/panicking.rs:365:19
[INFO] [stdout]   26:     0x55feb28d03d0 - std::panic::catch_unwind::h6aa177099cfff5f8
[INFO] [stdout]                                at /rustc/a178d0322ce20e33eac124758e837cbd80a6f633/library/std/src/panic.rs:434:14
[INFO] [stdout]   27:     0x55feb28d03d0 - test::run_test_in_process::h5884d6f2d99e20c3
[INFO] [stdout]                                at /rustc/a178d0322ce20e33eac124758e837cbd80a6f633/library/test/src/lib.rs:600:18
[INFO] [stdout]   28:     0x55feb28d03d0 - test::run_test::run_test_inner::{{closure}}::h6fdc58c6d5f5b6e3
[INFO] [stdout]                                at /rustc/a178d0322ce20e33eac124758e837cbd80a6f633/library/test/src/lib.rs:492:39
[INFO] [stdout]   29:     0x55feb28a9a82 - test::run_test::run_test_inner::{{closure}}::h408365d67a78ade8
[INFO] [stdout]                                at /rustc/a178d0322ce20e33eac124758e837cbd80a6f633/library/test/src/lib.rs:519:37
[INFO] [stdout]   30:     0x55feb28a9a82 - std::sys_common::backtrace::__rust_begin_short_backtrace::hb560b77c4f701523
[INFO] [stdout]                                at /rustc/a178d0322ce20e33eac124758e837cbd80a6f633/library/std/src/sys_common/backtrace.rs:125:18
[INFO] [stdout]   31:     0x55feb28ad638 - std::thread::Builder::spawn_unchecked::{{closure}}::{{closure}}::hf2e7831dad93c597
[INFO] [stdout]                                at /rustc/a178d0322ce20e33eac124758e837cbd80a6f633/library/std/src/thread/mod.rs:481:17
[INFO] [stdout]   32:     0x55feb28ad638 - <std::panic::AssertUnwindSafe<F> as core::ops::function::FnOnce<()>>::call_once::hd2e08783d8be4d02
[INFO] [stdout]                                at /rustc/a178d0322ce20e33eac124758e837cbd80a6f633/library/std/src/panic.rs:347:9
[INFO] [stdout]   33:     0x55feb28ad638 - std::panicking::try::do_call::h062597b7acfd6b82
[INFO] [stdout]                                at /rustc/a178d0322ce20e33eac124758e837cbd80a6f633/library/std/src/panicking.rs:401:40
[INFO] [stdout]   34:     0x55feb28ad638 - std::panicking::try::h0d7b79db04c14552
[INFO] [stdout]                                at /rustc/a178d0322ce20e33eac124758e837cbd80a6f633/library/std/src/panicking.rs:365:19
[INFO] [stdout]   35:     0x55feb28ad638 - std::panic::catch_unwind::hb01a0b5e7c8cd43b
[INFO] [stdout]                                at /rustc/a178d0322ce20e33eac124758e837cbd80a6f633/library/std/src/panic.rs:434:14
[INFO] [stdout]   36:     0x55feb28ad638 - std::thread::Builder::spawn_unchecked::{{closure}}::h5bde48cc887e0d1e
[INFO] [stdout]                                at /rustc/a178d0322ce20e33eac124758e837cbd80a6f633/library/std/src/thread/mod.rs:480:30
[INFO] [stdout]   37:     0x55feb28ad638 - core::ops::function::FnOnce::call_once{{vtable.shim}}::h745ea30807a29e55
[INFO] [stdout]                                at /rustc/a178d0322ce20e33eac124758e837cbd80a6f633/library/core/src/ops/function.rs:227:5
[INFO] [stdout]   38:     0x55feb296bc07 - <alloc::boxed::Box<F,A> as core::ops::function::FnOnce<Args>>::call_once::h7ece6cfefaff1005
[INFO] [stdout]                                at /rustc/a178d0322ce20e33eac124758e837cbd80a6f633/library/alloc/src/boxed.rs:1575:9
[INFO] [stdout]   39:     0x55feb296bc07 - <alloc::boxed::Box<F,A> as core::ops::function::FnOnce<Args>>::call_once::hb8b48e55c21f193e
[INFO] [stdout]                                at /rustc/a178d0322ce20e33eac124758e837cbd80a6f633/library/alloc/src/boxed.rs:1575:9
[INFO] [stdout]   40:     0x55feb296bc07 - std::sys::unix::thread::Thread::new::thread_start::h8c7c4450dba62914
[INFO] [stdout]                                at /rustc/a178d0322ce20e33eac124758e837cbd80a6f633/library/std/src/sys/unix/thread.rs:71:17
[INFO] [stdout]   41:     0x7fd8fcd80609 - start_thread
[INFO] [stdout]   42:     0x7fd8fcb52293 - clone
[INFO] [stdout]   43:                0x0 - <unknown>
[INFO] [stdout] 
[INFO] [stdout] 
[INFO] [stdout] failures:
[INFO] [stdout]     disk_env::tests::test_dirs
[INFO] [stdout]     disk_env::tests::test_files
[INFO] [stdout]     disk_env::tests::test_locking
[INFO] [stdout] 
[INFO] [stdout] test result: FAILED. 140 passed; 3 failed; 0 ignored; 0 measured; 0 filtered out; finished in 0.45s
[INFO] [stdout] 
[INFO] running `Command { std: "docker" "inspect" "e75038140a2fa28d116d4e2320e03f6a827220b3ce59e5a5d6549f867607ecc6", kill_on_drop: false }`
[INFO] running `Command { std: "docker" "rm" "-f" "e75038140a2fa28d116d4e2320e03f6a827220b3ce59e5a5d6549f867607ecc6", kill_on_drop: false }`
[INFO] [stdout] e75038140a2fa28d116d4e2320e03f6a827220b3ce59e5a5d6549f867607ecc6
