[INFO] fetching crate rusty-green-kernel 0.1.1...
[INFO] testing rusty-green-kernel-0.1.1 against beta-2021-08-01 for beta-1.55-1
[INFO] extracting crate rusty-green-kernel 0.1.1 into /workspace/builds/worker-6/source
[INFO] validating manifest of crates.io crate rusty-green-kernel 0.1.1 on toolchain beta-2021-08-01
[INFO] running `Command { std: "/workspace/cargo-home/bin/cargo" "+beta-2021-08-01" "metadata" "--manifest-path" "Cargo.toml" "--no-deps", kill_on_drop: false }`
[INFO] started tweaking crates.io crate rusty-green-kernel 0.1.1
[INFO] finished tweaking crates.io crate rusty-green-kernel 0.1.1
[INFO] tweaked toml for crates.io crate rusty-green-kernel 0.1.1 written to /workspace/builds/worker-6/source/Cargo.toml
[INFO] running `Command { std: "/workspace/cargo-home/bin/cargo" "+beta-2021-08-01" "generate-lockfile" "--manifest-path" "Cargo.toml" "-Zno-index-update", kill_on_drop: false }`
[INFO] running `Command { std: "/workspace/cargo-home/bin/cargo" "+beta-2021-08-01" "fetch" "--manifest-path" "Cargo.toml", kill_on_drop: false }`
[INFO] [stderr]  Downloading crates ...
[INFO] [stderr]   Downloaded cast v0.2.7
[INFO] [stderr]   Downloaded rustc_version v0.4.0
[INFO] [stderr]   Downloaded approx v0.4.0
[INFO] [stderr]   Downloaded semver v1.0.4
[INFO] [stderr]   Downloaded plotters-backend v0.3.2
[INFO] [stderr]   Downloaded criterion-plot v0.4.4
[INFO] [stderr]   Downloaded criterion v0.3.5
[INFO] [stderr]   Downloaded web-sys v0.3.52
[INFO] [stderr]   Downloaded js-sys v0.3.52
[INFO] [stderr]   Downloaded plotters-svg v0.3.1
[INFO] running `Command { std: "docker" "create" "-v" "/var/lib/crater-agent-workspace/builds/worker-6/target:/opt/rustwide/target:rw,Z" "-v" "/var/lib/crater-agent-workspace/builds/worker-6/source:/opt/rustwide/workdir:ro,Z" "-v" "/var/lib/crater-agent-workspace/cargo-home:/opt/rustwide/cargo-home:ro,Z" "-v" "/var/lib/crater-agent-workspace/rustup-home:/opt/rustwide/rustup-home:ro,Z" "-e" "SOURCE_DIR=/opt/rustwide/workdir" "-e" "CARGO_TARGET_DIR=/opt/rustwide/target" "-e" "CARGO_HOME=/opt/rustwide/cargo-home" "-e" "RUSTUP_HOME=/opt/rustwide/rustup-home" "-w" "/opt/rustwide/workdir" "-m" "1610612736" "--user" "0:0" "--network" "none" "ghcr.io/rust-lang/crates-build-env/linux@sha256:34b6a614d2c27851fe6cbf88fbd1137609cefab8b10d0615aaeb6fd47975d74e" "/opt/rustwide/cargo-home/bin/cargo" "+beta-2021-08-01" "metadata" "--no-deps" "--format-version=1", kill_on_drop: false }`
[INFO] [stdout] 4c8d39b7f2fa164f36d2f03a0ce76117d6ce077ffa64ea94ee934ba92003eefb
[INFO] running `Command { std: "docker" "start" "-a" "4c8d39b7f2fa164f36d2f03a0ce76117d6ce077ffa64ea94ee934ba92003eefb", kill_on_drop: false }`
[INFO] running `Command { std: "docker" "inspect" "4c8d39b7f2fa164f36d2f03a0ce76117d6ce077ffa64ea94ee934ba92003eefb", kill_on_drop: false }`
[INFO] running `Command { std: "docker" "rm" "-f" "4c8d39b7f2fa164f36d2f03a0ce76117d6ce077ffa64ea94ee934ba92003eefb", kill_on_drop: false }`
[INFO] [stdout] 4c8d39b7f2fa164f36d2f03a0ce76117d6ce077ffa64ea94ee934ba92003eefb
[INFO] running `Command { std: "docker" "create" "-v" "/var/lib/crater-agent-workspace/builds/worker-6/target:/opt/rustwide/target:rw,Z" "-v" "/var/lib/crater-agent-workspace/builds/worker-6/source:/opt/rustwide/workdir:ro,Z" "-v" "/var/lib/crater-agent-workspace/cargo-home:/opt/rustwide/cargo-home:ro,Z" "-v" "/var/lib/crater-agent-workspace/rustup-home:/opt/rustwide/rustup-home:ro,Z" "-e" "SOURCE_DIR=/opt/rustwide/workdir" "-e" "CARGO_TARGET_DIR=/opt/rustwide/target" "-e" "CARGO_INCREMENTAL=0" "-e" "RUST_BACKTRACE=full" "-e" "RUSTFLAGS=--cap-lints=warn" "-e" "CARGO_HOME=/opt/rustwide/cargo-home" "-e" "RUSTUP_HOME=/opt/rustwide/rustup-home" "-w" "/opt/rustwide/workdir" "-m" "1610612736" "--user" "0:0" "--network" "none" "ghcr.io/rust-lang/crates-build-env/linux@sha256:34b6a614d2c27851fe6cbf88fbd1137609cefab8b10d0615aaeb6fd47975d74e" "/opt/rustwide/cargo-home/bin/cargo" "+beta-2021-08-01" "build" "--frozen" "--message-format=json", kill_on_drop: false }`
[INFO] [stdout] 50ed2488e23283d3b38cfdbbb378b3d4698cab1841f4422df13be7f37af77853
[INFO] running `Command { std: "docker" "start" "-a" "50ed2488e23283d3b38cfdbbb378b3d4698cab1841f4422df13be7f37af77853", kill_on_drop: false }`
[INFO] [stderr]    Compiling rawpointer v0.2.1
[INFO] [stderr]    Compiling ndarray v0.14.0
[INFO] [stderr]    Compiling num-integer v0.1.44
[INFO] [stderr]    Compiling num-bigint v0.3.2
[INFO] [stderr]    Compiling num-rational v0.3.2
[INFO] [stderr]    Compiling num-complex v0.3.1
[INFO] [stderr]    Compiling approx v0.4.0
[INFO] [stderr]    Compiling matrixmultiply v0.2.4
[INFO] [stderr]    Compiling num-iter v0.1.42
[INFO] [stderr]    Compiling num v0.3.1
[INFO] [stderr]    Compiling rusty-kernel-tools v0.1.1
[INFO] [stderr]    Compiling rusty-green-kernel v0.1.1 (/opt/rustwide/workdir)
[INFO] [stderr]     Finished dev [unoptimized + debuginfo] target(s) in 9.78s
[INFO] running `Command { std: "docker" "inspect" "50ed2488e23283d3b38cfdbbb378b3d4698cab1841f4422df13be7f37af77853", kill_on_drop: false }`
[INFO] running `Command { std: "docker" "rm" "-f" "50ed2488e23283d3b38cfdbbb378b3d4698cab1841f4422df13be7f37af77853", kill_on_drop: false }`
[INFO] [stdout] 50ed2488e23283d3b38cfdbbb378b3d4698cab1841f4422df13be7f37af77853
[INFO] running `Command { std: "docker" "create" "-v" "/var/lib/crater-agent-workspace/builds/worker-6/target:/opt/rustwide/target:rw,Z" "-v" "/var/lib/crater-agent-workspace/builds/worker-6/source:/opt/rustwide/workdir:ro,Z" "-v" "/var/lib/crater-agent-workspace/cargo-home:/opt/rustwide/cargo-home:ro,Z" "-v" "/var/lib/crater-agent-workspace/rustup-home:/opt/rustwide/rustup-home:ro,Z" "-e" "SOURCE_DIR=/opt/rustwide/workdir" "-e" "CARGO_TARGET_DIR=/opt/rustwide/target" "-e" "CARGO_INCREMENTAL=0" "-e" "RUST_BACKTRACE=full" "-e" "RUSTFLAGS=--cap-lints=warn" "-e" "CARGO_HOME=/opt/rustwide/cargo-home" "-e" "RUSTUP_HOME=/opt/rustwide/rustup-home" "-w" "/opt/rustwide/workdir" "-m" "1610612736" "--user" "0:0" "--network" "none" "ghcr.io/rust-lang/crates-build-env/linux@sha256:34b6a614d2c27851fe6cbf88fbd1137609cefab8b10d0615aaeb6fd47975d74e" "/opt/rustwide/cargo-home/bin/cargo" "+beta-2021-08-01" "test" "--frozen" "--no-run" "--message-format=json", kill_on_drop: false }`
[INFO] [stdout] 82b24ccc9d49e5a35f46b44ab1667bbbbab688143d9b83d0573c664a55879481
[INFO] running `Command { std: "docker" "start" "-a" "82b24ccc9d49e5a35f46b44ab1667bbbbab688143d9b83d0573c664a55879481", kill_on_drop: false }`
[INFO] [stderr]    Compiling memchr v2.4.0
[INFO] [stderr]    Compiling plotters v0.3.1
[INFO] [stderr]    Compiling csv-core v0.1.10
[INFO] [stderr]    Compiling bstr v0.2.16
[INFO] [stderr]    Compiling csv v1.1.6
[INFO] [stderr]    Compiling criterion v0.3.5
[INFO] [stderr]    Compiling rusty-green-kernel v0.1.1 (/opt/rustwide/workdir)
[INFO] [stderr]     Finished test [unoptimized + debuginfo] target(s) in 14.91s
[INFO] running `Command { std: "docker" "inspect" "82b24ccc9d49e5a35f46b44ab1667bbbbab688143d9b83d0573c664a55879481", kill_on_drop: false }`
[INFO] running `Command { std: "docker" "rm" "-f" "82b24ccc9d49e5a35f46b44ab1667bbbbab688143d9b83d0573c664a55879481", kill_on_drop: false }`
[INFO] [stdout] 82b24ccc9d49e5a35f46b44ab1667bbbbab688143d9b83d0573c664a55879481
[INFO] running `Command { std: "docker" "create" "-v" "/var/lib/crater-agent-workspace/builds/worker-6/target:/opt/rustwide/target:rw,Z" "-v" "/var/lib/crater-agent-workspace/builds/worker-6/source:/opt/rustwide/workdir:ro,Z" "-v" "/var/lib/crater-agent-workspace/cargo-home:/opt/rustwide/cargo-home:ro,Z" "-v" "/var/lib/crater-agent-workspace/rustup-home:/opt/rustwide/rustup-home:ro,Z" "-e" "SOURCE_DIR=/opt/rustwide/workdir" "-e" "CARGO_TARGET_DIR=/opt/rustwide/target" "-e" "CARGO_INCREMENTAL=0" "-e" "RUST_BACKTRACE=full" "-e" "RUSTFLAGS=--cap-lints=warn" "-e" "CARGO_HOME=/opt/rustwide/cargo-home" "-e" "RUSTUP_HOME=/opt/rustwide/rustup-home" "-w" "/opt/rustwide/workdir" "-m" "1610612736" "--user" "0:0" "--network" "none" "ghcr.io/rust-lang/crates-build-env/linux@sha256:34b6a614d2c27851fe6cbf88fbd1137609cefab8b10d0615aaeb6fd47975d74e" "/opt/rustwide/cargo-home/bin/cargo" "+beta-2021-08-01" "test" "--frozen", kill_on_drop: false }`
[INFO] [stdout] 5490323cfb606b66f4925808b2aee57eaec683c6b0c7cb3a3dbe60f3d6ca4940
[INFO] running `Command { std: "docker" "start" "-a" "5490323cfb606b66f4925808b2aee57eaec683c6b0c7cb3a3dbe60f3d6ca4940", kill_on_drop: false }`
[INFO] [stderr]     Finished test [unoptimized + debuginfo] target(s) in 0.07s
[INFO] [stdout] 
[INFO] [stderr]      Running unittests (/opt/rustwide/target/debug/deps/rusty_green_kernel-de6c7d3a9827b817)
[INFO] [stdout] running 0 tests
[INFO] [stderr]    Doc-tests rusty_green_kernel
[INFO] [stdout] 
[INFO] [stdout] test result: ok. 0 passed; 0 failed; 0 ignored; 0 measured; 0 filtered out; finished in 0.00s
[INFO] [stdout] 
[INFO] [stdout] 
[INFO] [stdout] running 2 tests
[INFO] [stdout] test src/lib.rs - (line 24) ... FAILED
[INFO] [stdout] test src/lib.rs - (line 60) ... FAILED
[INFO] [stdout] 
[INFO] [stdout] failures:
[INFO] [stdout] 
[INFO] [stdout] ---- src/lib.rs - (line 24) stdout ----
[INFO] [stdout] error: expected one of `!`, `.`, `::`, `;`, `?`, `{`, `}`, or an operator, found `RUSTFLAGS`
[INFO] [stdout]  --> src/lib.rs:25:8
[INFO] [stdout]   |
[INFO] [stdout] 3 | export RUSTFLAGS="-C target-feature=+avx2,+fma" 
[INFO] [stdout]   |        ^^^^^^^^^ expected one of 8 possible tokens
[INFO] [stdout] 
[INFO] [stdout] error: aborting due to previous error
[INFO] [stdout] 
[INFO] [stdout] Couldn't compile the test.
[INFO] [stdout] ---- src/lib.rs - (line 60) stdout ----
[INFO] [stdout] error[E0433]: failed to resolve: use of undeclared type `EvalMode`
[INFO] [stdout]  --> src/lib.rs:62:18
[INFO] [stdout]   |
[INFO] [stdout] 4 |         charges, EvalMode::Values, EvalMode::Value, ThreadingType::Parallel)
[INFO] [stdout]   |                  ^^^^^^^^ use of undeclared type `EvalMode`
[INFO] [stdout] 
[INFO] [stdout] error[E0433]: failed to resolve: use of undeclared type `EvalMode`
[INFO] [stdout]  --> src/lib.rs:62:36
[INFO] [stdout]   |
[INFO] [stdout] 4 |         charges, EvalMode::Values, EvalMode::Value, ThreadingType::Parallel)
[INFO] [stdout]   |                                    ^^^^^^^^ use of undeclared type `EvalMode`
[INFO] [stdout] 
[INFO] [stdout] error[E0433]: failed to resolve: use of undeclared type `ThreadingType`
[INFO] [stdout]  --> src/lib.rs:62:53
[INFO] [stdout]   |
[INFO] [stdout] 4 |         charges, EvalMode::Values, EvalMode::Value, ThreadingType::Parallel)
[INFO] [stdout]   |                                                     ^^^^^^^^^^^^^ use of undeclared type `ThreadingType`
[INFO] [stdout] 
[INFO] [stdout] error[E0425]: cannot find value `potential_sum` in this scope
[INFO] [stdout]  --> src/lib.rs:61:1
[INFO] [stdout]   |
[INFO] [stdout] 3 | potential_sum = make_laplace_evaluator(sources, targets).evaluate(
[INFO] [stdout]   | ^^^^^^^^^^^^^ not found in this scope
[INFO] [stdout] 
[INFO] [stdout] error[E0425]: cannot find function `make_laplace_evaluator` in this scope
[INFO] [stdout]  --> src/lib.rs:61:17
[INFO] [stdout]   |
[INFO] [stdout] 3 | potential_sum = make_laplace_evaluator(sources, targets).evaluate(
[INFO] [stdout]   |                 ^^^^^^^^^^^^^^^^^^^^^^ not found in this scope
[INFO] [stdout]   |
[INFO] [stdout] help: consider importing this function
[INFO] [stdout]   |
[INFO] [stdout] 2 | use rusty_green_kernel::make_laplace_evaluator;
[INFO] [stdout]   |
[INFO] [stdout] 
[INFO] [stdout] error[E0425]: cannot find value `sources` in this scope
[INFO] [stdout]  --> src/lib.rs:61:40
[INFO] [stdout]   |
[INFO] [stdout] 3 | potential_sum = make_laplace_evaluator(sources, targets).evaluate(
[INFO] [stdout]   |                                        ^^^^^^^ not found in this scope
[INFO] [stdout] 
[INFO] [stdout] error[E0425]: cannot find value `targets` in this scope
[INFO] [stdout]  --> src/lib.rs:61:49
[INFO] [stdout]   |
[INFO] [stdout] 3 | potential_sum = make_laplace_evaluator(sources, targets).evaluate(
[INFO] [stdout]   |                                                 ^^^^^^^ not found in this scope
[INFO] [stdout] 
[INFO] [stdout] error[E0425]: cannot find value `charges` in this scope
[INFO] [stdout]  --> src/lib.rs:62:9
[INFO] [stdout]   |
[INFO] [stdout] 4 |         charges, EvalMode::Values, EvalMode::Value, ThreadingType::Parallel)
[INFO] [stdout]   |         ^^^^^^^ not found in this scope
[INFO] [stdout] 
[INFO] [stdout] error: aborting due to 8 previous errors
[INFO] [stdout] 
[INFO] [stdout] Some errors have detailed explanations: E0425, E0433.
[INFO] [stdout] For more information about an error, try `rustc --explain E0425`.
[INFO] [stdout] Couldn't compile the test.
[INFO] [stdout] 
[INFO] [stdout] failures:
[INFO] [stdout]     src/lib.rs - (line 24)
[INFO] [stdout]     src/lib.rs - (line 60)
[INFO] [stdout] 
[INFO] [stdout] test result: FAILED. 0 passed; 2 failed; 0 ignored; 0 measured; 0 filtered out; finished in 0.26s
[INFO] [stdout] 
[INFO] [stderr] error: test failed, to rerun pass '--doc'
[INFO] running `Command { std: "docker" "inspect" "5490323cfb606b66f4925808b2aee57eaec683c6b0c7cb3a3dbe60f3d6ca4940", kill_on_drop: false }`
[INFO] running `Command { std: "docker" "rm" "-f" "5490323cfb606b66f4925808b2aee57eaec683c6b0c7cb3a3dbe60f3d6ca4940", kill_on_drop: false }`
[INFO] [stdout] 5490323cfb606b66f4925808b2aee57eaec683c6b0c7cb3a3dbe60f3d6ca4940
