[INFO] fetching crate rustfft 5.1.1...
[INFO] testing rustfft-5.1.1 against 1.54.0 for beta-1.55-1
[INFO] extracting crate rustfft 5.1.1 into /workspace/builds/worker-11/source
[INFO] validating manifest of crates.io crate rustfft 5.1.1 on toolchain 1.54.0
[INFO] running `Command { std: "/workspace/cargo-home/bin/cargo" "+1.54.0" "metadata" "--manifest-path" "Cargo.toml" "--no-deps", kill_on_drop: false }`
[INFO] started tweaking crates.io crate rustfft 5.1.1
[INFO] finished tweaking crates.io crate rustfft 5.1.1
[INFO] tweaked toml for crates.io crate rustfft 5.1.1 written to /workspace/builds/worker-11/source/Cargo.toml
[INFO] crate crates.io crate rustfft 5.1.1 already has a lockfile, it will not be regenerated
[INFO] running `Command { std: "/workspace/cargo-home/bin/cargo" "+1.54.0" "fetch" "--manifest-path" "Cargo.toml", kill_on_drop: false }`
[INFO] running `Command { std: "docker" "create" "-v" "/var/lib/crater-agent-workspace/builds/worker-11/target:/opt/rustwide/target:rw,Z" "-v" "/var/lib/crater-agent-workspace/builds/worker-11/source:/opt/rustwide/workdir:ro,Z" "-v" "/var/lib/crater-agent-workspace/cargo-home:/opt/rustwide/cargo-home:ro,Z" "-v" "/var/lib/crater-agent-workspace/rustup-home:/opt/rustwide/rustup-home:ro,Z" "-e" "SOURCE_DIR=/opt/rustwide/workdir" "-e" "CARGO_TARGET_DIR=/opt/rustwide/target" "-e" "CARGO_HOME=/opt/rustwide/cargo-home" "-e" "RUSTUP_HOME=/opt/rustwide/rustup-home" "-w" "/opt/rustwide/workdir" "-m" "1610612736" "--user" "0:0" "--network" "none" "ghcr.io/rust-lang/crates-build-env/linux@sha256:34b6a614d2c27851fe6cbf88fbd1137609cefab8b10d0615aaeb6fd47975d74e" "/opt/rustwide/cargo-home/bin/cargo" "+1.54.0" "metadata" "--no-deps" "--format-version=1", kill_on_drop: false }`
[INFO] [stdout] 1f660c344ccce1f665e6d4d5e974ef68cfdf55f921e38dc01698b03fe6c8dd22
[INFO] running `Command { std: "docker" "start" "-a" "1f660c344ccce1f665e6d4d5e974ef68cfdf55f921e38dc01698b03fe6c8dd22", kill_on_drop: false }`
[INFO] running `Command { std: "docker" "inspect" "1f660c344ccce1f665e6d4d5e974ef68cfdf55f921e38dc01698b03fe6c8dd22", kill_on_drop: false }`
[INFO] running `Command { std: "docker" "rm" "-f" "1f660c344ccce1f665e6d4d5e974ef68cfdf55f921e38dc01698b03fe6c8dd22", kill_on_drop: false }`
[INFO] [stdout] 1f660c344ccce1f665e6d4d5e974ef68cfdf55f921e38dc01698b03fe6c8dd22
[INFO] running `Command { std: "docker" "create" "-v" "/var/lib/crater-agent-workspace/builds/worker-11/target:/opt/rustwide/target:rw,Z" "-v" "/var/lib/crater-agent-workspace/builds/worker-11/source:/opt/rustwide/workdir:ro,Z" "-v" "/var/lib/crater-agent-workspace/cargo-home:/opt/rustwide/cargo-home:ro,Z" "-v" "/var/lib/crater-agent-workspace/rustup-home:/opt/rustwide/rustup-home:ro,Z" "-e" "SOURCE_DIR=/opt/rustwide/workdir" "-e" "CARGO_TARGET_DIR=/opt/rustwide/target" "-e" "CARGO_INCREMENTAL=0" "-e" "RUST_BACKTRACE=full" "-e" "RUSTFLAGS=--cap-lints=warn" "-e" "CARGO_HOME=/opt/rustwide/cargo-home" "-e" "RUSTUP_HOME=/opt/rustwide/rustup-home" "-w" "/opt/rustwide/workdir" "-m" "1610612736" "--user" "0:0" "--network" "none" "ghcr.io/rust-lang/crates-build-env/linux@sha256:34b6a614d2c27851fe6cbf88fbd1137609cefab8b10d0615aaeb6fd47975d74e" "/opt/rustwide/cargo-home/bin/cargo" "+1.54.0" "build" "--frozen" "--message-format=json", kill_on_drop: false }`
[INFO] [stdout] 0ed4ceacbe8c8839d0b446849b967f6fabbd1ef9860e6a9d5a76fc474aba904c
[INFO] running `Command { std: "docker" "start" "-a" "0ed4ceacbe8c8839d0b446849b967f6fabbd1ef9860e6a9d5a76fc474aba904c", kill_on_drop: false }`
[INFO] [stderr]    Compiling rustfft v5.1.1 (/opt/rustwide/workdir)
[INFO] [stderr]     Finished dev [unoptimized + debuginfo] target(s) in 7.91s
[INFO] running `Command { std: "docker" "inspect" "0ed4ceacbe8c8839d0b446849b967f6fabbd1ef9860e6a9d5a76fc474aba904c", kill_on_drop: false }`
[INFO] running `Command { std: "docker" "rm" "-f" "0ed4ceacbe8c8839d0b446849b967f6fabbd1ef9860e6a9d5a76fc474aba904c", kill_on_drop: false }`
[INFO] [stdout] 0ed4ceacbe8c8839d0b446849b967f6fabbd1ef9860e6a9d5a76fc474aba904c
[INFO] running `Command { std: "docker" "create" "-v" "/var/lib/crater-agent-workspace/builds/worker-11/target:/opt/rustwide/target:rw,Z" "-v" "/var/lib/crater-agent-workspace/builds/worker-11/source:/opt/rustwide/workdir:ro,Z" "-v" "/var/lib/crater-agent-workspace/cargo-home:/opt/rustwide/cargo-home:ro,Z" "-v" "/var/lib/crater-agent-workspace/rustup-home:/opt/rustwide/rustup-home:ro,Z" "-e" "SOURCE_DIR=/opt/rustwide/workdir" "-e" "CARGO_TARGET_DIR=/opt/rustwide/target" "-e" "CARGO_INCREMENTAL=0" "-e" "RUST_BACKTRACE=full" "-e" "RUSTFLAGS=--cap-lints=warn" "-e" "CARGO_HOME=/opt/rustwide/cargo-home" "-e" "RUSTUP_HOME=/opt/rustwide/rustup-home" "-w" "/opt/rustwide/workdir" "-m" "1610612736" "--user" "0:0" "--network" "none" "ghcr.io/rust-lang/crates-build-env/linux@sha256:34b6a614d2c27851fe6cbf88fbd1137609cefab8b10d0615aaeb6fd47975d74e" "/opt/rustwide/cargo-home/bin/cargo" "+1.54.0" "test" "--frozen" "--no-run" "--message-format=json", kill_on_drop: false }`
[INFO] [stdout] 4afaec0f57ca08177668448cbbaae024fcb3160535318814233f130f5cf77f45
[INFO] running `Command { std: "docker" "start" "-a" "4afaec0f57ca08177668448cbbaae024fcb3160535318814233f130f5cf77f45", kill_on_drop: false }`
[INFO] [stderr]     Blocking waiting for file lock on package cache
[INFO] [stderr]    Compiling libc v0.2.92
[INFO] [stderr]    Compiling rand_os v0.1.3
[INFO] [stderr]    Compiling rand v0.6.5
[INFO] [stderr]    Compiling rustfft v5.1.1 (/opt/rustwide/workdir)
[INFO] [stderr]     Finished test [unoptimized + debuginfo] target(s) in 29.93s
[INFO] running `Command { std: "docker" "inspect" "4afaec0f57ca08177668448cbbaae024fcb3160535318814233f130f5cf77f45", kill_on_drop: false }`
[INFO] running `Command { std: "docker" "rm" "-f" "4afaec0f57ca08177668448cbbaae024fcb3160535318814233f130f5cf77f45", kill_on_drop: false }`
[INFO] [stdout] 4afaec0f57ca08177668448cbbaae024fcb3160535318814233f130f5cf77f45
[INFO] running `Command { std: "docker" "create" "-v" "/var/lib/crater-agent-workspace/builds/worker-11/target:/opt/rustwide/target:rw,Z" "-v" "/var/lib/crater-agent-workspace/builds/worker-11/source:/opt/rustwide/workdir:ro,Z" "-v" "/var/lib/crater-agent-workspace/cargo-home:/opt/rustwide/cargo-home:ro,Z" "-v" "/var/lib/crater-agent-workspace/rustup-home:/opt/rustwide/rustup-home:ro,Z" "-e" "SOURCE_DIR=/opt/rustwide/workdir" "-e" "CARGO_TARGET_DIR=/opt/rustwide/target" "-e" "CARGO_INCREMENTAL=0" "-e" "RUST_BACKTRACE=full" "-e" "RUSTFLAGS=--cap-lints=warn" "-e" "CARGO_HOME=/opt/rustwide/cargo-home" "-e" "RUSTUP_HOME=/opt/rustwide/rustup-home" "-w" "/opt/rustwide/workdir" "-m" "1610612736" "--user" "0:0" "--network" "none" "ghcr.io/rust-lang/crates-build-env/linux@sha256:34b6a614d2c27851fe6cbf88fbd1137609cefab8b10d0615aaeb6fd47975d74e" "/opt/rustwide/cargo-home/bin/cargo" "+1.54.0" "test" "--frozen", kill_on_drop: false }`
[INFO] [stdout] b565f41c96bd3add97fbb9610cf2161b22c5c083d571fd0cec84ea722ad6d583
[INFO] running `Command { std: "docker" "start" "-a" "b565f41c96bd3add97fbb9610cf2161b22c5c083d571fd0cec84ea722ad6d583", kill_on_drop: false }`
[INFO] [stderr]     Finished test [unoptimized + debuginfo] target(s) in 0.08s
[INFO] [stderr]      Running unittests (/opt/rustwide/target/debug/deps/rustfft-c1d3e2ac14a874aa)
[INFO] [stdout] 
[INFO] [stdout] running 172 tests
[INFO] [stdout] test algorithm::butterflies::unit_tests::test_butterfly16 ... ok
[INFO] [stdout] test algorithm::butterflies::unit_tests::test_butterfly23 ... ok
[INFO] [stdout] test algorithm::butterflies::unit_tests::test_butterfly11 ... ok
[INFO] [stdout] test algorithm::butterflies::unit_tests::test_butterfly17 ... ok
[INFO] [stdout] test algorithm::butterflies::unit_tests::test_butterfly19 ... ok
[INFO] [stdout] test algorithm::butterflies::unit_tests::test_butterfly13 ... ok
[INFO] [stdout] test algorithm::butterflies::unit_tests::test_butterfly29 ... ok
[INFO] [stdout] test algorithm::dft::unit_tests::test_dft_known_len_2 ... ok
[INFO] [stdout] test algorithm::dft::unit_tests::test_dft_known_len_3 ... ok
[INFO] [stdout] test algorithm::dft::unit_tests::test_dft_known_len_4 ... ok
[INFO] [stdout] test algorithm::dft::unit_tests::test_dft_known_len_6 ... ok
[INFO] [stdout] test algorithm::butterflies::unit_tests::test_butterfly3 ... ok
[INFO] [stdout] test algorithm::good_thomas_algorithm::unit_tests::test_output_mapping ... ok
[INFO] [stdout] test algorithm::butterflies::unit_tests::test_butterfly2 ... ok
[INFO] [stdout] test algorithm::butterflies::unit_tests::test_butterfly5 ... ok
[INFO] [stdout] test algorithm::butterflies::unit_tests::test_butterfly7 ... ok
[INFO] [stdout] test algorithm::butterflies::unit_tests::test_butterfly32 ... ok
[INFO] [stdout] test avx::avx32_butterflies::unit_tests::test_avx_butterfly16 ... ok
[INFO] [stdout] test algorithm::butterflies::unit_tests::test_butterfly4 ... ok
[INFO] [stdout] test algorithm::good_thomas_algorithm::unit_tests::test_good_thomas_inner_scratch ... ok
[INFO] [stdout] test avx::avx32_butterflies::unit_tests::test_avx_butterfly8 ... ok
[INFO] [stdout] test avx::avx32_butterflies::unit_tests::test_avx_butterfly27 ... ok
[INFO] [stdout] test avx::avx32_butterflies::unit_tests::test_avx_butterfly7 ... ok
[INFO] [stdout] test avx::avx32_butterflies::unit_tests::test_avx_butterfly11 ... ok
[INFO] [stdout] test algorithm::butterflies::unit_tests::test_butterfly31 ... ok
[INFO] [stdout] test avx::avx32_butterflies::unit_tests::test_avx_butterfly12 ... ok
[INFO] [stdout] test avx::avx32_butterflies::unit_tests::test_avx_butterfly24 ... ok
[INFO] [stdout] test avx::avx32_butterflies::unit_tests::test_avx_butterfly9 ... ok
[INFO] [stdout] test algorithm::butterflies::unit_tests::test_butterfly6 ... ok
[INFO] [stdout] test avx::avx32_butterflies::unit_tests::test_avx_butterfly128 ... ok
[INFO] [stdout] test algorithm::bluesteins_algorithm::unit_tests::test_bluesteins_scalar ... ok
[INFO] [stdout] test avx::avx64_butterflies::unit_tests::test_avx_mixedradix12_f64 ... ok
[INFO] [stdout] test avx::avx32_butterflies::unit_tests::test_avx_butterfly5 ... ok
[INFO] [stdout] test avx::avx64_butterflies::unit_tests::test_avx_mixedradix16_f64 ... ok
[INFO] [stdout] test avx::avx64_butterflies::unit_tests::test_avx_mixedradix18_f64 ... ok
[INFO] [stdout] test avx::avx32_butterflies::unit_tests::test_avx_butterfly32 ... ok
[INFO] [stdout] test avx::avx32_butterflies::unit_tests::test_avx_butterfly48 ... ok
[INFO] [stdout] test avx::avx64_butterflies::unit_tests::test_avx_mixedradix36_f64 ... ok
[INFO] [stdout] test avx::avx64_butterflies::unit_tests::test_avx_butterfly7_f64 ... ok
[INFO] [stdout] test avx::avx64_butterflies::unit_tests::test_avx_mixedradix11_f64 ... ok
[INFO] [stdout] test avx::avx64_butterflies::unit_tests::test_avx_butterfly5_f64 ... ok
[INFO] [stdout] test algorithm::butterflies::unit_tests::test_butterfly8 ... ok
[INFO] [stdout] test algorithm::dft::unit_tests::test_matches_dft ... ok
[INFO] [stdout] test avx::avx32_butterflies::unit_tests::test_avx_butterfly36 ... ok
[INFO] [stdout] test avx::avx64_butterflies::unit_tests::test_avx_mixedradix32_f64 ... ok
[INFO] [stdout] test avx::avx64_butterflies::unit_tests::test_avx_mixedradix8_f64 ... ok
[INFO] [stdout] test avx::avx64_butterflies::unit_tests::test_avx_mixedradix64_f64 ... ok
[INFO] [stdout] test algorithm::radix4::unit_tests::test_radix4 ... ok
[INFO] [stdout] test avx::avx32_butterflies::unit_tests::test_avx_butterfly64 ... ok
[INFO] [stdout] test avx::avx64_butterflies::unit_tests::test_avx_mixedradix128_f64 ... ok
[INFO] [stdout] test avx::avx64_butterflies::unit_tests::test_avx_mixedradix27_f64 ... ok
[INFO] [stdout] test avx::avx64_butterflies::unit_tests::test_avx_mixedradix24_f64 ... ok
[INFO] [stdout] test algorithm::mixed_radix::unit_tests::test_mixed_radix_small ... ok
[INFO] [stdout] test avx::avx32_butterflies::unit_tests::test_avx_butterfly72 ... ok
[INFO] [stdout] test algorithm::mixed_radix::unit_tests::test_mixed_radix_inner_scratch ... ok
[INFO] [stdout] test avx::avx32_butterflies::unit_tests::test_avx_butterfly256 ... ok
[INFO] [stdout] test array_utils::unit_tests::test_transpose ... ok
[INFO] [stdout] test algorithm::mixed_radix::unit_tests::test_mixed_radix ... ok
[INFO] [stdout] test avx::avx32_butterflies::unit_tests::test_avx_butterfly54 ... ok
[INFO] [stdout] test avx::avx_planner::unit_tests::test_plan_zero_avx ... ok
[INFO] [stdout] test avx::avx64_butterflies::unit_tests::test_avx_mixedradix9_f64 ... ok
[INFO] [stdout] test avx::avx64_butterflies::unit_tests::test_avx_mixedradix256_f64 ... ok
[INFO] [stdout] test math_utils::unit_tests::test_distinct_prime_factors ... ok
[INFO] [stdout] test avx::avx_bluesteins::unit_tests::test_bluesteins_avx_f32 ... ok
[INFO] [stdout] test math_utils::unit_tests::test_modular_exponent ... ok
[INFO] [stdout] test math_utils::unit_tests::test_partial_factors ... ok
[INFO] [stdout] test math_utils::unit_tests::test_partition_factors ... ok
[INFO] [stdout] test math_utils::unit_tests::test_prime_factors ... ok
[INFO] [stdout] test math_utils::unit_tests::test_primitive_root ... ok
[INFO] [stdout] test avx::avx_mixed_radix::unit_tests::test_mixedradix_2xn_avx_f32 ... ok
[INFO] [stdout] test math_utils::unit_tests::test_remove_factors ... ok
[INFO] [stdout] test plan::unit_tests::test_plan_scalar_bluestein_vs_rader ... ok
[INFO] [stdout] test math_utils::unit_tests::test_partial_factors_divide_by ... ok
[INFO] [stdout] test plan::unit_tests::test_plan_scalar_butterflies ... ok
[INFO] [stdout] test plan::unit_tests::test_plan_scalar_mixedradix ... ok
[INFO] [stdout] test plan::unit_tests::test_plan_scalar_largepoweroftwo ... ok
[INFO] [stdout] test plan::unit_tests::test_plan_scalar_goodthomasbutterfly ... ok
[INFO] [stdout] test plan::unit_tests::test_plan_scalar_mixedradixsmall ... ok
[INFO] [stdout] test plan::unit_tests::test_scalar_fft_cache ... ok
[INFO] [stdout] test avx::avx32_butterflies::unit_tests::test_avx_butterfly512 ... ok
[INFO] [stdout] test plan::unit_tests::test_plan_scalar_trivial ... ok
[INFO] [stdout] test plan::unit_tests::test_plan_zero_scalar ... ok
[INFO] [stdout] test sse::sse_butterflies::unit_tests::test_mul_complex_f32 ... ok
[INFO] [stdout] test sse::sse_butterflies::unit_tests::test_pack ... ok
[INFO] [stdout] test plan::unit_tests::test_scalar_recipe_cache ... ok
[INFO] [stdout] test sse::sse_butterflies::unit_tests::test_mul_complex_f64 ... ok
[INFO] [stdout] test sse::sse_butterflies::unit_tests::test_ssef32_butterfly12 ... ok
[INFO] [stdout] test sse::sse_butterflies::unit_tests::test_ssef32_butterfly10 ... ok
[INFO] [stdout] test sse::sse_butterflies::unit_tests::test_parallel_fft4_32 ... ok
[INFO] [stdout] test sse::sse_butterflies::unit_tests::test_ssef32_butterfly3 ... ok
[INFO] [stdout] test sse::sse_butterflies::unit_tests::test_ssef32_butterfly15 ... ok
[INFO] [stdout] test sse::sse_butterflies::unit_tests::test_ssef32_butterfly16 ... ok
[INFO] [stdout] test sse::sse_butterflies::unit_tests::test_ssef32_butterfly2 ... ok
[INFO] [stdout] test sse::sse_butterflies::unit_tests::test_ssef32_butterfly4 ... ok
[INFO] [stdout] test sse::sse_butterflies::unit_tests::test_ssef32_butterfly32 ... ok
[INFO] [stdout] test sse::sse_butterflies::unit_tests::test_ssef32_butterfly6 ... ok
[INFO] [stdout] test sse::sse_butterflies::unit_tests::test_ssef32_butterfly8 ... ok
[INFO] [stdout] test sse::sse_butterflies::unit_tests::test_ssef32_butterfly9 ... ok
[INFO] [stdout] test sse::sse_butterflies::unit_tests::test_ssef32_butterfly5 ... ok
[INFO] [stdout] test sse::sse_butterflies::unit_tests::test_ssef64_butterfly10 ... ok
[INFO] [stdout] test sse::sse_butterflies::unit_tests::test_ssef64_butterfly12 ... ok
[INFO] [stdout] test sse::sse_butterflies::unit_tests::test_ssef64_butterfly15 ... ok
[INFO] [stdout] test sse::sse_butterflies::unit_tests::test_ssef64_butterfly16 ... ok
[INFO] [stdout] test sse::sse_butterflies::unit_tests::test_ssef64_butterfly3 ... ok
[INFO] [stdout] test sse::sse_butterflies::unit_tests::test_ssef64_butterfly2 ... ok
[INFO] [stdout] test sse::sse_butterflies::unit_tests::test_ssef64_butterfly32 ... ok
[INFO] [stdout] test sse::sse_butterflies::unit_tests::test_ssef64_butterfly8 ... ok
[INFO] [stdout] test sse::sse_butterflies::unit_tests::test_ssef64_butterfly6 ... ok
[INFO] [stdout] test sse::sse_butterflies::unit_tests::test_ssef64_butterfly5 ... ok
[INFO] [stdout] test sse::sse_butterflies::unit_tests::test_ssef64_butterfly9 ... ok
[INFO] [stdout] test sse::sse_butterflies::unit_tests::test_ssef64_butterfly4 ... ok
[INFO] [stdout] test sse::sse_common::unit_tests::test_calc_f32 ... ok
[INFO] [stdout] test sse::sse_planner::unit_tests::test_plan_sse_butterflies ... ok
[INFO] [stdout] test sse::sse_common::unit_tests::test_calc_f64 ... ok
[INFO] [stdout] test sse::sse_planner::unit_tests::test_plan_sse_bluestein_vs_rader ... ok
[INFO] [stdout] test sse::sse_planner::unit_tests::test_plan_sse_mixedradixsmall ... ok
[INFO] [stdout] test sse::sse_planner::unit_tests::test_plan_sse_largepoweroftwo ... ok
[INFO] [stdout] test sse::sse_planner::unit_tests::test_plan_sse_goodthomasbutterfly ... ok
[INFO] [stdout] test avx::avx64_butterflies::unit_tests::test_avx_mixedradix512_f64 ... ok
[INFO] [stdout] test sse::sse_planner::unit_tests::test_plan_sse_mixedradix ... ok
[INFO] [stdout] test sse::sse_planner::unit_tests::test_plan_sse_trivial ... ok
[INFO] [stdout] test sse::sse_planner::unit_tests::test_sse_recipe_cache ... ok
[INFO] [stdout] test sse::sse_prime_butterflies::unit_tests::test_ssef32_butterfly11 ... ok
[INFO] [stdout] test sse::sse_prime_butterflies::unit_tests::test_ssef32_butterfly13 ... ok
[INFO] [stdout] test sse::sse_prime_butterflies::unit_tests::test_ssef32_butterfly23 ... ok
[INFO] [stdout] test sse::sse_planner::unit_tests::test_sse_fft_cache ... ok
[INFO] [stdout] test sse::sse_prime_butterflies::unit_tests::test_ssef32_butterfly17 ... ok
[INFO] [stdout] test algorithm::good_thomas_algorithm::unit_tests::test_good_thomas_small ... ok
[INFO] [stdout] test sse::sse_prime_butterflies::unit_tests::test_ssef32_butterfly7 ... ok
[INFO] [stdout] test sse::sse_prime_butterflies::unit_tests::test_ssef64_butterfly13 ... ok
[INFO] [stdout] test sse::sse_prime_butterflies::unit_tests::test_ssef32_butterfly29 ... ok
[INFO] [stdout] test sse::sse_prime_butterflies::unit_tests::test_ssef32_butterfly19 ... ok
[INFO] [stdout] test sse::sse_prime_butterflies::unit_tests::test_ssef64_butterfly11 ... ok
[INFO] [stdout] test sse::sse_prime_butterflies::unit_tests::test_ssef32_butterfly31 ... ok
[INFO] [stdout] test sse::sse_prime_butterflies::unit_tests::test_ssef64_butterfly23 ... ok
[INFO] [stdout] test sse::sse_prime_butterflies::unit_tests::test_ssef64_butterfly29 ... ok
[INFO] [stdout] test sse::sse_prime_butterflies::unit_tests::test_ssef64_butterfly17 ... ok
[INFO] [stdout] test sse::sse_utils::unit_tests::test_mul_complex_f32 ... ok
[INFO] [stdout] test avx::avx_mixed_radix::unit_tests::test_mixedradix_2xn_avx_f64 ... ok
[INFO] [stdout] test sse::sse_prime_butterflies::unit_tests::test_ssef64_butterfly7 ... ok
[INFO] [stdout] test sse::sse_prime_butterflies::unit_tests::test_ssef64_butterfly31 ... ok
[INFO] [stdout] test sse::sse_prime_butterflies::unit_tests::test_ssef64_butterfly19 ... ok
[INFO] [stdout] test twiddles::unit_tests::test_rotate ... ok
[INFO] [stdout] test sse::sse_utils::unit_tests::test_mul_complex_f64 ... ok
[INFO] [stdout] test sse::sse_utils::unit_tests::test_pack ... ok
[INFO] [stdout] test avx::avx_mixed_radix::unit_tests::test_mixedradix_3xn_avx_f64 ... ok
[INFO] [stdout] test algorithm::good_thomas_algorithm::unit_tests::test_good_thomas ... ok
[INFO] [stdout] test avx::avx_mixed_radix::unit_tests::test_mixedradix_5xn_avx_f64 ... ok
[INFO] [stdout] test avx::avx_mixed_radix::unit_tests::test_mixedradix_4xn_avx_f64 ... ok
[INFO] [stdout] test avx::avx_mixed_radix::unit_tests::test_mixedradix_3xn_avx_f32 ... ok
[INFO] [stdout] test avx::avx_bluesteins::unit_tests::test_bluesteins_avx_f64 ... ok
[INFO] [stdout] test avx::avx_mixed_radix::unit_tests::test_mixedradix_4xn_avx_f32 ... ok
[INFO] [stdout] test avx::avx_mixed_radix::unit_tests::test_mixedradix_5xn_avx_f32 ... ok
[INFO] [stdout] test avx::avx_mixed_radix::unit_tests::test_mixedradix_6xn_avx_f64 ... ok
[INFO] [stdout] test algorithm::raders_algorithm::unit_tests::test_raders ... ok
[INFO] [stdout] test avx::avx_raders::unit_tests::test_raders_avx_f64 ... ok
[INFO] [stdout] test avx::avx_mixed_radix::unit_tests::test_mixedradix_7xn_avx_f64 ... ok
[INFO] [stdout] test avx::avx_mixed_radix::unit_tests::test_mixedradix_6xn_avx_f32 ... ok
[INFO] [stdout] test avx::avx_raders::unit_tests::test_raders_avx_f32 ... ok
[INFO] [stdout] test avx::avx_mixed_radix::unit_tests::test_mixedradix_7xn_avx_f32 ... ok
[INFO] [stdout] test avx::avx_mixed_radix::unit_tests::test_mixedradix_8xn_avx_f64 ... ok
[INFO] [stdout] test avx::avx_mixed_radix::unit_tests::test_mixedradix_8xn_avx_f32 ... ok
[INFO] [stdout] test avx::avx_mixed_radix::unit_tests::test_mixedradix_9xn_avx_f64 ... ok
[INFO] [stdout] test avx::avx_mixed_radix::unit_tests::test_mixedradix_9xn_avx_f32 ... ok
[INFO] [stdout] test avx::avx_mixed_radix::unit_tests::test_mixedradix_11xn_avx_f64 ... ok
[INFO] [stdout] test avx::avx_mixed_radix::unit_tests::test_mixedradix_11xn_avx_f32 ... ok
[INFO] [stdout] test avx::avx_mixed_radix::unit_tests::test_mixedradix_12xn_avx_f64 ... ok
[INFO] [stdout] test avx::avx_mixed_radix::unit_tests::test_mixedradix_12xn_avx_f32 ... ok
[INFO] [stdout] test avx::avx_mixed_radix::unit_tests::test_mixedradix_16xn_avx_f64 ... ok
[INFO] [stdout] test avx::avx_mixed_radix::unit_tests::test_mixedradix_16xn_avx_f32 ... ok
[INFO] [stdout] test sse::sse_radix4::unit_tests::test_sse_radix4_64 ... ok
[INFO] [stderr]      Running tests/accuracy.rs (/opt/rustwide/target/debug/deps/accuracy-ae963112f0a9fe59)
[INFO] [stdout] test sse::sse_radix4::unit_tests::test_sse_radix4_32 ... ok
[INFO] [stdout] 
[INFO] [stdout] test result: ok. 172 passed; 0 failed; 0 ignored; 0 measured; 0 filtered out; finished in 9.53s
[INFO] [stdout] 
[INFO] [stdout] 
[INFO] [stdout] running 4 tests
[INFO] [stdout] test test_planned_fft_forward_f32 ... ok
[INFO] [stdout] test test_planned_fft_inverse_f64 ... ok
[INFO] [stdout] test test_planned_fft_forward_f64 ... ok
[INFO] [stdout] test test_planned_fft_inverse_f32 ... ok
[INFO] [stdout] 
[INFO] [stdout] test result: ok. 4 passed; 0 failed; 0 ignored; 0 measured; 0 filtered out; finished in 10.09s
[INFO] [stdout] 
[INFO] [stderr]    Doc-tests rustfft
[INFO] [stdout] 
[INFO] [stdout] running 14 tests
[INFO] [stdout] test src/algorithm/radix4.rs - algorithm::radix4::Radix4 (line 18) ... ok
[INFO] [stdout] test src/algorithm/dft.rs - algorithm::dft::Dft (line 13) ... ok
[INFO] [stdout] test src/algorithm/mixed_radix.rs - algorithm::mixed_radix::MixedRadixSmall (line 207) ... ok
[INFO] [stdout] test src/algorithm/good_thomas_algorithm.rs - algorithm::good_thomas_algorithm::GoodThomasAlgorithmSmall (line 293) ... ok
[INFO] [stdout] test src/lib.rs - (line 34) ... ok
[INFO] [stdout] test src/algorithm/raders_algorithm.rs - algorithm::raders_algorithm::RadersAlgorithm (line 23) ... FAILED
[INFO] [stdout] test src/algorithm/mixed_radix.rs - algorithm::mixed_radix::MixedRadix (line 18) ... FAILED
[INFO] [stdout] test src/plan.rs - plan::FftPlannerScalar (line 209) ... ok
[INFO] [stdout] test src/algorithm/good_thomas_algorithm.rs - algorithm::good_thomas_algorithm::GoodThomasAlgorithm (line 22) ... FAILED
[INFO] [stdout] test src/algorithm/bluesteins_algorithm.rs - algorithm::bluesteins_algorithm::BluesteinsAlgorithm (line 20) ... FAILED
[INFO] [stdout] test src/sse/sse_planner.rs - sse::sse_planner::FftPlannerSse (line 128) ... ok
[INFO] [stdout] test src/avx/avx_planner.rs - avx::avx_planner::FftPlannerAvx (line 87) ... ok
[INFO] [stdout] test src/lib.rs - (line 18) ... ok
[INFO] [stdout] test src/plan.rs - plan::FftPlanner (line 28) ... ok
[INFO] [stdout] 
[INFO] [stdout] failures:
[INFO] [stdout] 
[INFO] [stdout] ---- src/algorithm/raders_algorithm.rs - algorithm::raders_algorithm::RadersAlgorithm (line 23) stdout ----
[INFO] [stdout] Couldn't compile the test.
[INFO] [stdout] ---- src/algorithm/mixed_radix.rs - algorithm::mixed_radix::MixedRadix (line 18) stdout ----
[INFO] [stdout] Couldn't compile the test.
[INFO] [stdout] ---- src/algorithm/good_thomas_algorithm.rs - algorithm::good_thomas_algorithm::GoodThomasAlgorithm (line 22) stdout ----
[INFO] [stdout] Couldn't compile the test.
[INFO] [stdout] ---- src/algorithm/bluesteins_algorithm.rs - algorithm::bluesteins_algorithm::BluesteinsAlgorithm (line 20) stdout ----
[INFO] [stdout] Couldn't compile the test.
[INFO] [stdout] 
[INFO] [stdout] failures:
[INFO] [stdout]     src/algorithm/bluesteins_algorithm.rs - algorithm::bluesteins_algorithm::BluesteinsAlgorithm (line 20)
[INFO] [stdout]     src/algorithm/good_thomas_algorithm.rs - algorithm::good_thomas_algorithm::GoodThomasAlgorithm (line 22)
[INFO] [stdout]     src/algorithm/mixed_radix.rs - algorithm::mixed_radix::MixedRadix (line 18)
[INFO] [stdout]     src/algorithm/raders_algorithm.rs - algorithm::raders_algorithm::RadersAlgorithm (line 23)
[INFO] [stdout] 
[INFO] [stdout] test result: FAILED. 10 passed; 4 failed; 0 ignored; 0 measured; 0 filtered out; finished in 25.04s
[INFO] [stdout] 
[INFO] [stderr] error: test failed, to rerun pass '--doc'
[INFO] running `Command { std: "docker" "inspect" "b565f41c96bd3add97fbb9610cf2161b22c5c083d571fd0cec84ea722ad6d583", kill_on_drop: false }`
[INFO] running `Command { std: "docker" "rm" "-f" "b565f41c96bd3add97fbb9610cf2161b22c5c083d571fd0cec84ea722ad6d583", kill_on_drop: false }`
[INFO] [stdout] b565f41c96bd3add97fbb9610cf2161b22c5c083d571fd0cec84ea722ad6d583
