[INFO] fetching crate rustache 0.1.0...
[INFO] testing rustache-0.1.0 against beta-2021-08-01 for beta-1.55-1
[INFO] extracting crate rustache 0.1.0 into /workspace/builds/worker-12/source
[INFO] validating manifest of crates.io crate rustache 0.1.0 on toolchain beta-2021-08-01
[INFO] running `Command { std: "/workspace/cargo-home/bin/cargo" "+beta-2021-08-01" "metadata" "--manifest-path" "Cargo.toml" "--no-deps", kill_on_drop: false }`
[INFO] started tweaking crates.io crate rustache 0.1.0
[INFO] finished tweaking crates.io crate rustache 0.1.0
[INFO] tweaked toml for crates.io crate rustache 0.1.0 written to /workspace/builds/worker-12/source/Cargo.toml
[INFO] running `Command { std: "/workspace/cargo-home/bin/cargo" "+beta-2021-08-01" "generate-lockfile" "--manifest-path" "Cargo.toml" "-Zno-index-update", kill_on_drop: false }`
[INFO] running `Command { std: "/workspace/cargo-home/bin/cargo" "+beta-2021-08-01" "fetch" "--manifest-path" "Cargo.toml", kill_on_drop: false }`
[INFO] running `Command { std: "docker" "create" "-v" "/var/lib/crater-agent-workspace/builds/worker-12/target:/opt/rustwide/target:rw,Z" "-v" "/var/lib/crater-agent-workspace/builds/worker-12/source:/opt/rustwide/workdir:ro,Z" "-v" "/var/lib/crater-agent-workspace/cargo-home:/opt/rustwide/cargo-home:ro,Z" "-v" "/var/lib/crater-agent-workspace/rustup-home:/opt/rustwide/rustup-home:ro,Z" "-e" "SOURCE_DIR=/opt/rustwide/workdir" "-e" "CARGO_TARGET_DIR=/opt/rustwide/target" "-e" "CARGO_HOME=/opt/rustwide/cargo-home" "-e" "RUSTUP_HOME=/opt/rustwide/rustup-home" "-w" "/opt/rustwide/workdir" "-m" "1610612736" "--user" "0:0" "--network" "none" "ghcr.io/rust-lang/crates-build-env/linux@sha256:34b6a614d2c27851fe6cbf88fbd1137609cefab8b10d0615aaeb6fd47975d74e" "/opt/rustwide/cargo-home/bin/cargo" "+beta-2021-08-01" "metadata" "--no-deps" "--format-version=1", kill_on_drop: false }`
[INFO] [stdout] defb30f91d14d5e0a195a8ec508dcfb3f1c9c6d9963889c264ee332abdf898b8
[INFO] running `Command { std: "docker" "start" "-a" "defb30f91d14d5e0a195a8ec508dcfb3f1c9c6d9963889c264ee332abdf898b8", kill_on_drop: false }`
[INFO] running `Command { std: "docker" "inspect" "defb30f91d14d5e0a195a8ec508dcfb3f1c9c6d9963889c264ee332abdf898b8", kill_on_drop: false }`
[INFO] running `Command { std: "docker" "rm" "-f" "defb30f91d14d5e0a195a8ec508dcfb3f1c9c6d9963889c264ee332abdf898b8", kill_on_drop: false }`
[INFO] [stdout] defb30f91d14d5e0a195a8ec508dcfb3f1c9c6d9963889c264ee332abdf898b8
[INFO] running `Command { std: "docker" "create" "-v" "/var/lib/crater-agent-workspace/builds/worker-12/target:/opt/rustwide/target:rw,Z" "-v" "/var/lib/crater-agent-workspace/builds/worker-12/source:/opt/rustwide/workdir:ro,Z" "-v" "/var/lib/crater-agent-workspace/cargo-home:/opt/rustwide/cargo-home:ro,Z" "-v" "/var/lib/crater-agent-workspace/rustup-home:/opt/rustwide/rustup-home:ro,Z" "-e" "SOURCE_DIR=/opt/rustwide/workdir" "-e" "CARGO_TARGET_DIR=/opt/rustwide/target" "-e" "CARGO_INCREMENTAL=0" "-e" "RUST_BACKTRACE=full" "-e" "RUSTFLAGS=--cap-lints=warn" "-e" "CARGO_HOME=/opt/rustwide/cargo-home" "-e" "RUSTUP_HOME=/opt/rustwide/rustup-home" "-w" "/opt/rustwide/workdir" "-m" "1610612736" "--user" "0:0" "--network" "none" "ghcr.io/rust-lang/crates-build-env/linux@sha256:34b6a614d2c27851fe6cbf88fbd1137609cefab8b10d0615aaeb6fd47975d74e" "/opt/rustwide/cargo-home/bin/cargo" "+beta-2021-08-01" "build" "--frozen" "--message-format=json", kill_on_drop: false }`
[INFO] [stdout] 5d8d2f8d201b26581d239edc356ca054794cf2b253a3ec9bc049f35c8bdce755
[INFO] running `Command { std: "docker" "start" "-a" "5d8d2f8d201b26581d239edc356ca054794cf2b253a3ec9bc049f35c8bdce755", kill_on_drop: false }`
[INFO] [stderr]    Compiling rustache v0.1.0 (/opt/rustwide/workdir)
[INFO] [stdout] warning: trait objects without an explicit `dyn` are deprecated
[INFO] [stdout]   --> src/lib.rs:44:28
[INFO] [stdout]    |
[INFO] [stdout] 44 |     Lambda(RefCell<&'a mut FnMut(String) -> String>),
[INFO] [stdout]    |                            ^^^^^^^^^^^^^^^^^^^^^^^ help: use `dyn`: `dyn FnMut(String) -> String`
[INFO] [stdout]    |
[INFO] [stdout]    = note: `#[warn(bare_trait_objects)]` on by default
[INFO] [stdout]    = warning: this is accepted in the current edition (Rust 2015) but is a hard error in Rust 2021!
[INFO] [stdout]    = note: for more information, see issue #80165 <https://github.com/rust-lang/rust/issues/80165>
[INFO] [stdout] 
[INFO] [stdout] 
[INFO] [stdout] warning: trait objects without an explicit `dyn` are deprecated
[INFO] [stdout]   --> src/lib.rs:89:23
[INFO] [stdout]    |
[INFO] [stdout] 89 | impl<'a> From<&'a mut FnMut(String) -> String> for Data<'a> {
[INFO] [stdout]    |                       ^^^^^^^^^^^^^^^^^^^^^^^ help: use `dyn`: `dyn FnMut(String) -> String`
[INFO] [stdout]    |
[INFO] [stdout]    = warning: this is accepted in the current edition (Rust 2015) but is a hard error in Rust 2021!
[INFO] [stdout]    = note: for more information, see issue #80165 <https://github.com/rust-lang/rust/issues/80165>
[INFO] [stdout] 
[INFO] [stdout] 
[INFO] [stdout] warning: trait objects without an explicit `dyn` are deprecated
[INFO] [stdout]   --> src/lib.rs:90:24
[INFO] [stdout]    |
[INFO] [stdout] 90 |     fn from(v: &'a mut FnMut(String) -> String) -> Data<'a> {
[INFO] [stdout]    |                        ^^^^^^^^^^^^^^^^^^^^^^^ help: use `dyn`: `dyn FnMut(String) -> String`
[INFO] [stdout]    |
[INFO] [stdout]    = warning: this is accepted in the current edition (Rust 2015) but is a hard error in Rust 2021!
[INFO] [stdout]    = note: for more information, see issue #80165 <https://github.com/rust-lang/rust/issues/80165>
[INFO] [stdout] 
[INFO] [stdout] 
[INFO] [stdout] warning: trait objects without an explicit `dyn` are deprecated
[INFO] [stdout]   --> src/rustache.rs:39:17
[INFO] [stdout]    |
[INFO] [stdout] 39 | impl Render for ToString {
[INFO] [stdout]    |                 ^^^^^^^^ help: use `dyn`: `dyn ToString`
[INFO] [stdout]    |
[INFO] [stdout]    = warning: this is accepted in the current edition (Rust 2015) but is a hard error in Rust 2021!
[INFO] [stdout]    = note: for more information, see issue #80165 <https://github.com/rust-lang/rust/issues/80165>
[INFO] [stdout] 
[INFO] [stdout] 
[INFO] [stdout] warning: trait objects without an explicit `dyn` are deprecated
[INFO] [stdout]   --> src/build.rs:74:50
[INFO] [stdout]    |
[INFO] [stdout] 74 | ...                   f: &'a mut FnMut(String) -> String)
[INFO] [stdout]    |                                  ^^^^^^^^^^^^^^^^^^^^^^^ help: use `dyn`: `dyn FnMut(String) -> String`
[INFO] [stdout]    |
[INFO] [stdout]    = warning: this is accepted in the current edition (Rust 2015) but is a hard error in Rust 2021!
[INFO] [stdout]    = note: for more information, see issue #80165 <https://github.com/rust-lang/rust/issues/80165>
[INFO] [stdout] 
[INFO] [stdout] 
[INFO] [stdout] warning: trait objects without an explicit `dyn` are deprecated
[INFO] [stdout]    --> src/build.rs:154:41
[INFO] [stdout]     |
[INFO] [stdout] 154 |     pub fn push_lambda(self, f: &'a mut FnMut(String) -> String) -> VecBuilder<'a> {
[INFO] [stdout]     |                                         ^^^^^^^^^^^^^^^^^^^^^^^ help: use `dyn`: `dyn FnMut(String) -> String`
[INFO] [stdout]     |
[INFO] [stdout]     = warning: this is accepted in the current edition (Rust 2015) but is a hard error in Rust 2021!
[INFO] [stdout]     = note: for more information, see issue #80165 <https://github.com/rust-lang/rust/issues/80165>
[INFO] [stdout] 
[INFO] [stdout] 
[INFO] [stdout] warning: trait objects without an explicit `dyn` are deprecated
[INFO] [stdout]    --> src/template.rs:159:64
[INFO] [stdout]     |
[INFO] [stdout] 159 | ...                   f: &mut FnMut(String) -> String,
[INFO] [stdout]     |                               ^^^^^^^^^^^^^^^^^^^^^^^ help: use `dyn`: `dyn FnMut(String) -> String`
[INFO] [stdout]     |
[INFO] [stdout]     = warning: this is accepted in the current edition (Rust 2015) but is a hard error in Rust 2021!
[INFO] [stdout]     = note: for more information, see issue #80165 <https://github.com/rust-lang/rust/issues/80165>
[INFO] [stdout] 
[INFO] [stdout] 
[INFO] [stdout] warning: trait objects without an explicit `dyn` are deprecated
[INFO] [stdout]    --> src/template.rs:172:62
[INFO] [stdout]     |
[INFO] [stdout] 172 | ...                   f: &mut FnMut(String) -> String,
[INFO] [stdout]     |                               ^^^^^^^^^^^^^^^^^^^^^^^ help: use `dyn`: `dyn FnMut(String) -> String`
[INFO] [stdout]     |
[INFO] [stdout]     = warning: this is accepted in the current edition (Rust 2015) but is a hard error in Rust 2021!
[INFO] [stdout]     = note: for more information, see issue #80165 <https://github.com/rust-lang/rust/issues/80165>
[INFO] [stdout] 
[INFO] [stdout] 
[INFO] [stdout] warning: use of deprecated macro `try`: use the `?` operator instead
[INFO] [stdout]    --> src/template.rs:236:21
[INFO] [stdout]     |
[INFO] [stdout] 236 |                     try!(self.handle_unescaped_or_value_node(node,
[INFO] [stdout]     |                     ^^^
[INFO] [stdout]     |
[INFO] [stdout]     = note: `#[warn(deprecated)]` on by default
[INFO] [stdout] 
[INFO] [stdout] 
[INFO] [stdout] warning: use of deprecated macro `try`: use the `?` operator instead
[INFO] [stdout]    --> src/template.rs:247:21
[INFO] [stdout]     |
[INFO] [stdout] 247 |                     try!(self.handle_unescaped_or_value_node(node,
[INFO] [stdout]     |                     ^^^
[INFO] [stdout] 
[INFO] [stdout] 
[INFO] [stdout] warning: use of deprecated macro `try`: use the `?` operator instead
[INFO] [stdout]    --> src/template.rs:607:13
[INFO] [stdout]     |
[INFO] [stdout] 607 |             try!(self.handle_node(node, data, writer));
[INFO] [stdout]     |             ^^^
[INFO] [stdout] 
[INFO] [stdout] 
[INFO] [stdout] warning: 11 warnings emitted
[INFO] [stdout] 
[INFO] [stdout] 
[INFO] [stderr]     Finished dev [unoptimized + debuginfo] target(s) in 1.33s
[INFO] running `Command { std: "docker" "inspect" "5d8d2f8d201b26581d239edc356ca054794cf2b253a3ec9bc049f35c8bdce755", kill_on_drop: false }`
[INFO] running `Command { std: "docker" "rm" "-f" "5d8d2f8d201b26581d239edc356ca054794cf2b253a3ec9bc049f35c8bdce755", kill_on_drop: false }`
[INFO] [stdout] 5d8d2f8d201b26581d239edc356ca054794cf2b253a3ec9bc049f35c8bdce755
[INFO] running `Command { std: "docker" "create" "-v" "/var/lib/crater-agent-workspace/builds/worker-12/target:/opt/rustwide/target:rw,Z" "-v" "/var/lib/crater-agent-workspace/builds/worker-12/source:/opt/rustwide/workdir:ro,Z" "-v" "/var/lib/crater-agent-workspace/cargo-home:/opt/rustwide/cargo-home:ro,Z" "-v" "/var/lib/crater-agent-workspace/rustup-home:/opt/rustwide/rustup-home:ro,Z" "-e" "SOURCE_DIR=/opt/rustwide/workdir" "-e" "CARGO_TARGET_DIR=/opt/rustwide/target" "-e" "CARGO_INCREMENTAL=0" "-e" "RUST_BACKTRACE=full" "-e" "RUSTFLAGS=--cap-lints=warn" "-e" "CARGO_HOME=/opt/rustwide/cargo-home" "-e" "RUSTUP_HOME=/opt/rustwide/rustup-home" "-w" "/opt/rustwide/workdir" "-m" "1610612736" "--user" "0:0" "--network" "none" "ghcr.io/rust-lang/crates-build-env/linux@sha256:34b6a614d2c27851fe6cbf88fbd1137609cefab8b10d0615aaeb6fd47975d74e" "/opt/rustwide/cargo-home/bin/cargo" "+beta-2021-08-01" "test" "--frozen" "--no-run" "--message-format=json", kill_on_drop: false }`
[INFO] [stdout] 6a8b07555041922abaeafa1f75ee154d57abd5fb7a177d4a33db7ac8c9b91b4c
[INFO] running `Command { std: "docker" "start" "-a" "6a8b07555041922abaeafa1f75ee154d57abd5fb7a177d4a33db7ac8c9b91b4c", kill_on_drop: false }`
[INFO] [stderr]    Compiling rustache v0.1.0 (/opt/rustwide/workdir)
[INFO] [stdout] warning: trait objects without an explicit `dyn` are deprecated
[INFO] [stdout]   --> src/lib.rs:44:28
[INFO] [stdout]    |
[INFO] [stdout] 44 |     Lambda(RefCell<&'a mut FnMut(String) -> String>),
[INFO] [stdout]    |                            ^^^^^^^^^^^^^^^^^^^^^^^ help: use `dyn`: `dyn FnMut(String) -> String`
[INFO] [stdout]    |
[INFO] [stdout]    = note: `#[warn(bare_trait_objects)]` on by default
[INFO] [stdout]    = warning: this is accepted in the current edition (Rust 2015) but is a hard error in Rust 2021!
[INFO] [stdout]    = note: for more information, see issue #80165 <https://github.com/rust-lang/rust/issues/80165>
[INFO] [stdout] 
[INFO] [stdout] 
[INFO] [stdout] warning: trait objects without an explicit `dyn` are deprecated
[INFO] [stdout]   --> src/lib.rs:89:23
[INFO] [stdout]    |
[INFO] [stdout] 89 | impl<'a> From<&'a mut FnMut(String) -> String> for Data<'a> {
[INFO] [stdout]    |                       ^^^^^^^^^^^^^^^^^^^^^^^ help: use `dyn`: `dyn FnMut(String) -> String`
[INFO] [stdout]    |
[INFO] [stdout]    = warning: this is accepted in the current edition (Rust 2015) but is a hard error in Rust 2021!
[INFO] [stdout]    = note: for more information, see issue #80165 <https://github.com/rust-lang/rust/issues/80165>
[INFO] [stdout] 
[INFO] [stdout] 
[INFO] [stdout] warning: trait objects without an explicit `dyn` are deprecated
[INFO] [stdout]   --> src/lib.rs:90:24
[INFO] [stdout]    |
[INFO] [stdout] 90 |     fn from(v: &'a mut FnMut(String) -> String) -> Data<'a> {
[INFO] [stdout]    |                        ^^^^^^^^^^^^^^^^^^^^^^^ help: use `dyn`: `dyn FnMut(String) -> String`
[INFO] [stdout]    |
[INFO] [stdout]    = warning: this is accepted in the current edition (Rust 2015) but is a hard error in Rust 2021!
[INFO] [stdout]    = note: for more information, see issue #80165 <https://github.com/rust-lang/rust/issues/80165>
[INFO] [stdout] 
[INFO] [stdout] 
[INFO] [stdout] warning: trait objects without an explicit `dyn` are deprecated
[INFO] [stdout]   --> src/rustache.rs:39:17
[INFO] [stdout]    |
[INFO] [stdout] 39 | impl Render for ToString {
[INFO] [stdout]    |                 ^^^^^^^^ help: use `dyn`: `dyn ToString`
[INFO] [stdout]    |
[INFO] [stdout]    = warning: this is accepted in the current edition (Rust 2015) but is a hard error in Rust 2021!
[INFO] [stdout]    = note: for more information, see issue #80165 <https://github.com/rust-lang/rust/issues/80165>
[INFO] [stdout] 
[INFO] [stdout] 
[INFO] [stdout] warning: trait objects without an explicit `dyn` are deprecated
[INFO] [stdout]   --> src/build.rs:74:50
[INFO] [stdout]    |
[INFO] [stdout] 74 | ...                   f: &'a mut FnMut(String) -> String)
[INFO] [stdout]    |                                  ^^^^^^^^^^^^^^^^^^^^^^^ help: use `dyn`: `dyn FnMut(String) -> String`
[INFO] [stdout]    |
[INFO] [stdout]    = warning: this is accepted in the current edition (Rust 2015) but is a hard error in Rust 2021!
[INFO] [stdout]    = note: for more information, see issue #80165 <https://github.com/rust-lang/rust/issues/80165>
[INFO] [stdout] 
[INFO] [stdout] 
[INFO] [stdout] warning: trait objects without an explicit `dyn` are deprecated
[INFO] [stdout]    --> src/build.rs:154:41
[INFO] [stdout]     |
[INFO] [stdout] 154 |     pub fn push_lambda(self, f: &'a mut FnMut(String) -> String) -> VecBuilder<'a> {
[INFO] [stdout]     |                                         ^^^^^^^^^^^^^^^^^^^^^^^ help: use `dyn`: `dyn FnMut(String) -> String`
[INFO] [stdout]     |
[INFO] [stdout]     = warning: this is accepted in the current edition (Rust 2015) but is a hard error in Rust 2021!
[INFO] [stdout]     = note: for more information, see issue #80165 <https://github.com/rust-lang/rust/issues/80165>
[INFO] [stdout] 
[INFO] [stdout] 
[INFO] [stdout] warning: trait objects without an explicit `dyn` are deprecated
[INFO] [stdout]    --> src/template.rs:159:64
[INFO] [stdout]     |
[INFO] [stdout] 159 | ...                   f: &mut FnMut(String) -> String,
[INFO] [stdout]     |                               ^^^^^^^^^^^^^^^^^^^^^^^ help: use `dyn`: `dyn FnMut(String) -> String`
[INFO] [stdout]     |
[INFO] [stdout]     = warning: this is accepted in the current edition (Rust 2015) but is a hard error in Rust 2021!
[INFO] [stdout]     = note: for more information, see issue #80165 <https://github.com/rust-lang/rust/issues/80165>
[INFO] [stdout] 
[INFO] [stdout] 
[INFO] [stdout] warning: trait objects without an explicit `dyn` are deprecated
[INFO] [stdout]    --> src/template.rs:172:62
[INFO] [stdout]     |
[INFO] [stdout] 172 | ...                   f: &mut FnMut(String) -> String,
[INFO] [stdout]     |                               ^^^^^^^^^^^^^^^^^^^^^^^ help: use `dyn`: `dyn FnMut(String) -> String`
[INFO] [stdout]     |
[INFO] [stdout]     = warning: this is accepted in the current edition (Rust 2015) but is a hard error in Rust 2021!
[INFO] [stdout]     = note: for more information, see issue #80165 <https://github.com/rust-lang/rust/issues/80165>
[INFO] [stdout] 
[INFO] [stdout] 
[INFO] [stdout] warning: use of deprecated macro `try`: use the `?` operator instead
[INFO] [stdout]    --> src/template.rs:236:21
[INFO] [stdout]     |
[INFO] [stdout] 236 |                     try!(self.handle_unescaped_or_value_node(node,
[INFO] [stdout]     |                     ^^^
[INFO] [stdout]     |
[INFO] [stdout]     = note: `#[warn(deprecated)]` on by default
[INFO] [stdout] 
[INFO] [stdout] 
[INFO] [stdout] warning: use of deprecated macro `try`: use the `?` operator instead
[INFO] [stdout]    --> src/template.rs:247:21
[INFO] [stdout]     |
[INFO] [stdout] 247 |                     try!(self.handle_unescaped_or_value_node(node,
[INFO] [stdout]     |                     ^^^
[INFO] [stdout] 
[INFO] [stdout] 
[INFO] [stdout] warning: use of deprecated macro `try`: use the `?` operator instead
[INFO] [stdout]    --> src/template.rs:607:13
[INFO] [stdout]     |
[INFO] [stdout] 607 |             try!(self.handle_node(node, data, writer));
[INFO] [stdout]     |             ^^^
[INFO] [stdout] 
[INFO] [stdout] 
[INFO] [stdout] warning: 11 warnings emitted
[INFO] [stdout] 
[INFO] [stdout] 
[INFO] [stdout] warning: trait objects without an explicit `dyn` are deprecated
[INFO] [stdout]   --> src/lib.rs:44:28
[INFO] [stdout]    |
[INFO] [stdout] 44 |     Lambda(RefCell<&'a mut FnMut(String) -> String>),
[INFO] [stdout]    |                            ^^^^^^^^^^^^^^^^^^^^^^^ help: use `dyn`: `dyn FnMut(String) -> String`
[INFO] [stdout]    |
[INFO] [stdout]    = note: `#[warn(bare_trait_objects)]` on by default
[INFO] [stdout]    = warning: this is accepted in the current edition (Rust 2015) but is a hard error in Rust 2021!
[INFO] [stdout]    = note: for more information, see issue #80165 <https://github.com/rust-lang/rust/issues/80165>
[INFO] [stdout] 
[INFO] [stdout] 
[INFO] [stdout] warning: trait objects without an explicit `dyn` are deprecated
[INFO] [stdout]   --> src/lib.rs:89:23
[INFO] [stdout]    |
[INFO] [stdout] 89 | impl<'a> From<&'a mut FnMut(String) -> String> for Data<'a> {
[INFO] [stdout]    |                       ^^^^^^^^^^^^^^^^^^^^^^^ help: use `dyn`: `dyn FnMut(String) -> String`
[INFO] [stdout]    |
[INFO] [stdout]    = warning: this is accepted in the current edition (Rust 2015) but is a hard error in Rust 2021!
[INFO] [stdout]    = note: for more information, see issue #80165 <https://github.com/rust-lang/rust/issues/80165>
[INFO] [stdout] 
[INFO] [stdout] 
[INFO] [stdout] warning: trait objects without an explicit `dyn` are deprecated
[INFO] [stdout]   --> src/lib.rs:90:24
[INFO] [stdout]    |
[INFO] [stdout] 90 |     fn from(v: &'a mut FnMut(String) -> String) -> Data<'a> {
[INFO] [stdout]    |                        ^^^^^^^^^^^^^^^^^^^^^^^ help: use `dyn`: `dyn FnMut(String) -> String`
[INFO] [stdout]    |
[INFO] [stdout]    = warning: this is accepted in the current edition (Rust 2015) but is a hard error in Rust 2021!
[INFO] [stdout]    = note: for more information, see issue #80165 <https://github.com/rust-lang/rust/issues/80165>
[INFO] [stdout] 
[INFO] [stdout] 
[INFO] [stdout] warning: trait objects without an explicit `dyn` are deprecated
[INFO] [stdout]   --> src/rustache.rs:39:17
[INFO] [stdout]    |
[INFO] [stdout] 39 | impl Render for ToString {
[INFO] [stdout]    |                 ^^^^^^^^ help: use `dyn`: `dyn ToString`
[INFO] [stdout]    |
[INFO] [stdout]    = warning: this is accepted in the current edition (Rust 2015) but is a hard error in Rust 2021!
[INFO] [stdout]    = note: for more information, see issue #80165 <https://github.com/rust-lang/rust/issues/80165>
[INFO] [stdout] 
[INFO] [stdout] 
[INFO] [stdout] warning: trait objects without an explicit `dyn` are deprecated
[INFO] [stdout]   --> src/build.rs:74:50
[INFO] [stdout]    |
[INFO] [stdout] 74 | ...                   f: &'a mut FnMut(String) -> String)
[INFO] [stdout]    |                                  ^^^^^^^^^^^^^^^^^^^^^^^ help: use `dyn`: `dyn FnMut(String) -> String`
[INFO] [stdout]    |
[INFO] [stdout]    = warning: this is accepted in the current edition (Rust 2015) but is a hard error in Rust 2021!
[INFO] [stdout]    = note: for more information, see issue #80165 <https://github.com/rust-lang/rust/issues/80165>
[INFO] [stdout] 
[INFO] [stdout] 
[INFO] [stdout] warning: trait objects without an explicit `dyn` are deprecated
[INFO] [stdout]    --> src/build.rs:154:41
[INFO] [stdout]     |
[INFO] [stdout] 154 |     pub fn push_lambda(self, f: &'a mut FnMut(String) -> String) -> VecBuilder<'a> {
[INFO] [stdout]     |                                         ^^^^^^^^^^^^^^^^^^^^^^^ help: use `dyn`: `dyn FnMut(String) -> String`
[INFO] [stdout]     |
[INFO] [stdout]     = warning: this is accepted in the current edition (Rust 2015) but is a hard error in Rust 2021!
[INFO] [stdout]     = note: for more information, see issue #80165 <https://github.com/rust-lang/rust/issues/80165>
[INFO] [stdout] 
[INFO] [stdout] 
[INFO] [stdout] warning: trait objects without an explicit `dyn` are deprecated
[INFO] [stdout]    --> src/template.rs:159:64
[INFO] [stdout]     |
[INFO] [stdout] 159 | ...                   f: &mut FnMut(String) -> String,
[INFO] [stdout]     |                               ^^^^^^^^^^^^^^^^^^^^^^^ help: use `dyn`: `dyn FnMut(String) -> String`
[INFO] [stdout]     |
[INFO] [stdout]     = warning: this is accepted in the current edition (Rust 2015) but is a hard error in Rust 2021!
[INFO] [stdout]     = note: for more information, see issue #80165 <https://github.com/rust-lang/rust/issues/80165>
[INFO] [stdout] 
[INFO] [stdout] 
[INFO] [stdout] warning: trait objects without an explicit `dyn` are deprecated
[INFO] [stdout]    --> src/template.rs:172:62
[INFO] [stdout]     |
[INFO] [stdout] 172 | ...                   f: &mut FnMut(String) -> String,
[INFO] [stdout]     |                               ^^^^^^^^^^^^^^^^^^^^^^^ help: use `dyn`: `dyn FnMut(String) -> String`
[INFO] [stdout]     |
[INFO] [stdout]     = warning: this is accepted in the current edition (Rust 2015) but is a hard error in Rust 2021!
[INFO] [stdout]     = note: for more information, see issue #80165 <https://github.com/rust-lang/rust/issues/80165>
[INFO] [stdout] 
[INFO] [stdout] 
[INFO] [stdout] warning: use of deprecated macro `try`: use the `?` operator instead
[INFO] [stdout]    --> src/template.rs:236:21
[INFO] [stdout]     |
[INFO] [stdout] 236 |                     try!(self.handle_unescaped_or_value_node(node,
[INFO] [stdout]     |                     ^^^
[INFO] [stdout]     |
[INFO] [stdout]     = note: `#[warn(deprecated)]` on by default
[INFO] [stdout] 
[INFO] [stdout] 
[INFO] [stdout] warning: use of deprecated macro `try`: use the `?` operator instead
[INFO] [stdout]    --> src/template.rs:247:21
[INFO] [stdout]     |
[INFO] [stdout] 247 |                     try!(self.handle_unescaped_or_value_node(node,
[INFO] [stdout]     |                     ^^^
[INFO] [stdout] 
[INFO] [stdout] 
[INFO] [stdout] warning: use of deprecated macro `try`: use the `?` operator instead
[INFO] [stdout]    --> src/template.rs:607:13
[INFO] [stdout]     |
[INFO] [stdout] 607 |             try!(self.handle_node(node, data, writer));
[INFO] [stdout]     |             ^^^
[INFO] [stdout] 
[INFO] [stdout] 
[INFO] [stdout] warning: 11 warnings emitted
[INFO] [stdout] 
[INFO] [stdout] 
[INFO] [stderr]     Finished test [unoptimized + debuginfo] target(s) in 2.83s
[INFO] running `Command { std: "docker" "inspect" "6a8b07555041922abaeafa1f75ee154d57abd5fb7a177d4a33db7ac8c9b91b4c", kill_on_drop: false }`
[INFO] running `Command { std: "docker" "rm" "-f" "6a8b07555041922abaeafa1f75ee154d57abd5fb7a177d4a33db7ac8c9b91b4c", kill_on_drop: false }`
[INFO] [stdout] 6a8b07555041922abaeafa1f75ee154d57abd5fb7a177d4a33db7ac8c9b91b4c
[INFO] running `Command { std: "docker" "create" "-v" "/var/lib/crater-agent-workspace/builds/worker-12/target:/opt/rustwide/target:rw,Z" "-v" "/var/lib/crater-agent-workspace/builds/worker-12/source:/opt/rustwide/workdir:ro,Z" "-v" "/var/lib/crater-agent-workspace/cargo-home:/opt/rustwide/cargo-home:ro,Z" "-v" "/var/lib/crater-agent-workspace/rustup-home:/opt/rustwide/rustup-home:ro,Z" "-e" "SOURCE_DIR=/opt/rustwide/workdir" "-e" "CARGO_TARGET_DIR=/opt/rustwide/target" "-e" "CARGO_INCREMENTAL=0" "-e" "RUST_BACKTRACE=full" "-e" "RUSTFLAGS=--cap-lints=warn" "-e" "CARGO_HOME=/opt/rustwide/cargo-home" "-e" "RUSTUP_HOME=/opt/rustwide/rustup-home" "-w" "/opt/rustwide/workdir" "-m" "1610612736" "--user" "0:0" "--network" "none" "ghcr.io/rust-lang/crates-build-env/linux@sha256:34b6a614d2c27851fe6cbf88fbd1137609cefab8b10d0615aaeb6fd47975d74e" "/opt/rustwide/cargo-home/bin/cargo" "+beta-2021-08-01" "test" "--frozen", kill_on_drop: false }`
[INFO] [stdout] f9c17307fc86fd33ee675d02869612a9f2038a0c93d8b99309b60a8767472f5f
[INFO] running `Command { std: "docker" "start" "-a" "f9c17307fc86fd33ee675d02869612a9f2038a0c93d8b99309b60a8767472f5f", kill_on_drop: false }`
[INFO] [stdout] 
[INFO] [stderr] warning: trait objects without an explicit `dyn` are deprecated
[INFO] [stdout] running 55 tests
[INFO] [stderr]   --> src/lib.rs:44:28
[INFO] [stderr]    |
[INFO] [stderr] 44 |     Lambda(RefCell<&'a mut FnMut(String) -> String>),
[INFO] [stderr]    |                            ^^^^^^^^^^^^^^^^^^^^^^^ help: use `dyn`: `dyn FnMut(String) -> String`
[INFO] [stderr]    |
[INFO] [stderr]    = note: `#[warn(bare_trait_objects)]` on by default
[INFO] [stderr]    = warning: this is accepted in the current edition (Rust 2015) but is a hard error in Rust 2021!
[INFO] [stderr]    = note: for more information, see issue #80165 <https://github.com/rust-lang/rust/issues/80165>
[INFO] [stderr] 
[INFO] [stderr] warning: trait objects without an explicit `dyn` are deprecated
[INFO] [stderr]   --> src/lib.rs:89:23
[INFO] [stderr]    |
[INFO] [stderr] 89 | impl<'a> From<&'a mut FnMut(String) -> String> for Data<'a> {
[INFO] [stderr]    |                       ^^^^^^^^^^^^^^^^^^^^^^^ help: use `dyn`: `dyn FnMut(String) -> String`
[INFO] [stderr]    |
[INFO] [stderr]    = warning: this is accepted in the current edition (Rust 2015) but is a hard error in Rust 2021!
[INFO] [stderr]    = note: for more information, see issue #80165 <https://github.com/rust-lang/rust/issues/80165>
[INFO] [stderr] 
[INFO] [stderr] warning: trait objects without an explicit `dyn` are deprecated
[INFO] [stderr]   --> src/lib.rs:90:24
[INFO] [stderr]    |
[INFO] [stderr] 90 |     fn from(v: &'a mut FnMut(String) -> String) -> Data<'a> {
[INFO] [stderr]    |                        ^^^^^^^^^^^^^^^^^^^^^^^ help: use `dyn`: `dyn FnMut(String) -> String`
[INFO] [stderr]    |
[INFO] [stderr]    = warning: this is accepted in the current edition (Rust 2015) but is a hard error in Rust 2021!
[INFO] [stderr]    = note: for more information, see issue #80165 <https://github.com/rust-lang/rust/issues/80165>
[INFO] [stderr] 
[INFO] [stderr] warning: trait objects without an explicit `dyn` are deprecated
[INFO] [stderr]   --> src/rustache.rs:39:17
[INFO] [stderr]    |
[INFO] [stderr] 39 | impl Render for ToString {
[INFO] [stderr]    |                 ^^^^^^^^ help: use `dyn`: `dyn ToString`
[INFO] [stderr]    |
[INFO] [stderr]    = warning: this is accepted in the current edition (Rust 2015) but is a hard error in Rust 2021!
[INFO] [stderr]    = note: for more information, see issue #80165 <https://github.com/rust-lang/rust/issues/80165>
[INFO] [stderr] 
[INFO] [stderr] warning: trait objects without an explicit `dyn` are deprecated
[INFO] [stderr]   --> src/build.rs:74:50
[INFO] [stderr]    |
[INFO] [stderr] 74 | ...                   f: &'a mut FnMut(String) -> String)
[INFO] [stderr]    |                                  ^^^^^^^^^^^^^^^^^^^^^^^ help: use `dyn`: `dyn FnMut(String) -> String`
[INFO] [stderr]    |
[INFO] [stderr]    = warning: this is accepted in the current edition (Rust 2015) but is a hard error in Rust 2021!
[INFO] [stderr]    = note: for more information, see issue #80165 <https://github.com/rust-lang/rust/issues/80165>
[INFO] [stderr] 
[INFO] [stderr] warning: trait objects without an explicit `dyn` are deprecated
[INFO] [stderr]    --> src/build.rs:154:41
[INFO] [stderr]     |
[INFO] [stderr] 154 |     pub fn push_lambda(self, f: &'a mut FnMut(String) -> String) -> VecBuilder<'a> {
[INFO] [stderr]     |                                         ^^^^^^^^^^^^^^^^^^^^^^^ help: use `dyn`: `dyn FnMut(String) -> String`
[INFO] [stderr]     |
[INFO] [stderr]     = warning: this is accepted in the current edition (Rust 2015) but is a hard error in Rust 2021!
[INFO] [stderr]     = note: for more information, see issue #80165 <https://github.com/rust-lang/rust/issues/80165>
[INFO] [stderr] 
[INFO] [stderr] warning: trait objects without an explicit `dyn` are deprecated
[INFO] [stderr]    --> src/template.rs:159:64
[INFO] [stderr]     |
[INFO] [stderr] 159 | ...                   f: &mut FnMut(String) -> String,
[INFO] [stderr]     |                               ^^^^^^^^^^^^^^^^^^^^^^^ help: use `dyn`: `dyn FnMut(String) -> String`
[INFO] [stderr]     |
[INFO] [stderr]     = warning: this is accepted in the current edition (Rust 2015) but is a hard error in Rust 2021!
[INFO] [stderr]     = note: for more information, see issue #80165 <https://github.com/rust-lang/rust/issues/80165>
[INFO] [stderr] 
[INFO] [stderr] warning: trait objects without an explicit `dyn` are deprecated
[INFO] [stderr]    --> src/template.rs:172:62
[INFO] [stderr]     |
[INFO] [stderr] 172 | ...                   f: &mut FnMut(String) -> String,
[INFO] [stderr]     |                               ^^^^^^^^^^^^^^^^^^^^^^^ help: use `dyn`: `dyn FnMut(String) -> String`
[INFO] [stderr]     |
[INFO] [stderr]     = warning: this is accepted in the current edition (Rust 2015) but is a hard error in Rust 2021!
[INFO] [stderr]     = note: for more information, see issue #80165 <https://github.com/rust-lang/rust/issues/80165>
[INFO] [stderr] 
[INFO] [stderr] warning: use of deprecated macro `try`: use the `?` operator instead
[INFO] [stderr]    --> src/template.rs:236:21
[INFO] [stderr]     |
[INFO] [stderr] 236 |                     try!(self.handle_unescaped_or_value_node(node,
[INFO] [stderr]     |                     ^^^
[INFO] [stderr]     |
[INFO] [stderr]     = note: `#[warn(deprecated)]` on by default
[INFO] [stderr] 
[INFO] [stderr] warning: use of deprecated macro `try`: use the `?` operator instead
[INFO] [stderr]    --> src/template.rs:247:21
[INFO] [stderr]     |
[INFO] [stderr] 247 |                     try!(self.handle_unescaped_or_value_node(node,
[INFO] [stderr]     |                     ^^^
[INFO] [stderr] 
[INFO] [stderr] warning: use of deprecated macro `try`: use the `?` operator instead
[INFO] [stderr]    --> src/template.rs:607:13
[INFO] [stderr]     |
[INFO] [stderr] 607 |             try!(self.handle_node(node, data, writer));
[INFO] [stderr]     |             ^^^
[INFO] [stderr] 
[INFO] [stderr] warning: `rustache` (lib) generated 11 warnings
[INFO] [stderr] warning: `rustache` (lib test) generated 11 warnings (11 duplicates)
[INFO] [stderr]     Finished test [unoptimized + debuginfo] target(s) in 0.01s
[INFO] [stderr]      Running unittests (/opt/rustwide/target/debug/deps/rustache-fb1e7ef42ad2e328)
[INFO] [stdout] test build::tests::test_builders ... ok
[INFO] [stdout] test build::tests::test_set_partials_path ... ok
[INFO] [stdout] test build::tests::test_new_builders ... ok
[INFO] [stdout] test parser::parser_tests::parse_dot_notation_ampersand ... ok
[INFO] [stdout] test parser::parser_tests::parse_nested_dot_notation_ampersand ... ok
[INFO] [stdout] test parser::parser_tests::parse_section ... ok
[INFO] [stdout] test parser::parser_tests::parse_static ... ok
[INFO] [stdout] test parser::parser_tests::parse_unescaped ... ok
[INFO] [stdout] test parser::parser_tests::parse_value ... ok
[INFO] [stdout] test parser::parser_tests::parse_nested_dot_notation_basic ... ok
[INFO] [stdout] test parser::parser_tests::parse_all ... ok
[INFO] [stdout] test parser::parser_tests::parse_partial ... ok
[INFO] [stdout] test parser::parser_tests::parse_nested_dot_notation_triple_mustache ... ok
[INFO] [stdout] test build::tests::test_vec_lambda_builder ... ok
[INFO] [stdout] test parser::parser_tests::parse_dot_notation_simple ... ok
[INFO] [stdout] test parser::parser_tests::parse_dot_notation_triple_mustache ... ok
[INFO] [stdout] test compiler::compiler_tests::test_missing_close_on_partial ... ok
[INFO] [stdout] test compiler::compiler_tests::test_all_directives ... ok
[INFO] [stdout] test template::template_tests::test_look_up_section_data_also ... ok
[INFO] [stdout] test template::template_tests::test_look_up_section_data ... ok
[INFO] [stdout] test template::template_tests::test_section_value_string_data ... ok
[INFO] [stdout] test parser::parser_tests::parse_inverted ... ok
[INFO] [stdout] test compiler::compiler_tests::test_working_partial ... ok
[INFO] [stdout] test compiler::compiler_tests::test_working_unescape ... ok
[INFO] [stdout] test template::template_tests::test_section_multiple_value_string_data ... ok
[INFO] [stdout] test template::template_tests::test_escape_html ... ok
[INFO] [stdout] test template::template_tests::test_not_escape_html ... ok
[INFO] [stdout] test template::template_tests::test_render_to_io_stream ... ok
[INFO] [stdout] test template::template_tests::test_unescaped_node_correct_bool_false_data ... ok
[INFO] [stdout] test compiler::compiler_tests::test_bad_opens ... ok
[INFO] [stdout] test compiler::compiler_tests::test_missing_close_on_comment ... ok
[INFO] [stdout] test compiler::compiler_tests::test_single_brace_close ... ok
[INFO] [stdout] test template::template_tests::test_value_node_correct_true_bool_data ... ok
[INFO] [stdout] test template::template_tests::test_value_node_correct_false_bool_data ... ok
[INFO] [stdout] test template::template_tests::test_unescaped_node_correct_bool_true_data ... ok
[INFO] [stdout] test compiler::compiler_tests::test_working_section ... ok
[INFO] [stdout] test template::template_tests::test_partial_node_correct_data_with_extra ... ok
[INFO] [stdout] test compiler::compiler_tests::test_missing_close_on_section_close ... ok
[INFO] [stdout] test compiler::compiler_tests::test_one_char ... ok
[INFO] [stdout] test compiler::compiler_tests::test_extending_text_across_newlines ... ok
[INFO] [stdout] test template::template_tests::test_unescaped_node_lambda_data ... ok
[INFO] [stdout] test compiler::compiler_tests::test_single_brace_open ... ok
[INFO] [stdout] test compiler::compiler_tests::test_embedded_comment ... ok
[INFO] [stdout] test compiler::compiler_tests::test_missing_close_on_unescaped ... ok
[INFO] [stdout] test compiler::compiler_tests::test_working_comment ... ok
[INFO] [stdout] test compiler::compiler_tests::test_missing_close_on_value ... ok
[INFO] [stdout] test compiler::compiler_tests::test_missing_close_on_inverted_section_close ... ok
[INFO] [stdout] test template::template_tests::test_value_node_lambda_data ... ok
[INFO] [stdout] test template::template_tests::test_spec_lambda_not_cached_on_interpolation ... ok
[INFO] [stdout] test compiler::compiler_tests::test_extended_dot_notation ... ok
[INFO] [stdout] test template::template_tests::test_section_tag_iteration ... ok
[INFO] [stdout] test compiler::compiler_tests::basic_compiler_test ... ok
[INFO] [stdout] test compiler::compiler_tests::test_missing_close_on_partial_plus_unescaped ... ok
[INFO] [stdout] test template::template_tests::test_partial_node_correct_data ... ok
[INFO] [stderr] error: test failed, to rerun pass '--lib'
[INFO] [stdout] test template::template_tests::test_section_node_partial_node_correct_data ... FAILED
[INFO] [stdout] 
[INFO] [stdout] failures:
[INFO] [stdout] 
[INFO] [stdout] ---- template::template_tests::test_section_node_partial_node_correct_data stdout ----
[INFO] [stdout] thread 'template::template_tests::test_section_node_partial_node_correct_data' panicked at 'called `Result::unwrap()` on an `Err` value: Os { code: 30, kind: ReadOnlyFilesystem, message: "Read-only file system" }', src/template.rs:1058:85
[INFO] [stdout] stack backtrace:
[INFO] [stdout]    0:     0x55bf298f7890 - std::backtrace_rs::backtrace::libunwind::trace::hff4d1766e93f64f1
[INFO] [stdout]                                at /rustc/53fd98ca776cb875bc9e5514f56b52eb74f9e7a9/library/std/src/../../backtrace/src/backtrace/libunwind.rs:90:5
[INFO] [stdout]    1:     0x55bf298f7890 - std::backtrace_rs::backtrace::trace_unsynchronized::h56bbc8eb78770bcb
[INFO] [stdout]                                at /rustc/53fd98ca776cb875bc9e5514f56b52eb74f9e7a9/library/std/src/../../backtrace/src/backtrace/mod.rs:66:5
[INFO] [stdout]    2:     0x55bf298f7890 - std::sys_common::backtrace::_print_fmt::h5c8e75464faca780
[INFO] [stdout]                                at /rustc/53fd98ca776cb875bc9e5514f56b52eb74f9e7a9/library/std/src/sys_common/backtrace.rs:67:5
[INFO] [stdout]    3:     0x55bf298f7890 - <std::sys_common::backtrace::_print::DisplayBacktrace as core::fmt::Display>::fmt::h48b88277def8b362
[INFO] [stdout]                                at /rustc/53fd98ca776cb875bc9e5514f56b52eb74f9e7a9/library/std/src/sys_common/backtrace.rs:46:22
[INFO] [stdout]    4:     0x55bf2991a4ac - core::fmt::write::h3381b3176fe2b3d3
[INFO] [stdout]                                at /rustc/53fd98ca776cb875bc9e5514f56b52eb74f9e7a9/library/core/src/fmt/mod.rs:1115:17
[INFO] [stdout]    5:     0x55bf298f46a5 - std::io::Write::write_fmt::h5f34a676f60246b5
[INFO] [stdout]                                at /rustc/53fd98ca776cb875bc9e5514f56b52eb74f9e7a9/library/std/src/io/mod.rs:1665:15
[INFO] [stdout]    6:     0x55bf298f9a0b - std::sys_common::backtrace::_print::ha537687d6c17dd0d
[INFO] [stdout]                                at /rustc/53fd98ca776cb875bc9e5514f56b52eb74f9e7a9/library/std/src/sys_common/backtrace.rs:49:5
[INFO] [stdout]    7:     0x55bf298f9a0b - std::sys_common::backtrace::print::h61376ae57d131d72
[INFO] [stdout]                                at /rustc/53fd98ca776cb875bc9e5514f56b52eb74f9e7a9/library/std/src/sys_common/backtrace.rs:36:9
[INFO] [stdout]    8:     0x55bf298f9a0b - std::panicking::default_hook::{{closure}}::h0f7208c0b9644a54
[INFO] [stdout]                                at /rustc/53fd98ca776cb875bc9e5514f56b52eb74f9e7a9/library/std/src/panicking.rs:208:50
[INFO] [stdout]    9:     0x55bf298f951c - std::panicking::default_hook::hdac7fc06578c14ce
[INFO] [stdout]                                at /rustc/53fd98ca776cb875bc9e5514f56b52eb74f9e7a9/library/std/src/panicking.rs:222:9
[INFO] [stdout]   10:     0x55bf298fa0d4 - std::panicking::rust_panic_with_hook::h72b21c283da3d1ef
[INFO] [stdout]                                at /rustc/53fd98ca776cb875bc9e5514f56b52eb74f9e7a9/library/std/src/panicking.rs:622:17
[INFO] [stdout]   11:     0x55bf298f9bb7 - std::panicking::begin_panic_handler::{{closure}}::he5778f1729cff84a
[INFO] [stdout]                                at /rustc/53fd98ca776cb875bc9e5514f56b52eb74f9e7a9/library/std/src/panicking.rs:519:13
[INFO] [stdout]   12:     0x55bf298f7d6c - std::sys_common::backtrace::__rust_end_short_backtrace::h2d11ca8b453b4b1d
[INFO] [stdout]                                at /rustc/53fd98ca776cb875bc9e5514f56b52eb74f9e7a9/library/std/src/sys_common/backtrace.rs:141:18
[INFO] [stdout]   13:     0x55bf298f9b19 - rust_begin_unwind
[INFO] [stdout]                                at /rustc/53fd98ca776cb875bc9e5514f56b52eb74f9e7a9/library/std/src/panicking.rs:515:5
[INFO] [stdout]   14:     0x55bf297734b1 - core::panicking::panic_fmt::hf9de31d4acbce4db
[INFO] [stdout]                                at /rustc/53fd98ca776cb875bc9e5514f56b52eb74f9e7a9/library/core/src/panicking.rs:92:14
[INFO] [stdout]   15:     0x55bf297735a3 - core::result::unwrap_failed::ha0c84e81219e5878
[INFO] [stdout]                                at /rustc/53fd98ca776cb875bc9e5514f56b52eb74f9e7a9/library/core/src/result.rs:1599:5
[INFO] [stdout]   16:     0x55bf2977d1ae - core::result::Result<T,E>::unwrap::h00ff1dc9a4a48e6b
[INFO] [stdout]                                at /rustc/53fd98ca776cb875bc9e5514f56b52eb74f9e7a9/library/core/src/result.rs:1281:23
[INFO] [stdout]   17:     0x55bf2979a64a - rustache::template::template_tests::test_section_node_partial_node_correct_data::hd92910a1d3416ff9
[INFO] [stdout]                                at /opt/rustwide/workdir/src/template.rs:1058:21
[INFO] [stdout]   18:     0x55bf2979a17a - rustache::template::template_tests::test_section_node_partial_node_correct_data::{{closure}}::h24a7f57b83605c9e
[INFO] [stdout]                                at /opt/rustwide/workdir/src/template.rs:1030:5
[INFO] [stdout]   19:     0x55bf29782b6e - core::ops::function::FnOnce::call_once::h328c1e550614b3df
[INFO] [stdout]                                at /rustc/53fd98ca776cb875bc9e5514f56b52eb74f9e7a9/library/core/src/ops/function.rs:227:5
[INFO] [stdout]   20:     0x55bf297dd7f3 - core::ops::function::FnOnce::call_once::hbb52c4519d3137b0
[INFO] [stdout]                                at /rustc/53fd98ca776cb875bc9e5514f56b52eb74f9e7a9/library/core/src/ops/function.rs:227:5
[INFO] [stdout]   21:     0x55bf297dd7f3 - test::__rust_begin_short_backtrace::h86fe3a2a5a5121af
[INFO] [stdout]                                at /rustc/53fd98ca776cb875bc9e5514f56b52eb74f9e7a9/library/test/src/lib.rs:578:5
[INFO] [stdout]   22:     0x55bf297dc2a8 - <alloc::boxed::Box<F,A> as core::ops::function::FnOnce<Args>>::call_once::hfd956bc3d57399be
[INFO] [stdout]                                at /rustc/53fd98ca776cb875bc9e5514f56b52eb74f9e7a9/library/alloc/src/boxed.rs:1572:9
[INFO] [stdout]   23:     0x55bf297dc2a8 - <std::panic::AssertUnwindSafe<F> as core::ops::function::FnOnce<()>>::call_once::h40dc93e0ddb5938a
[INFO] [stdout]                                at /rustc/53fd98ca776cb875bc9e5514f56b52eb74f9e7a9/library/std/src/panic.rs:347:9
[INFO] [stdout]   24:     0x55bf297dc2a8 - std::panicking::try::do_call::h90d07750cb47c562
[INFO] [stdout]                                at /rustc/53fd98ca776cb875bc9e5514f56b52eb74f9e7a9/library/std/src/panicking.rs:401:40
[INFO] [stdout]   25:     0x55bf297dc2a8 - std::panicking::try::h063c84733ad2a629
[INFO] [stdout]                                at /rustc/53fd98ca776cb875bc9e5514f56b52eb74f9e7a9/library/std/src/panicking.rs:365:19
[INFO] [stdout]   26:     0x55bf297dc2a8 - std::panic::catch_unwind::h0c464836a84e7c08
[INFO] [stdout]                                at /rustc/53fd98ca776cb875bc9e5514f56b52eb74f9e7a9/library/std/src/panic.rs:434:14
[INFO] [stdout]   27:     0x55bf297dc2a8 - test::run_test_in_process::h5cb06ef620b157fc
[INFO] [stdout]                                at /rustc/53fd98ca776cb875bc9e5514f56b52eb74f9e7a9/library/test/src/lib.rs:601:18
[INFO] [stdout]   28:     0x55bf297dc2a8 - test::run_test::run_test_inner::{{closure}}::h76f677f4b93f9828
[INFO] [stdout]                                at /rustc/53fd98ca776cb875bc9e5514f56b52eb74f9e7a9/library/test/src/lib.rs:493:39
[INFO] [stdout]   29:     0x55bf297aaa3d - test::run_test::run_test_inner::{{closure}}::h366d01fe04f4d67a
[INFO] [stdout]                                at /rustc/53fd98ca776cb875bc9e5514f56b52eb74f9e7a9/library/test/src/lib.rs:520:37
[INFO] [stdout]   30:     0x55bf297aaa3d - std::sys_common::backtrace::__rust_begin_short_backtrace::h7dfa0de4eb395af2
[INFO] [stdout]                                at /rustc/53fd98ca776cb875bc9e5514f56b52eb74f9e7a9/library/std/src/sys_common/backtrace.rs:125:18
[INFO] [stdout]   31:     0x55bf297af208 - std::thread::Builder::spawn_unchecked::{{closure}}::{{closure}}::hf0a74bb58798037f
[INFO] [stdout]                                at /rustc/53fd98ca776cb875bc9e5514f56b52eb74f9e7a9/library/std/src/thread/mod.rs:476:17
[INFO] [stdout]   32:     0x55bf297af208 - <std::panic::AssertUnwindSafe<F> as core::ops::function::FnOnce<()>>::call_once::hb024e854818586ac
[INFO] [stdout]                                at /rustc/53fd98ca776cb875bc9e5514f56b52eb74f9e7a9/library/std/src/panic.rs:347:9
[INFO] [stdout]   33:     0x55bf297af208 - std::panicking::try::do_call::hb2dd9f1d0d48e41d
[INFO] [stdout]                                at /rustc/53fd98ca776cb875bc9e5514f56b52eb74f9e7a9/library/std/src/panicking.rs:401:40
[INFO] [stdout]   34:     0x55bf297af208 - std::panicking::try::h4717ae7bac8b2bf3
[INFO] [stdout]                                at /rustc/53fd98ca776cb875bc9e5514f56b52eb74f9e7a9/library/std/src/panicking.rs:365:19
[INFO] [stdout]   35:     0x55bf297af208 - std::panic::catch_unwind::h0dc8a061326ce8d8
[INFO] [stdout]                                at /rustc/53fd98ca776cb875bc9e5514f56b52eb74f9e7a9/library/std/src/panic.rs:434:14
[INFO] [stdout]   36:     0x55bf297af208 - std::thread::Builder::spawn_unchecked::{{closure}}::haa369e2d6fd00aa1
[INFO] [stdout]                                at /rustc/53fd98ca776cb875bc9e5514f56b52eb74f9e7a9/library/std/src/thread/mod.rs:475:30
[INFO] [stdout]   37:     0x55bf297af208 - core::ops::function::FnOnce::call_once{{vtable.shim}}::h36dcf3de8b056f17
[INFO] [stdout]                                at /rustc/53fd98ca776cb875bc9e5514f56b52eb74f9e7a9/library/core/src/ops/function.rs:227:5
[INFO] [stdout]   38:     0x55bf298fec47 - <alloc::boxed::Box<F,A> as core::ops::function::FnOnce<Args>>::call_once::h65c29e4642be2358
[INFO] [stdout]                                at /rustc/53fd98ca776cb875bc9e5514f56b52eb74f9e7a9/library/alloc/src/boxed.rs:1572:9
[INFO] [stdout]   39:     0x55bf298fec47 - <alloc::boxed::Box<F,A> as core::ops::function::FnOnce<Args>>::call_once::hd0f8f7fbbd9fffbf
[INFO] [stdout]                                at /rustc/53fd98ca776cb875bc9e5514f56b52eb74f9e7a9/library/alloc/src/boxed.rs:1572:9
[INFO] [stdout]   40:     0x55bf298fec47 - std::sys::unix::thread::Thread::new::thread_start::h2fd22fee3ca77b65
[INFO] [stdout]                                at /rustc/53fd98ca776cb875bc9e5514f56b52eb74f9e7a9/library/std/src/sys/unix/thread.rs:74:17
[INFO] [stdout]   41:     0x7f62b82b6609 - start_thread
[INFO] [stdout]   42:     0x7f62b8088293 - clone
[INFO] [stdout]   43:                0x0 - <unknown>
[INFO] [stdout] 
[INFO] [stdout] 
[INFO] [stdout] failures:
[INFO] [stdout]     template::template_tests::test_section_node_partial_node_correct_data
[INFO] [stdout] 
[INFO] [stdout] test result: FAILED. 54 passed; 1 failed; 0 ignored; 0 measured; 0 filtered out; finished in 0.43s
[INFO] [stdout] 
[INFO] running `Command { std: "docker" "inspect" "f9c17307fc86fd33ee675d02869612a9f2038a0c93d8b99309b60a8767472f5f", kill_on_drop: false }`
[INFO] running `Command { std: "docker" "rm" "-f" "f9c17307fc86fd33ee675d02869612a9f2038a0c93d8b99309b60a8767472f5f", kill_on_drop: false }`
[INFO] [stdout] f9c17307fc86fd33ee675d02869612a9f2038a0c93d8b99309b60a8767472f5f
