[INFO] fetching crate rust_transit_kafka 0.1.0...
[INFO] testing rust_transit_kafka-0.1.0 against 1.54.0 for beta-1.55-1
[INFO] extracting crate rust_transit_kafka 0.1.0 into /workspace/builds/worker-11/source
[INFO] validating manifest of crates.io crate rust_transit_kafka 0.1.0 on toolchain 1.54.0
[INFO] running `Command { std: "/workspace/cargo-home/bin/cargo" "+1.54.0" "metadata" "--manifest-path" "Cargo.toml" "--no-deps", kill_on_drop: false }`
[INFO] started tweaking crates.io crate rust_transit_kafka 0.1.0
[INFO] finished tweaking crates.io crate rust_transit_kafka 0.1.0
[INFO] tweaked toml for crates.io crate rust_transit_kafka 0.1.0 written to /workspace/builds/worker-11/source/Cargo.toml
[INFO] crate crates.io crate rust_transit_kafka 0.1.0 already has a lockfile, it will not be regenerated
[INFO] running `Command { std: "/workspace/cargo-home/bin/cargo" "+1.54.0" "fetch" "--manifest-path" "Cargo.toml", kill_on_drop: false }`
[INFO] [stderr]     Blocking waiting for file lock on package cache
[INFO] [stderr]     Blocking waiting for file lock on package cache
[INFO] [stderr]  Downloading crates ...
[INFO] [stderr]   Downloaded rdkafka-sys v1.3.1
[INFO] [stderr]   Downloaded rdkafka v0.23.1
[INFO] running `Command { std: "docker" "create" "-v" "/var/lib/crater-agent-workspace/builds/worker-11/target:/opt/rustwide/target:rw,Z" "-v" "/var/lib/crater-agent-workspace/builds/worker-11/source:/opt/rustwide/workdir:ro,Z" "-v" "/var/lib/crater-agent-workspace/cargo-home:/opt/rustwide/cargo-home:ro,Z" "-v" "/var/lib/crater-agent-workspace/rustup-home:/opt/rustwide/rustup-home:ro,Z" "-e" "SOURCE_DIR=/opt/rustwide/workdir" "-e" "CARGO_TARGET_DIR=/opt/rustwide/target" "-e" "CARGO_HOME=/opt/rustwide/cargo-home" "-e" "RUSTUP_HOME=/opt/rustwide/rustup-home" "-w" "/opt/rustwide/workdir" "-m" "1610612736" "--user" "0:0" "--network" "none" "ghcr.io/rust-lang/crates-build-env/linux@sha256:34b6a614d2c27851fe6cbf88fbd1137609cefab8b10d0615aaeb6fd47975d74e" "/opt/rustwide/cargo-home/bin/cargo" "+1.54.0" "metadata" "--no-deps" "--format-version=1", kill_on_drop: false }`
[INFO] [stdout] f446b851d38f5e8746050f30da380b0b7be20b20bdbb215bfe9ffa7ff072ce74
[INFO] running `Command { std: "docker" "start" "-a" "f446b851d38f5e8746050f30da380b0b7be20b20bdbb215bfe9ffa7ff072ce74", kill_on_drop: false }`
[INFO] running `Command { std: "docker" "inspect" "f446b851d38f5e8746050f30da380b0b7be20b20bdbb215bfe9ffa7ff072ce74", kill_on_drop: false }`
[INFO] running `Command { std: "docker" "rm" "-f" "f446b851d38f5e8746050f30da380b0b7be20b20bdbb215bfe9ffa7ff072ce74", kill_on_drop: false }`
[INFO] [stdout] f446b851d38f5e8746050f30da380b0b7be20b20bdbb215bfe9ffa7ff072ce74
[INFO] running `Command { std: "docker" "create" "-v" "/var/lib/crater-agent-workspace/builds/worker-11/target:/opt/rustwide/target:rw,Z" "-v" "/var/lib/crater-agent-workspace/builds/worker-11/source:/opt/rustwide/workdir:ro,Z" "-v" "/var/lib/crater-agent-workspace/cargo-home:/opt/rustwide/cargo-home:ro,Z" "-v" "/var/lib/crater-agent-workspace/rustup-home:/opt/rustwide/rustup-home:ro,Z" "-e" "SOURCE_DIR=/opt/rustwide/workdir" "-e" "CARGO_TARGET_DIR=/opt/rustwide/target" "-e" "CARGO_INCREMENTAL=0" "-e" "RUST_BACKTRACE=full" "-e" "RUSTFLAGS=--cap-lints=warn" "-e" "CARGO_HOME=/opt/rustwide/cargo-home" "-e" "RUSTUP_HOME=/opt/rustwide/rustup-home" "-w" "/opt/rustwide/workdir" "-m" "1610612736" "--user" "0:0" "--network" "none" "ghcr.io/rust-lang/crates-build-env/linux@sha256:34b6a614d2c27851fe6cbf88fbd1137609cefab8b10d0615aaeb6fd47975d74e" "/opt/rustwide/cargo-home/bin/cargo" "+1.54.0" "build" "--frozen" "--message-format=json", kill_on_drop: false }`
[INFO] [stdout] 6f9b0887ce89dd43bacbc75a4ec13c3c1c8d8f89eed14e51578963a028543701
[INFO] running `Command { std: "docker" "start" "-a" "6f9b0887ce89dd43bacbc75a4ec13c3c1c8d8f89eed14e51578963a028543701", kill_on_drop: false }`
[INFO] [stderr]     Blocking waiting for file lock on package cache
[INFO] [stderr]    Compiling serde v1.0.106
[INFO] [stderr]    Compiling cc v1.0.50
[INFO] [stderr]    Compiling proc-macro2 v0.4.30
[INFO] [stderr]    Compiling futures-core v0.3.4
[INFO] [stderr]    Compiling futures-sink v0.3.4
[INFO] [stderr]    Compiling futures-io v0.3.4
[INFO] [stderr]    Compiling pin-utils v0.1.0-alpha.4
[INFO] [stderr]    Compiling futures-task v0.3.4
[INFO] [stderr]    Compiling proc-macro2 v1.0.10
[INFO] [stderr]    Compiling syn v1.0.17
[INFO] [stderr]    Compiling num_cpus v1.12.0
[INFO] [stderr]    Compiling atty v0.2.14
[INFO] [stderr]    Compiling env_logger v0.7.1
[INFO] [stderr]    Compiling futures-channel v0.3.4
[INFO] [stderr]    Compiling cmake v0.1.42
[INFO] [stderr]    Compiling quote v0.6.13
[INFO] [stderr]    Compiling quote v1.0.3
[INFO] [stderr]    Compiling libz-sys v1.0.25
[INFO] [stderr]    Compiling rdkafka-sys v1.3.1
[INFO] [stderr]    Compiling syn v0.14.9
[INFO] [stderr]    Compiling rust_transit_derive v0.1.0
[INFO] [stderr]    Compiling serde_derive v1.0.106
[INFO] [stderr]    Compiling futures-macro v0.3.4
[INFO] [stderr]    Compiling derivative v2.1.1
[INFO] [stderr]    Compiling async-trait v0.1.30
[INFO] [stderr]    Compiling futures-util v0.3.4
[INFO] [stderr]    Compiling futures-executor v0.3.4
[INFO] [stderr]    Compiling futures v0.3.4
[INFO] [stderr]    Compiling toml v0.5.6
[INFO] [stderr]    Compiling serde_json v1.0.51
[INFO] [stderr]    Compiling rust_transit v0.1.0
[INFO] [stderr]    Compiling proc-macro-crate v0.1.4
[INFO] [stderr]    Compiling num_enum_derive v0.4.3
[INFO] [stderr]    Compiling num_enum v0.4.3
[INFO] [stderr]    Compiling rdkafka v0.23.1
[INFO] [stderr]    Compiling rust_transit_kafka v0.1.0 (/opt/rustwide/workdir)
[INFO] [stderr]     Finished dev [unoptimized + debuginfo] target(s) in 44.56s
[INFO] running `Command { std: "docker" "inspect" "6f9b0887ce89dd43bacbc75a4ec13c3c1c8d8f89eed14e51578963a028543701", kill_on_drop: false }`
[INFO] running `Command { std: "docker" "rm" "-f" "6f9b0887ce89dd43bacbc75a4ec13c3c1c8d8f89eed14e51578963a028543701", kill_on_drop: false }`
[INFO] [stdout] 6f9b0887ce89dd43bacbc75a4ec13c3c1c8d8f89eed14e51578963a028543701
[INFO] running `Command { std: "docker" "create" "-v" "/var/lib/crater-agent-workspace/builds/worker-11/target:/opt/rustwide/target:rw,Z" "-v" "/var/lib/crater-agent-workspace/builds/worker-11/source:/opt/rustwide/workdir:ro,Z" "-v" "/var/lib/crater-agent-workspace/cargo-home:/opt/rustwide/cargo-home:ro,Z" "-v" "/var/lib/crater-agent-workspace/rustup-home:/opt/rustwide/rustup-home:ro,Z" "-e" "SOURCE_DIR=/opt/rustwide/workdir" "-e" "CARGO_TARGET_DIR=/opt/rustwide/target" "-e" "CARGO_INCREMENTAL=0" "-e" "RUST_BACKTRACE=full" "-e" "RUSTFLAGS=--cap-lints=warn" "-e" "CARGO_HOME=/opt/rustwide/cargo-home" "-e" "RUSTUP_HOME=/opt/rustwide/rustup-home" "-w" "/opt/rustwide/workdir" "-m" "1610612736" "--user" "0:0" "--network" "none" "ghcr.io/rust-lang/crates-build-env/linux@sha256:34b6a614d2c27851fe6cbf88fbd1137609cefab8b10d0615aaeb6fd47975d74e" "/opt/rustwide/cargo-home/bin/cargo" "+1.54.0" "test" "--frozen" "--no-run" "--message-format=json", kill_on_drop: false }`
[INFO] [stdout] 06a022e2f74685cb9973192d6ee696970dda44a45acbc96cc7bf9fa46b6a122c
[INFO] running `Command { std: "docker" "start" "-a" "06a022e2f74685cb9973192d6ee696970dda44a45acbc96cc7bf9fa46b6a122c", kill_on_drop: false }`
[INFO] [stderr]     Blocking waiting for file lock on package cache
[INFO] [stderr]    Compiling rust_transit_kafka v0.1.0 (/opt/rustwide/workdir)
[INFO] [stderr]     Finished test [unoptimized + debuginfo] target(s) in 4.02s
[INFO] running `Command { std: "docker" "inspect" "06a022e2f74685cb9973192d6ee696970dda44a45acbc96cc7bf9fa46b6a122c", kill_on_drop: false }`
[INFO] running `Command { std: "docker" "rm" "-f" "06a022e2f74685cb9973192d6ee696970dda44a45acbc96cc7bf9fa46b6a122c", kill_on_drop: false }`
[INFO] [stdout] 06a022e2f74685cb9973192d6ee696970dda44a45acbc96cc7bf9fa46b6a122c
[INFO] running `Command { std: "docker" "create" "-v" "/var/lib/crater-agent-workspace/builds/worker-11/target:/opt/rustwide/target:rw,Z" "-v" "/var/lib/crater-agent-workspace/builds/worker-11/source:/opt/rustwide/workdir:ro,Z" "-v" "/var/lib/crater-agent-workspace/cargo-home:/opt/rustwide/cargo-home:ro,Z" "-v" "/var/lib/crater-agent-workspace/rustup-home:/opt/rustwide/rustup-home:ro,Z" "-e" "SOURCE_DIR=/opt/rustwide/workdir" "-e" "CARGO_TARGET_DIR=/opt/rustwide/target" "-e" "CARGO_INCREMENTAL=0" "-e" "RUST_BACKTRACE=full" "-e" "RUSTFLAGS=--cap-lints=warn" "-e" "CARGO_HOME=/opt/rustwide/cargo-home" "-e" "RUSTUP_HOME=/opt/rustwide/rustup-home" "-w" "/opt/rustwide/workdir" "-m" "1610612736" "--user" "0:0" "--network" "none" "ghcr.io/rust-lang/crates-build-env/linux@sha256:34b6a614d2c27851fe6cbf88fbd1137609cefab8b10d0615aaeb6fd47975d74e" "/opt/rustwide/cargo-home/bin/cargo" "+1.54.0" "test" "--frozen", kill_on_drop: false }`
[INFO] [stdout] 20a907a60751e836a8b539ad5240508510374ee819f70ec2250026aa1a5e6ed1
[INFO] running `Command { std: "docker" "start" "-a" "20a907a60751e836a8b539ad5240508510374ee819f70ec2250026aa1a5e6ed1", kill_on_drop: false }`
[INFO] [stderr]     Finished test [unoptimized + debuginfo] target(s) in 0.06s
[INFO] [stdout] 
[INFO] [stderr]      Running unittests (/opt/rustwide/target/debug/deps/rust_transit_kafka-f7f4d7458e5f5c55)
[INFO] [stdout] running 0 tests
[INFO] [stderr]      Running unittests (/opt/rustwide/target/debug/deps/rust_transit_kafka-d52a3294248c7871)
[INFO] [stdout] 
[INFO] [stdout] test result: ok. 0 passed; 0 failed; 0 ignored; 0 measured; 0 filtered out; finished in 0.00s
[INFO] [stdout] 
[INFO] [stderr]      Running tests/kafka_tests.rs (/opt/rustwide/target/debug/deps/kafka_tests-d9643b6fbe2f568f)
[INFO] [stdout] 
[INFO] [stdout] running 0 tests
[INFO] [stdout] 
[INFO] [stdout] test result: ok. 0 passed; 0 failed; 0 ignored; 0 measured; 0 filtered out; finished in 0.00s
[INFO] [stdout] 
[INFO] [stdout] 
[INFO] [stdout] running 5 tests
[INFO] [stdout] test test_open_close ... ok
[INFO] [stdout] test test_1_tenant_2_tenant ... FAILED
[INFO] [stdout] test test_1_shared_1_shared ... FAILED
[INFO] [stdout] test test_2_tenant_1_shared ... FAILED
[INFO] [stdout] test test_1_tenant_1_tenant ... FAILED
[INFO] [stdout] 
[INFO] [stdout] failures:
[INFO] [stdout] 
[INFO] [stdout] ---- test_1_tenant_2_tenant stdout ----
[INFO] [stdout] [2021-08-07T10:25:33Z ERROR rdkafka::client] librdkafka: Global error: BrokerTransportFailure (Local: Broker transport failure): localhost:9093/bootstrap: Failed to connect to broker at [localhost]:9093: Cannot assign requested address (after 40ms in state CONNECT)
[INFO] [stdout] [2021-08-07T10:25:33Z ERROR rdkafka::client] librdkafka: Global error: BrokerTransportFailure (Local: Broker transport failure): localhost:9092/bootstrap: Connect to ipv4#127.0.0.1:9092 failed: Connection refused (after 17ms in state CONNECT)
[INFO] [stdout] [2021-08-07T10:25:33Z ERROR rdkafka::client] librdkafka: Global error: BrokerTransportFailure (Local: Broker transport failure): localhost:9093/bootstrap: Failed to connect to broker at [localhost]:9093: Cannot assign requested address (after 92ms in state CONNECT)
[INFO] [stdout] [2021-08-07T10:25:34Z ERROR rdkafka::client] librdkafka: Global error: BrokerTransportFailure (Local: Broker transport failure): localhost:9092/bootstrap: Failed to connect to broker at [localhost]:9092: Cannot assign requested address (after 0ms in state CONNECT)
[INFO] [stdout] [2021-08-07T10:25:34Z ERROR rdkafka::client] librdkafka: Global error: AllBrokersDown (Local: All broker connections are down): 2/2 brokers are down
[INFO] [stdout] [2021-08-07T10:25:34Z ERROR rdkafka::client] librdkafka: Global error: BrokerTransportFailure (Local: Broker transport failure): localhost:9093/bootstrap: Connect to ipv4#127.0.0.1:9093 failed: Connection refused (after 0ms in state CONNECT)
[INFO] [stdout] [2021-08-07T10:25:34Z ERROR rdkafka::client] librdkafka: Global error: AllBrokersDown (Local: All broker connections are down): 2/2 brokers are down
[INFO] [stdout] [2021-08-07T10:25:34Z ERROR rdkafka::client] librdkafka: Global error: BrokerTransportFailure (Local: Broker transport failure): localhost:9092/bootstrap: Connect to ipv4#127.0.0.1:9092 failed: Connection refused (after 0ms in state CONNECT)
[INFO] [stdout] [2021-08-07T10:25:34Z ERROR rdkafka::client] librdkafka: Global error: AllBrokersDown (Local: All broker connections are down): 2/2 brokers are down
[INFO] [stdout] [2021-08-07T10:25:35Z ERROR rdkafka::client] librdkafka: Global error: BrokerTransportFailure (Local: Broker transport failure): localhost:9093/bootstrap: Connect to ipv4#127.0.0.1:9093 failed: Connection refused (after 0ms in state CONNECT)
[INFO] [stdout] [2021-08-07T10:25:35Z ERROR rdkafka::client] librdkafka: Global error: BrokerTransportFailure (Local: Broker transport failure): localhost:9092/bootstrap: Failed to connect to broker at [localhost]:9092: Cannot assign requested address (after 0ms in state CONNECT)
[INFO] [stdout] [2021-08-07T10:25:35Z ERROR rdkafka::client] librdkafka: Global error: BrokerTransportFailure (Local: Broker transport failure): localhost:9092/bootstrap: Failed to connect to broker at [localhost]:9092: Cannot assign requested address (after 0ms in state CONNECT)
[INFO] [stdout] [2021-08-07T10:25:35Z ERROR rdkafka::client] librdkafka: Global error: BrokerTransportFailure (Local: Broker transport failure): localhost:9092/bootstrap: Connect to ipv4#127.0.0.1:9092 failed: Connection refused (after 0ms in state CONNECT)
[INFO] [stdout] [2021-08-07T10:25:35Z ERROR rdkafka::client] librdkafka: Global error: BrokerTransportFailure (Local: Broker transport failure): localhost:9092/bootstrap: Connect to ipv4#127.0.0.1:9092 failed: Connection refused (after 0ms in state CONNECT)
[INFO] [stdout] [2021-08-07T10:25:36Z ERROR rdkafka::client] librdkafka: Global error: BrokerTransportFailure (Local: Broker transport failure): localhost:9092/bootstrap: Connect to ipv4#127.0.0.1:9092 failed: Connection refused (after 0ms in state CONNECT)
[INFO] [stdout] [2021-08-07T10:25:36Z ERROR rdkafka::client] librdkafka: Global error: BrokerTransportFailure (Local: Broker transport failure): localhost:9093/bootstrap: Connect to ipv4#127.0.0.1:9093 failed: Connection refused (after 0ms in state CONNECT)
[INFO] [stdout] [2021-08-07T10:25:37Z ERROR rdkafka::client] librdkafka: Global error: BrokerTransportFailure (Local: Broker transport failure): localhost:9093/bootstrap: Failed to connect to broker at [localhost]:9093: Cannot assign requested address (after 0ms in state CONNECT)
[INFO] [stdout] [2021-08-07T10:25:37Z ERROR rdkafka::client] librdkafka: Global error: BrokerTransportFailure (Local: Broker transport failure): localhost:9092/bootstrap: Failed to connect to broker at [localhost]:9092: Cannot assign requested address (after 0ms in state CONNECT)
[INFO] [stdout] [2021-08-07T10:25:38Z ERROR rdkafka::client] librdkafka: Global error: BrokerTransportFailure (Local: Broker transport failure): localhost:9092/bootstrap: Failed to connect to broker at [localhost]:9092: Cannot assign requested address (after 0ms in state CONNECT)
[INFO] [stdout] [2021-08-07T10:25:38Z ERROR rdkafka::client] librdkafka: Global error: BrokerTransportFailure (Local: Broker transport failure): localhost:9093/bootstrap: Failed to connect to broker at [localhost]:9093: Cannot assign requested address (after 0ms in state CONNECT)
[INFO] [stdout] [2021-08-07T10:25:38Z ERROR rdkafka::client] librdkafka: Global error: BrokerTransportFailure (Local: Broker transport failure): localhost:9093/bootstrap: Connect to ipv4#127.0.0.1:9093 failed: Connection refused (after 0ms in state CONNECT)
[INFO] [stdout] [2021-08-07T10:25:39Z ERROR rdkafka::client] librdkafka: Global error: BrokerTransportFailure (Local: Broker transport failure): localhost:9093/bootstrap: Failed to connect to broker at [localhost]:9093: Cannot assign requested address (after 0ms in state CONNECT)
[INFO] [stdout] [2021-08-07T10:25:39Z ERROR rdkafka::client] librdkafka: Global error: BrokerTransportFailure (Local: Broker transport failure): localhost:9093/bootstrap: Failed to connect to broker at [localhost]:9093: Cannot assign requested address (after 0ms in state CONNECT)
[INFO] [stdout] [2021-08-07T10:25:40Z ERROR rdkafka::client] librdkafka: Global error: BrokerTransportFailure (Local: Broker transport failure): localhost:9093/bootstrap: Connect to ipv4#127.0.0.1:9093 failed: Connection refused (after 0ms in state CONNECT)
[INFO] [stdout] [2021-08-07T10:25:40Z ERROR rdkafka::client] librdkafka: Global error: BrokerTransportFailure (Local: Broker transport failure): localhost:9092/bootstrap: Connect to ipv4#127.0.0.1:9092 failed: Connection refused (after 0ms in state CONNECT)
[INFO] [stdout] [2021-08-07T10:25:40Z ERROR rdkafka::client] librdkafka: Global error: BrokerTransportFailure (Local: Broker transport failure): localhost:9093/bootstrap: Connect to ipv4#127.0.0.1:9093 failed: Connection refused (after 0ms in state CONNECT)
[INFO] [stdout] [2021-08-07T10:25:40Z ERROR rdkafka::client] librdkafka: Global error: BrokerTransportFailure (Local: Broker transport failure): localhost:9093/bootstrap: Connect to ipv4#127.0.0.1:9093 failed: Connection refused (after 0ms in state CONNECT)
[INFO] [stdout] [2021-08-07T10:25:42Z ERROR rdkafka::client] librdkafka: Global error: BrokerTransportFailure (Local: Broker transport failure): localhost:9093/bootstrap: Failed to connect to broker at [localhost]:9093: Cannot assign requested address (after 0ms in state CONNECT)
[INFO] [stdout] [2021-08-07T10:25:43Z ERROR rdkafka::client] librdkafka: Global error: BrokerTransportFailure (Local: Broker transport failure): localhost:9092/bootstrap: Connect to ipv4#127.0.0.1:9092 failed: Connection refused (after 0ms in state CONNECT)
[INFO] [stdout] [2021-08-07T10:25:44Z ERROR rdkafka::client] librdkafka: Global error: BrokerTransportFailure (Local: Broker transport failure): localhost:9093/bootstrap: Failed to connect to broker at [localhost]:9093: Cannot assign requested address (after 0ms in state CONNECT)
[INFO] [stdout] [2021-08-07T10:25:46Z ERROR rdkafka::client] librdkafka: Global error: BrokerTransportFailure (Local: Broker transport failure): localhost:9093/bootstrap: Connect to ipv4#127.0.0.1:9093 failed: Connection refused (after 0ms in state CONNECT)
[INFO] [stdout] Error: SendError("Message production error: MessageTimedOut (Local: Message timed out)")
[INFO] [stdout] thread 'test_1_tenant_2_tenant' panicked at 'assertion failed: `(left == right)`
[INFO] [stdout]   left: `1`,
[INFO] [stdout]  right: `0`: the test returned a termination value with a non-zero status code (1) which indicates a failure', /rustc/a178d0322ce20e33eac124758e837cbd80a6f633/library/test/src/lib.rs:193:5
[INFO] [stdout] stack backtrace:
[INFO] [stdout]    0:     0x55eab714f470 - std::backtrace_rs::backtrace::libunwind::trace::h34055254b57d8e79
[INFO] [stdout]                                at /rustc/a178d0322ce20e33eac124758e837cbd80a6f633/library/std/src/../../backtrace/src/backtrace/libunwind.rs:90:5
[INFO] [stdout]    1:     0x55eab714f470 - std::backtrace_rs::backtrace::trace_unsynchronized::h8f1e3fbd9afff6ec
[INFO] [stdout]                                at /rustc/a178d0322ce20e33eac124758e837cbd80a6f633/library/std/src/../../backtrace/src/backtrace/mod.rs:66:5
[INFO] [stdout]    2:     0x55eab714f470 - std::sys_common::backtrace::_print_fmt::h3a99a796b770c360
[INFO] [stdout]                                at /rustc/a178d0322ce20e33eac124758e837cbd80a6f633/library/std/src/sys_common/backtrace.rs:67:5
[INFO] [stdout]    3:     0x55eab714f470 - <std::sys_common::backtrace::_print::DisplayBacktrace as core::fmt::Display>::fmt::h32d1f94a80615d18
[INFO] [stdout]                                at /rustc/a178d0322ce20e33eac124758e837cbd80a6f633/library/std/src/sys_common/backtrace.rs:46:22
[INFO] [stdout]    4:     0x55eab71723fc - core::fmt::write::h306731c068f7162c
[INFO] [stdout]                                at /rustc/a178d0322ce20e33eac124758e837cbd80a6f633/library/core/src/fmt/mod.rs:1110:17
[INFO] [stdout]    5:     0x55eab714c1f5 - std::io::Write::write_fmt::h87f19b0a2cd190bc
[INFO] [stdout]                                at /rustc/a178d0322ce20e33eac124758e837cbd80a6f633/library/std/src/io/mod.rs:1588:15
[INFO] [stdout]    6:     0x55eab715162b - std::sys_common::backtrace::_print::h5abaa2601a852287
[INFO] [stdout]                                at /rustc/a178d0322ce20e33eac124758e837cbd80a6f633/library/std/src/sys_common/backtrace.rs:49:5
[INFO] [stdout]    7:     0x55eab715162b - std::sys_common::backtrace::print::h8d81445442bb638f
[INFO] [stdout]                                at /rustc/a178d0322ce20e33eac124758e837cbd80a6f633/library/std/src/sys_common/backtrace.rs:36:9
[INFO] [stdout]    8:     0x55eab715162b - std::panicking::default_hook::{{closure}}::hcfe804496a9fa747
[INFO] [stdout]                                at /rustc/a178d0322ce20e33eac124758e837cbd80a6f633/library/std/src/panicking.rs:208:50
[INFO] [stdout]    9:     0x55eab715113c - std::panicking::default_hook::hbea8e3ccf2ba8901
[INFO] [stdout]                                at /rustc/a178d0322ce20e33eac124758e837cbd80a6f633/library/std/src/panicking.rs:222:9
[INFO] [stdout]   10:     0x55eab7151cf4 - std::panicking::rust_panic_with_hook::h7ee9e1a2d0f8975a
[INFO] [stdout]                                at /rustc/a178d0322ce20e33eac124758e837cbd80a6f633/library/std/src/panicking.rs:622:17
[INFO] [stdout]   11:     0x55eab71517d7 - std::panicking::begin_panic_handler::{{closure}}::h8ab3b4491718b2c7
[INFO] [stdout]                                at /rustc/a178d0322ce20e33eac124758e837cbd80a6f633/library/std/src/panicking.rs:519:13
[INFO] [stdout]   12:     0x55eab714f96c - std::sys_common::backtrace::__rust_end_short_backtrace::hd489062ffa586a9f
[INFO] [stdout]                                at /rustc/a178d0322ce20e33eac124758e837cbd80a6f633/library/std/src/sys_common/backtrace.rs:141:18
[INFO] [stdout]   13:     0x55eab7151739 - rust_begin_unwind
[INFO] [stdout]                                at /rustc/a178d0322ce20e33eac124758e837cbd80a6f633/library/std/src/panicking.rs:515:5
[INFO] [stdout]   14:     0x55eab6d7e1f1 - core::panicking::panic_fmt::hca6330e3e14086b4
[INFO] [stdout]                                at /rustc/a178d0322ce20e33eac124758e837cbd80a6f633/library/core/src/panicking.rs:92:14
[INFO] [stdout]   15:     0x55eab7170b4e - core::panicking::assert_failed_inner::h33b45280069a80ed
[INFO] [stdout]   16:     0x55eab6dae59a - core::panicking::assert_failed::hccaa85639812ec46
[INFO] [stdout]                                at /rustc/a178d0322ce20e33eac124758e837cbd80a6f633/library/core/src/panicking.rs:117:5
[INFO] [stdout]   17:     0x55eab6d9d536 - test::assert_test_result::hd7a9b4e111b4ba9c
[INFO] [stdout]                                at /rustc/a178d0322ce20e33eac124758e837cbd80a6f633/library/test/src/lib.rs:193:5
[INFO] [stdout]   18:     0x55eab6da68c9 - kafka_tests::test_1_tenant_2_tenant::{{closure}}::hcc233fa312be3e40
[INFO] [stdout]                                at /opt/rustwide/cargo-home/registry/src/github.com-1ecc6299db9ec823/rust_transit-0.1.0/src/harness.rs:107:9
[INFO] [stdout]   19:     0x55eab6d9b7ee - core::ops::function::FnOnce::call_once::h79ec564a6a80190e
[INFO] [stdout]                                at /rustc/a178d0322ce20e33eac124758e837cbd80a6f633/library/core/src/ops/function.rs:227:5
[INFO] [stdout]   20:     0x55eab6f89863 - core::ops::function::FnOnce::call_once::h152e7e439ff59e19
[INFO] [stdout]                                at /rustc/a178d0322ce20e33eac124758e837cbd80a6f633/library/core/src/ops/function.rs:227:5
[INFO] [stdout]   21:     0x55eab6f89863 - test::__rust_begin_short_backtrace::h0908f3b1fdbb72ab
[INFO] [stdout]                                at /rustc/a178d0322ce20e33eac124758e837cbd80a6f633/library/test/src/lib.rs:577:5
[INFO] [stdout]   22:     0x55eab6f88320 - <alloc::boxed::Box<F,A> as core::ops::function::FnOnce<Args>>::call_once::hf6d2a51e5587546c
[INFO] [stdout]                                at /rustc/a178d0322ce20e33eac124758e837cbd80a6f633/library/alloc/src/boxed.rs:1575:9
[INFO] [stdout]   23:     0x55eab6f88320 - <std::panic::AssertUnwindSafe<F> as core::ops::function::FnOnce<()>>::call_once::h8af660f3a89ef593
[INFO] [stdout]                                at /rustc/a178d0322ce20e33eac124758e837cbd80a6f633/library/std/src/panic.rs:347:9
[INFO] [stdout]   24:     0x55eab6f88320 - std::panicking::try::do_call::hd36aef60f84b6d36
[INFO] [stdout]                                at /rustc/a178d0322ce20e33eac124758e837cbd80a6f633/library/std/src/panicking.rs:401:40
[INFO] [stdout]   25:     0x55eab6f88320 - std::panicking::try::h9932b4480e69817c
[INFO] [stdout]                                at /rustc/a178d0322ce20e33eac124758e837cbd80a6f633/library/std/src/panicking.rs:365:19
[INFO] [stdout]   26:     0x55eab6f88320 - std::panic::catch_unwind::h6aa177099cfff5f8
[INFO] [stdout]                                at /rustc/a178d0322ce20e33eac124758e837cbd80a6f633/library/std/src/panic.rs:434:14
[INFO] [stdout]   27:     0x55eab6f88320 - test::run_test_in_process::h5884d6f2d99e20c3
[INFO] [stdout]                                at /rustc/a178d0322ce20e33eac124758e837cbd80a6f633/library/test/src/lib.rs:600:18
[INFO] [stdout]   28:     0x55eab6f88320 - test::run_test::run_test_inner::{{closure}}::h6fdc58c6d5f5b6e3
[INFO] [stdout]                                at /rustc/a178d0322ce20e33eac124758e837cbd80a6f633/library/test/src/lib.rs:492:39
[INFO] [stdout]   29:     0x55eab6f619d2 - test::run_test::run_test_inner::{{closure}}::h408365d67a78ade8
[INFO] [stdout]                                at /rustc/a178d0322ce20e33eac124758e837cbd80a6f633/library/test/src/lib.rs:519:37
[INFO] [stdout]   30:     0x55eab6f619d2 - std::sys_common::backtrace::__rust_begin_short_backtrace::hb560b77c4f701523
[INFO] [stdout]                                at /rustc/a178d0322ce20e33eac124758e837cbd80a6f633/library/std/src/sys_common/backtrace.rs:125:18
[INFO] [stdout]   31:     0x55eab6f65588 - std::thread::Builder::spawn_unchecked::{{closure}}::{{closure}}::hf2e7831dad93c597
[INFO] [stdout]                                at /rustc/a178d0322ce20e33eac124758e837cbd80a6f633/library/std/src/thread/mod.rs:481:17
[INFO] [stdout]   32:     0x55eab6f65588 - <std::panic::AssertUnwindSafe<F> as core::ops::function::FnOnce<()>>::call_once::hd2e08783d8be4d02
[INFO] [stdout]                                at /rustc/a178d0322ce20e33eac124758e837cbd80a6f633/library/std/src/panic.rs:347:9
[INFO] [stdout]   33:     0x55eab6f65588 - std::panicking::try::do_call::h062597b7acfd6b82
[INFO] [stdout]                                at /rustc/a178d0322ce20e33eac124758e837cbd80a6f633/library/std/src/panicking.rs:401:40
[INFO] [stdout]   34:     0x55eab6f65588 - std::panicking::try::h0d7b79db04c14552
[INFO] [stdout]                                at /rustc/a178d0322ce20e33eac124758e837cbd80a6f633/library/std/src/panicking.rs:365:19
[INFO] [stdout]   35:     0x55eab6f65588 - std::panic::catch_unwind::hb01a0b5e7c8cd43b
[INFO] [stdout]                                at /rustc/a178d0322ce20e33eac124758e837cbd80a6f633/library/std/src/panic.rs:434:14
[INFO] [stdout]   36:     0x55eab6f65588 - std::thread::Builder::spawn_unchecked::{{closure}}::h5bde48cc887e0d1e
[INFO] [stdout]                                at /rustc/a178d0322ce20e33eac124758e837cbd80a6f633/library/std/src/thread/mod.rs:480:30
[INFO] [stdout]   37:     0x55eab6f65588 - core::ops::function::FnOnce::call_once{{vtable.shim}}::h745ea30807a29e55
[INFO] [stdout]                                at /rustc/a178d0322ce20e33eac124758e837cbd80a6f633/library/core/src/ops/function.rs:227:5
[INFO] [stdout]   38:     0x55eab71568d7 - <alloc::boxed::Box<F,A> as core::ops::function::FnOnce<Args>>::call_once::h7ece6cfefaff1005
[INFO] [stdout]                                at /rustc/a178d0322ce20e33eac124758e837cbd80a6f633/library/alloc/src/boxed.rs:1575:9
[INFO] [stdout]   39:     0x55eab71568d7 - <alloc::boxed::Box<F,A> as core::ops::function::FnOnce<Args>>::call_once::hb8b48e55c21f193e
[INFO] [stdout]                                at /rustc/a178d0322ce20e33eac124758e837cbd80a6f633/library/alloc/src/boxed.rs:1575:9
[INFO] [stdout]   40:     0x55eab71568d7 - std::sys::unix::thread::Thread::new::thread_start::h8c7c4450dba62914
[INFO] [stdout]                                at /rustc/a178d0322ce20e33eac124758e837cbd80a6f633/library/std/src/sys/unix/thread.rs:71:17
[INFO] [stdout]   41:     0x7f2a2b1fe609 - start_thread
[INFO] [stdout]   42:     0x7f2a2afd4293 - clone
[INFO] [stdout]   43:                0x0 - <unknown>
[INFO] [stdout] 
[INFO] [stdout] ---- test_1_shared_1_shared stdout ----
[INFO] [stdout] [2021-08-07T10:25:33Z ERROR rdkafka::client] librdkafka: Global error: BrokerTransportFailure (Local: Broker transport failure): localhost:9092/bootstrap: Failed to connect to broker at [localhost]:9092: Cannot assign requested address (after 96ms in state CONNECT)
[INFO] [stdout] [2021-08-07T10:25:33Z ERROR rdkafka::client] librdkafka: Global error: BrokerTransportFailure (Local: Broker transport failure): localhost:9092/bootstrap: Failed to connect to broker at [localhost]:9092: Cannot assign requested address (after 0ms in state CONNECT)
[INFO] [stdout] [2021-08-07T10:25:34Z ERROR rdkafka::client] librdkafka: Global error: BrokerTransportFailure (Local: Broker transport failure): localhost:9093/bootstrap: Connect to ipv4#127.0.0.1:9093 failed: Connection refused (after 0ms in state CONNECT)
[INFO] [stdout] [2021-08-07T10:25:34Z ERROR rdkafka::client] librdkafka: Global error: AllBrokersDown (Local: All broker connections are down): 2/2 brokers are down
[INFO] [stdout] [2021-08-07T10:25:34Z ERROR rdkafka::client] librdkafka: Global error: BrokerTransportFailure (Local: Broker transport failure): localhost:9093/bootstrap: Connect to ipv4#127.0.0.1:9093 failed: Connection refused (after 0ms in state CONNECT)
[INFO] [stdout] [2021-08-07T10:25:34Z ERROR rdkafka::client] librdkafka: Global error: AllBrokersDown (Local: All broker connections are down): 2/2 brokers are down
[INFO] [stdout] [2021-08-07T10:25:35Z ERROR rdkafka::client] librdkafka: Global error: BrokerTransportFailure (Local: Broker transport failure): localhost:9092/bootstrap: Connect to ipv4#127.0.0.1:9092 failed: Connection refused (after 0ms in state CONNECT)
[INFO] [stdout] [2021-08-07T10:25:36Z ERROR rdkafka::client] librdkafka: Global error: BrokerTransportFailure (Local: Broker transport failure): localhost:9093/bootstrap: Failed to connect to broker at [localhost]:9093: Cannot assign requested address (after 0ms in state CONNECT)
[INFO] [stdout] [2021-08-07T10:25:37Z ERROR rdkafka::client] librdkafka: Global error: BrokerTransportFailure (Local: Broker transport failure): localhost:9092/bootstrap: Failed to connect to broker at [localhost]:9092: Cannot assign requested address (after 0ms in state CONNECT)
[INFO] [stdout] [2021-08-07T10:25:37Z ERROR rdkafka::client] librdkafka: Global error: BrokerTransportFailure (Local: Broker transport failure): localhost:9093/bootstrap: Connect to ipv4#127.0.0.1:9093 failed: Connection refused (after 0ms in state CONNECT)
[INFO] [stdout] [2021-08-07T10:25:38Z ERROR rdkafka::client] librdkafka: Global error: BrokerTransportFailure (Local: Broker transport failure): localhost:9092/bootstrap: Connect to ipv4#127.0.0.1:9092 failed: Connection refused (after 0ms in state CONNECT)
[INFO] [stdout] [2021-08-07T10:25:38Z ERROR rdkafka::client] librdkafka: Global error: BrokerTransportFailure (Local: Broker transport failure): localhost:9092/bootstrap: Connect to ipv4#127.0.0.1:9092 failed: Connection refused (after 0ms in state CONNECT)
[INFO] [stdout] [2021-08-07T10:25:39Z ERROR rdkafka::client] librdkafka: Global error: BrokerTransportFailure (Local: Broker transport failure): localhost:9092/bootstrap: Failed to connect to broker at [localhost]:9092: Cannot assign requested address (after 0ms in state CONNECT)
[INFO] [stdout] [2021-08-07T10:25:40Z ERROR rdkafka::client] librdkafka: Global error: BrokerTransportFailure (Local: Broker transport failure): localhost:9092/bootstrap: Failed to connect to broker at [localhost]:9092: Cannot assign requested address (after 0ms in state CONNECT)
[INFO] [stdout] [2021-08-07T10:25:40Z ERROR rdkafka::client] librdkafka: Global error: BrokerTransportFailure (Local: Broker transport failure): localhost:9093/bootstrap: Failed to connect to broker at [localhost]:9093: Cannot assign requested address (after 0ms in state CONNECT)
[INFO] [stdout] [2021-08-07T10:25:41Z ERROR rdkafka::client] librdkafka: Global error: BrokerTransportFailure (Local: Broker transport failure): localhost:9093/bootstrap: Failed to connect to broker at [localhost]:9093: Cannot assign requested address (after 0ms in state CONNECT)
[INFO] [stdout] [2021-08-07T10:25:42Z ERROR rdkafka::client] librdkafka: Global error: BrokerTransportFailure (Local: Broker transport failure): localhost:9092/bootstrap: Connect to ipv4#127.0.0.1:9092 failed: Connection refused (after 0ms in state CONNECT)
[INFO] [stdout] [2021-08-07T10:25:43Z ERROR rdkafka::client] librdkafka: Global error: BrokerTransportFailure (Local: Broker transport failure): localhost:9093/bootstrap: Connect to ipv4#127.0.0.1:9093 failed: Connection refused (after 0ms in state CONNECT)
[INFO] [stdout] [2021-08-07T10:25:44Z ERROR rdkafka::client] librdkafka: Global error: BrokerTransportFailure (Local: Broker transport failure): localhost:9093/bootstrap: Connect to ipv4#127.0.0.1:9093 failed: Connection refused (after 0ms in state CONNECT)
[INFO] [stdout] [2021-08-07T10:25:46Z ERROR rdkafka::client] librdkafka: Global error: BrokerTransportFailure (Local: Broker transport failure): localhost:9092/bootstrap: Failed to connect to broker at [localhost]:9092: Cannot assign requested address (after 0ms in state CONNECT)
[INFO] [stdout] [2021-08-07T10:25:48Z ERROR rdkafka::client] librdkafka: Global error: BrokerTransportFailure (Local: Broker transport failure): localhost:9093/bootstrap: Failed to connect to broker at [localhost]:9093: Cannot assign requested address (after 0ms in state CONNECT)
[INFO] [stdout] Error: SendError("Message production error: MessageTimedOut (Local: Message timed out)")
[INFO] [stdout] thread 'test_1_shared_1_shared' panicked at 'assertion failed: `(left == right)`
[INFO] [stdout]   left: `1`,
[INFO] [stdout]  right: `0`: the test returned a termination value with a non-zero status code (1) which indicates a failure', /rustc/a178d0322ce20e33eac124758e837cbd80a6f633/library/test/src/lib.rs:193:5
[INFO] [stdout] stack backtrace:
[INFO] [stdout]    0:     0x55eab714f470 - std::backtrace_rs::backtrace::libunwind::trace::h34055254b57d8e79
[INFO] [stdout]                                at /rustc/a178d0322ce20e33eac124758e837cbd80a6f633/library/std/src/../../backtrace/src/backtrace/libunwind.rs:90:5
[INFO] [stdout]    1:     0x55eab714f470 - std::backtrace_rs::backtrace::trace_unsynchronized::h8f1e3fbd9afff6ec
[INFO] [stdout]                                at /rustc/a178d0322ce20e33eac124758e837cbd80a6f633/library/std/src/../../backtrace/src/backtrace/mod.rs:66:5
[INFO] [stdout]    2:     0x55eab714f470 - std::sys_common::backtrace::_print_fmt::h3a99a796b770c360
[INFO] [stdout]                                at /rustc/a178d0322ce20e33eac124758e837cbd80a6f633/library/std/src/sys_common/backtrace.rs:67:5
[INFO] [stdout]    3:     0x55eab714f470 - <std::sys_common::backtrace::_print::DisplayBacktrace as core::fmt::Display>::fmt::h32d1f94a80615d18
[INFO] [stdout]                                at /rustc/a178d0322ce20e33eac124758e837cbd80a6f633/library/std/src/sys_common/backtrace.rs:46:22
[INFO] [stdout]    4:     0x55eab71723fc - core::fmt::write::h306731c068f7162c
[INFO] [stdout]                                at /rustc/a178d0322ce20e33eac124758e837cbd80a6f633/library/core/src/fmt/mod.rs:1110:17
[INFO] [stdout]    5:     0x55eab714c1f5 - std::io::Write::write_fmt::h87f19b0a2cd190bc
[INFO] [stdout]                                at /rustc/a178d0322ce20e33eac124758e837cbd80a6f633/library/std/src/io/mod.rs:1588:15
[INFO] [stdout]    6:     0x55eab715162b - std::sys_common::backtrace::_print::h5abaa2601a852287
[INFO] [stdout]                                at /rustc/a178d0322ce20e33eac124758e837cbd80a6f633/library/std/src/sys_common/backtrace.rs:49:5
[INFO] [stdout]    7:     0x55eab715162b - std::sys_common::backtrace::print::h8d81445442bb638f
[INFO] [stdout]                                at /rustc/a178d0322ce20e33eac124758e837cbd80a6f633/library/std/src/sys_common/backtrace.rs:36:9
[INFO] [stdout]    8:     0x55eab715162b - std::panicking::default_hook::{{closure}}::hcfe804496a9fa747
[INFO] [stdout]                                at /rustc/a178d0322ce20e33eac124758e837cbd80a6f633/library/std/src/panicking.rs:208:50
[INFO] [stdout]    9:     0x55eab715113c - std::panicking::default_hook::hbea8e3ccf2ba8901
[INFO] [stdout]                                at /rustc/a178d0322ce20e33eac124758e837cbd80a6f633/library/std/src/panicking.rs:222:9
[INFO] [stdout]   10:     0x55eab7151cf4 - std::panicking::rust_panic_with_hook::h7ee9e1a2d0f8975a
[INFO] [stdout]                                at /rustc/a178d0322ce20e33eac124758e837cbd80a6f633/library/std/src/panicking.rs:622:17
[INFO] [stdout]   11:     0x55eab71517d7 - std::panicking::begin_panic_handler::{{closure}}::h8ab3b4491718b2c7
[INFO] [stdout]                                at /rustc/a178d0322ce20e33eac124758e837cbd80a6f633/library/std/src/panicking.rs:519:13
[INFO] [stdout]   12:     0x55eab714f96c - std::sys_common::backtrace::__rust_end_short_backtrace::hd489062ffa586a9f
[INFO] [stdout]                                at /rustc/a178d0322ce20e33eac124758e837cbd80a6f633/library/std/src/sys_common/backtrace.rs:141:18
[INFO] [stdout]   13:     0x55eab7151739 - rust_begin_unwind
[INFO] [stdout]                                at /rustc/a178d0322ce20e33eac124758e837cbd80a6f633/library/std/src/panicking.rs:515:5
[INFO] [stdout]   14:     0x55eab6d7e1f1 - core::panicking::panic_fmt::hca6330e3e14086b4
[INFO] [stdout]                                at /rustc/a178d0322ce20e33eac124758e837cbd80a6f633/library/core/src/panicking.rs:92:14
[INFO] [stdout]   15:     0x55eab7170b4e - core::panicking::assert_failed_inner::h33b45280069a80ed
[INFO] [stdout]   16:     0x55eab6dae59a - core::panicking::assert_failed::hccaa85639812ec46
[INFO] [stdout]                                at /rustc/a178d0322ce20e33eac124758e837cbd80a6f633/library/core/src/panicking.rs:117:5
[INFO] [stdout]   17:     0x55eab6d9d536 - test::assert_test_result::hd7a9b4e111b4ba9c
[INFO] [stdout]                                at /rustc/a178d0322ce20e33eac124758e837cbd80a6f633/library/test/src/lib.rs:193:5
[INFO] [stdout]   18:     0x55eab6da8359 - kafka_tests::test_1_shared_1_shared::{{closure}}::h8e4a1db8c121366c
[INFO] [stdout]                                at /opt/rustwide/cargo-home/registry/src/github.com-1ecc6299db9ec823/rust_transit-0.1.0/src/harness.rs:165:9
[INFO] [stdout]   19:     0x55eab6d9b71e - core::ops::function::FnOnce::call_once::h65b1debd9db24408
[INFO] [stdout]                                at /rustc/a178d0322ce20e33eac124758e837cbd80a6f633/library/core/src/ops/function.rs:227:5
[INFO] [stdout]   20:     0x55eab6f89863 - core::ops::function::FnOnce::call_once::h152e7e439ff59e19
[INFO] [stdout]                                at /rustc/a178d0322ce20e33eac124758e837cbd80a6f633/library/core/src/ops/function.rs:227:5
[INFO] [stdout]   21:     0x55eab6f89863 - test::__rust_begin_short_backtrace::h0908f3b1fdbb72ab
[INFO] [stdout]                                at /rustc/a178d0322ce20e33eac124758e837cbd80a6f633/library/test/src/lib.rs:577:5
[INFO] [stdout]   22:     0x55eab6f88320 - <alloc::boxed::Box<F,A> as core::ops::function::FnOnce<Args>>::call_once::hf6d2a51e5587546c
[INFO] [stdout]                                at /rustc/a178d0322ce20e33eac124758e837cbd80a6f633/library/alloc/src/boxed.rs:1575:9
[INFO] [stdout]   23:     0x55eab6f88320 - <std::panic::AssertUnwindSafe<F> as core::ops::function::FnOnce<()>>::call_once::h8af660f3a89ef593
[INFO] [stdout]                                at /rustc/a178d0322ce20e33eac124758e837cbd80a6f633/library/std/src/panic.rs:347:9
[INFO] [stdout]   24:     0x55eab6f88320 - std::panicking::try::do_call::hd36aef60f84b6d36
[INFO] [stdout]                                at /rustc/a178d0322ce20e33eac124758e837cbd80a6f633/library/std/src/panicking.rs:401:40
[INFO] [stdout]   25:     0x55eab6f88320 - std::panicking::try::h9932b4480e69817c
[INFO] [stdout]                                at /rustc/a178d0322ce20e33eac124758e837cbd80a6f633/library/std/src/panicking.rs:365:19
[INFO] [stdout]   26:     0x55eab6f88320 - std::panic::catch_unwind::h6aa177099cfff5f8
[INFO] [stdout]                                at /rustc/a178d0322ce20e33eac124758e837cbd80a6f633/library/std/src/panic.rs:434:14
[INFO] [stdout]   27:     0x55eab6f88320 - test::run_test_in_process::h5884d6f2d99e20c3
[INFO] [stdout]                                at /rustc/a178d0322ce20e33eac124758e837cbd80a6f633/library/test/src/lib.rs:600:18
[INFO] [stdout]   28:     0x55eab6f88320 - test::run_test::run_test_inner::{{closure}}::h6fdc58c6d5f5b6e3
[INFO] [stdout]                                at /rustc/a178d0322ce20e33eac124758e837cbd80a6f633/library/test/src/lib.rs:492:39
[INFO] [stdout]   29:     0x55eab6f619d2 - test::run_test::run_test_inner::{{closure}}::h408365d67a78ade8
[INFO] [stdout]                                at /rustc/a178d0322ce20e33eac124758e837cbd80a6f633/library/test/src/lib.rs:519:37
[INFO] [stdout]   30:     0x55eab6f619d2 - std::sys_common::backtrace::__rust_begin_short_backtrace::hb560b77c4f701523
[INFO] [stdout]                                at /rustc/a178d0322ce20e33eac124758e837cbd80a6f633/library/std/src/sys_common/backtrace.rs:125:18
[INFO] [stdout]   31:     0x55eab6f65588 - std::thread::Builder::spawn_unchecked::{{closure}}::{{closure}}::hf2e7831dad93c597
[INFO] [stdout]                                at /rustc/a178d0322ce20e33eac124758e837cbd80a6f633/library/std/src/thread/mod.rs:481:17
[INFO] [stdout]   32:     0x55eab6f65588 - <std::panic::AssertUnwindSafe<F> as core::ops::function::FnOnce<()>>::call_once::hd2e08783d8be4d02
[INFO] [stdout]                                at /rustc/a178d0322ce20e33eac124758e837cbd80a6f633/library/std/src/panic.rs:347:9
[INFO] [stdout]   33:     0x55eab6f65588 - std::panicking::try::do_call::h062597b7acfd6b82
[INFO] [stdout]                                at /rustc/a178d0322ce20e33eac124758e837cbd80a6f633/library/std/src/panicking.rs:401:40
[INFO] [stdout]   34:     0x55eab6f65588 - std::panicking::try::h0d7b79db04c14552
[INFO] [stdout]                                at /rustc/a178d0322ce20e33eac124758e837cbd80a6f633/library/std/src/panicking.rs:365:19
[INFO] [stdout]   35:     0x55eab6f65588 - std::panic::catch_unwind::hb01a0b5e7c8cd43b
[INFO] [stdout]                                at /rustc/a178d0322ce20e33eac124758e837cbd80a6f633/library/std/src/panic.rs:434:14
[INFO] [stdout]   36:     0x55eab6f65588 - std::thread::Builder::spawn_unchecked::{{closure}}::h5bde48cc887e0d1e
[INFO] [stdout]                                at /rustc/a178d0322ce20e33eac124758e837cbd80a6f633/library/std/src/thread/mod.rs:480:30
[INFO] [stdout]   37:     0x55eab6f65588 - core::ops::function::FnOnce::call_once{{vtable.shim}}::h745ea30807a29e55
[INFO] [stdout]                                at /rustc/a178d0322ce20e33eac124758e837cbd80a6f633/library/core/src/ops/function.rs:227:5
[INFO] [stdout]   38:     0x55eab71568d7 - <alloc::boxed::Box<F,A> as core::ops::function::FnOnce<Args>>::call_once::h7ece6cfefaff1005
[INFO] [stdout]                                at /rustc/a178d0322ce20e33eac124758e837cbd80a6f633/library/alloc/src/boxed.rs:1575:9
[INFO] [stdout]   39:     0x55eab71568d7 - <alloc::boxed::Box<F,A> as core::ops::function::FnOnce<Args>>::call_once::hb8b48e55c21f193e
[INFO] [stdout]                                at /rustc/a178d0322ce20e33eac124758e837cbd80a6f633/library/alloc/src/boxed.rs:1575:9
[INFO] [stdout]   40:     0x55eab71568d7 - std::sys::unix::thread::Thread::new::thread_start::h8c7c4450dba62914
[INFO] [stdout]                                at /rustc/a178d0322ce20e33eac124758e837cbd80a6f633/library/std/src/sys/unix/thread.rs:71:17
[INFO] [stdout]   41:     0x7f2a2b1fe609 - start_thread
[INFO] [stdout]   42:     0x7f2a2afd4293 - clone
[INFO] [stdout]   43:                0x0 - <unknown>
[INFO] [stdout] 
[INFO] [stdout] ---- test_2_tenant_1_shared stdout ----
[INFO] [stdout] [2021-08-07T10:25:33Z ERROR rdkafka::client] librdkafka: Global error: BrokerTransportFailure (Local: Broker transport failure): localhost:9092/bootstrap: Failed to connect to broker at [localhost]:9092: Cannot assign requested address (after 40ms in state CONNECT)
[INFO] [stdout] [2021-08-07T10:25:33Z ERROR rdkafka::client] librdkafka: Global error: BrokerTransportFailure (Local: Broker transport failure): localhost:9093/bootstrap: Failed to connect to broker at [localhost]:9093: Cannot assign requested address (after 83ms in state CONNECT)
[INFO] [stdout] [2021-08-07T10:25:34Z ERROR rdkafka::client] librdkafka: Global error: BrokerTransportFailure (Local: Broker transport failure): localhost:9093/bootstrap: Failed to connect to broker at [localhost]:9093: Cannot assign requested address (after 0ms in state CONNECT)
[INFO] [stdout] [2021-08-07T10:25:34Z ERROR rdkafka::client] librdkafka: Global error: AllBrokersDown (Local: All broker connections are down): 2/2 brokers are down
[INFO] [stdout] [2021-08-07T10:25:34Z ERROR rdkafka::client] librdkafka: Global error: BrokerTransportFailure (Local: Broker transport failure): localhost:9092/bootstrap: Connect to ipv4#127.0.0.1:9092 failed: Connection refused (after 0ms in state CONNECT)
[INFO] [stdout] [2021-08-07T10:25:34Z ERROR rdkafka::client] librdkafka: Global error: AllBrokersDown (Local: All broker connections are down): 2/2 brokers are down
[INFO] [stdout] [2021-08-07T10:25:35Z ERROR rdkafka::client] librdkafka: Global error: BrokerTransportFailure (Local: Broker transport failure): localhost:9093/bootstrap: Connect to ipv4#127.0.0.1:9093 failed: Connection refused (after 0ms in state CONNECT)
[INFO] [stdout] [2021-08-07T10:25:35Z ERROR rdkafka::client] librdkafka: Global error: BrokerTransportFailure (Local: Broker transport failure): localhost:9092/bootstrap: Connect to ipv4#127.0.0.1:9092 failed: Connection refused (after 0ms in state CONNECT)
[INFO] [stdout] [2021-08-07T10:25:36Z ERROR rdkafka::client] librdkafka: Global error: BrokerTransportFailure (Local: Broker transport failure): localhost:9093/bootstrap: Connect to ipv4#127.0.0.1:9093 failed: Connection refused (after 0ms in state CONNECT)
[INFO] [stdout] [2021-08-07T10:25:36Z ERROR rdkafka::client] librdkafka: Global error: BrokerTransportFailure (Local: Broker transport failure): localhost:9093/bootstrap: Failed to connect to broker at [localhost]:9093: Cannot assign requested address (after 0ms in state CONNECT)
[INFO] [stdout] [2021-08-07T10:25:38Z ERROR rdkafka::client] librdkafka: Global error: BrokerTransportFailure (Local: Broker transport failure): localhost:9092/bootstrap: Failed to connect to broker at [localhost]:9092: Cannot assign requested address (after 0ms in state CONNECT)
[INFO] [stdout] [2021-08-07T10:25:39Z ERROR rdkafka::client] librdkafka: Global error: BrokerTransportFailure (Local: Broker transport failure): localhost:9093/bootstrap: Connect to ipv4#127.0.0.1:9093 failed: Connection refused (after 0ms in state CONNECT)
[INFO] [stdout] [2021-08-07T10:25:39Z ERROR rdkafka::client] librdkafka: Global error: BrokerTransportFailure (Local: Broker transport failure): localhost:9093/bootstrap: Failed to connect to broker at [localhost]:9093: Cannot assign requested address (after 0ms in state CONNECT)
[INFO] [stdout] [2021-08-07T10:25:40Z ERROR rdkafka::client] librdkafka: Global error: BrokerTransportFailure (Local: Broker transport failure): localhost:9092/bootstrap: Connect to ipv4#127.0.0.1:9092 failed: Connection refused (after 0ms in state CONNECT)
[INFO] [stdout] [2021-08-07T10:25:41Z ERROR rdkafka::client] librdkafka: Global error: BrokerTransportFailure (Local: Broker transport failure): localhost:9092/bootstrap: Failed to connect to broker at [localhost]:9092: Cannot assign requested address (after 0ms in state CONNECT)
[INFO] [stdout] [2021-08-07T10:25:42Z ERROR rdkafka::client] librdkafka: Global error: BrokerTransportFailure (Local: Broker transport failure): localhost:9092/bootstrap: Connect to ipv4#127.0.0.1:9092 failed: Connection refused (after 0ms in state CONNECT)
[INFO] [stdout] [2021-08-07T10:25:43Z ERROR rdkafka::client] librdkafka: Global error: BrokerTransportFailure (Local: Broker transport failure): localhost:9093/bootstrap: Connect to ipv4#127.0.0.1:9093 failed: Connection refused (after 0ms in state CONNECT)
[INFO] [stdout] [2021-08-07T10:25:45Z ERROR rdkafka::client] librdkafka: Global error: BrokerTransportFailure (Local: Broker transport failure): localhost:9093/bootstrap: Failed to connect to broker at [localhost]:9093: Cannot assign requested address (after 0ms in state CONNECT)
[INFO] [stdout] Error: SendError("Message production error: MessageTimedOut (Local: Message timed out)")
[INFO] [stdout] thread 'test_2_tenant_1_shared' panicked at 'assertion failed: `(left == right)`
[INFO] [stdout]   left: `1`,
[INFO] [stdout]  right: `0`: the test returned a termination value with a non-zero status code (1) which indicates a failure', /rustc/a178d0322ce20e33eac124758e837cbd80a6f633/library/test/src/lib.rs:193:5
[INFO] [stdout] stack backtrace:
[INFO] [stdout]    0:     0x55eab714f470 - std::backtrace_rs::backtrace::libunwind::trace::h34055254b57d8e79
[INFO] [stdout]                                at /rustc/a178d0322ce20e33eac124758e837cbd80a6f633/library/std/src/../../backtrace/src/backtrace/libunwind.rs:90:5
[INFO] [stdout]    1:     0x55eab714f470 - std::backtrace_rs::backtrace::trace_unsynchronized::h8f1e3fbd9afff6ec
[INFO] [stdout]                                at /rustc/a178d0322ce20e33eac124758e837cbd80a6f633/library/std/src/../../backtrace/src/backtrace/mod.rs:66:5
[INFO] [stdout]    2:     0x55eab714f470 - std::sys_common::backtrace::_print_fmt::h3a99a796b770c360
[INFO] [stdout]                                at /rustc/a178d0322ce20e33eac124758e837cbd80a6f633/library/std/src/sys_common/backtrace.rs:67:5
[INFO] [stdout]    3:     0x55eab714f470 - <std::sys_common::backtrace::_print::DisplayBacktrace as core::fmt::Display>::fmt::h32d1f94a80615d18
[INFO] [stdout]                                at /rustc/a178d0322ce20e33eac124758e837cbd80a6f633/library/std/src/sys_common/backtrace.rs:46:22
[INFO] [stdout]    4:     0x55eab71723fc - core::fmt::write::h306731c068f7162c
[INFO] [stdout]                                at /rustc/a178d0322ce20e33eac124758e837cbd80a6f633/library/core/src/fmt/mod.rs:1110:17
[INFO] [stdout]    5:     0x55eab714c1f5 - std::io::Write::write_fmt::h87f19b0a2cd190bc
[INFO] [stdout]                                at /rustc/a178d0322ce20e33eac124758e837cbd80a6f633/library/std/src/io/mod.rs:1588:15
[INFO] [stdout]    6:     0x55eab715162b - std::sys_common::backtrace::_print::h5abaa2601a852287
[INFO] [stdout]                                at /rustc/a178d0322ce20e33eac124758e837cbd80a6f633/library/std/src/sys_common/backtrace.rs:49:5
[INFO] [stdout]    7:     0x55eab715162b - std::sys_common::backtrace::print::h8d81445442bb638f
[INFO] [stdout]                                at /rustc/a178d0322ce20e33eac124758e837cbd80a6f633/library/std/src/sys_common/backtrace.rs:36:9
[INFO] [stdout]    8:     0x55eab715162b - std::panicking::default_hook::{{closure}}::hcfe804496a9fa747
[INFO] [stdout]                                at /rustc/a178d0322ce20e33eac124758e837cbd80a6f633/library/std/src/panicking.rs:208:50
[INFO] [stdout]    9:     0x55eab715113c - std::panicking::default_hook::hbea8e3ccf2ba8901
[INFO] [stdout]                                at /rustc/a178d0322ce20e33eac124758e837cbd80a6f633/library/std/src/panicking.rs:222:9
[INFO] [stdout]   10:     0x55eab7151cf4 - std::panicking::rust_panic_with_hook::h7ee9e1a2d0f8975a
[INFO] [stdout]                                at /rustc/a178d0322ce20e33eac124758e837cbd80a6f633/library/std/src/panicking.rs:622:17
[INFO] [stdout]   11:     0x55eab71517d7 - std::panicking::begin_panic_handler::{{closure}}::h8ab3b4491718b2c7
[INFO] [stdout]                                at /rustc/a178d0322ce20e33eac124758e837cbd80a6f633/library/std/src/panicking.rs:519:13
[INFO] [stdout]   12:     0x55eab714f96c - std::sys_common::backtrace::__rust_end_short_backtrace::hd489062ffa586a9f
[INFO] [stdout]                                at /rustc/a178d0322ce20e33eac124758e837cbd80a6f633/library/std/src/sys_common/backtrace.rs:141:18
[INFO] [stdout]   13:     0x55eab7151739 - rust_begin_unwind
[INFO] [stdout]                                at /rustc/a178d0322ce20e33eac124758e837cbd80a6f633/library/std/src/panicking.rs:515:5
[INFO] [stdout]   14:     0x55eab6d7e1f1 - core::panicking::panic_fmt::hca6330e3e14086b4
[INFO] [stdout]                                at /rustc/a178d0322ce20e33eac124758e837cbd80a6f633/library/core/src/panicking.rs:92:14
[INFO] [stdout]   15:     0x55eab7170b4e - core::panicking::assert_failed_inner::h33b45280069a80ed
[INFO] [stdout]   16:     0x55eab6dae59a - core::panicking::assert_failed::hccaa85639812ec46
[INFO] [stdout]                                at /rustc/a178d0322ce20e33eac124758e837cbd80a6f633/library/core/src/panicking.rs:117:5
[INFO] [stdout]   17:     0x55eab6d9d536 - test::assert_test_result::hd7a9b4e111b4ba9c
[INFO] [stdout]                                at /rustc/a178d0322ce20e33eac124758e837cbd80a6f633/library/test/src/lib.rs:193:5
[INFO] [stdout]   18:     0x55eab6da9cd9 - kafka_tests::test_2_tenant_1_shared::{{closure}}::hfeeb269fa3384834
[INFO] [stdout]                                at /opt/rustwide/cargo-home/registry/src/github.com-1ecc6299db9ec823/rust_transit-0.1.0/src/harness.rs:217:9
[INFO] [stdout]   19:     0x55eab6d9b7ae - core::ops::function::FnOnce::call_once::h79c9741292a7af5d
[INFO] [stdout]                                at /rustc/a178d0322ce20e33eac124758e837cbd80a6f633/library/core/src/ops/function.rs:227:5
[INFO] [stdout]   20:     0x55eab6f89863 - core::ops::function::FnOnce::call_once::h152e7e439ff59e19
[INFO] [stdout]                                at /rustc/a178d0322ce20e33eac124758e837cbd80a6f633/library/core/src/ops/function.rs:227:5
[INFO] [stdout]   21:     0x55eab6f89863 - test::__rust_begin_short_backtrace::h0908f3b1fdbb72ab
[INFO] [stdout]                                at /rustc/a178d0322ce20e33eac124758e837cbd80a6f633/library/test/src/lib.rs:577:5
[INFO] [stdout]   22:     0x55eab6f88320 - <alloc::boxed::Box<F,A> as core::ops::function::FnOnce<Args>>::call_once::hf6d2a51e5587546c
[INFO] [stdout]                                at /rustc/a178d0322ce20e33eac124758e837cbd80a6f633/library/alloc/src/boxed.rs:1575:9
[INFO] [stdout]   23:     0x55eab6f88320 - <std::panic::AssertUnwindSafe<F> as core::ops::function::FnOnce<()>>::call_once::h8af660f3a89ef593
[INFO] [stdout]                                at /rustc/a178d0322ce20e33eac124758e837cbd80a6f633/library/std/src/panic.rs:347:9
[INFO] [stdout]   24:     0x55eab6f88320 - std::panicking::try::do_call::hd36aef60f84b6d36
[INFO] [stdout]                                at /rustc/a178d0322ce20e33eac124758e837cbd80a6f633/library/std/src/panicking.rs:401:40
[INFO] [stdout]   25:     0x55eab6f88320 - std::panicking::try::h9932b4480e69817c
[INFO] [stdout]                                at /rustc/a178d0322ce20e33eac124758e837cbd80a6f633/library/std/src/panicking.rs:365:19
[INFO] [stdout]   26:     0x55eab6f88320 - std::panic::catch_unwind::h6aa177099cfff5f8
[INFO] [stdout]                                at /rustc/a178d0322ce20e33eac124758e837cbd80a6f633/library/std/src/panic.rs:434:14
[INFO] [stdout]   27:     0x55eab6f88320 - test::run_test_in_process::h5884d6f2d99e20c3
[INFO] [stdout]                                at /rustc/a178d0322ce20e33eac124758e837cbd80a6f633/library/test/src/lib.rs:600:18
[INFO] [stdout]   28:     0x55eab6f88320 - test::run_test::run_test_inner::{{closure}}::h6fdc58c6d5f5b6e3
[INFO] [stdout]                                at /rustc/a178d0322ce20e33eac124758e837cbd80a6f633/library/test/src/lib.rs:492:39
[INFO] [stdout]   29:     0x55eab6f619d2 - test::run_test::run_test_inner::{{closure}}::h408365d67a78ade8
[INFO] [stdout]                                at /rustc/a178d0322ce20e33eac124758e837cbd80a6f633/library/test/src/lib.rs:519:37
[INFO] [stdout]   30:     0x55eab6f619d2 - std::sys_common::backtrace::__rust_begin_short_backtrace::hb560b77c4f701523
[INFO] [stdout]                                at /rustc/a178d0322ce20e33eac124758e837cbd80a6f633/library/std/src/sys_common/backtrace.rs:125:18
[INFO] [stdout]   31:     0x55eab6f65588 - std::thread::Builder::spawn_unchecked::{{closure}}::{{closure}}::hf2e7831dad93c597
[INFO] [stdout]                                at /rustc/a178d0322ce20e33eac124758e837cbd80a6f633/library/std/src/thread/mod.rs:481:17
[INFO] [stdout]   32:     0x55eab6f65588 - <std::panic::AssertUnwindSafe<F> as core::ops::function::FnOnce<()>>::call_once::hd2e08783d8be4d02
[INFO] [stdout]                                at /rustc/a178d0322ce20e33eac124758e837cbd80a6f633/library/std/src/panic.rs:347:9
[INFO] [stdout]   33:     0x55eab6f65588 - std::panicking::try::do_call::h062597b7acfd6b82
[INFO] [stdout]                                at /rustc/a178d0322ce20e33eac124758e837cbd80a6f633/library/std/src/panicking.rs:401:40
[INFO] [stdout]   34:     0x55eab6f65588 - std::panicking::try::h0d7b79db04c14552
[INFO] [stdout]                                at /rustc/a178d0322ce20e33eac124758e837cbd80a6f633/library/std/src/panicking.rs:365:19
[INFO] [stdout]   35:     0x55eab6f65588 - std::panic::catch_unwind::hb01a0b5e7c8cd43b
[INFO] [stdout]                                at /rustc/a178d0322ce20e33eac124758e837cbd80a6f633/library/std/src/panic.rs:434:14
[INFO] [stdout]   36:     0x55eab6f65588 - std::thread::Builder::spawn_unchecked::{{closure}}::h5bde48cc887e0d1e
[INFO] [stdout]                                at /rustc/a178d0322ce20e33eac124758e837cbd80a6f633/library/std/src/thread/mod.rs:480:30
[INFO] [stdout]   37:     0x55eab6f65588 - core::ops::function::FnOnce::call_once{{vtable.shim}}::h745ea30807a29e55
[INFO] [stdout]                                at /rustc/a178d0322ce20e33eac124758e837cbd80a6f633/library/core/src/ops/function.rs:227:5
[INFO] [stdout]   38:     0x55eab71568d7 - <alloc::boxed::Box<F,A> as core::ops::function::FnOnce<Args>>::call_once::h7ece6cfefaff1005
[INFO] [stdout]                                at /rustc/a178d0322ce20e33eac124758e837cbd80a6f633/library/alloc/src/boxed.rs:1575:9
[INFO] [stdout]   39:     0x55eab71568d7 - <alloc::boxed::Box<F,A> as core::ops::function::FnOnce<Args>>::call_once::hb8b48e55c21f193e
[INFO] [stdout]                                at /rustc/a178d0322ce20e33eac124758e837cbd80a6f633/library/alloc/src/boxed.rs:1575:9
[INFO] [stdout]   40:     0x55eab71568d7 - std::sys::unix::thread::Thread::new::thread_start::h8c7c4450dba62914
[INFO] [stdout]                                at /rustc/a178d0322ce20e33eac124758e837cbd80a6f633/library/std/src/sys/unix/thread.rs:71:17
[INFO] [stdout]   41:     0x7f2a2b1fe609 - start_thread
[INFO] [stdout]   42:     0x7f2a2afd4293 - clone
[INFO] [stdout]   43:                0x0 - <unknown>
[INFO] [stdout] 
[INFO] [stdout] ---- test_1_tenant_1_tenant stdout ----
[INFO] [stdout] [2021-08-07T10:25:33Z ERROR rdkafka::client] librdkafka: Global error: BrokerTransportFailure (Local: Broker transport failure): localhost:9093/bootstrap: Connect to ipv4#127.0.0.1:9093 failed: Connection refused (after 86ms in state CONNECT)
[INFO] [stdout] [2021-08-07T10:25:33Z ERROR rdkafka::client] librdkafka: Global error: BrokerTransportFailure (Local: Broker transport failure): localhost:9092/bootstrap: Connect to ipv4#127.0.0.1:9092 failed: Connection refused (after 0ms in state CONNECT)
[INFO] [stdout] [2021-08-07T10:25:34Z ERROR rdkafka::client] librdkafka: Global error: BrokerTransportFailure (Local: Broker transport failure): localhost:9092/bootstrap: Failed to connect to broker at [localhost]:9092: Cannot assign requested address (after 0ms in state CONNECT)
[INFO] [stdout] [2021-08-07T10:25:34Z ERROR rdkafka::client] librdkafka: Global error: AllBrokersDown (Local: All broker connections are down): 2/2 brokers are down
[INFO] [stdout] [2021-08-07T10:25:34Z ERROR rdkafka::client] librdkafka: Global error: BrokerTransportFailure (Local: Broker transport failure): localhost:9093/bootstrap: Failed to connect to broker at [localhost]:9093: Cannot assign requested address (after 0ms in state CONNECT)
[INFO] [stdout] [2021-08-07T10:25:34Z ERROR rdkafka::client] librdkafka: Global error: AllBrokersDown (Local: All broker connections are down): 2/2 brokers are down
[INFO] [stdout] [2021-08-07T10:25:35Z ERROR rdkafka::client] librdkafka: Global error: BrokerTransportFailure (Local: Broker transport failure): localhost:9092/bootstrap: Failed to connect to broker at [localhost]:9092: Cannot assign requested address (after 0ms in state CONNECT)
[INFO] [stdout] [2021-08-07T10:25:35Z ERROR rdkafka::client] librdkafka: Global error: BrokerTransportFailure (Local: Broker transport failure): localhost:9092/bootstrap: Connect to ipv4#127.0.0.1:9092 failed: Connection refused (after 0ms in state CONNECT)
[INFO] [stdout] [2021-08-07T10:25:36Z ERROR rdkafka::client] librdkafka: Global error: BrokerTransportFailure (Local: Broker transport failure): localhost:9093/bootstrap: Failed to connect to broker at [localhost]:9093: Cannot assign requested address (after 0ms in state CONNECT)
[INFO] [stdout] [2021-08-07T10:25:36Z ERROR rdkafka::client] librdkafka: Global error: BrokerTransportFailure (Local: Broker transport failure): localhost:9092/bootstrap: Failed to connect to broker at [localhost]:9092: Cannot assign requested address (after 0ms in state CONNECT)
[INFO] [stdout] [2021-08-07T10:25:37Z ERROR rdkafka::client] librdkafka: Global error: BrokerTransportFailure (Local: Broker transport failure): localhost:9092/bootstrap: Connect to ipv4#127.0.0.1:9092 failed: Connection refused (after 0ms in state CONNECT)
[INFO] [stdout] [2021-08-07T10:25:37Z ERROR rdkafka::client] librdkafka: Global error: BrokerTransportFailure (Local: Broker transport failure): localhost:9093/bootstrap: Connect to ipv4#127.0.0.1:9093 failed: Connection refused (after 0ms in state CONNECT)
[INFO] [stdout] [2021-08-07T10:25:37Z ERROR rdkafka::client] librdkafka: Global error: BrokerTransportFailure (Local: Broker transport failure): localhost:9092/bootstrap: Connect to ipv4#127.0.0.1:9092 failed: Connection refused (after 0ms in state CONNECT)
[INFO] [stdout] [2021-08-07T10:25:38Z ERROR rdkafka::client] librdkafka: Global error: BrokerTransportFailure (Local: Broker transport failure): localhost:9093/bootstrap: Connect to ipv4#127.0.0.1:9093 failed: Connection refused (after 0ms in state CONNECT)
[INFO] [stdout] [2021-08-07T10:25:39Z ERROR rdkafka::client] librdkafka: Global error: BrokerTransportFailure (Local: Broker transport failure): localhost:9093/bootstrap: Failed to connect to broker at [localhost]:9093: Cannot assign requested address (after 0ms in state CONNECT)
[INFO] [stdout] [2021-08-07T10:25:39Z ERROR rdkafka::client] librdkafka: Global error: BrokerTransportFailure (Local: Broker transport failure): localhost:9092/bootstrap: Failed to connect to broker at [localhost]:9092: Cannot assign requested address (after 0ms in state CONNECT)
[INFO] [stdout] [2021-08-07T10:25:39Z ERROR rdkafka::client] librdkafka: Global error: BrokerTransportFailure (Local: Broker transport failure): localhost:9093/bootstrap: Failed to connect to broker at [localhost]:9093: Cannot assign requested address (after 0ms in state CONNECT)
[INFO] [stdout] [2021-08-07T10:25:40Z ERROR rdkafka::client] librdkafka: Global error: BrokerTransportFailure (Local: Broker transport failure): localhost:9092/bootstrap: Failed to connect to broker at [localhost]:9092: Cannot assign requested address (after 0ms in state CONNECT)
[INFO] [stdout] [2021-08-07T10:25:41Z ERROR rdkafka::client] librdkafka: Global error: BrokerTransportFailure (Local: Broker transport failure): localhost:9093/bootstrap: Connect to ipv4#127.0.0.1:9093 failed: Connection refused (after 0ms in state CONNECT)
[INFO] [stdout] [2021-08-07T10:25:42Z ERROR rdkafka::client] librdkafka: Global error: BrokerTransportFailure (Local: Broker transport failure): localhost:9092/bootstrap: Connect to ipv4#127.0.0.1:9092 failed: Connection refused (after 0ms in state CONNECT)
[INFO] [stdout] [2021-08-07T10:25:43Z ERROR rdkafka::client] librdkafka: Global error: BrokerTransportFailure (Local: Broker transport failure): localhost:9092/bootstrap: Connect to ipv4#127.0.0.1:9092 failed: Connection refused (after 0ms in state CONNECT)
[INFO] [stdout] [2021-08-07T10:25:43Z ERROR rdkafka::client] librdkafka: Global error: BrokerTransportFailure (Local: Broker transport failure): localhost:9093/bootstrap: Failed to connect to broker at [localhost]:9093: Cannot assign requested address (after 0ms in state CONNECT)
[INFO] [stdout] [2021-08-07T10:25:45Z ERROR rdkafka::client] librdkafka: Global error: BrokerTransportFailure (Local: Broker transport failure): localhost:9093/bootstrap: Connect to ipv4#127.0.0.1:9093 failed: Connection refused (after 0ms in state CONNECT)
[INFO] [stdout] [2021-08-07T10:25:46Z ERROR rdkafka::client] librdkafka: Global error: BrokerTransportFailure (Local: Broker transport failure): localhost:9093/bootstrap: Connect to ipv4#127.0.0.1:9093 failed: Connection refused (after 0ms in state CONNECT)
[INFO] [stdout] Error: SendError("Message production error: MessageTimedOut (Local: Message timed out)")
[INFO] [stdout] thread 'test_1_tenant_1_tenant' panicked at 'assertion failed: `(left == right)`
[INFO] [stdout]   left: `1`,
[INFO] [stdout]  right: `0`: the test returned a termination value with a non-zero status code (1) which indicates a failure', /rustc/a178d0322ce20e33eac124758e837cbd80a6f633/library/test/src/lib.rs:193:5
[INFO] [stdout] stack backtrace:
[INFO] [stdout]    0:     0x55eab714f470 - std::backtrace_rs::backtrace::libunwind::trace::h34055254b57d8e79
[INFO] [stdout]                                at /rustc/a178d0322ce20e33eac124758e837cbd80a6f633/library/std/src/../../backtrace/src/backtrace/libunwind.rs:90:5
[INFO] [stdout]    1:     0x55eab714f470 - std::backtrace_rs::backtrace::trace_unsynchronized::h8f1e3fbd9afff6ec
[INFO] [stdout]                                at /rustc/a178d0322ce20e33eac124758e837cbd80a6f633/library/std/src/../../backtrace/src/backtrace/mod.rs:66:5
[INFO] [stdout]    2:     0x55eab714f470 - std::sys_common::backtrace::_print_fmt::h3a99a796b770c360
[INFO] [stdout]                                at /rustc/a178d0322ce20e33eac124758e837cbd80a6f633/library/std/src/sys_common/backtrace.rs:67:5
[INFO] [stdout]    3:     0x55eab714f470 - <std::sys_common::backtrace::_print::DisplayBacktrace as core::fmt::Display>::fmt::h32d1f94a80615d18
[INFO] [stdout]                                at /rustc/a178d0322ce20e33eac124758e837cbd80a6f633/library/std/src/sys_common/backtrace.rs:46:22
[INFO] [stdout]    4:     0x55eab71723fc - core::fmt::write::h306731c068f7162c
[INFO] [stdout]                                at /rustc/a178d0322ce20e33eac124758e837cbd80a6f633/library/core/src/fmt/mod.rs:1110:17
[INFO] [stdout]    5:     0x55eab714c1f5 - std::io::Write::write_fmt::h87f19b0a2cd190bc
[INFO] [stdout]                                at /rustc/a178d0322ce20e33eac124758e837cbd80a6f633/library/std/src/io/mod.rs:1588:15
[INFO] [stdout]    6:     0x55eab715162b - std::sys_common::backtrace::_print::h5abaa2601a852287
[INFO] [stdout]                                at /rustc/a178d0322ce20e33eac124758e837cbd80a6f633/library/std/src/sys_common/backtrace.rs:49:5
[INFO] [stdout]    7:     0x55eab715162b - std::sys_common::backtrace::print::h8d81445442bb638f
[INFO] [stdout]                                at /rustc/a178d0322ce20e33eac124758e837cbd80a6f633/library/std/src/sys_common/backtrace.rs:36:9
[INFO] [stdout]    8:     0x55eab715162b - std::panicking::default_hook::{{closure}}::hcfe804496a9fa747
[INFO] [stdout]                                at /rustc/a178d0322ce20e33eac124758e837cbd80a6f633/library/std/src/panicking.rs:208:50
[INFO] [stdout]    9:     0x55eab715113c - std::panicking::default_hook::hbea8e3ccf2ba8901
[INFO] [stdout]                                at /rustc/a178d0322ce20e33eac124758e837cbd80a6f633/library/std/src/panicking.rs:222:9
[INFO] [stdout]   10:     0x55eab7151cf4 - std::panicking::rust_panic_with_hook::h7ee9e1a2d0f8975a
[INFO] [stdout]                                at /rustc/a178d0322ce20e33eac124758e837cbd80a6f633/library/std/src/panicking.rs:622:17
[INFO] [stdout]   11:     0x55eab71517d7 - std::panicking::begin_panic_handler::{{closure}}::h8ab3b4491718b2c7
[INFO] [stdout]                                at /rustc/a178d0322ce20e33eac124758e837cbd80a6f633/library/std/src/panicking.rs:519:13
[INFO] [stdout]   12:     0x55eab714f96c - std::sys_common::backtrace::__rust_end_short_backtrace::hd489062ffa586a9f
[INFO] [stdout]                                at /rustc/a178d0322ce20e33eac124758e837cbd80a6f633/library/std/src/sys_common/backtrace.rs:141:18
[INFO] [stdout]   13:     0x55eab7151739 - rust_begin_unwind
[INFO] [stdout]                                at /rustc/a178d0322ce20e33eac124758e837cbd80a6f633/library/std/src/panicking.rs:515:5
[INFO] [stdout]   14:     0x55eab6d7e1f1 - core::panicking::panic_fmt::hca6330e3e14086b4
[INFO] [stdout]                                at /rustc/a178d0322ce20e33eac124758e837cbd80a6f633/library/core/src/panicking.rs:92:14
[INFO] [stdout]   15:     0x55eab7170b4e - core::panicking::assert_failed_inner::h33b45280069a80ed
[INFO] [stdout]   16:     0x55eab6dae59a - core::panicking::assert_failed::hccaa85639812ec46
[INFO] [stdout]                                at /rustc/a178d0322ce20e33eac124758e837cbd80a6f633/library/core/src/panicking.rs:117:5
[INFO] [stdout]   17:     0x55eab6d9d536 - test::assert_test_result::hd7a9b4e111b4ba9c
[INFO] [stdout]                                at /rustc/a178d0322ce20e33eac124758e837cbd80a6f633/library/test/src/lib.rs:193:5
[INFO] [stdout]   18:     0x55eab6da4919 - kafka_tests::test_1_tenant_1_tenant::{{closure}}::h6ca32d3ba694037e
[INFO] [stdout]                                at /opt/rustwide/cargo-home/registry/src/github.com-1ecc6299db9ec823/rust_transit-0.1.0/src/harness.rs:40:9
[INFO] [stdout]   19:     0x55eab6d9b5ee - core::ops::function::FnOnce::call_once::h07a06bc02bcc20f8
[INFO] [stdout]                                at /rustc/a178d0322ce20e33eac124758e837cbd80a6f633/library/core/src/ops/function.rs:227:5
[INFO] [stdout]   20:     0x55eab6f89863 - core::ops::function::FnOnce::call_once::h152e7e439ff59e19
[INFO] [stdout]                                at /rustc/a178d0322ce20e33eac124758e837cbd80a6f633/library/core/src/ops/function.rs:227:5
[INFO] [stdout]   21:     0x55eab6f89863 - test::__rust_begin_short_backtrace::h0908f3b1fdbb72ab
[INFO] [stdout]                                at /rustc/a178d0322ce20e33eac124758e837cbd80a6f633/library/test/src/lib.rs:577:5
[INFO] [stdout]   22:     0x55eab6f88320 - <alloc::boxed::Box<F,A> as core::ops::function::FnOnce<Args>>::call_once::hf6d2a51e5587546c
[INFO] [stdout]                                at /rustc/a178d0322ce20e33eac124758e837cbd80a6f633/library/alloc/src/boxed.rs:1575:9
[INFO] [stdout]   23:     0x55eab6f88320 - <std::panic::AssertUnwindSafe<F> as core::ops::function::FnOnce<()>>::call_once::h8af660f3a89ef593
[INFO] [stdout]                                at /rustc/a178d0322ce20e33eac124758e837cbd80a6f633/library/std/src/panic.rs:347:9
[INFO] [stdout]   24:     0x55eab6f88320 - std::panicking::try::do_call::hd36aef60f84b6d36
[INFO] [stdout]                                at /rustc/a178d0322ce20e33eac124758e837cbd80a6f633/library/std/src/panicking.rs:401:40
[INFO] [stdout]   25:     0x55eab6f88320 - std::panicking::try::h9932b4480e69817c
[INFO] [stdout]                                at /rustc/a178d0322ce20e33eac124758e837cbd80a6f633/library/std/src/panicking.rs:365:19
[INFO] [stdout]   26:     0x55eab6f88320 - std::panic::catch_unwind::h6aa177099cfff5f8
[INFO] [stdout]                                at /rustc/a178d0322ce20e33eac124758e837cbd80a6f633/library/std/src/panic.rs:434:14
[INFO] [stdout]   27:     0x55eab6f88320 - test::run_test_in_process::h5884d6f2d99e20c3
[INFO] [stdout]                                at /rustc/a178d0322ce20e33eac124758e837cbd80a6f633/library/test/src/lib.rs:600:18
[INFO] [stdout]   28:     0x55eab6f88320 - test::run_test::run_test_inner::{{closure}}::h6fdc58c6d5f5b6e3
[INFO] [stdout]                                at /rustc/a178d0322ce20e33eac124758e837cbd80a6f633/library/test/src/lib.rs:492:39
[INFO] [stdout]   29:     0x55eab6f619d2 - test::run_test::run_test_inner::{{closure}}::h408365d67a78ade8
[INFO] [stdout]                                at /rustc/a178d0322ce20e33eac124758e837cbd80a6f633/library/test/src/lib.rs:519:37
[INFO] [stdout]   30:     0x55eab6f619d2 - std::sys_common::backtrace::__rust_begin_short_backtrace::hb560b77c4f701523
[INFO] [stdout]                                at /rustc/a178d0322ce20e33eac124758e837cbd80a6f633/library/std/src/sys_common/backtrace.rs:125:18
[INFO] [stdout]   31:     0x55eab6f65588 - std::thread::Builder::spawn_unchecked::{{closure}}::{{closure}}::hf2e7831dad93c597
[INFO] [stdout]                                at /rustc/a178d0322ce20e33eac124758e837cbd80a6f633/library/std/src/thread/mod.rs:481:17
[INFO] [stdout]   32:     0x55eab6f65588 - <std::panic::AssertUnwindSafe<F> as core::ops::function::FnOnce<()>>::call_once::hd2e08783d8be4d02
[INFO] [stdout]                                at /rustc/a178d0322ce20e33eac124758e837cbd80a6f633/library/std/src/panic.rs:347:9
[INFO] [stdout]   33:     0x55eab6f65588 - std::panicking::try::do_call::h062597b7acfd6b82
[INFO] [stdout]                                at /rustc/a178d0322ce20e33eac124758e837cbd80a6f633/library/std/src/panicking.rs:401:40
[INFO] [stdout]   34:     0x55eab6f65588 - std::panicking::try::h0d7b79db04c14552
[INFO] [stdout]                                at /rustc/a178d0322ce20e33eac124758e837cbd80a6f633/library/std/src/panicking.rs:365:19
[INFO] [stdout]   35:     0x55eab6f65588 - std::panic::catch_unwind::hb01a0b5e7c8cd43b
[INFO] [stdout]                                at /rustc/a178d0322ce20e33eac124758e837cbd80a6f633/library/std/src/panic.rs:434:14
[INFO] [stdout]   36:     0x55eab6f65588 - std::thread::Builder::spawn_unchecked::{{closure}}::h5bde48cc887e0d1e
[INFO] [stdout]                                at /rustc/a178d0322ce20e33eac124758e837cbd80a6f633/library/std/src/thread/mod.rs:480:30
[INFO] [stdout]   37:     0x55eab6f65588 - core::ops::function::FnOnce::call_once{{vtable.shim}}::h745ea30807a29e55
[INFO] [stdout]                                at /rustc/a178d0322ce20e33eac124758e837cbd80a6f633/library/core/src/ops/function.rs:227:5
[INFO] [stdout]   38:     0x55eab71568d7 - <alloc::boxed::Box<F,A> as core::ops::function::FnOnce<Args>>::call_once::h7ece6cfefaff1005
[INFO] [stdout]                                at /rustc/a178d0322ce20e33eac124758e837cbd80a6f633/library/alloc/src/boxed.rs:1575:9
[INFO] [stdout]   39:     0x55eab71568d7 - <alloc::boxed::Box<F,A> as core::ops::function::FnOnce<Args>>::call_once::hb8b48e55c21f193e
[INFO] [stdout]                                at /rustc/a178d0322ce20e33eac124758e837cbd80a6f633/library/alloc/src/boxed.rs:1575:9
[INFO] [stdout]   40:     0x55eab71568d7 - std::sys::unix::thread::Thread::new::thread_start::h8c7c4450dba62914
[INFO] [stdout]                                at /rustc/a178d0322ce20e33eac124758e837cbd80a6f633/library/std/src/sys/unix/thread.rs:71:17
[INFO] [stdout]   41:     0x7f2a2b1fe609 - start_thread
[INFO] [stdout]   42:     0x7f2a2afd4293 - clone
[INFO] [stdout]   43:                0x0 - <unknown>
[INFO] [stdout] 
[INFO] [stdout] 
[INFO] [stdout] failures:
[INFO] [stdout]     test_1_shared_1_shared
[INFO] [stdout]     test_1_tenant_1_tenant
[INFO] [stdout]     test_1_tenant_2_tenant
[INFO] [stdout]     test_2_tenant_1_shared
[INFO] [stdout] 
[INFO] [stdout] test result: FAILED. 1 passed; 4 failed; 0 ignored; 0 measured; 0 filtered out; finished in 16.15s
[INFO] [stdout] 
[INFO] [stderr] error: test failed, to rerun pass '--test kafka_tests'
[INFO] running `Command { std: "docker" "inspect" "20a907a60751e836a8b539ad5240508510374ee819f70ec2250026aa1a5e6ed1", kill_on_drop: false }`
[INFO] running `Command { std: "docker" "rm" "-f" "20a907a60751e836a8b539ad5240508510374ee819f70ec2250026aa1a5e6ed1", kill_on_drop: false }`
[INFO] [stdout] 20a907a60751e836a8b539ad5240508510374ee819f70ec2250026aa1a5e6ed1
