[INFO] fetching crate rust-htslib 0.38.2...
[INFO] testing rust-htslib-0.38.2 against 1.54.0 for beta-1.55-1
[INFO] extracting crate rust-htslib 0.38.2 into /workspace/builds/worker-11/source
[INFO] validating manifest of crates.io crate rust-htslib 0.38.2 on toolchain 1.54.0
[INFO] running `Command { std: "/workspace/cargo-home/bin/cargo" "+1.54.0" "metadata" "--manifest-path" "Cargo.toml" "--no-deps", kill_on_drop: false }`
[INFO] removed /workspace/builds/worker-11/source/.cargo/config
[INFO] started tweaking crates.io crate rust-htslib 0.38.2
[INFO] finished tweaking crates.io crate rust-htslib 0.38.2
[INFO] tweaked toml for crates.io crate rust-htslib 0.38.2 written to /workspace/builds/worker-11/source/Cargo.toml
[INFO] running `Command { std: "/workspace/cargo-home/bin/cargo" "+1.54.0" "generate-lockfile" "--manifest-path" "Cargo.toml" "-Zno-index-update", kill_on_drop: false }`
[INFO] running `Command { std: "/workspace/cargo-home/bin/cargo" "+1.54.0" "fetch" "--manifest-path" "Cargo.toml", kill_on_drop: false }`
[INFO] [stderr]     Blocking waiting for file lock on package cache
[INFO] running `Command { std: "docker" "create" "-v" "/var/lib/crater-agent-workspace/builds/worker-11/target:/opt/rustwide/target:rw,Z" "-v" "/var/lib/crater-agent-workspace/builds/worker-11/source:/opt/rustwide/workdir:ro,Z" "-v" "/var/lib/crater-agent-workspace/cargo-home:/opt/rustwide/cargo-home:ro,Z" "-v" "/var/lib/crater-agent-workspace/rustup-home:/opt/rustwide/rustup-home:ro,Z" "-e" "SOURCE_DIR=/opt/rustwide/workdir" "-e" "CARGO_TARGET_DIR=/opt/rustwide/target" "-e" "CARGO_HOME=/opt/rustwide/cargo-home" "-e" "RUSTUP_HOME=/opt/rustwide/rustup-home" "-w" "/opt/rustwide/workdir" "-m" "1610612736" "--user" "0:0" "--network" "none" "ghcr.io/rust-lang/crates-build-env/linux@sha256:34b6a614d2c27851fe6cbf88fbd1137609cefab8b10d0615aaeb6fd47975d74e" "/opt/rustwide/cargo-home/bin/cargo" "+1.54.0" "metadata" "--no-deps" "--format-version=1", kill_on_drop: false }`
[INFO] [stdout] 1a6159fad8d456507ffd9c638a7cd572670da732493683e8f864d5aaeab2994e
[INFO] running `Command { std: "docker" "start" "-a" "1a6159fad8d456507ffd9c638a7cd572670da732493683e8f864d5aaeab2994e", kill_on_drop: false }`
[INFO] running `Command { std: "docker" "inspect" "1a6159fad8d456507ffd9c638a7cd572670da732493683e8f864d5aaeab2994e", kill_on_drop: false }`
[INFO] running `Command { std: "docker" "rm" "-f" "1a6159fad8d456507ffd9c638a7cd572670da732493683e8f864d5aaeab2994e", kill_on_drop: false }`
[INFO] [stdout] 1a6159fad8d456507ffd9c638a7cd572670da732493683e8f864d5aaeab2994e
[INFO] running `Command { std: "docker" "create" "-v" "/var/lib/crater-agent-workspace/builds/worker-11/target:/opt/rustwide/target:rw,Z" "-v" "/var/lib/crater-agent-workspace/builds/worker-11/source:/opt/rustwide/workdir:ro,Z" "-v" "/var/lib/crater-agent-workspace/cargo-home:/opt/rustwide/cargo-home:ro,Z" "-v" "/var/lib/crater-agent-workspace/rustup-home:/opt/rustwide/rustup-home:ro,Z" "-e" "SOURCE_DIR=/opt/rustwide/workdir" "-e" "CARGO_TARGET_DIR=/opt/rustwide/target" "-e" "CARGO_INCREMENTAL=0" "-e" "RUST_BACKTRACE=full" "-e" "RUSTFLAGS=--cap-lints=warn" "-e" "CARGO_HOME=/opt/rustwide/cargo-home" "-e" "RUSTUP_HOME=/opt/rustwide/rustup-home" "-w" "/opt/rustwide/workdir" "-m" "1610612736" "--user" "0:0" "--network" "none" "ghcr.io/rust-lang/crates-build-env/linux@sha256:34b6a614d2c27851fe6cbf88fbd1137609cefab8b10d0615aaeb6fd47975d74e" "/opt/rustwide/cargo-home/bin/cargo" "+1.54.0" "build" "--frozen" "--message-format=json", kill_on_drop: false }`
[INFO] [stdout] b53ac82a582769f5084b5752cd241998de0cf7f7e525d62c6b56486b6c87dcab
[INFO] running `Command { std: "docker" "start" "-a" "b53ac82a582769f5084b5752cd241998de0cf7f7e525d62c6b56486b6c87dcab", kill_on_drop: false }`
[INFO] [stderr]    Compiling semver v0.1.20
[INFO] [stderr]    Compiling linear-map v1.2.0
[INFO] [stderr]    Compiling custom_derive v0.1.7
[INFO] [stderr]    Compiling fs-utils v1.1.4
[INFO] [stderr]    Compiling openssl-src v111.15.0+1.1.1k
[INFO] [stderr]    Compiling libz-sys v1.1.3
[INFO] [stderr]    Compiling lzma-sys v0.1.17
[INFO] [stderr]    Compiling bzip2-sys v0.1.11+1.0.8
[INFO] [stderr]    Compiling curl-sys v0.4.45+curl-7.78.0
[INFO] [stderr]    Compiling thiserror-impl v1.0.26
[INFO] [stderr]    Compiling derive-new v0.5.9
[INFO] [stderr]    Compiling strum_macros v0.20.1
[INFO] [stderr]    Compiling rustc_version v0.1.7
[INFO] [stderr]    Compiling hts-sys v2.0.1
[INFO] [stderr]    Compiling openssl-sys v0.9.65
[INFO] [stderr]    Compiling newtype_derive v0.1.6
[INFO] [stderr]    Compiling thiserror v1.0.26
[INFO] [stderr]    Compiling bio-types v0.12.0
[INFO] [stderr]    Compiling rust-htslib v0.38.2 (/opt/rustwide/workdir)
[INFO] [stderr]     Finished dev [unoptimized + debuginfo] target(s) in 26.86s
[INFO] running `Command { std: "docker" "inspect" "b53ac82a582769f5084b5752cd241998de0cf7f7e525d62c6b56486b6c87dcab", kill_on_drop: false }`
[INFO] running `Command { std: "docker" "rm" "-f" "b53ac82a582769f5084b5752cd241998de0cf7f7e525d62c6b56486b6c87dcab", kill_on_drop: false }`
[INFO] [stdout] b53ac82a582769f5084b5752cd241998de0cf7f7e525d62c6b56486b6c87dcab
[INFO] running `Command { std: "docker" "create" "-v" "/var/lib/crater-agent-workspace/builds/worker-11/target:/opt/rustwide/target:rw,Z" "-v" "/var/lib/crater-agent-workspace/builds/worker-11/source:/opt/rustwide/workdir:ro,Z" "-v" "/var/lib/crater-agent-workspace/cargo-home:/opt/rustwide/cargo-home:ro,Z" "-v" "/var/lib/crater-agent-workspace/rustup-home:/opt/rustwide/rustup-home:ro,Z" "-e" "SOURCE_DIR=/opt/rustwide/workdir" "-e" "CARGO_TARGET_DIR=/opt/rustwide/target" "-e" "CARGO_INCREMENTAL=0" "-e" "RUST_BACKTRACE=full" "-e" "RUSTFLAGS=--cap-lints=warn" "-e" "CARGO_HOME=/opt/rustwide/cargo-home" "-e" "RUSTUP_HOME=/opt/rustwide/rustup-home" "-w" "/opt/rustwide/workdir" "-m" "1610612736" "--user" "0:0" "--network" "none" "ghcr.io/rust-lang/crates-build-env/linux@sha256:34b6a614d2c27851fe6cbf88fbd1137609cefab8b10d0615aaeb6fd47975d74e" "/opt/rustwide/cargo-home/bin/cargo" "+1.54.0" "test" "--frozen" "--no-run" "--message-format=json", kill_on_drop: false }`
[INFO] [stdout] 8890c002a4591066beee24fb0d1027e7ed772d1d590effc93c5446fd61b04ed1
[INFO] running `Command { std: "docker" "start" "-a" "8890c002a4591066beee24fb0d1027e7ed772d1d590effc93c5446fd61b04ed1", kill_on_drop: false }`
[INFO] [stderr]    Compiling pretty_assertions v0.6.1
[INFO] [stderr]    Compiling bincode v1.3.3
[INFO] [stderr]    Compiling rust-htslib v0.38.2 (/opt/rustwide/workdir)
[INFO] [stderr]     Finished test [unoptimized + debuginfo] target(s) in 11.00s
[INFO] running `Command { std: "docker" "inspect" "8890c002a4591066beee24fb0d1027e7ed772d1d590effc93c5446fd61b04ed1", kill_on_drop: false }`
[INFO] running `Command { std: "docker" "rm" "-f" "8890c002a4591066beee24fb0d1027e7ed772d1d590effc93c5446fd61b04ed1", kill_on_drop: false }`
[INFO] [stdout] 8890c002a4591066beee24fb0d1027e7ed772d1d590effc93c5446fd61b04ed1
[INFO] running `Command { std: "docker" "create" "-v" "/var/lib/crater-agent-workspace/builds/worker-11/target:/opt/rustwide/target:rw,Z" "-v" "/var/lib/crater-agent-workspace/builds/worker-11/source:/opt/rustwide/workdir:ro,Z" "-v" "/var/lib/crater-agent-workspace/cargo-home:/opt/rustwide/cargo-home:ro,Z" "-v" "/var/lib/crater-agent-workspace/rustup-home:/opt/rustwide/rustup-home:ro,Z" "-e" "SOURCE_DIR=/opt/rustwide/workdir" "-e" "CARGO_TARGET_DIR=/opt/rustwide/target" "-e" "CARGO_INCREMENTAL=0" "-e" "RUST_BACKTRACE=full" "-e" "RUSTFLAGS=--cap-lints=warn" "-e" "CARGO_HOME=/opt/rustwide/cargo-home" "-e" "RUSTUP_HOME=/opt/rustwide/rustup-home" "-w" "/opt/rustwide/workdir" "-m" "1610612736" "--user" "0:0" "--network" "none" "ghcr.io/rust-lang/crates-build-env/linux@sha256:34b6a614d2c27851fe6cbf88fbd1137609cefab8b10d0615aaeb6fd47975d74e" "/opt/rustwide/cargo-home/bin/cargo" "+1.54.0" "test" "--frozen", kill_on_drop: false }`
[INFO] [stdout] 7d59c49c831baee9b9bd935d952abd97b5f9075001c9809fa40d95c419a156c2
[INFO] running `Command { std: "docker" "start" "-a" "7d59c49c831baee9b9bd935d952abd97b5f9075001c9809fa40d95c419a156c2", kill_on_drop: false }`
[INFO] [stderr]     Finished test [unoptimized + debuginfo] target(s) in 0.05s
[INFO] [stderr]      Running unittests (/opt/rustwide/target/debug/deps/rust_htslib-f980ece04d5a319d)
[INFO] [stdout] 
[INFO] [stdout] running 118 tests
[INFO] [stdout] test bam::buffer::tests::test_buffer ... ok
[INFO] [stdout] test bam::record::alignment_cigar_tests::test_cigar ... ok
[INFO] [stdout] test bam::record::alignment_cigar_tests::test_cigar_parsing_non_ascii_error ... ok
[INFO] [stdout] test bam::record::alignment_cigar_tests::test_read_orientation_f1r2 ... ok
[INFO] [stdout] test bam::record::tests::test_cigar_parse ... ok
[INFO] [stdout] test bam::record::tests::test_flags ... ok
[INFO] [stdout] test bam::record::tests::test_cigar_string ... ok
[INFO] [stdout] test bam::record::tests::test_clone ... ok
[INFO] [stdout] test bam::record::tests::test_cigar_read_pos ... ok
[INFO] [stdout] test bam::ext::tests::test_infer_seq_len ... ok
[INFO] [stdout] test bam::record::alignment_cigar_tests::test_cigar_parsing ... ok
[INFO] [stdout] test bam::tests::test_aux_array_partial_eq ... ok
[INFO] [stdout] test bam::tests::test_bam_fails_on_toml ... ok
[INFO] [stdout] test bam::tests::test_bam_fails_on_vcf ... ok
[INFO] [stdout] test bam::ext::tests::test_reference_start_end ... ok
[INFO] [stdout] test bam::pileup::tests::test_max_pileup ... ok
[INFO] [stdout] test bam::tests::test_aux_scalars ... ok
[INFO] [stdout] test bam::ext::tests::test_aligned_block_pairs ... ok
[INFO] [stdout] test bam::ext::tests::spliced_reads ... ok
[INFO] [stdout] test bam::tests::parse_from_sam ... ok
[INFO] [stdout] test bam::tests::test_aux_arrays ... ok
[INFO] [stderr] [E::bgzf_read_block] Failed to read BGZF header at offset 426
[INFO] [stderr] [E::bgzf_read] Read block operation failed with error 2 after 0 of 4 bytes
[INFO] [stderr] [E::bgzf_read_block] Failed to read BGZF header at offset 426
[INFO] [stderr] [E::bgzf_read] Read block operation failed with error 3 after 0 of 4 bytes
[INFO] [stderr] [E::bgzf_read_block] Failed to read BGZF header at offset 426
[INFO] [stderr] [E::bgzf_read] Read block operation failed with error 2 after 0 of 4 bytes
[INFO] [stderr] [E::bgzf_read_block] Failed to read BGZF header at offset 426
[INFO] [stderr] [E::bgzf_read] Read block operation failed with error 3 after 0 of 4 bytes
[INFO] [stderr] [E::hts_open_format] Failed to open file "./test/bam2sam_out.sam" : Read-only file system
[INFO] [stdout] test bam::tests::test_compression_level_conversion ... ok
[INFO] [stdout] test bam::tests::test_set_record ... ok
[INFO] [stdout] test bam::ext::tests::test_aligned_pairs ... ok
[INFO] [stdout] test bam::tests::test_indexde_bam_fails_on_vcf ... ok
[INFO] [stdout] test bam::tests::test_read_against_sam ... ok
[INFO] [stdout] test bam::tests::test_rc_records ... ok
[INFO] [stdout] test bam::ext::tests::test_reference_positions_full ... ok
[INFO] [stdout] test bam::tests::test_read_indexed ... ok
[INFO] [stdout] test bam::tests::test_read_indexed_different_index_name ... ok
[INFO] [stdout] test bam::tests::test_remove_aux ... ok
[INFO] [stdout] test bam::tests::test_seek ... ok
[INFO] [stdout] test bam::ext::tests::test_introns ... ok
[INFO] [stdout] test bam::tests::test_set_repeated ... ok
[INFO] [stdout] test bam::tests::test_write_compression ... ok
[INFO] [stdout] test bam::tests::test_read ... ok
[INFO] [stdout] test bam::tests::test_cigar_modes ... ok
[INFO] [stdout] test bcf::record::tests::test_record_remove_filter ... ok
[INFO] [stdout] test bam::tests::test_set_qname ... ok
[INFO] [stdout] test bam::ext::tests::test_get_cigar_stats ... ok
[INFO] [stdout] test bam::ext::tests::test_reference_positions ... ok
[INFO] [stdout] test bcf::record::tests::test_missing_float ... ok
[INFO] [stdout] test bam::tests::test_set_qname2 ... ok
[INFO] [stdout] test bcf::record::tests::test_record_rlen ... ok
[INFO] [stdout] test bcf::record::tests::test_record_has_filter_pass_is_default ... ok
[INFO] [stdout] test bam::tests::test_read_sam_header ... ok
[INFO] [stdout] test bam::tests::test_pileup ... ok
[INFO] [stdout] test bcf::record::tests::test_record_clear ... ok
[INFO] [stdout] test bcf::record::tests::test_record_has_filter_custom ... ok
[INFO] [stdout] test bcf::tests::test_fails_on_non_existiant ... ok
[INFO] [stdout] test bcf::record::tests::test_vector_end_float ... ok
[INFO] [stdout] test bcf::record::tests::test_record_set_filters ... ok
[INFO] [stdout] test bcf::tests::test_genotype_missing_allele_conversion ... ok
[INFO] [stdout] test bcf::tests::test_genotypes ... ok
[INFO] [stdout] test bcf::tests::test_genotype_allele_conversion ... ok
[INFO] [stdout] test bcf::tests::test_fetch_start_greater_than_last_vcf_pos ... ok
[INFO] [stdout] test bcf::tests::test_alt_allele_dosage ... ok
[INFO] [stdout] test bcf::tests::test_fails_on_bam ... ok
[INFO] [stdout] test bcf::tests::test_header_contigs ... ok
[INFO] [stdout] test bcf::tests::test_fetch_open_ended ... ok
[INFO] [stdout] test bcf::tests::test_header_samples ... ok
[INFO] [stdout] test bcf::tests::test_strings ... ok
[INFO] [stdout] test bcf::record::tests::test_record_push_filter ... ok
[INFO] [stdout] test bcf::tests::test_fetch_all ... ok
[INFO] [stdout] test bcf::record::tests::test_record_end ... ok
[INFO] [stdout] test bcf::tests::test_svlen ... ok
[INFO] [stdout] test bcf::tests::test_header_info_types ... ok
[INFO] [stdout] test bcf::tests::test_header_ids ... ok
[INFO] [stdout] test bcf::tests::test_header_records ... ok
[INFO] [stdout] test bam::tests::test_read_cram ... ok
[INFO] [stdout] test bam::tests::test_bam_header_sync ... ok
[INFO] [stdout] test bcf::buffer::tests::test_buffer ... ok
[INFO] [stdout] test bcf::tests::test_synced_reader_fetch ... ok
[INFO] [stdout] test bam::tests::test_copy_template ... ok
[INFO] [stdout] test bcf::tests::test_synced_reader ... ok
[INFO] [stderr] [W::vcf_parse] Contig '19' is not defined in the header. (Quick workaround: index the file with tabix.)
[INFO] [stdout] test bcf::tests::test_writer_set_threads ... ok
[INFO] [stdout] test bcf::tests::test_read ... ok
[INFO] [stdout] test bcf::tests::test_remove_alleles ... ok
[INFO] [stdout] test bcf::tests::test_obs_cornercase ... ok
[INFO] [stderr] [E::hts_idx_load3] Could not load local index file 'test/tabix_reader/bad_header.txt.gz.tbi'
[INFO] [stdout] test bcf::tests::test_remove_headers ... ok
[INFO] [stdout] test bam::tests::test_write ... ok
[INFO] [stdout] test bcf::tests::test_fetch ... ok
[INFO] [stdout] test faidx::tests::faidx_read_chr_start ... ok
[INFO] [stdout] test faidx::tests::faidx_read_chr_between ... ok
[INFO] [stdout] test bcf::tests::test_write_various ... ok
[INFO] [stdout] test bgzf::tests::test_is_bgzip_plain ... ok
[INFO] [stdout] test bgzf::tests::test_open_bgzip ... ok
[INFO] [stderr] [E::idx_find_and_load] Could not retrieve index file for 'test/test_left.vcf'
[INFO] [stderr] [E::idx_find_and_load] Could not retrieve index file for 'test/test.bam'
[INFO] [stdout] test bgzf::tests::test_open_gzip ... ok
[INFO] [stdout] test bgzf::tests::test_open_plain ... ok
[INFO] [stdout] test faidx::tests::faidx_open ... ok
[INFO] [stdout] test faidx::tests::faidx_position_too_large ... ok
[INFO] [stdout] test bcf::tests::test_reader_set_threads ... ok
[INFO] [stdout] test bcf::tests::test_missing ... ok
[INFO] [stdout] test faidx::tests::faidx_read_chr_first_base ... ok
[INFO] [stdout] test tbx::tests::bed_fetch_from_chr1_iterator_api ... ok
[INFO] [stdout] test faidx::tests::faidx_read_chr_end ... ok
[INFO] [stdout] test faidx::tests::faidx_read_twice_bytes ... ok
[INFO] [stdout] test faidx::tests::faidx_read_twice_string ... ok
[INFO] [stdout] test tbx::tests::bed_basic ... ok
[INFO] [stdout] test bgzf::tests::test_set_threadpool ... ok
[INFO] [stdout] test bcf::tests::test_write ... ok
[INFO] [stdout] test bam::tests::test_write_cram ... ok
[INFO] [stdout] test bcf::tests::test_multi_string_info_tag ... ok
[INFO] [stdout] test tbx::tests::bed_fetch_from_chr1_read_api ... ok
[INFO] [stdout] test tbx::tests::test_text_bad_header ... ok
[INFO] [stdout] test tbx::tests::test_fails_on_non_existiant ... ok
[INFO] [stdout] test tbx::tests::test_fails_on_vcf ... ok
[INFO] [stdout] test tbx::tests::test_text_header_positions ... ok
[INFO] [stdout] test tbx::tests::test_fails_on_bam ... ok
[INFO] [stdout] test bcf::tests::test_multi_string_info_tag_number_a ... ok
[INFO] [stdout] test tbx::tests::test_text_header_regions ... ok
[INFO] [stdout] test bam::tests::test_idx_pileup ... ok
[INFO] [stdout] test bam::pileup::tests::test_max_pileup_to_high - should panic ... ok
[INFO] [stdout] test bam::index::tests::test_index_build ... FAILED
[INFO] [stdout] test bam::tests::test_sam_writer_example ... FAILED
[INFO] [stdout] test bam::ext::tests::test_aligned_pairs_full ... ok
[INFO] [stdout] test bam::tests::test_write_threaded ... ok
[INFO] [stdout] test bam::tests::test_write_shared_tpool ... ok
[INFO] [stdout] 
[INFO] [stdout] failures:
[INFO] [stdout] 
[INFO] [stdout] ---- bam::index::tests::test_index_build stdout ----
[INFO] [stdout] thread 'bam::index::tests::test_index_build' panicked at 'called `Result::unwrap()` on an `Err` value: BamWriteIndex', src/bam/index.rs:72:51
[INFO] [stdout] stack backtrace:
[INFO] [stdout]    0:     0x55c3f94c5f80 - std::backtrace_rs::backtrace::libunwind::trace::h34055254b57d8e79
[INFO] [stdout]                                at /rustc/a178d0322ce20e33eac124758e837cbd80a6f633/library/std/src/../../backtrace/src/backtrace/libunwind.rs:90:5
[INFO] [stdout]    1:     0x55c3f94c5f80 - std::backtrace_rs::backtrace::trace_unsynchronized::h8f1e3fbd9afff6ec
[INFO] [stdout]                                at /rustc/a178d0322ce20e33eac124758e837cbd80a6f633/library/std/src/../../backtrace/src/backtrace/mod.rs:66:5
[INFO] [stdout]    2:     0x55c3f94c5f80 - std::sys_common::backtrace::_print_fmt::h3a99a796b770c360
[INFO] [stdout]                                at /rustc/a178d0322ce20e33eac124758e837cbd80a6f633/library/std/src/sys_common/backtrace.rs:67:5
[INFO] [stdout]    3:     0x55c3f94c5f80 - <std::sys_common::backtrace::_print::DisplayBacktrace as core::fmt::Display>::fmt::h32d1f94a80615d18
[INFO] [stdout]                                at /rustc/a178d0322ce20e33eac124758e837cbd80a6f633/library/std/src/sys_common/backtrace.rs:46:22
[INFO] [stdout]    4:     0x55c3f94ea23c - core::fmt::write::h306731c068f7162c
[INFO] [stdout]                                at /rustc/a178d0322ce20e33eac124758e837cbd80a6f633/library/core/src/fmt/mod.rs:1110:17
[INFO] [stdout]    5:     0x55c3f94c27b5 - std::io::Write::write_fmt::h87f19b0a2cd190bc
[INFO] [stdout]                                at /rustc/a178d0322ce20e33eac124758e837cbd80a6f633/library/std/src/io/mod.rs:1588:15
[INFO] [stdout]    6:     0x55c3f94c857b - std::sys_common::backtrace::_print::h5abaa2601a852287
[INFO] [stdout]                                at /rustc/a178d0322ce20e33eac124758e837cbd80a6f633/library/std/src/sys_common/backtrace.rs:49:5
[INFO] [stdout]    7:     0x55c3f94c857b - std::sys_common::backtrace::print::h8d81445442bb638f
[INFO] [stdout]                                at /rustc/a178d0322ce20e33eac124758e837cbd80a6f633/library/std/src/sys_common/backtrace.rs:36:9
[INFO] [stdout]    8:     0x55c3f94c857b - std::panicking::default_hook::{{closure}}::hcfe804496a9fa747
[INFO] [stdout]                                at /rustc/a178d0322ce20e33eac124758e837cbd80a6f633/library/std/src/panicking.rs:208:50
[INFO] [stdout]    9:     0x55c3f94c808c - std::panicking::default_hook::hbea8e3ccf2ba8901
[INFO] [stdout]                                at /rustc/a178d0322ce20e33eac124758e837cbd80a6f633/library/std/src/panicking.rs:222:9
[INFO] [stdout]   10:     0x55c3f94c8c44 - std::panicking::rust_panic_with_hook::h7ee9e1a2d0f8975a
[INFO] [stdout]                                at /rustc/a178d0322ce20e33eac124758e837cbd80a6f633/library/std/src/panicking.rs:622:17
[INFO] [stdout]   11:     0x55c3f94c8727 - std::panicking::begin_panic_handler::{{closure}}::h8ab3b4491718b2c7
[INFO] [stdout]                                at /rustc/a178d0322ce20e33eac124758e837cbd80a6f633/library/std/src/panicking.rs:519:13
[INFO] [stdout]   12:     0x55c3f94c647c - std::sys_common::backtrace::__rust_end_short_backtrace::hd489062ffa586a9f
[INFO] [stdout]                                at /rustc/a178d0322ce20e33eac124758e837cbd80a6f633/library/std/src/sys_common/backtrace.rs:141:18
[INFO] [stdout]   13:     0x55c3f94c8689 - rust_begin_unwind
[INFO] [stdout]                                at /rustc/a178d0322ce20e33eac124758e837cbd80a6f633/library/std/src/panicking.rs:515:5
[INFO] [stdout]   14:     0x55c3f8dc8ad1 - core::panicking::panic_fmt::hca6330e3e14086b4
[INFO] [stdout]                                at /rustc/a178d0322ce20e33eac124758e837cbd80a6f633/library/core/src/panicking.rs:92:14
[INFO] [stdout]   15:     0x55c3f8dc8bc3 - core::result::unwrap_failed::h6160d2b4bfbb0e87
[INFO] [stdout]                                at /rustc/a178d0322ce20e33eac124758e837cbd80a6f633/library/core/src/result.rs:1355:5
[INFO] [stdout]   16:     0x55c3f8f6b113 - core::result::Result<T,E>::unwrap::h990ed59feec96adc
[INFO] [stdout]                                at /rustc/a178d0322ce20e33eac124758e837cbd80a6f633/library/core/src/result.rs:1037:23
[INFO] [stdout]   17:     0x55c3f8edf364 - rust_htslib::bam::index::tests::test_index_build::h004c920914a0fd8e
[INFO] [stdout]                                at /opt/rustwide/workdir/src/bam/index.rs:72:9
[INFO] [stdout]   18:     0x55c3f8edf29a - rust_htslib::bam::index::tests::test_index_build::{{closure}}::hefaa9bc88d88054a
[INFO] [stdout]                                at /opt/rustwide/workdir/src/bam/index.rs:67:5
[INFO] [stdout]   19:     0x55c3f8f4411e - core::ops::function::FnOnce::call_once::hf8817376b74b47d6
[INFO] [stdout]                                at /rustc/a178d0322ce20e33eac124758e837cbd80a6f633/library/core/src/ops/function.rs:227:5
[INFO] [stdout]   20:     0x55c3f8fcc833 - core::ops::function::FnOnce::call_once::h152e7e439ff59e19
[INFO] [stdout]                                at /rustc/a178d0322ce20e33eac124758e837cbd80a6f633/library/core/src/ops/function.rs:227:5
[INFO] [stdout]   21:     0x55c3f8fcc833 - test::__rust_begin_short_backtrace::h0908f3b1fdbb72ab
[INFO] [stdout]                                at /rustc/a178d0322ce20e33eac124758e837cbd80a6f633/library/test/src/lib.rs:577:5
[INFO] [stdout]   22:     0x55c3f8fcb2f0 - <alloc::boxed::Box<F,A> as core::ops::function::FnOnce<Args>>::call_once::hf6d2a51e5587546c
[INFO] [stdout]                                at /rustc/a178d0322ce20e33eac124758e837cbd80a6f633/library/alloc/src/boxed.rs:1575:9
[INFO] [stdout]   23:     0x55c3f8fcb2f0 - <std::panic::AssertUnwindSafe<F> as core::ops::function::FnOnce<()>>::call_once::h8af660f3a89ef593
[INFO] [stdout]                                at /rustc/a178d0322ce20e33eac124758e837cbd80a6f633/library/std/src/panic.rs:347:9
[INFO] [stdout]   24:     0x55c3f8fcb2f0 - std::panicking::try::do_call::hd36aef60f84b6d36
[INFO] [stdout]                                at /rustc/a178d0322ce20e33eac124758e837cbd80a6f633/library/std/src/panicking.rs:401:40
[INFO] [stdout]   25:     0x55c3f8fcb2f0 - std::panicking::try::h9932b4480e69817c
[INFO] [stdout]                                at /rustc/a178d0322ce20e33eac124758e837cbd80a6f633/library/std/src/panicking.rs:365:19
[INFO] [stdout]   26:     0x55c3f8fcb2f0 - std::panic::catch_unwind::h6aa177099cfff5f8
[INFO] [stdout]                                at /rustc/a178d0322ce20e33eac124758e837cbd80a6f633/library/std/src/panic.rs:434:14
[INFO] [stdout]   27:     0x55c3f8fcb2f0 - test::run_test_in_process::h5884d6f2d99e20c3
[INFO] [stdout]                                at /rustc/a178d0322ce20e33eac124758e837cbd80a6f633/library/test/src/lib.rs:600:18
[INFO] [stdout]   28:     0x55c3f8fcb2f0 - test::run_test::run_test_inner::{{closure}}::h6fdc58c6d5f5b6e3
[INFO] [stdout]                                at /rustc/a178d0322ce20e33eac124758e837cbd80a6f633/library/test/src/lib.rs:492:39
[INFO] [stdout]   29:     0x55c3f8fa49a2 - test::run_test::run_test_inner::{{closure}}::h408365d67a78ade8
[INFO] [stdout]                                at /rustc/a178d0322ce20e33eac124758e837cbd80a6f633/library/test/src/lib.rs:519:37
[INFO] [stdout]   30:     0x55c3f8fa49a2 - std::sys_common::backtrace::__rust_begin_short_backtrace::hb560b77c4f701523
[INFO] [stdout]                                at /rustc/a178d0322ce20e33eac124758e837cbd80a6f633/library/std/src/sys_common/backtrace.rs:125:18
[INFO] [stdout]   31:     0x55c3f8fa8558 - std::thread::Builder::spawn_unchecked::{{closure}}::{{closure}}::hf2e7831dad93c597
[INFO] [stdout]                                at /rustc/a178d0322ce20e33eac124758e837cbd80a6f633/library/std/src/thread/mod.rs:481:17
[INFO] [stdout]   32:     0x55c3f8fa8558 - <std::panic::AssertUnwindSafe<F> as core::ops::function::FnOnce<()>>::call_once::hd2e08783d8be4d02
[INFO] [stdout]                                at /rustc/a178d0322ce20e33eac124758e837cbd80a6f633/library/std/src/panic.rs:347:9
[INFO] [stdout]   33:     0x55c3f8fa8558 - std::panicking::try::do_call::h062597b7acfd6b82
[INFO] [stdout]                                at /rustc/a178d0322ce20e33eac124758e837cbd80a6f633/library/std/src/panicking.rs:401:40
[INFO] [stdout]   34:     0x55c3f8fa8558 - std::panicking::try::h0d7b79db04c14552
[INFO] [stdout]                                at /rustc/a178d0322ce20e33eac124758e837cbd80a6f633/library/std/src/panicking.rs:365:19
[INFO] [stdout]   35:     0x55c3f8fa8558 - std::panic::catch_unwind::hb01a0b5e7c8cd43b
[INFO] [stdout]                                at /rustc/a178d0322ce20e33eac124758e837cbd80a6f633/library/std/src/panic.rs:434:14
[INFO] [stdout]   36:     0x55c3f8fa8558 - std::thread::Builder::spawn_unchecked::{{closure}}::h5bde48cc887e0d1e
[INFO] [stdout]                                at /rustc/a178d0322ce20e33eac124758e837cbd80a6f633/library/std/src/thread/mod.rs:480:30
[INFO] [stdout]   37:     0x55c3f8fa8558 - core::ops::function::FnOnce::call_once{{vtable.shim}}::h745ea30807a29e55
[INFO] [stdout]                                at /rustc/a178d0322ce20e33eac124758e837cbd80a6f633/library/core/src/ops/function.rs:227:5
[INFO] [stdout]   38:     0x55c3f94ce297 - <alloc::boxed::Box<F,A> as core::ops::function::FnOnce<Args>>::call_once::h7ece6cfefaff1005
[INFO] [stdout]                                at /rustc/a178d0322ce20e33eac124758e837cbd80a6f633/library/alloc/src/boxed.rs:1575:9
[INFO] [stdout]   39:     0x55c3f94ce297 - <alloc::boxed::Box<F,A> as core::ops::function::FnOnce<Args>>::call_once::hb8b48e55c21f193e
[INFO] [stdout]                                at /rustc/a178d0322ce20e33eac124758e837cbd80a6f633/library/alloc/src/boxed.rs:1575:9
[INFO] [stdout]   40:     0x55c3f94ce297 - std::sys::unix::thread::Thread::new::thread_start::h8c7c4450dba62914
[INFO] [stdout]                                at /rustc/a178d0322ce20e33eac124758e837cbd80a6f633/library/std/src/sys/unix/thread.rs:71:17
[INFO] [stdout]   41:     0x7ffbd19fb609 - start_thread
[INFO] [stdout]   42:     0x7ffbd17cb293 - clone
[INFO] [stdout]   43:                0x0 - <unknown>
[INFO] [stdout] 
[INFO] [stdout] ---- bam::tests::test_sam_writer_example stdout ----
[INFO] [stdout] thread 'bam::tests::test_sam_writer_example' panicked at 'called `Result::unwrap()` on an `Err` value: BamOpen { target: "./test/bam2sam_out.sam" }', src/bam/mod.rs:2272:83
[INFO] [stdout] stack backtrace:
[INFO] [stdout]    0:     0x55c3f94c5f80 - std::backtrace_rs::backtrace::libunwind::trace::h34055254b57d8e79
[INFO] [stdout]                                at /rustc/a178d0322ce20e33eac124758e837cbd80a6f633/library/std/src/../../backtrace/src/backtrace/libunwind.rs:90:5
[INFO] [stdout]    1:     0x55c3f94c5f80 - std::backtrace_rs::backtrace::trace_unsynchronized::h8f1e3fbd9afff6ec
[INFO] [stdout]                                at /rustc/a178d0322ce20e33eac124758e837cbd80a6f633/library/std/src/../../backtrace/src/backtrace/mod.rs:66:5
[INFO] [stdout]    2:     0x55c3f94c5f80 - std::sys_common::backtrace::_print_fmt::h3a99a796b770c360
[INFO] [stdout]                                at /rustc/a178d0322ce20e33eac124758e837cbd80a6f633/library/std/src/sys_common/backtrace.rs:67:5
[INFO] [stdout]    3:     0x55c3f94c5f80 - <std::sys_common::backtrace::_print::DisplayBacktrace as core::fmt::Display>::fmt::h32d1f94a80615d18
[INFO] [stdout]                                at /rustc/a178d0322ce20e33eac124758e837cbd80a6f633/library/std/src/sys_common/backtrace.rs:46:22
[INFO] [stdout]    4:     0x55c3f94ea23c - core::fmt::write::h306731c068f7162c
[INFO] [stdout]                                at /rustc/a178d0322ce20e33eac124758e837cbd80a6f633/library/core/src/fmt/mod.rs:1110:17
[INFO] [stdout]    5:     0x55c3f94c27b5 - std::io::Write::write_fmt::h87f19b0a2cd190bc
[INFO] [stdout]                                at /rustc/a178d0322ce20e33eac124758e837cbd80a6f633/library/std/src/io/mod.rs:1588:15
[INFO] [stdout]    6:     0x55c3f94c857b - std::sys_common::backtrace::_print::h5abaa2601a852287
[INFO] [stdout]                                at /rustc/a178d0322ce20e33eac124758e837cbd80a6f633/library/std/src/sys_common/backtrace.rs:49:5
[INFO] [stdout]    7:     0x55c3f94c857b - std::sys_common::backtrace::print::h8d81445442bb638f
[INFO] [stdout]                                at /rustc/a178d0322ce20e33eac124758e837cbd80a6f633/library/std/src/sys_common/backtrace.rs:36:9
[INFO] [stdout]    8:     0x55c3f94c857b - std::panicking::default_hook::{{closure}}::hcfe804496a9fa747
[INFO] [stdout]                                at /rustc/a178d0322ce20e33eac124758e837cbd80a6f633/library/std/src/panicking.rs:208:50
[INFO] [stdout]    9:     0x55c3f94c808c - std::panicking::default_hook::hbea8e3ccf2ba8901
[INFO] [stdout]                                at /rustc/a178d0322ce20e33eac124758e837cbd80a6f633/library/std/src/panicking.rs:222:9
[INFO] [stdout]   10:     0x55c3f94c8c44 - std::panicking::rust_panic_with_hook::h7ee9e1a2d0f8975a
[INFO] [stdout]                                at /rustc/a178d0322ce20e33eac124758e837cbd80a6f633/library/std/src/panicking.rs:622:17
[INFO] [stdout]   11:     0x55c3f94c8727 - std::panicking::begin_panic_handler::{{closure}}::h8ab3b4491718b2c7
[INFO] [stdout]                                at /rustc/a178d0322ce20e33eac124758e837cbd80a6f633/library/std/src/panicking.rs:519:13
[INFO] [stdout]   12:     0x55c3f94c647c - std::sys_common::backtrace::__rust_end_short_backtrace::hd489062ffa586a9f
[INFO] [stdout]                                at /rustc/a178d0322ce20e33eac124758e837cbd80a6f633/library/std/src/sys_common/backtrace.rs:141:18
[INFO] [stdout]   13:     0x55c3f94c8689 - rust_begin_unwind
[INFO] [stdout]                                at /rustc/a178d0322ce20e33eac124758e837cbd80a6f633/library/std/src/panicking.rs:515:5
[INFO] [stdout]   14:     0x55c3f8dc8ad1 - core::panicking::panic_fmt::hca6330e3e14086b4
[INFO] [stdout]                                at /rustc/a178d0322ce20e33eac124758e837cbd80a6f633/library/core/src/panicking.rs:92:14
[INFO] [stdout]   15:     0x55c3f8dc8bc3 - core::result::unwrap_failed::h6160d2b4bfbb0e87
[INFO] [stdout]                                at /rustc/a178d0322ce20e33eac124758e837cbd80a6f633/library/core/src/result.rs:1355:5
[INFO] [stdout]   16:     0x55c3f8f6ad4f - core::result::Result<T,E>::unwrap::h888059d1e4b8103d
[INFO] [stdout]                                at /rustc/a178d0322ce20e33eac124758e837cbd80a6f633/library/core/src/result.rs:1037:23
[INFO] [stdout]   17:     0x55c3f8f31bc7 - rust_htslib::bam::tests::test_sam_writer_example::from_bam_with_filter::h51ff6885ca76532e
[INFO] [stdout]                                at /opt/rustwide/workdir/src/bam/mod.rs:2272:34
[INFO] [stdout]   18:     0x55c3f8f31635 - rust_htslib::bam::tests::test_sam_writer_example::h5c1fdda1fa70e013
[INFO] [stdout]                                at /opt/rustwide/workdir/src/bam/mod.rs:2295:22
[INFO] [stdout]   19:     0x55c3f8f315aa - rust_htslib::bam::tests::test_sam_writer_example::{{closure}}::h3c681ad5576f7960
[INFO] [stdout]                                at /opt/rustwide/workdir/src/bam/mod.rs:2265:5
[INFO] [stdout]   20:     0x55c3f8f4301e - core::ops::function::FnOnce::call_once::h5da64e6becddf726
[INFO] [stdout]                                at /rustc/a178d0322ce20e33eac124758e837cbd80a6f633/library/core/src/ops/function.rs:227:5
[INFO] [stdout]   21:     0x55c3f8fcc833 - core::ops::function::FnOnce::call_once::h152e7e439ff59e19
[INFO] [stdout]                                at /rustc/a178d0322ce20e33eac124758e837cbd80a6f633/library/core/src/ops/function.rs:227:5
[INFO] [stdout]   22:     0x55c3f8fcc833 - test::__rust_begin_short_backtrace::h0908f3b1fdbb72ab
[INFO] [stdout]                                at /rustc/a178d0322ce20e33eac124758e837cbd80a6f633/library/test/src/lib.rs:577:5
[INFO] [stdout]   23:     0x55c3f8fcb2f0 - <alloc::boxed::Box<F,A> as core::ops::function::FnOnce<Args>>::call_once::hf6d2a51e5587546c
[INFO] [stdout]                                at /rustc/a178d0322ce20e33eac124758e837cbd80a6f633/library/alloc/src/boxed.rs:1575:9
[INFO] [stdout]   24:     0x55c3f8fcb2f0 - <std::panic::AssertUnwindSafe<F> as core::ops::function::FnOnce<()>>::call_once::h8af660f3a89ef593
[INFO] [stdout]                                at /rustc/a178d0322ce20e33eac124758e837cbd80a6f633/library/std/src/panic.rs:347:9
[INFO] [stdout]   25:     0x55c3f8fcb2f0 - std::panicking::try::do_call::hd36aef60f84b6d36
[INFO] [stdout]                                at /rustc/a178d0322ce20e33eac124758e837cbd80a6f633/library/std/src/panicking.rs:401:40
[INFO] [stdout]   26:     0x55c3f8fcb2f0 - std::panicking::try::h9932b4480e69817c
[INFO] [stdout]                                at /rustc/a178d0322ce20e33eac124758e837cbd80a6f633/library/std/src/panicking.rs:365:19
[INFO] [stdout]   27:     0x55c3f8fcb2f0 - std::panic::catch_unwind::h6aa177099cfff5f8
[INFO] [stdout]                                at /rustc/a178d0322ce20e33eac124758e837cbd80a6f633/library/std/src/panic.rs:434:14
[INFO] [stdout]   28:     0x55c3f8fcb2f0 - test::run_test_in_process::h5884d6f2d99e20c3
[INFO] [stdout]                                at /rustc/a178d0322ce20e33eac124758e837cbd80a6f633/library/test/src/lib.rs:600:18
[INFO] [stdout]   29:     0x55c3f8fcb2f0 - test::run_test::run_test_inner::{{closure}}::h6fdc58c6d5f5b6e3
[INFO] [stdout]                                at /rustc/a178d0322ce20e33eac124758e837cbd80a6f633/library/test/src/lib.rs:492:39
[INFO] [stdout]   30:     0x55c3f8fa49a2 - test::run_test::run_test_inner::{{closure}}::h408365d67a78ade8
[INFO] [stdout]                                at /rustc/a178d0322ce20e33eac124758e837cbd80a6f633/library/test/src/lib.rs:519:37
[INFO] [stdout]   31:     0x55c3f8fa49a2 - std::sys_common::backtrace::__rust_begin_short_backtrace::hb560b77c4f701523
[INFO] [stdout]                                at /rustc/a178d0322ce20e33eac124758e837cbd80a6f633/library/std/src/sys_common/backtrace.rs:125:18
[INFO] [stdout]   32:     0x55c3f8fa8558 - std::thread::Builder::spawn_unchecked::{{closure}}::{{closure}}::hf2e7831dad93c597
[INFO] [stdout]                                at /rustc/a178d0322ce20e33eac124758e837cbd80a6f633/library/std/src/thread/mod.rs:481:17
[INFO] [stdout]   33:     0x55c3f8fa8558 - <std::panic::AssertUnwindSafe<F> as core::ops::function::FnOnce<()>>::call_once::hd2e08783d8be4d02
[INFO] [stdout]                                at /rustc/a178d0322ce20e33eac124758e837cbd80a6f633/library/std/src/panic.rs:347:9
[INFO] [stdout]   34:     0x55c3f8fa8558 - std::panicking::try::do_call::h062597b7acfd6b82
[INFO] [stdout]                                at /rustc/a178d0322ce20e33eac124758e837cbd80a6f633/library/std/src/panicking.rs:401:40
[INFO] [stdout]   35:     0x55c3f8fa8558 - std::panicking::try::h0d7b79db04c14552
[INFO] [stdout]                                at /rustc/a178d0322ce20e33eac124758e837cbd80a6f633/library/std/src/panicking.rs:365:19
[INFO] [stdout]   36:     0x55c3f8fa8558 - std::panic::catch_unwind::hb01a0b5e7c8cd43b
[INFO] [stdout]                                at /rustc/a178d0322ce20e33eac124758e837cbd80a6f633/library/std/src/panic.rs:434:14
[INFO] [stdout]   37:     0x55c3f8fa8558 - std::thread::Builder::spawn_unchecked::{{closure}}::h5bde48cc887e0d1e
[INFO] [stdout]                                at /rustc/a178d0322ce20e33eac124758e837cbd80a6f633/library/std/src/thread/mod.rs:480:30
[INFO] [stdout]   38:     0x55c3f8fa8558 - core::ops::function::FnOnce::call_once{{vtable.shim}}::h745ea30807a29e55
[INFO] [stdout]                                at /rustc/a178d0322ce20e33eac124758e837cbd80a6f633/library/core/src/ops/function.rs:227:5
[INFO] [stdout]   39:     0x55c3f94ce297 - <alloc::boxed::Box<F,A> as core::ops::function::FnOnce<Args>>::call_once::h7ece6cfefaff1005
[INFO] [stdout]                                at /rustc/a178d0322ce20e33eac124758e837cbd80a6f633/library/alloc/src/boxed.rs:1575:9
[INFO] [stdout]   40:     0x55c3f94ce297 - <alloc::boxed::Box<F,A> as core::ops::function::FnOnce<Args>>::call_once::hb8b48e55c21f193e
[INFO] [stdout]                                at /rustc/a178d0322ce20e33eac124758e837cbd80a6f633/library/alloc/src/boxed.rs:1575:9
[INFO] [stdout]   41:     0x55c3f94ce297 - std::sys::unix::thread::Thread::new::thread_start::h8c7c4450dba62914
[INFO] [stdout]                                at /rustc/a178d0322ce20e33eac124758e837cbd80a6f633/library/std/src/sys/unix/thread.rs:71:17
[INFO] [stdout]   42:     0x7ffbd19fb609 - start_thread
[INFO] [stdout]   43:     0x7ffbd17cb293 - clone
[INFO] [stdout]   44:                0x0 - <unknown>
[INFO] [stdout] 
[INFO] [stdout] 
[INFO] [stdout] failures:
[INFO] [stdout]     bam::index::tests::test_index_build
[INFO] [stdout]     bam::tests::test_sam_writer_example
[INFO] [stdout] 
[INFO] [stdout] test result: FAILED. 116 passed; 2 failed; 0 ignored; 0 measured; 0 filtered out; finished in 0.63s
[INFO] [stdout] 
[INFO] [stderr] error: test failed, to rerun pass '--lib'
[INFO] running `Command { std: "docker" "inspect" "7d59c49c831baee9b9bd935d952abd97b5f9075001c9809fa40d95c419a156c2", kill_on_drop: false }`
[INFO] running `Command { std: "docker" "rm" "-f" "7d59c49c831baee9b9bd935d952abd97b5f9075001c9809fa40d95c419a156c2", kill_on_drop: false }`
[INFO] [stdout] 7d59c49c831baee9b9bd935d952abd97b5f9075001c9809fa40d95c419a156c2
