[INFO] fetching crate rust-corosync 0.2.1...
[INFO] testing rust-corosync-0.2.1 against 1.54.0 for beta-1.55-1
[INFO] extracting crate rust-corosync 0.2.1 into /workspace/builds/worker-4/source
[INFO] validating manifest of crates.io crate rust-corosync 0.2.1 on toolchain 1.54.0
[INFO] running `Command { std: "/workspace/cargo-home/bin/cargo" "+1.54.0" "metadata" "--manifest-path" "Cargo.toml" "--no-deps", kill_on_drop: false }`
[INFO] started tweaking crates.io crate rust-corosync 0.2.1
[INFO] finished tweaking crates.io crate rust-corosync 0.2.1
[INFO] tweaked toml for crates.io crate rust-corosync 0.2.1 written to /workspace/builds/worker-4/source/Cargo.toml
[INFO] running `Command { std: "/workspace/cargo-home/bin/cargo" "+1.54.0" "generate-lockfile" "--manifest-path" "Cargo.toml" "-Zno-index-update", kill_on_drop: false }`
[INFO] running `Command { std: "/workspace/cargo-home/bin/cargo" "+1.54.0" "fetch" "--manifest-path" "Cargo.toml", kill_on_drop: false }`
[INFO] [stderr]     Blocking waiting for file lock on package cache
[INFO] running `Command { std: "docker" "create" "-v" "/var/lib/crater-agent-workspace/builds/worker-4/target:/opt/rustwide/target:rw,Z" "-v" "/var/lib/crater-agent-workspace/builds/worker-4/source:/opt/rustwide/workdir:ro,Z" "-v" "/var/lib/crater-agent-workspace/cargo-home:/opt/rustwide/cargo-home:ro,Z" "-v" "/var/lib/crater-agent-workspace/rustup-home:/opt/rustwide/rustup-home:ro,Z" "-e" "SOURCE_DIR=/opt/rustwide/workdir" "-e" "CARGO_TARGET_DIR=/opt/rustwide/target" "-e" "CARGO_HOME=/opt/rustwide/cargo-home" "-e" "RUSTUP_HOME=/opt/rustwide/rustup-home" "-w" "/opt/rustwide/workdir" "-m" "1610612736" "--user" "0:0" "--network" "none" "ghcr.io/rust-lang/crates-build-env/linux@sha256:34b6a614d2c27851fe6cbf88fbd1137609cefab8b10d0615aaeb6fd47975d74e" "/opt/rustwide/cargo-home/bin/cargo" "+1.54.0" "metadata" "--no-deps" "--format-version=1", kill_on_drop: false }`
[INFO] [stdout] 6417f9c28d9e129e25ed6f2603e578ba7bf0aaa177fd868ac6c5ab82cbce9cd7
[INFO] running `Command { std: "docker" "start" "-a" "6417f9c28d9e129e25ed6f2603e578ba7bf0aaa177fd868ac6c5ab82cbce9cd7", kill_on_drop: false }`
[INFO] running `Command { std: "docker" "inspect" "6417f9c28d9e129e25ed6f2603e578ba7bf0aaa177fd868ac6c5ab82cbce9cd7", kill_on_drop: false }`
[INFO] running `Command { std: "docker" "rm" "-f" "6417f9c28d9e129e25ed6f2603e578ba7bf0aaa177fd868ac6c5ab82cbce9cd7", kill_on_drop: false }`
[INFO] [stdout] 6417f9c28d9e129e25ed6f2603e578ba7bf0aaa177fd868ac6c5ab82cbce9cd7
[INFO] running `Command { std: "docker" "create" "-v" "/var/lib/crater-agent-workspace/builds/worker-4/target:/opt/rustwide/target:rw,Z" "-v" "/var/lib/crater-agent-workspace/builds/worker-4/source:/opt/rustwide/workdir:ro,Z" "-v" "/var/lib/crater-agent-workspace/cargo-home:/opt/rustwide/cargo-home:ro,Z" "-v" "/var/lib/crater-agent-workspace/rustup-home:/opt/rustwide/rustup-home:ro,Z" "-e" "SOURCE_DIR=/opt/rustwide/workdir" "-e" "CARGO_TARGET_DIR=/opt/rustwide/target" "-e" "CARGO_INCREMENTAL=0" "-e" "RUST_BACKTRACE=full" "-e" "RUSTFLAGS=--cap-lints=warn" "-e" "CARGO_HOME=/opt/rustwide/cargo-home" "-e" "RUSTUP_HOME=/opt/rustwide/rustup-home" "-w" "/opt/rustwide/workdir" "-m" "1610612736" "--user" "0:0" "--network" "none" "ghcr.io/rust-lang/crates-build-env/linux@sha256:34b6a614d2c27851fe6cbf88fbd1137609cefab8b10d0615aaeb6fd47975d74e" "/opt/rustwide/cargo-home/bin/cargo" "+1.54.0" "build" "--frozen" "--message-format=json", kill_on_drop: false }`
[INFO] [stdout] cd2198b6b39e1b36329e3f121782803e06314f97c759d915b08f767cac44f6fe
[INFO] running `Command { std: "docker" "start" "-a" "cd2198b6b39e1b36329e3f121782803e06314f97c759d915b08f767cac44f6fe", kill_on_drop: false }`
[INFO] [stderr]    Compiling toml v0.5.8
[INFO] [stderr]    Compiling thiserror-impl v1.0.26
[INFO] [stderr]    Compiling derivative v2.2.0
[INFO] [stderr]    Compiling thiserror v1.0.26
[INFO] [stderr]    Compiling proc-macro-crate v1.0.0
[INFO] [stderr]    Compiling num_enum_derive v0.5.3
[INFO] [stderr]    Compiling num_enum v0.5.3
[INFO] [stderr]    Compiling rust-corosync v0.2.1 (/opt/rustwide/workdir)
[INFO] [stderr]     Finished dev [unoptimized + debuginfo] target(s) in 7.14s
[INFO] running `Command { std: "docker" "inspect" "cd2198b6b39e1b36329e3f121782803e06314f97c759d915b08f767cac44f6fe", kill_on_drop: false }`
[INFO] running `Command { std: "docker" "rm" "-f" "cd2198b6b39e1b36329e3f121782803e06314f97c759d915b08f767cac44f6fe", kill_on_drop: false }`
[INFO] [stdout] cd2198b6b39e1b36329e3f121782803e06314f97c759d915b08f767cac44f6fe
[INFO] running `Command { std: "docker" "create" "-v" "/var/lib/crater-agent-workspace/builds/worker-4/target:/opt/rustwide/target:rw,Z" "-v" "/var/lib/crater-agent-workspace/builds/worker-4/source:/opt/rustwide/workdir:ro,Z" "-v" "/var/lib/crater-agent-workspace/cargo-home:/opt/rustwide/cargo-home:ro,Z" "-v" "/var/lib/crater-agent-workspace/rustup-home:/opt/rustwide/rustup-home:ro,Z" "-e" "SOURCE_DIR=/opt/rustwide/workdir" "-e" "CARGO_TARGET_DIR=/opt/rustwide/target" "-e" "CARGO_INCREMENTAL=0" "-e" "RUST_BACKTRACE=full" "-e" "RUSTFLAGS=--cap-lints=warn" "-e" "CARGO_HOME=/opt/rustwide/cargo-home" "-e" "RUSTUP_HOME=/opt/rustwide/rustup-home" "-w" "/opt/rustwide/workdir" "-m" "1610612736" "--user" "0:0" "--network" "none" "ghcr.io/rust-lang/crates-build-env/linux@sha256:34b6a614d2c27851fe6cbf88fbd1137609cefab8b10d0615aaeb6fd47975d74e" "/opt/rustwide/cargo-home/bin/cargo" "+1.54.0" "test" "--frozen" "--no-run" "--message-format=json", kill_on_drop: false }`
[INFO] [stdout] 0a528cc348358174564a03242e3962f1c7f0a487130e411681245cf5859af75e
[INFO] running `Command { std: "docker" "start" "-a" "0a528cc348358174564a03242e3962f1c7f0a487130e411681245cf5859af75e", kill_on_drop: false }`
[INFO] [stderr]    Compiling rust-corosync v0.2.1 (/opt/rustwide/workdir)
[INFO] [stderr]     Finished test [unoptimized + debuginfo] target(s) in 1.99s
[INFO] running `Command { std: "docker" "inspect" "0a528cc348358174564a03242e3962f1c7f0a487130e411681245cf5859af75e", kill_on_drop: false }`
[INFO] running `Command { std: "docker" "rm" "-f" "0a528cc348358174564a03242e3962f1c7f0a487130e411681245cf5859af75e", kill_on_drop: false }`
[INFO] [stdout] 0a528cc348358174564a03242e3962f1c7f0a487130e411681245cf5859af75e
[INFO] running `Command { std: "docker" "create" "-v" "/var/lib/crater-agent-workspace/builds/worker-4/target:/opt/rustwide/target:rw,Z" "-v" "/var/lib/crater-agent-workspace/builds/worker-4/source:/opt/rustwide/workdir:ro,Z" "-v" "/var/lib/crater-agent-workspace/cargo-home:/opt/rustwide/cargo-home:ro,Z" "-v" "/var/lib/crater-agent-workspace/rustup-home:/opt/rustwide/rustup-home:ro,Z" "-e" "SOURCE_DIR=/opt/rustwide/workdir" "-e" "CARGO_TARGET_DIR=/opt/rustwide/target" "-e" "CARGO_INCREMENTAL=0" "-e" "RUST_BACKTRACE=full" "-e" "RUSTFLAGS=--cap-lints=warn" "-e" "CARGO_HOME=/opt/rustwide/cargo-home" "-e" "RUSTUP_HOME=/opt/rustwide/rustup-home" "-w" "/opt/rustwide/workdir" "-m" "1610612736" "--user" "0:0" "--network" "none" "ghcr.io/rust-lang/crates-build-env/linux@sha256:34b6a614d2c27851fe6cbf88fbd1137609cefab8b10d0615aaeb6fd47975d74e" "/opt/rustwide/cargo-home/bin/cargo" "+1.54.0" "test" "--frozen", kill_on_drop: false }`
[INFO] [stdout] c793d3be5db23b99cd62205ad1bcaf8b1011c7aa7f8f5d52c32a41c8a7e634f4
[INFO] running `Command { std: "docker" "start" "-a" "c793d3be5db23b99cd62205ad1bcaf8b1011c7aa7f8f5d52c32a41c8a7e634f4", kill_on_drop: false }`
[INFO] [stderr]     Finished test [unoptimized + debuginfo] target(s) in 0.02s
[INFO] [stderr]      Running unittests (/opt/rustwide/target/debug/deps/rust_corosync-37b796567cb07973)
[INFO] [stdout] 
[INFO] [stderr]    Doc-tests rust-corosync
[INFO] [stdout] running 0 tests
[INFO] [stdout] 
[INFO] [stdout] test result: ok. 0 passed; 0 failed; 0 ignored; 0 measured; 0 filtered out; finished in 0.00s
[INFO] [stdout] 
[INFO] [stdout] 
[INFO] [stdout] running 1 test
[INFO] [stdout] test src/lib.rs - (line 12) ... FAILED
[INFO] [stdout] 
[INFO] [stdout] failures:
[INFO] [stdout] 
[INFO] [stdout] ---- src/lib.rs - (line 12) stdout ----
[INFO] [stdout] error: linking with `cc` failed: exit status: 1
[INFO] [stdout]   |
[INFO] [stdout]   = note: "cc" "-m64" "/tmp/rustdoctestuhzU7e/rust_out.rust_out.7rcbfp3g-cgu.0.rcgu.o" "/tmp/rustdoctestuhzU7e/rust_out.33dyzt1ekirinwy8.rcgu.o" "-Wl,--as-needed" "-L" "/opt/rustwide/target/debug/deps" "-L" "/opt/rustwide/target/debug/deps" "-L" "/opt/rustwide/rustup-home/toolchains/1.54.0-x86_64-unknown-linux-gnu/lib/rustlib/x86_64-unknown-linux-gnu/lib" "-Wl,-Bstatic" "/opt/rustwide/target/debug/deps/librust_corosync-1993ca98deb93415.rlib" "/opt/rustwide/target/debug/deps/libnum_enum-bf652a3a1cfec721.rlib" "/opt/rustwide/target/debug/deps/libbitflags-f89ae4b715176e2d.rlib" "/opt/rustwide/target/debug/deps/liblazy_static-5c53d641eb010a81.rlib" "-Wl,--start-group" "/opt/rustwide/rustup-home/toolchains/1.54.0-x86_64-unknown-linux-gnu/lib/rustlib/x86_64-unknown-linux-gnu/lib/libstd-2420485b9e5ef5e1.rlib" "/opt/rustwide/rustup-home/toolchains/1.54.0-x86_64-unknown-linux-gnu/lib/rustlib/x86_64-unknown-linux-gnu/lib/libpanic_unwind-785e3cb61c4b1960.rlib" "/opt/rustwide/rustup-home/toolchains/1.54.0-x86_64-unknown-linux-gnu/lib/rustlib/x86_64-unknown-linux-gnu/lib/libminiz_oxide-087191a88bdaa22d.rlib" "/opt/rustwide/rustup-home/toolchains/1.54.0-x86_64-unknown-linux-gnu/lib/rustlib/x86_64-unknown-linux-gnu/lib/libadler-9981842c02975178.rlib" "/opt/rustwide/rustup-home/toolchains/1.54.0-x86_64-unknown-linux-gnu/lib/rustlib/x86_64-unknown-linux-gnu/lib/libobject-6fb405869b015fde.rlib" "/opt/rustwide/rustup-home/toolchains/1.54.0-x86_64-unknown-linux-gnu/lib/rustlib/x86_64-unknown-linux-gnu/lib/libaddr2line-d05c5c3c56004b7b.rlib" "/opt/rustwide/rustup-home/toolchains/1.54.0-x86_64-unknown-linux-gnu/lib/rustlib/x86_64-unknown-linux-gnu/lib/libgimli-42d74d2097528b38.rlib" "/opt/rustwide/rustup-home/toolchains/1.54.0-x86_64-unknown-linux-gnu/lib/rustlib/x86_64-unknown-linux-gnu/lib/libstd_detect-fb36534c113d2209.rlib" "/opt/rustwide/rustup-home/toolchains/1.54.0-x86_64-unknown-linux-gnu/lib/rustlib/x86_64-unknown-linux-gnu/lib/librustc_demangle-b56b9042c12b6535.rlib" "/opt/rustwide/rustup-home/toolchains/1.54.0-x86_64-unknown-linux-gnu/lib/rustlib/x86_64-unknown-linux-gnu/lib/libhashbrown-491902d6cb3e76df.rlib" "/opt/rustwide/rustup-home/toolchains/1.54.0-x86_64-unknown-linux-gnu/lib/rustlib/x86_64-unknown-linux-gnu/lib/librustc_std_workspace_alloc-61834e0981b8c367.rlib" "/opt/rustwide/rustup-home/toolchains/1.54.0-x86_64-unknown-linux-gnu/lib/rustlib/x86_64-unknown-linux-gnu/lib/libunwind-f78aa99d613a55bc.rlib" "/opt/rustwide/rustup-home/toolchains/1.54.0-x86_64-unknown-linux-gnu/lib/rustlib/x86_64-unknown-linux-gnu/lib/libcfg_if-53ee54cd7fed2c57.rlib" "/opt/rustwide/rustup-home/toolchains/1.54.0-x86_64-unknown-linux-gnu/lib/rustlib/x86_64-unknown-linux-gnu/lib/liblibc-544ecdbd6cda3c58.rlib" "/opt/rustwide/rustup-home/toolchains/1.54.0-x86_64-unknown-linux-gnu/lib/rustlib/x86_64-unknown-linux-gnu/lib/liballoc-379cc252b6943a79.rlib" "/opt/rustwide/rustup-home/toolchains/1.54.0-x86_64-unknown-linux-gnu/lib/rustlib/x86_64-unknown-linux-gnu/lib/librustc_std_workspace_core-8063eea38dcc5e62.rlib" "/opt/rustwide/rustup-home/toolchains/1.54.0-x86_64-unknown-linux-gnu/lib/rustlib/x86_64-unknown-linux-gnu/lib/libcore-5b228734afae15ee.rlib" "-Wl,--end-group" "/opt/rustwide/rustup-home/toolchains/1.54.0-x86_64-unknown-linux-gnu/lib/rustlib/x86_64-unknown-linux-gnu/lib/libcompiler_builtins-d6c7a399d95d173f.rlib" "-Wl,-Bdynamic" "-lgcc_s" "-lutil" "-lrt" "-lpthread" "-lm" "-ldl" "-lc" "-Wl,--eh-frame-hdr" "-Wl,-znoexecstack" "-L" "/opt/rustwide/rustup-home/toolchains/1.54.0-x86_64-unknown-linux-gnu/lib/rustlib/x86_64-unknown-linux-gnu/lib" "-o" "/tmp/rustdoctestuhzU7e/rust_out" "-Wl,--gc-sections" "-pie" "-Wl,-zrelro" "-Wl,-znow" "-nodefaultlibs"
[INFO] [stdout]   = note: /usr/bin/ld: /opt/rustwide/target/debug/deps/librust_corosync-1993ca98deb93415.rlib(rust_corosync-1993ca98deb93415.rust_corosync.6f4l30p4-cgu.13.rcgu.o): in function `rust_corosync::cmap::initialize':
[INFO] [stdout]           /opt/rustwide/workdir/src/cmap.rs:107: undefined reference to `cmap_initialize_map'
[INFO] [stdout]           /usr/bin/ld: /opt/rustwide/target/debug/deps/librust_corosync-1993ca98deb93415.rlib(rust_corosync-1993ca98deb93415.rust_corosync.6f4l30p4-cgu.13.rcgu.o): in function `rust_corosync::cmap::finalize':
[INFO] [stdout]           /opt/rustwide/workdir/src/cmap.rs:126: undefined reference to `cmap_finalize'
[INFO] [stdout]           /usr/bin/ld: /opt/rustwide/target/debug/deps/librust_corosync-1993ca98deb93415.rlib(rust_corosync-1993ca98deb93415.rust_corosync.6f4l30p4-cgu.13.rcgu.o): in function `rust_corosync::cmap::set_value':
[INFO] [stdout]           /opt/rustwide/workdir/src/cmap.rs:311: undefined reference to `cmap_set'
[INFO] [stdout]           /usr/bin/ld: /opt/rustwide/target/debug/deps/librust_corosync-1993ca98deb93415.rlib(rust_corosync-1993ca98deb93415.rust_corosync.6f4l30p4-cgu.13.rcgu.o): in function `rust_corosync::cmap::get':
[INFO] [stdout]           /opt/rustwide/workdir/src/cmap.rs:567: undefined reference to `cmap_get'
[INFO] [stdout]           /usr/bin/ld: /opt/rustwide/workdir/src/cmap.rs:574: undefined reference to `cmap_get'
[INFO] [stdout]           /usr/bin/ld: /opt/rustwide/target/debug/deps/librust_corosync-1993ca98deb93415.rlib(rust_corosync-1993ca98deb93415.rust_corosync.6f4l30p4-cgu.13.rcgu.o): in function `<rust_corosync::cmap::CmapIntoIter as core::iter::traits::iterator::Iterator>::next':
[INFO] [stdout]           /opt/rustwide/workdir/src/cmap.rs:738: undefined reference to `cmap_iter_next'
[INFO] [stdout]           /usr/bin/ld: /opt/rustwide/workdir/src/cmap.rs:747: undefined reference to `cmap_get'
[INFO] [stdout]           /usr/bin/ld: /opt/rustwide/workdir/src/cmap.rs:768: undefined reference to `cmap_iter_finalize'
[INFO] [stdout]           /usr/bin/ld: /opt/rustwide/target/debug/deps/librust_corosync-1993ca98deb93415.rlib(rust_corosync-1993ca98deb93415.rust_corosync.6f4l30p4-cgu.13.rcgu.o): in function `rust_corosync::cmap::CmapIterStart::new':
[INFO] [stdout]           /opt/rustwide/workdir/src/cmap.rs:786: undefined reference to `cmap_iter_init'
[INFO] [stdout]           collect2: error: ld returned 1 exit status
[INFO] [stdout]           
[INFO] [stdout] 
[INFO] [stdout] error: aborting due to previous error
[INFO] [stdout] 
[INFO] [stdout] Couldn't compile the test.
[INFO] [stdout] 
[INFO] [stdout] failures:
[INFO] [stdout]     src/lib.rs - (line 12)
[INFO] [stdout] 
[INFO] [stdout] test result: FAILED. 0 passed; 1 failed; 0 ignored; 0 measured; 0 filtered out; finished in 0.57s
[INFO] [stdout] 
[INFO] [stderr] error: test failed, to rerun pass '--doc'
[INFO] running `Command { std: "docker" "inspect" "c793d3be5db23b99cd62205ad1bcaf8b1011c7aa7f8f5d52c32a41c8a7e634f4", kill_on_drop: false }`
[INFO] running `Command { std: "docker" "rm" "-f" "c793d3be5db23b99cd62205ad1bcaf8b1011c7aa7f8f5d52c32a41c8a7e634f4", kill_on_drop: false }`
[INFO] [stdout] c793d3be5db23b99cd62205ad1bcaf8b1011c7aa7f8f5d52c32a41c8a7e634f4
