[INFO] fetching crate rusp 0.12.1...
[INFO] testing rusp-0.12.1 against beta-2021-08-01 for beta-1.55-1
[INFO] extracting crate rusp 0.12.1 into /workspace/builds/worker-9/source
[INFO] validating manifest of crates.io crate rusp 0.12.1 on toolchain beta-2021-08-01
[INFO] running `Command { std: "/workspace/cargo-home/bin/cargo" "+beta-2021-08-01" "metadata" "--manifest-path" "Cargo.toml" "--no-deps", kill_on_drop: false }`
[INFO] started tweaking crates.io crate rusp 0.12.1
[INFO] finished tweaking crates.io crate rusp 0.12.1
[INFO] tweaked toml for crates.io crate rusp 0.12.1 written to /workspace/builds/worker-9/source/Cargo.toml
[INFO] crate crates.io crate rusp 0.12.1 already has a lockfile, it will not be regenerated
[INFO] running `Command { std: "/workspace/cargo-home/bin/cargo" "+beta-2021-08-01" "fetch" "--manifest-path" "Cargo.toml", kill_on_drop: false }`
[INFO] [stderr]  Downloading crates ...
[INFO] [stderr]   Downloaded quick-protobuf v0.8.0
[INFO] running `Command { std: "docker" "create" "-v" "/var/lib/crater-agent-workspace/builds/worker-9/target:/opt/rustwide/target:rw,Z" "-v" "/var/lib/crater-agent-workspace/builds/worker-9/source:/opt/rustwide/workdir:ro,Z" "-v" "/var/lib/crater-agent-workspace/cargo-home:/opt/rustwide/cargo-home:ro,Z" "-v" "/var/lib/crater-agent-workspace/rustup-home:/opt/rustwide/rustup-home:ro,Z" "-e" "SOURCE_DIR=/opt/rustwide/workdir" "-e" "CARGO_TARGET_DIR=/opt/rustwide/target" "-e" "CARGO_HOME=/opt/rustwide/cargo-home" "-e" "RUSTUP_HOME=/opt/rustwide/rustup-home" "-w" "/opt/rustwide/workdir" "-m" "1610612736" "--user" "0:0" "--network" "none" "ghcr.io/rust-lang/crates-build-env/linux@sha256:34b6a614d2c27851fe6cbf88fbd1137609cefab8b10d0615aaeb6fd47975d74e" "/opt/rustwide/cargo-home/bin/cargo" "+beta-2021-08-01" "metadata" "--no-deps" "--format-version=1", kill_on_drop: false }`
[INFO] [stdout] b472ad98373a4a57b8a6e521880a0b7b70c7a7edacd763ff0b41d0613f1b121f
[INFO] running `Command { std: "docker" "start" "-a" "b472ad98373a4a57b8a6e521880a0b7b70c7a7edacd763ff0b41d0613f1b121f", kill_on_drop: false }`
[INFO] running `Command { std: "docker" "inspect" "b472ad98373a4a57b8a6e521880a0b7b70c7a7edacd763ff0b41d0613f1b121f", kill_on_drop: false }`
[INFO] running `Command { std: "docker" "rm" "-f" "b472ad98373a4a57b8a6e521880a0b7b70c7a7edacd763ff0b41d0613f1b121f", kill_on_drop: false }`
[INFO] [stdout] b472ad98373a4a57b8a6e521880a0b7b70c7a7edacd763ff0b41d0613f1b121f
[INFO] running `Command { std: "docker" "create" "-v" "/var/lib/crater-agent-workspace/builds/worker-9/target:/opt/rustwide/target:rw,Z" "-v" "/var/lib/crater-agent-workspace/builds/worker-9/source:/opt/rustwide/workdir:ro,Z" "-v" "/var/lib/crater-agent-workspace/cargo-home:/opt/rustwide/cargo-home:ro,Z" "-v" "/var/lib/crater-agent-workspace/rustup-home:/opt/rustwide/rustup-home:ro,Z" "-e" "SOURCE_DIR=/opt/rustwide/workdir" "-e" "CARGO_TARGET_DIR=/opt/rustwide/target" "-e" "CARGO_INCREMENTAL=0" "-e" "RUST_BACKTRACE=full" "-e" "RUSTFLAGS=--cap-lints=warn" "-e" "CARGO_HOME=/opt/rustwide/cargo-home" "-e" "RUSTUP_HOME=/opt/rustwide/rustup-home" "-w" "/opt/rustwide/workdir" "-m" "1610612736" "--user" "0:0" "--network" "none" "ghcr.io/rust-lang/crates-build-env/linux@sha256:34b6a614d2c27851fe6cbf88fbd1137609cefab8b10d0615aaeb6fd47975d74e" "/opt/rustwide/cargo-home/bin/cargo" "+beta-2021-08-01" "build" "--frozen" "--message-format=json", kill_on_drop: false }`
[INFO] [stdout] f690afb4efb5e71158dd07ca0120b43f455a90f9a4cab416bdd415231c2af892
[INFO] running `Command { std: "docker" "start" "-a" "f690afb4efb5e71158dd07ca0120b43f455a90f9a4cab416bdd415231c2af892", kill_on_drop: false }`
[INFO] [stderr]     Blocking waiting for file lock on package cache
[INFO] [stderr]     Blocking waiting for file lock on package cache
[INFO] [stderr]    Compiling proc-macro2 v1.0.26
[INFO] [stderr]    Compiling syn v1.0.71
[INFO] [stderr]    Compiling libc v0.2.94
[INFO] [stderr]    Compiling ryu v1.0.5
[INFO] [stderr]    Compiling serde v1.0.125
[INFO] [stderr]    Compiling unicode-segmentation v1.7.1
[INFO] [stderr]    Compiling anyhow v1.0.40
[INFO] [stderr]    Compiling serde_json v1.0.64
[INFO] [stderr]    Compiling serde_derive v1.0.125
[INFO] [stderr]    Compiling byteorder v1.4.3
[INFO] [stderr]    Compiling itoa v0.4.7
[INFO] [stderr]    Compiling proc-macro-error-attr v1.0.4
[INFO] [stderr]    Compiling proc-macro-error v1.0.4
[INFO] [stderr]    Compiling quick-protobuf v0.8.0
[INFO] [stderr]    Compiling heck v0.3.2
[INFO] [stderr]    Compiling quote v1.0.9
[INFO] [stderr]    Compiling atty v0.2.14
[INFO] [stderr]    Compiling clap v2.33.3
[INFO] [stderr]    Compiling structopt-derive v0.4.14
[INFO] [stderr]    Compiling structopt v0.3.21
[INFO] [stderr]    Compiling rusp v0.12.1 (/opt/rustwide/workdir)
[INFO] [stderr]     Finished dev [unoptimized + debuginfo] target(s) in 47.29s
[INFO] running `Command { std: "docker" "inspect" "f690afb4efb5e71158dd07ca0120b43f455a90f9a4cab416bdd415231c2af892", kill_on_drop: false }`
[INFO] running `Command { std: "docker" "rm" "-f" "f690afb4efb5e71158dd07ca0120b43f455a90f9a4cab416bdd415231c2af892", kill_on_drop: false }`
[INFO] [stdout] f690afb4efb5e71158dd07ca0120b43f455a90f9a4cab416bdd415231c2af892
[INFO] running `Command { std: "docker" "create" "-v" "/var/lib/crater-agent-workspace/builds/worker-9/target:/opt/rustwide/target:rw,Z" "-v" "/var/lib/crater-agent-workspace/builds/worker-9/source:/opt/rustwide/workdir:ro,Z" "-v" "/var/lib/crater-agent-workspace/cargo-home:/opt/rustwide/cargo-home:ro,Z" "-v" "/var/lib/crater-agent-workspace/rustup-home:/opt/rustwide/rustup-home:ro,Z" "-e" "SOURCE_DIR=/opt/rustwide/workdir" "-e" "CARGO_TARGET_DIR=/opt/rustwide/target" "-e" "CARGO_INCREMENTAL=0" "-e" "RUST_BACKTRACE=full" "-e" "RUSTFLAGS=--cap-lints=warn" "-e" "CARGO_HOME=/opt/rustwide/cargo-home" "-e" "RUSTUP_HOME=/opt/rustwide/rustup-home" "-w" "/opt/rustwide/workdir" "-m" "1610612736" "--user" "0:0" "--network" "none" "ghcr.io/rust-lang/crates-build-env/linux@sha256:34b6a614d2c27851fe6cbf88fbd1137609cefab8b10d0615aaeb6fd47975d74e" "/opt/rustwide/cargo-home/bin/cargo" "+beta-2021-08-01" "test" "--frozen" "--no-run" "--message-format=json", kill_on_drop: false }`
[INFO] [stdout] da25a622789da7753d124ab3cfb461bd5b48ce6840c28548ec1d84fe6c16678a
[INFO] running `Command { std: "docker" "start" "-a" "da25a622789da7753d124ab3cfb461bd5b48ce6840c28548ec1d84fe6c16678a", kill_on_drop: false }`
[INFO] [stderr]    Compiling rusp v0.12.1 (/opt/rustwide/workdir)
[INFO] [stderr]     Finished test [unoptimized + debuginfo] target(s) in 5.27s
[INFO] running `Command { std: "docker" "inspect" "da25a622789da7753d124ab3cfb461bd5b48ce6840c28548ec1d84fe6c16678a", kill_on_drop: false }`
[INFO] running `Command { std: "docker" "rm" "-f" "da25a622789da7753d124ab3cfb461bd5b48ce6840c28548ec1d84fe6c16678a", kill_on_drop: false }`
[INFO] [stdout] da25a622789da7753d124ab3cfb461bd5b48ce6840c28548ec1d84fe6c16678a
[INFO] running `Command { std: "docker" "create" "-v" "/var/lib/crater-agent-workspace/builds/worker-9/target:/opt/rustwide/target:rw,Z" "-v" "/var/lib/crater-agent-workspace/builds/worker-9/source:/opt/rustwide/workdir:ro,Z" "-v" "/var/lib/crater-agent-workspace/cargo-home:/opt/rustwide/cargo-home:ro,Z" "-v" "/var/lib/crater-agent-workspace/rustup-home:/opt/rustwide/rustup-home:ro,Z" "-e" "SOURCE_DIR=/opt/rustwide/workdir" "-e" "CARGO_TARGET_DIR=/opt/rustwide/target" "-e" "CARGO_INCREMENTAL=0" "-e" "RUST_BACKTRACE=full" "-e" "RUSTFLAGS=--cap-lints=warn" "-e" "CARGO_HOME=/opt/rustwide/cargo-home" "-e" "RUSTUP_HOME=/opt/rustwide/rustup-home" "-w" "/opt/rustwide/workdir" "-m" "1610612736" "--user" "0:0" "--network" "none" "ghcr.io/rust-lang/crates-build-env/linux@sha256:34b6a614d2c27851fe6cbf88fbd1137609cefab8b10d0615aaeb6fd47975d74e" "/opt/rustwide/cargo-home/bin/cargo" "+beta-2021-08-01" "test" "--frozen", kill_on_drop: false }`
[INFO] [stdout] 003a730293dec6146d9b7659d62bc21377692e0477a229c9172a7882ca5cfc44
[INFO] running `Command { std: "docker" "start" "-a" "003a730293dec6146d9b7659d62bc21377692e0477a229c9172a7882ca5cfc44", kill_on_drop: false }`
[INFO] [stdout] 
[INFO] [stderr]     Finished test [unoptimized + debuginfo] target(s) in 0.03s
[INFO] [stdout] running 0 tests
[INFO] [stderr]      Running unittests (/opt/rustwide/target/debug/deps/rusp-aad163991c0ddfeb)
[INFO] [stdout] 
[INFO] [stdout] test result: ok. 0 passed; 0 failed; 0 ignored; 0 measured; 0 filtered out; finished in 0.00s
[INFO] [stdout] 
[INFO] [stderr]      Running unittests (/opt/rustwide/target/debug/deps/rusp-4d12a8fa182f24a6)
[INFO] [stdout] 
[INFO] [stdout] running 0 tests
[INFO] [stdout] 
[INFO] [stdout] test result: ok. 0 passed; 0 failed; 0 ignored; 0 measured; 0 filtered out; finished in 0.00s
[INFO] [stdout] 
[INFO] [stderr]      Running tests/parsing_test.rs (/opt/rustwide/target/debug/deps/parsing_test-0d0c8128d39f21ef)
[INFO] [stdout] 
[INFO] [stdout] running 4 tests
[INFO] [stdout] test tests::get_obj ... ok
[INFO] [stdout] test tests::create_obj ... ok
[INFO] [stdout] test tests::simple_notify ... ok
[INFO] [stderr]      Running tests/test_json.rs (/opt/rustwide/target/debug/deps/test_json-279137e34126c980)
[INFO] [stdout] test tests::delete_obj ... ok
[INFO] [stdout] 
[INFO] [stdout] test result: ok. 4 passed; 0 failed; 0 ignored; 0 measured; 0 filtered out; finished in 0.01s
[INFO] [stdout] 
[INFO] [stdout] 
[INFO] [stdout] running 4 tests
[INFO] [stdout] test tests::get_obj ... ok
[INFO] [stdout] test tests::create_obj ... ok
[INFO] [stdout] test tests::simple_notify ... ok
[INFO] [stderr]    Doc-tests rusp
[INFO] [stdout] test tests::delete_obj ... ok
[INFO] [stdout] 
[INFO] [stdout] test result: ok. 4 passed; 0 failed; 0 ignored; 0 measured; 0 filtered out; finished in 0.00s
[INFO] [stdout] 
[INFO] [stdout] 
[INFO] [stdout] running 32 tests
[INFO] [stdout] test src/usp_generator.rs - usp_generator::usp_operate_request (line 517) ... FAILED
[INFO] [stdout] test src/usp_generator.rs - usp_generator::usp_set_response (line 1332) ... FAILED
[INFO] [stdout] test src/usp_generator.rs - usp_generator::usp_notify_request (line 389) ... FAILED
[INFO] [stderr] error: test failed, to rerun pass '--doc'
[INFO] [stderr] 
[INFO] [stderr] Caused by:
[INFO] [stderr]   process didn't exit successfully: `rustdoc --edition=2018 --crate-type lib --crate-name rusp --test /opt/rustwide/workdir/src/lib.rs -L dependency=/opt/rustwide/target/debug/deps -L dependency=/opt/rustwide/target/debug/deps --extern anyhow=/opt/rustwide/target/debug/deps/libanyhow-690b5ec95cd6dc4e.rlib --extern quick_protobuf=/opt/rustwide/target/debug/deps/libquick_protobuf-4ad3da018da57d00.rlib --extern rusp=/opt/rustwide/target/debug/deps/librusp-0e94345560398b8c.rlib --extern serde=/opt/rustwide/target/debug/deps/libserde-f2af147bdee65307.rlib --extern serde_derive=/opt/rustwide/target/debug/deps/libserde_derive-81a5b77119934f6c.so --extern serde_json=/opt/rustwide/target/debug/deps/libserde_json-d86151941d755f83.rlib --extern structopt=/opt/rustwide/target/debug/deps/libstructopt-a8f34293c1e5d41d.rlib -C embed-bitcode=no --error-format human` (signal: 9, SIGKILL: kill)
[INFO] running `Command { std: "docker" "inspect" "003a730293dec6146d9b7659d62bc21377692e0477a229c9172a7882ca5cfc44", kill_on_drop: false }`
[INFO] running `Command { std: "docker" "rm" "-f" "003a730293dec6146d9b7659d62bc21377692e0477a229c9172a7882ca5cfc44", kill_on_drop: false }`
[INFO] [stdout] 003a730293dec6146d9b7659d62bc21377692e0477a229c9172a7882ca5cfc44
