[INFO] fetching crate rusoto_sts 0.47.0...
[INFO] testing rusoto_sts-0.47.0 against 1.54.0 for beta-1.55-1
[INFO] extracting crate rusoto_sts 0.47.0 into /workspace/builds/worker-0/source
[INFO] validating manifest of crates.io crate rusoto_sts 0.47.0 on toolchain 1.54.0
[INFO] running `Command { std: "/workspace/cargo-home/bin/cargo" "+1.54.0" "metadata" "--manifest-path" "Cargo.toml" "--no-deps", kill_on_drop: false }`
[INFO] started tweaking crates.io crate rusoto_sts 0.47.0
[INFO] finished tweaking crates.io crate rusoto_sts 0.47.0
[INFO] tweaked toml for crates.io crate rusoto_sts 0.47.0 written to /workspace/builds/worker-0/source/Cargo.toml
[INFO] running `Command { std: "/workspace/cargo-home/bin/cargo" "+1.54.0" "generate-lockfile" "--manifest-path" "Cargo.toml" "-Zno-index-update", kill_on_drop: false }`
[INFO] running `Command { std: "/workspace/cargo-home/bin/cargo" "+1.54.0" "fetch" "--manifest-path" "Cargo.toml", kill_on_drop: false }`
[INFO] running `Command { std: "docker" "create" "-v" "/var/lib/crater-agent-workspace/builds/worker-0/target:/opt/rustwide/target:rw,Z" "-v" "/var/lib/crater-agent-workspace/builds/worker-0/source:/opt/rustwide/workdir:ro,Z" "-v" "/var/lib/crater-agent-workspace/cargo-home:/opt/rustwide/cargo-home:ro,Z" "-v" "/var/lib/crater-agent-workspace/rustup-home:/opt/rustwide/rustup-home:ro,Z" "-e" "SOURCE_DIR=/opt/rustwide/workdir" "-e" "CARGO_TARGET_DIR=/opt/rustwide/target" "-e" "CARGO_HOME=/opt/rustwide/cargo-home" "-e" "RUSTUP_HOME=/opt/rustwide/rustup-home" "-w" "/opt/rustwide/workdir" "-m" "1610612736" "--user" "0:0" "--network" "none" "ghcr.io/rust-lang/crates-build-env/linux@sha256:34b6a614d2c27851fe6cbf88fbd1137609cefab8b10d0615aaeb6fd47975d74e" "/opt/rustwide/cargo-home/bin/cargo" "+1.54.0" "metadata" "--no-deps" "--format-version=1", kill_on_drop: false }`
[INFO] [stdout] 82e6705df2509d86c6a54785a13ef262673eae70f35f7e665263d7a99377cc0d
[INFO] running `Command { std: "docker" "start" "-a" "82e6705df2509d86c6a54785a13ef262673eae70f35f7e665263d7a99377cc0d", kill_on_drop: false }`
[INFO] running `Command { std: "docker" "inspect" "82e6705df2509d86c6a54785a13ef262673eae70f35f7e665263d7a99377cc0d", kill_on_drop: false }`
[INFO] running `Command { std: "docker" "rm" "-f" "82e6705df2509d86c6a54785a13ef262673eae70f35f7e665263d7a99377cc0d", kill_on_drop: false }`
[INFO] [stdout] 82e6705df2509d86c6a54785a13ef262673eae70f35f7e665263d7a99377cc0d
[INFO] running `Command { std: "docker" "create" "-v" "/var/lib/crater-agent-workspace/builds/worker-0/target:/opt/rustwide/target:rw,Z" "-v" "/var/lib/crater-agent-workspace/builds/worker-0/source:/opt/rustwide/workdir:ro,Z" "-v" "/var/lib/crater-agent-workspace/cargo-home:/opt/rustwide/cargo-home:ro,Z" "-v" "/var/lib/crater-agent-workspace/rustup-home:/opt/rustwide/rustup-home:ro,Z" "-e" "SOURCE_DIR=/opt/rustwide/workdir" "-e" "CARGO_TARGET_DIR=/opt/rustwide/target" "-e" "CARGO_INCREMENTAL=0" "-e" "RUST_BACKTRACE=full" "-e" "RUSTFLAGS=--cap-lints=warn" "-e" "CARGO_HOME=/opt/rustwide/cargo-home" "-e" "RUSTUP_HOME=/opt/rustwide/rustup-home" "-w" "/opt/rustwide/workdir" "-m" "1610612736" "--user" "0:0" "--network" "none" "ghcr.io/rust-lang/crates-build-env/linux@sha256:34b6a614d2c27851fe6cbf88fbd1137609cefab8b10d0615aaeb6fd47975d74e" "/opt/rustwide/cargo-home/bin/cargo" "+1.54.0" "build" "--frozen" "--message-format=json", kill_on_drop: false }`
[INFO] [stdout] 51599568abdab5281501a1ecca9dc4f4a7490f1ddb5e47ba563935f7ac0f05fb
[INFO] running `Command { std: "docker" "start" "-a" "51599568abdab5281501a1ecca9dc4f4a7490f1ddb5e47ba563935f7ac0f05fb", kill_on_drop: false }`
[INFO] [stderr]    Compiling syn v1.0.74
[INFO] [stderr]    Compiling pin-project-lite v0.2.7
[INFO] [stderr]    Compiling futures-core v0.3.16
[INFO] [stderr]    Compiling proc-macro-hack v0.5.19
[INFO] [stderr]    Compiling typenum v1.13.0
[INFO] [stderr]    Compiling once_cell v1.8.0
[INFO] [stderr]    Compiling bytes v1.0.1
[INFO] [stderr]    Compiling futures-sink v0.3.16
[INFO] [stderr]    Compiling futures-channel v0.3.16
[INFO] [stderr]    Compiling proc-macro-nested v0.1.7
[INFO] [stderr]    Compiling futures-task v0.3.16
[INFO] [stderr]    Compiling itoa v0.4.7
[INFO] [stderr]    Compiling pin-utils v0.1.0
[INFO] [stderr]    Compiling slab v0.4.4
[INFO] [stderr]    Compiling futures-io v0.3.16
[INFO] [stderr]    Compiling serde v1.0.127
[INFO] [stderr]    Compiling httparse v1.4.1
[INFO] [stderr]    Compiling hashbrown v0.11.2
[INFO] [stderr]    Compiling foreign-types-shared v0.1.1
[INFO] [stderr]    Compiling try-lock v0.2.3
[INFO] [stderr]    Compiling semver v1.0.4
[INFO] [stderr]    Compiling openssl v0.10.35
[INFO] [stderr]    Compiling native-tls v0.2.7
[INFO] [stderr]    Compiling httpdate v1.0.1
[INFO] [stderr]    Compiling tower-service v0.3.1
[INFO] [stderr]    Compiling async-trait v0.1.51
[INFO] [stderr]    Compiling percent-encoding v2.1.0
[INFO] [stderr]    Compiling opaque-debug v0.3.0
[INFO] [stderr]    Compiling subtle v2.4.1
[INFO] [stderr]    Compiling zeroize v1.4.1
[INFO] [stderr]    Compiling shlex v1.0.0
[INFO] [stderr]    Compiling cpufeatures v0.1.5
[INFO] [stderr]    Compiling base64 v0.13.0
[INFO] [stderr]    Compiling matches v0.1.8
[INFO] [stderr]    Compiling xml-rs v0.8.4
[INFO] [stderr]    Compiling futures-macro v0.3.16
[INFO] [stderr]    Compiling futures-util v0.3.16
[INFO] [stderr]    Compiling tokio v1.9.0
[INFO] [stderr]    Compiling indexmap v1.7.0
[INFO] [stderr]    Compiling num-traits v0.2.14
[INFO] [stderr]    Compiling num-integer v0.1.44
[INFO] [stderr]    Compiling log v0.4.14
[INFO] [stderr]    Compiling generic-array v0.14.4
[INFO] [stderr]    Compiling tracing-core v0.1.18
[INFO] [stderr]    Compiling foreign-types v0.3.2
[INFO] [stderr]    Compiling num_cpus v1.13.0
[INFO] [stderr]    Compiling signal-hook-registry v1.4.0
[INFO] [stderr]    Compiling dirs-sys-next v0.1.2
[INFO] [stderr]    Compiling form_urlencoded v1.0.1
[INFO] [stderr]    Compiling mio v0.7.13
[INFO] [stderr]    Compiling want v0.3.0
[INFO] [stderr]    Compiling tracing v0.1.26
[INFO] [stderr]    Compiling dirs-next v2.0.0
[INFO] [stderr]    Compiling http v0.2.4
[INFO] [stderr]    Compiling rustc_version v0.4.0
[INFO] [stderr]    Compiling rusoto_core v0.47.0
[INFO] [stderr]    Compiling digest v0.9.0
[INFO] [stderr]    Compiling block-buffer v0.9.0
[INFO] [stderr]    Compiling crypto-mac v0.11.1
[INFO] [stderr]    Compiling md-5 v0.9.1
[INFO] [stderr]    Compiling hmac v0.11.0
[INFO] [stderr]    Compiling sha2 v0.9.5
[INFO] [stderr]    Compiling http-body v0.4.2
[INFO] [stderr]    Compiling tokio-macros v1.3.0
[INFO] [stderr]    Compiling serde_derive v1.0.127
[INFO] [stderr]    Compiling tokio-util v0.6.7
[INFO] [stderr]    Compiling tokio-native-tls v0.3.0
[INFO] [stderr]    Compiling futures-executor v0.3.16
[INFO] [stderr]    Compiling h2 v0.3.3
[INFO] [stderr]    Compiling futures v0.3.16
[INFO] [stderr]    Compiling serde_json v1.0.66
[INFO] [stderr]    Compiling chrono v0.4.19
[INFO] [stderr]    Compiling serde_urlencoded v0.7.0
[INFO] [stderr]    Compiling hyper v0.14.11
[INFO] [stderr]    Compiling rusoto_credential v0.47.0
[INFO] [stderr]    Compiling hyper-tls v0.5.0
[INFO] [stderr]    Compiling rusoto_signature v0.47.0
[INFO] [stderr]    Compiling rusoto_sts v0.47.0 (/opt/rustwide/workdir)
[INFO] [stderr]     Finished dev [unoptimized + debuginfo] target(s) in 1m 02s
[INFO] running `Command { std: "docker" "inspect" "51599568abdab5281501a1ecca9dc4f4a7490f1ddb5e47ba563935f7ac0f05fb", kill_on_drop: false }`
[INFO] running `Command { std: "docker" "rm" "-f" "51599568abdab5281501a1ecca9dc4f4a7490f1ddb5e47ba563935f7ac0f05fb", kill_on_drop: false }`
[INFO] [stdout] 51599568abdab5281501a1ecca9dc4f4a7490f1ddb5e47ba563935f7ac0f05fb
[INFO] running `Command { std: "docker" "create" "-v" "/var/lib/crater-agent-workspace/builds/worker-0/target:/opt/rustwide/target:rw,Z" "-v" "/var/lib/crater-agent-workspace/builds/worker-0/source:/opt/rustwide/workdir:ro,Z" "-v" "/var/lib/crater-agent-workspace/cargo-home:/opt/rustwide/cargo-home:ro,Z" "-v" "/var/lib/crater-agent-workspace/rustup-home:/opt/rustwide/rustup-home:ro,Z" "-e" "SOURCE_DIR=/opt/rustwide/workdir" "-e" "CARGO_TARGET_DIR=/opt/rustwide/target" "-e" "CARGO_INCREMENTAL=0" "-e" "RUST_BACKTRACE=full" "-e" "RUSTFLAGS=--cap-lints=warn" "-e" "CARGO_HOME=/opt/rustwide/cargo-home" "-e" "RUSTUP_HOME=/opt/rustwide/rustup-home" "-w" "/opt/rustwide/workdir" "-m" "1610612736" "--user" "0:0" "--network" "none" "ghcr.io/rust-lang/crates-build-env/linux@sha256:34b6a614d2c27851fe6cbf88fbd1137609cefab8b10d0615aaeb6fd47975d74e" "/opt/rustwide/cargo-home/bin/cargo" "+1.54.0" "test" "--frozen" "--no-run" "--message-format=json", kill_on_drop: false }`
[INFO] [stdout] 12c43d2498e019cd5509f5a56f3edf613d28504f8f6f751c394e79060134bac7
[INFO] running `Command { std: "docker" "start" "-a" "12c43d2498e019cd5509f5a56f3edf613d28504f8f6f751c394e79060134bac7", kill_on_drop: false }`
[INFO] [stderr]     Blocking waiting for file lock on package cache
[INFO] [stderr]    Compiling rusoto_mock v0.47.0
[INFO] [stderr]    Compiling rusoto_sts v0.47.0 (/opt/rustwide/workdir)
[INFO] [stderr]     Finished test [unoptimized + debuginfo] target(s) in 5.96s
[INFO] running `Command { std: "docker" "inspect" "12c43d2498e019cd5509f5a56f3edf613d28504f8f6f751c394e79060134bac7", kill_on_drop: false }`
[INFO] running `Command { std: "docker" "rm" "-f" "12c43d2498e019cd5509f5a56f3edf613d28504f8f6f751c394e79060134bac7", kill_on_drop: false }`
[INFO] [stdout] 12c43d2498e019cd5509f5a56f3edf613d28504f8f6f751c394e79060134bac7
[INFO] running `Command { std: "docker" "create" "-v" "/var/lib/crater-agent-workspace/builds/worker-0/target:/opt/rustwide/target:rw,Z" "-v" "/var/lib/crater-agent-workspace/builds/worker-0/source:/opt/rustwide/workdir:ro,Z" "-v" "/var/lib/crater-agent-workspace/cargo-home:/opt/rustwide/cargo-home:ro,Z" "-v" "/var/lib/crater-agent-workspace/rustup-home:/opt/rustwide/rustup-home:ro,Z" "-e" "SOURCE_DIR=/opt/rustwide/workdir" "-e" "CARGO_TARGET_DIR=/opt/rustwide/target" "-e" "CARGO_INCREMENTAL=0" "-e" "RUST_BACKTRACE=full" "-e" "RUSTFLAGS=--cap-lints=warn" "-e" "CARGO_HOME=/opt/rustwide/cargo-home" "-e" "RUSTUP_HOME=/opt/rustwide/rustup-home" "-w" "/opt/rustwide/workdir" "-m" "1610612736" "--user" "0:0" "--network" "none" "ghcr.io/rust-lang/crates-build-env/linux@sha256:34b6a614d2c27851fe6cbf88fbd1137609cefab8b10d0615aaeb6fd47975d74e" "/opt/rustwide/cargo-home/bin/cargo" "+1.54.0" "test" "--frozen", kill_on_drop: false }`
[INFO] [stdout] 94e2c9a29c168ac0d5433f7ed251aa11219f0132f88c51a71121931f06e5e716
[INFO] running `Command { std: "docker" "start" "-a" "94e2c9a29c168ac0d5433f7ed251aa11219f0132f88c51a71121931f06e5e716", kill_on_drop: false }`
[INFO] [stderr]     Finished test [unoptimized + debuginfo] target(s) in 0.11s
[INFO] [stdout] 
[INFO] [stderr]      Running unittests (/opt/rustwide/target/debug/deps/rusoto_sts-83955f565f13515c)
[INFO] [stdout] running 5 tests
[INFO] [stdout] test custom::web_identity::tests::from_k8s_env ... ok
[INFO] [stdout] test custom::credential::sts_futures_are_send ... ok
[INFO] [stdout] test custom::web_identity::tests::api_ergonomy ... ok
[INFO] [stderr] error: test failed, to rerun pass '--lib'
[INFO] [stdout] test generated::protocol_tests::test_parse_valid_sts_get_session_token ... FAILED
[INFO] [stdout] test generated::protocol_tests::test_parse_error_sts_get_session_token ... FAILED
[INFO] [stdout] 
[INFO] [stdout] failures:
[INFO] [stdout] 
[INFO] [stdout] ---- generated::protocol_tests::test_parse_valid_sts_get_session_token stdout ----
[INFO] [stdout] thread 'generated::protocol_tests::test_parse_valid_sts_get_session_token' panicked at 'couldn't find file: Os { code: 2, kind: NotFound, message: "No such file or directory" }', /opt/rustwide/cargo-home/registry/src/github.com-1ecc6299db9ec823/rusoto_mock-0.47.0/src/lib.rs:195:53
[INFO] [stdout] stack backtrace:
[INFO] [stdout]    0:     0x5602973420c0 - std::backtrace_rs::backtrace::libunwind::trace::h34055254b57d8e79
[INFO] [stdout]                                at /rustc/a178d0322ce20e33eac124758e837cbd80a6f633/library/std/src/../../backtrace/src/backtrace/libunwind.rs:90:5
[INFO] [stdout]    1:     0x5602973420c0 - std::backtrace_rs::backtrace::trace_unsynchronized::h8f1e3fbd9afff6ec
[INFO] [stdout]                                at /rustc/a178d0322ce20e33eac124758e837cbd80a6f633/library/std/src/../../backtrace/src/backtrace/mod.rs:66:5
[INFO] [stdout]    2:     0x5602973420c0 - std::sys_common::backtrace::_print_fmt::h3a99a796b770c360
[INFO] [stdout]                                at /rustc/a178d0322ce20e33eac124758e837cbd80a6f633/library/std/src/sys_common/backtrace.rs:67:5
[INFO] [stdout]    3:     0x5602973420c0 - <std::sys_common::backtrace::_print::DisplayBacktrace as core::fmt::Display>::fmt::h32d1f94a80615d18
[INFO] [stdout]                                at /rustc/a178d0322ce20e33eac124758e837cbd80a6f633/library/std/src/sys_common/backtrace.rs:46:22
[INFO] [stdout]    4:     0x5602973651ec - core::fmt::write::h306731c068f7162c
[INFO] [stdout]                                at /rustc/a178d0322ce20e33eac124758e837cbd80a6f633/library/core/src/fmt/mod.rs:1110:17
[INFO] [stdout]    5:     0x56029733e9f5 - std::io::Write::write_fmt::h87f19b0a2cd190bc
[INFO] [stdout]                                at /rustc/a178d0322ce20e33eac124758e837cbd80a6f633/library/std/src/io/mod.rs:1588:15
[INFO] [stdout]    6:     0x56029734435b - std::sys_common::backtrace::_print::h5abaa2601a852287
[INFO] [stdout]                                at /rustc/a178d0322ce20e33eac124758e837cbd80a6f633/library/std/src/sys_common/backtrace.rs:49:5
[INFO] [stdout]    7:     0x56029734435b - std::sys_common::backtrace::print::h8d81445442bb638f
[INFO] [stdout]                                at /rustc/a178d0322ce20e33eac124758e837cbd80a6f633/library/std/src/sys_common/backtrace.rs:36:9
[INFO] [stdout]    8:     0x56029734435b - std::panicking::default_hook::{{closure}}::hcfe804496a9fa747
[INFO] [stdout]                                at /rustc/a178d0322ce20e33eac124758e837cbd80a6f633/library/std/src/panicking.rs:208:50
[INFO] [stdout]    9:     0x560297343e6c - std::panicking::default_hook::hbea8e3ccf2ba8901
[INFO] [stdout]                                at /rustc/a178d0322ce20e33eac124758e837cbd80a6f633/library/std/src/panicking.rs:222:9
[INFO] [stdout]   10:     0x560297344a24 - std::panicking::rust_panic_with_hook::h7ee9e1a2d0f8975a
[INFO] [stdout]                                at /rustc/a178d0322ce20e33eac124758e837cbd80a6f633/library/std/src/panicking.rs:622:17
[INFO] [stdout]   11:     0x560297344507 - std::panicking::begin_panic_handler::{{closure}}::h8ab3b4491718b2c7
[INFO] [stdout]                                at /rustc/a178d0322ce20e33eac124758e837cbd80a6f633/library/std/src/panicking.rs:519:13
[INFO] [stdout]   12:     0x5602973425bc - std::sys_common::backtrace::__rust_end_short_backtrace::hd489062ffa586a9f
[INFO] [stdout]                                at /rustc/a178d0322ce20e33eac124758e837cbd80a6f633/library/std/src/sys_common/backtrace.rs:141:18
[INFO] [stdout]   13:     0x560297344469 - rust_begin_unwind
[INFO] [stdout]                                at /rustc/a178d0322ce20e33eac124758e837cbd80a6f633/library/std/src/panicking.rs:515:5
[INFO] [stdout]   14:     0x5602970e3b41 - core::panicking::panic_fmt::hca6330e3e14086b4
[INFO] [stdout]                                at /rustc/a178d0322ce20e33eac124758e837cbd80a6f633/library/core/src/panicking.rs:92:14
[INFO] [stdout]   15:     0x5602970e3c33 - core::result::unwrap_failed::h6160d2b4bfbb0e87
[INFO] [stdout]                                at /rustc/a178d0322ce20e33eac124758e837cbd80a6f633/library/core/src/result.rs:1355:5
[INFO] [stdout]   16:     0x560297223130 - core::result::Result<T,E>::expect::h2e7c71e445b0b539
[INFO] [stdout]                                at /rustc/a178d0322ce20e33eac124758e837cbd80a6f633/library/core/src/result.rs:997:23
[INFO] [stdout]   17:     0x56029718ad2c - <rusoto_mock::MockResponseReader as rusoto_mock::ReadMockResponse>::read_response::hf302a0847886ce73
[INFO] [stdout]                                at /opt/rustwide/cargo-home/registry/src/github.com-1ecc6299db9ec823/rusoto_mock-0.47.0/src/lib.rs:195:30
[INFO] [stdout]   18:     0x5602970eefde - rusoto_sts::generated::protocol_tests::test_parse_valid_sts_get_session_token::{{closure}}::h95f01c61530e4da8
[INFO] [stdout]                                at /opt/rustwide/workdir/src/generated.rs:1972:29
[INFO] [stdout]   19:     0x5602970f4a0b - <core::future::from_generator::GenFuture<T> as core::future::future::Future>::poll::hc71632dcbd20d67e
[INFO] [stdout]                                at /rustc/a178d0322ce20e33eac124758e837cbd80a6f633/library/core/src/future/mod.rs:80:19
[INFO] [stdout]   20:     0x5602970fef7f - <core::pin::Pin<P> as core::future::future::Future>::poll::h6887d7975387bc84
[INFO] [stdout]                                at /rustc/a178d0322ce20e33eac124758e837cbd80a6f633/library/core/src/future/future.rs:119:9
[INFO] [stdout]   21:     0x560297104730 - tokio::runtime::basic_scheduler::Inner<P>::block_on::{{closure}}::{{closure}}::hd3bc6c60a273e1d5
[INFO] [stdout]                                at /opt/rustwide/cargo-home/registry/src/github.com-1ecc6299db9ec823/tokio-1.9.0/src/runtime/basic_scheduler.rs:208:62
[INFO] [stdout]   22:     0x5602970fe8cc - tokio::coop::with_budget::{{closure}}::hdd617359b805d10f
[INFO] [stdout]                                at /opt/rustwide/cargo-home/registry/src/github.com-1ecc6299db9ec823/tokio-1.9.0/src/coop.rs:106:9
[INFO] [stdout]   23:     0x560297107ab1 - std::thread::local::LocalKey<T>::try_with::hf5611af0f4125995
[INFO] [stdout]                                at /rustc/a178d0322ce20e33eac124758e837cbd80a6f633/library/std/src/thread/local.rs:400:16
[INFO] [stdout]   24:     0x560297106f2d - std::thread::local::LocalKey<T>::with::hf4b06d5f8fd66e97
[INFO] [stdout]                                at /rustc/a178d0322ce20e33eac124758e837cbd80a6f633/library/std/src/thread/local.rs:376:9
[INFO] [stdout]   25:     0x560297103fcc - tokio::coop::with_budget::h64deea2ac6d478bd
[INFO] [stdout]                                at /opt/rustwide/cargo-home/registry/src/github.com-1ecc6299db9ec823/tokio-1.9.0/src/coop.rs:99:5
[INFO] [stdout]   26:     0x560297103fcc - tokio::coop::budget::h128ce183e8b1da6a
[INFO] [stdout]                                at /opt/rustwide/cargo-home/registry/src/github.com-1ecc6299db9ec823/tokio-1.9.0/src/coop.rs:76:5
[INFO] [stdout]   27:     0x560297103fcc - tokio::runtime::basic_scheduler::Inner<P>::block_on::{{closure}}::hc1ce8c7f2bf6e851
[INFO] [stdout]                                at /opt/rustwide/cargo-home/registry/src/github.com-1ecc6299db9ec823/tokio-1.9.0/src/runtime/basic_scheduler.rs:208:39
[INFO] [stdout]   28:     0x560297105931 - tokio::runtime::basic_scheduler::enter::{{closure}}::h6cc1b59ed7ad17f0
[INFO] [stdout]                                at /opt/rustwide/cargo-home/registry/src/github.com-1ecc6299db9ec823/tokio-1.9.0/src/runtime/basic_scheduler.rs:299:29
[INFO] [stdout]   29:     0x5602970ee29d - tokio::macros::scoped_tls::ScopedKey<T>::set::h6c381d2cf011807e
[INFO] [stdout]                                at /opt/rustwide/cargo-home/registry/src/github.com-1ecc6299db9ec823/tokio-1.9.0/src/macros/scoped_tls.rs:61:9
[INFO] [stdout]   30:     0x5602971058b6 - tokio::runtime::basic_scheduler::enter::h400ec0aaeb67c0a0
[INFO] [stdout]                                at /opt/rustwide/cargo-home/registry/src/github.com-1ecc6299db9ec823/tokio-1.9.0/src/runtime/basic_scheduler.rs:299:5
[INFO] [stdout]   31:     0x5602971033db - tokio::runtime::basic_scheduler::Inner<P>::block_on::h51b22cf21830cc45
[INFO] [stdout]                                at /opt/rustwide/cargo-home/registry/src/github.com-1ecc6299db9ec823/tokio-1.9.0/src/runtime/basic_scheduler.rs:197:9
[INFO] [stdout]   32:     0x56029710489c - tokio::runtime::basic_scheduler::InnerGuard<P>::block_on::h1efaf891c9829136
[INFO] [stdout]                                at /opt/rustwide/cargo-home/registry/src/github.com-1ecc6299db9ec823/tokio-1.9.0/src/runtime/basic_scheduler.rs:452:9
[INFO] [stdout]   33:     0x560297104dfc - tokio::runtime::basic_scheduler::BasicScheduler<P>::block_on::hb458e896786774b7
[INFO] [stdout]                                at /opt/rustwide/cargo-home/registry/src/github.com-1ecc6299db9ec823/tokio-1.9.0/src/runtime/basic_scheduler.rs:157:24
[INFO] [stdout]   34:     0x5602970f9b0a - tokio::runtime::Runtime::block_on::h590c51df1ff1a6b2
[INFO] [stdout]                                at /opt/rustwide/cargo-home/registry/src/github.com-1ecc6299db9ec823/tokio-1.9.0/src/runtime/mod.rs:450:46
[INFO] [stdout]   35:     0x5602970eeef7 - rusoto_sts::generated::protocol_tests::test_parse_valid_sts_get_session_token::ha5599a188580a427
[INFO] [stdout]                                at /opt/rustwide/workdir/src/generated.rs:1980:9
[INFO] [stdout]   36:     0x5602970eee1a - rusoto_sts::generated::protocol_tests::test_parse_valid_sts_get_session_token::{{closure}}::h731993bb0f534b26
[INFO] [stdout]                                at /opt/rustwide/workdir/src/generated.rs:1971:11
[INFO] [stdout]   37:     0x5602970f1e6e - core::ops::function::FnOnce::call_once::hc752d0283736b18a
[INFO] [stdout]                                at /rustc/a178d0322ce20e33eac124758e837cbd80a6f633/library/core/src/ops/function.rs:227:5
[INFO] [stdout]   38:     0x560297130d13 - core::ops::function::FnOnce::call_once::h152e7e439ff59e19
[INFO] [stdout]                                at /rustc/a178d0322ce20e33eac124758e837cbd80a6f633/library/core/src/ops/function.rs:227:5
[INFO] [stdout]   39:     0x560297130d13 - test::__rust_begin_short_backtrace::h0908f3b1fdbb72ab
[INFO] [stdout]                                at /rustc/a178d0322ce20e33eac124758e837cbd80a6f633/library/test/src/lib.rs:577:5
[INFO] [stdout]   40:     0x56029712f7d0 - <alloc::boxed::Box<F,A> as core::ops::function::FnOnce<Args>>::call_once::hf6d2a51e5587546c
[INFO] [stdout]                                at /rustc/a178d0322ce20e33eac124758e837cbd80a6f633/library/alloc/src/boxed.rs:1575:9
[INFO] [stdout]   41:     0x56029712f7d0 - <std::panic::AssertUnwindSafe<F> as core::ops::function::FnOnce<()>>::call_once::h8af660f3a89ef593
[INFO] [stdout]                                at /rustc/a178d0322ce20e33eac124758e837cbd80a6f633/library/std/src/panic.rs:347:9
[INFO] [stdout]   42:     0x56029712f7d0 - std::panicking::try::do_call::hd36aef60f84b6d36
[INFO] [stdout]                                at /rustc/a178d0322ce20e33eac124758e837cbd80a6f633/library/std/src/panicking.rs:401:40
[INFO] [stdout]   43:     0x56029712f7d0 - std::panicking::try::h9932b4480e69817c
[INFO] [stdout]                                at /rustc/a178d0322ce20e33eac124758e837cbd80a6f633/library/std/src/panicking.rs:365:19
[INFO] [stdout]   44:     0x56029712f7d0 - std::panic::catch_unwind::h6aa177099cfff5f8
[INFO] [stdout]                                at /rustc/a178d0322ce20e33eac124758e837cbd80a6f633/library/std/src/panic.rs:434:14
[INFO] [stdout]   45:     0x56029712f7d0 - test::run_test_in_process::h5884d6f2d99e20c3
[INFO] [stdout]                                at /rustc/a178d0322ce20e33eac124758e837cbd80a6f633/library/test/src/lib.rs:600:18
[INFO] [stdout]   46:     0x56029712f7d0 - test::run_test::run_test_inner::{{closure}}::h6fdc58c6d5f5b6e3
[INFO] [stdout]                                at /rustc/a178d0322ce20e33eac124758e837cbd80a6f633/library/test/src/lib.rs:492:39
[INFO] [stdout]   47:     0x560297108e82 - test::run_test::run_test_inner::{{closure}}::h408365d67a78ade8
[INFO] [stdout]                                at /rustc/a178d0322ce20e33eac124758e837cbd80a6f633/library/test/src/lib.rs:519:37
[INFO] [stdout]   48:     0x560297108e82 - std::sys_common::backtrace::__rust_begin_short_backtrace::hb560b77c4f701523
[INFO] [stdout]                                at /rustc/a178d0322ce20e33eac124758e837cbd80a6f633/library/std/src/sys_common/backtrace.rs:125:18
[INFO] [stdout]   49:     0x56029710ca38 - std::thread::Builder::spawn_unchecked::{{closure}}::{{closure}}::hf2e7831dad93c597
[INFO] [stdout]                                at /rustc/a178d0322ce20e33eac124758e837cbd80a6f633/library/std/src/thread/mod.rs:481:17
[INFO] [stdout]   50:     0x56029710ca38 - <std::panic::AssertUnwindSafe<F> as core::ops::function::FnOnce<()>>::call_once::hd2e08783d8be4d02
[INFO] [stdout]                                at /rustc/a178d0322ce20e33eac124758e837cbd80a6f633/library/std/src/panic.rs:347:9
[INFO] [stdout]   51:     0x56029710ca38 - std::panicking::try::do_call::h062597b7acfd6b82
[INFO] [stdout]                                at /rustc/a178d0322ce20e33eac124758e837cbd80a6f633/library/std/src/panicking.rs:401:40
[INFO] [stdout]   52:     0x56029710ca38 - std::panicking::try::h0d7b79db04c14552
[INFO] [stdout]                                at /rustc/a178d0322ce20e33eac124758e837cbd80a6f633/library/std/src/panicking.rs:365:19
[INFO] [stdout]   53:     0x56029710ca38 - std::panic::catch_unwind::hb01a0b5e7c8cd43b
[INFO] [stdout]                                at /rustc/a178d0322ce20e33eac124758e837cbd80a6f633/library/std/src/panic.rs:434:14
[INFO] [stdout]   54:     0x56029710ca38 - std::thread::Builder::spawn_unchecked::{{closure}}::h5bde48cc887e0d1e
[INFO] [stdout]                                at /rustc/a178d0322ce20e33eac124758e837cbd80a6f633/library/std/src/thread/mod.rs:480:30
[INFO] [stdout]   55:     0x56029710ca38 - core::ops::function::FnOnce::call_once{{vtable.shim}}::h745ea30807a29e55
[INFO] [stdout]                                at /rustc/a178d0322ce20e33eac124758e837cbd80a6f633/library/core/src/ops/function.rs:227:5
[INFO] [stdout]   56:     0x5602973499a7 - <alloc::boxed::Box<F,A> as core::ops::function::FnOnce<Args>>::call_once::h7ece6cfefaff1005
[INFO] [stdout]                                at /rustc/a178d0322ce20e33eac124758e837cbd80a6f633/library/alloc/src/boxed.rs:1575:9
[INFO] [stdout]   57:     0x5602973499a7 - <alloc::boxed::Box<F,A> as core::ops::function::FnOnce<Args>>::call_once::hb8b48e55c21f193e
[INFO] [stdout]                                at /rustc/a178d0322ce20e33eac124758e837cbd80a6f633/library/alloc/src/boxed.rs:1575:9
[INFO] [stdout]   58:     0x5602973499a7 - std::sys::unix::thread::Thread::new::thread_start::h8c7c4450dba62914
[INFO] [stdout]                                at /rustc/a178d0322ce20e33eac124758e837cbd80a6f633/library/std/src/sys/unix/thread.rs:71:17
[INFO] [stdout]   59:     0x7f623cab2609 - start_thread
[INFO] [stdout]   60:     0x7f623c882293 - clone
[INFO] [stdout]   61:                0x0 - <unknown>
[INFO] [stdout] 
[INFO] [stdout] ---- generated::protocol_tests::test_parse_error_sts_get_session_token stdout ----
[INFO] [stdout] thread 'generated::protocol_tests::test_parse_error_sts_get_session_token' panicked at 'couldn't find file: Os { code: 2, kind: NotFound, message: "No such file or directory" }', /opt/rustwide/cargo-home/registry/src/github.com-1ecc6299db9ec823/rusoto_mock-0.47.0/src/lib.rs:195:53
[INFO] [stdout] stack backtrace:
[INFO] [stdout]    0:     0x5602973420c0 - std::backtrace_rs::backtrace::libunwind::trace::h34055254b57d8e79
[INFO] [stdout]                                at /rustc/a178d0322ce20e33eac124758e837cbd80a6f633/library/std/src/../../backtrace/src/backtrace/libunwind.rs:90:5
[INFO] [stdout]    1:     0x5602973420c0 - std::backtrace_rs::backtrace::trace_unsynchronized::h8f1e3fbd9afff6ec
[INFO] [stdout]                                at /rustc/a178d0322ce20e33eac124758e837cbd80a6f633/library/std/src/../../backtrace/src/backtrace/mod.rs:66:5
[INFO] [stdout]    2:     0x5602973420c0 - std::sys_common::backtrace::_print_fmt::h3a99a796b770c360
[INFO] [stdout]                                at /rustc/a178d0322ce20e33eac124758e837cbd80a6f633/library/std/src/sys_common/backtrace.rs:67:5
[INFO] [stdout]    3:     0x5602973420c0 - <std::sys_common::backtrace::_print::DisplayBacktrace as core::fmt::Display>::fmt::h32d1f94a80615d18
[INFO] [stdout]                                at /rustc/a178d0322ce20e33eac124758e837cbd80a6f633/library/std/src/sys_common/backtrace.rs:46:22
[INFO] [stdout]    4:     0x5602973651ec - core::fmt::write::h306731c068f7162c
[INFO] [stdout]                                at /rustc/a178d0322ce20e33eac124758e837cbd80a6f633/library/core/src/fmt/mod.rs:1110:17
[INFO] [stdout]    5:     0x56029733e9f5 - std::io::Write::write_fmt::h87f19b0a2cd190bc
[INFO] [stdout]                                at /rustc/a178d0322ce20e33eac124758e837cbd80a6f633/library/std/src/io/mod.rs:1588:15
[INFO] [stdout]    6:     0x56029734435b - std::sys_common::backtrace::_print::h5abaa2601a852287
[INFO] [stdout]                                at /rustc/a178d0322ce20e33eac124758e837cbd80a6f633/library/std/src/sys_common/backtrace.rs:49:5
[INFO] [stdout]    7:     0x56029734435b - std::sys_common::backtrace::print::h8d81445442bb638f
[INFO] [stdout]                                at /rustc/a178d0322ce20e33eac124758e837cbd80a6f633/library/std/src/sys_common/backtrace.rs:36:9
[INFO] [stdout]    8:     0x56029734435b - std::panicking::default_hook::{{closure}}::hcfe804496a9fa747
[INFO] [stdout]                                at /rustc/a178d0322ce20e33eac124758e837cbd80a6f633/library/std/src/panicking.rs:208:50
[INFO] [stdout]    9:     0x560297343e6c - std::panicking::default_hook::hbea8e3ccf2ba8901
[INFO] [stdout]                                at /rustc/a178d0322ce20e33eac124758e837cbd80a6f633/library/std/src/panicking.rs:222:9
[INFO] [stdout]   10:     0x560297344a24 - std::panicking::rust_panic_with_hook::h7ee9e1a2d0f8975a
[INFO] [stdout]                                at /rustc/a178d0322ce20e33eac124758e837cbd80a6f633/library/std/src/panicking.rs:622:17
[INFO] [stdout]   11:     0x560297344507 - std::panicking::begin_panic_handler::{{closure}}::h8ab3b4491718b2c7
[INFO] [stdout]                                at /rustc/a178d0322ce20e33eac124758e837cbd80a6f633/library/std/src/panicking.rs:519:13
[INFO] [stdout]   12:     0x5602973425bc - std::sys_common::backtrace::__rust_end_short_backtrace::hd489062ffa586a9f
[INFO] [stdout]                                at /rustc/a178d0322ce20e33eac124758e837cbd80a6f633/library/std/src/sys_common/backtrace.rs:141:18
[INFO] [stdout]   13:     0x560297344469 - rust_begin_unwind
[INFO] [stdout]                                at /rustc/a178d0322ce20e33eac124758e837cbd80a6f633/library/std/src/panicking.rs:515:5
[INFO] [stdout]   14:     0x5602970e3b41 - core::panicking::panic_fmt::hca6330e3e14086b4
[INFO] [stdout]                                at /rustc/a178d0322ce20e33eac124758e837cbd80a6f633/library/core/src/panicking.rs:92:14
[INFO] [stdout]   15:     0x5602970e3c33 - core::result::unwrap_failed::h6160d2b4bfbb0e87
[INFO] [stdout]                                at /rustc/a178d0322ce20e33eac124758e837cbd80a6f633/library/core/src/result.rs:1355:5
[INFO] [stdout]   16:     0x560297223130 - core::result::Result<T,E>::expect::h2e7c71e445b0b539
[INFO] [stdout]                                at /rustc/a178d0322ce20e33eac124758e837cbd80a6f633/library/core/src/result.rs:997:23
[INFO] [stdout]   17:     0x56029718ad2c - <rusoto_mock::MockResponseReader as rusoto_mock::ReadMockResponse>::read_response::hf302a0847886ce73
[INFO] [stdout]                                at /opt/rustwide/cargo-home/registry/src/github.com-1ecc6299db9ec823/rusoto_mock-0.47.0/src/lib.rs:195:30
[INFO] [stdout]   18:     0x5602970ee92e - rusoto_sts::generated::protocol_tests::test_parse_error_sts_get_session_token::{{closure}}::h33ed4baf9818c2aa
[INFO] [stdout]                                at /opt/rustwide/workdir/src/generated.rs:1959:29
[INFO] [stdout]   19:     0x5602970f4a9b - <core::future::from_generator::GenFuture<T> as core::future::future::Future>::poll::hd61130df6dd0edf2
[INFO] [stdout]                                at /rustc/a178d0322ce20e33eac124758e837cbd80a6f633/library/core/src/future/mod.rs:80:19
[INFO] [stdout]   20:     0x5602970fee8f - <core::pin::Pin<P> as core::future::future::Future>::poll::h064aec5767fb779b
[INFO] [stdout]                                at /rustc/a178d0322ce20e33eac124758e837cbd80a6f633/library/core/src/future/future.rs:119:9
[INFO] [stdout]   21:     0x5602971046d0 - tokio::runtime::basic_scheduler::Inner<P>::block_on::{{closure}}::{{closure}}::hb1ce89bd1cba3ba6
[INFO] [stdout]                                at /opt/rustwide/cargo-home/registry/src/github.com-1ecc6299db9ec823/tokio-1.9.0/src/runtime/basic_scheduler.rs:208:62
[INFO] [stdout]   22:     0x5602970fec5c - tokio::coop::with_budget::{{closure}}::hf34221a31690c553
[INFO] [stdout]                                at /opt/rustwide/cargo-home/registry/src/github.com-1ecc6299db9ec823/tokio-1.9.0/src/coop.rs:106:9
[INFO] [stdout]   23:     0x560297107471 - std::thread::local::LocalKey<T>::try_with::h41adcce7364d2817
[INFO] [stdout]                                at /rustc/a178d0322ce20e33eac124758e837cbd80a6f633/library/std/src/thread/local.rs:400:16
[INFO] [stdout]   24:     0x560297106c0d - std::thread::local::LocalKey<T>::with::h610024a93f216b67
[INFO] [stdout]                                at /rustc/a178d0322ce20e33eac124758e837cbd80a6f633/library/std/src/thread/local.rs:376:9
[INFO] [stdout]   25:     0x56029710371c - tokio::coop::with_budget::he84a7ad2158a5bf9
[INFO] [stdout]                                at /opt/rustwide/cargo-home/registry/src/github.com-1ecc6299db9ec823/tokio-1.9.0/src/coop.rs:99:5
[INFO] [stdout]   26:     0x56029710371c - tokio::coop::budget::hbce5425955c8b845
[INFO] [stdout]                                at /opt/rustwide/cargo-home/registry/src/github.com-1ecc6299db9ec823/tokio-1.9.0/src/coop.rs:76:5
[INFO] [stdout]   27:     0x56029710371c - tokio::runtime::basic_scheduler::Inner<P>::block_on::{{closure}}::h0e990dc2ac647996
[INFO] [stdout]                                at /opt/rustwide/cargo-home/registry/src/github.com-1ecc6299db9ec823/tokio-1.9.0/src/runtime/basic_scheduler.rs:208:39
[INFO] [stdout]   28:     0x560297105971 - tokio::runtime::basic_scheduler::enter::{{closure}}::hdb7b9d07f3564102
[INFO] [stdout]                                at /opt/rustwide/cargo-home/registry/src/github.com-1ecc6299db9ec823/tokio-1.9.0/src/runtime/basic_scheduler.rs:299:29
[INFO] [stdout]   29:     0x5602970ee38d - tokio::macros::scoped_tls::ScopedKey<T>::set::hac83098dfa9ac479
[INFO] [stdout]                                at /opt/rustwide/cargo-home/registry/src/github.com-1ecc6299db9ec823/tokio-1.9.0/src/macros/scoped_tls.rs:61:9
[INFO] [stdout]   30:     0x560297105596 - tokio::runtime::basic_scheduler::enter::h3abd98c14d935feb
[INFO] [stdout]                                at /opt/rustwide/cargo-home/registry/src/github.com-1ecc6299db9ec823/tokio-1.9.0/src/runtime/basic_scheduler.rs:299:5
[INFO] [stdout]   31:     0x5602971033fb - tokio::runtime::basic_scheduler::Inner<P>::block_on::h658fef698a090b36
[INFO] [stdout]                                at /opt/rustwide/cargo-home/registry/src/github.com-1ecc6299db9ec823/tokio-1.9.0/src/runtime/basic_scheduler.rs:197:9
[INFO] [stdout]   32:     0x56029710493c - tokio::runtime::basic_scheduler::InnerGuard<P>::block_on::h32efc491f4072b9b
[INFO] [stdout]                                at /opt/rustwide/cargo-home/registry/src/github.com-1ecc6299db9ec823/tokio-1.9.0/src/runtime/basic_scheduler.rs:452:9
[INFO] [stdout]   33:     0x560297104a3c - tokio::runtime::basic_scheduler::BasicScheduler<P>::block_on::h74454331ba5b1a0d
[INFO] [stdout]                                at /opt/rustwide/cargo-home/registry/src/github.com-1ecc6299db9ec823/tokio-1.9.0/src/runtime/basic_scheduler.rs:157:24
[INFO] [stdout]   34:     0x5602970f9d0a - tokio::runtime::Runtime::block_on::ha0ea3050ec4df06c
[INFO] [stdout]                                at /opt/rustwide/cargo-home/registry/src/github.com-1ecc6299db9ec823/tokio-1.9.0/src/runtime/mod.rs:450:46
[INFO] [stdout]   35:     0x5602970ee847 - rusoto_sts::generated::protocol_tests::test_parse_error_sts_get_session_token::h3fb47ad9b6195fd7
[INFO] [stdout]                                at /opt/rustwide/workdir/src/generated.rs:1967:9
[INFO] [stdout]   36:     0x5602970ee76a - rusoto_sts::generated::protocol_tests::test_parse_error_sts_get_session_token::{{closure}}::hd21e5cd55b4a4c49
[INFO] [stdout]                                at /opt/rustwide/workdir/src/generated.rs:1958:11
[INFO] [stdout]   37:     0x5602970f1d5e - core::ops::function::FnOnce::call_once::h5d825b37b02f638e
[INFO] [stdout]                                at /rustc/a178d0322ce20e33eac124758e837cbd80a6f633/library/core/src/ops/function.rs:227:5
[INFO] [stdout]   38:     0x560297130d13 - core::ops::function::FnOnce::call_once::h152e7e439ff59e19
[INFO] [stdout]                                at /rustc/a178d0322ce20e33eac124758e837cbd80a6f633/library/core/src/ops/function.rs:227:5
[INFO] [stdout]   39:     0x560297130d13 - test::__rust_begin_short_backtrace::h0908f3b1fdbb72ab
[INFO] [stdout]                                at /rustc/a178d0322ce20e33eac124758e837cbd80a6f633/library/test/src/lib.rs:577:5
[INFO] [stdout]   40:     0x56029712f7d0 - <alloc::boxed::Box<F,A> as core::ops::function::FnOnce<Args>>::call_once::hf6d2a51e5587546c
[INFO] [stdout]                                at /rustc/a178d0322ce20e33eac124758e837cbd80a6f633/library/alloc/src/boxed.rs:1575:9
[INFO] [stdout]   41:     0x56029712f7d0 - <std::panic::AssertUnwindSafe<F> as core::ops::function::FnOnce<()>>::call_once::h8af660f3a89ef593
[INFO] [stdout]                                at /rustc/a178d0322ce20e33eac124758e837cbd80a6f633/library/std/src/panic.rs:347:9
[INFO] [stdout]   42:     0x56029712f7d0 - std::panicking::try::do_call::hd36aef60f84b6d36
[INFO] [stdout]                                at /rustc/a178d0322ce20e33eac124758e837cbd80a6f633/library/std/src/panicking.rs:401:40
[INFO] [stdout]   43:     0x56029712f7d0 - std::panicking::try::h9932b4480e69817c
[INFO] [stdout]                                at /rustc/a178d0322ce20e33eac124758e837cbd80a6f633/library/std/src/panicking.rs:365:19
[INFO] [stdout]   44:     0x56029712f7d0 - std::panic::catch_unwind::h6aa177099cfff5f8
[INFO] [stdout]                                at /rustc/a178d0322ce20e33eac124758e837cbd80a6f633/library/std/src/panic.rs:434:14
[INFO] [stdout]   45:     0x56029712f7d0 - test::run_test_in_process::h5884d6f2d99e20c3
[INFO] [stdout]                                at /rustc/a178d0322ce20e33eac124758e837cbd80a6f633/library/test/src/lib.rs:600:18
[INFO] [stdout]   46:     0x56029712f7d0 - test::run_test::run_test_inner::{{closure}}::h6fdc58c6d5f5b6e3
[INFO] [stdout]                                at /rustc/a178d0322ce20e33eac124758e837cbd80a6f633/library/test/src/lib.rs:492:39
[INFO] [stdout]   47:     0x560297108e82 - test::run_test::run_test_inner::{{closure}}::h408365d67a78ade8
[INFO] [stdout]                                at /rustc/a178d0322ce20e33eac124758e837cbd80a6f633/library/test/src/lib.rs:519:37
[INFO] [stdout]   48:     0x560297108e82 - std::sys_common::backtrace::__rust_begin_short_backtrace::hb560b77c4f701523
[INFO] [stdout]                                at /rustc/a178d0322ce20e33eac124758e837cbd80a6f633/library/std/src/sys_common/backtrace.rs:125:18
[INFO] [stdout]   49:     0x56029710ca38 - std::thread::Builder::spawn_unchecked::{{closure}}::{{closure}}::hf2e7831dad93c597
[INFO] [stdout]                                at /rustc/a178d0322ce20e33eac124758e837cbd80a6f633/library/std/src/thread/mod.rs:481:17
[INFO] [stdout]   50:     0x56029710ca38 - <std::panic::AssertUnwindSafe<F> as core::ops::function::FnOnce<()>>::call_once::hd2e08783d8be4d02
[INFO] [stdout]                                at /rustc/a178d0322ce20e33eac124758e837cbd80a6f633/library/std/src/panic.rs:347:9
[INFO] [stdout]   51:     0x56029710ca38 - std::panicking::try::do_call::h062597b7acfd6b82
[INFO] [stdout]                                at /rustc/a178d0322ce20e33eac124758e837cbd80a6f633/library/std/src/panicking.rs:401:40
[INFO] [stdout]   52:     0x56029710ca38 - std::panicking::try::h0d7b79db04c14552
[INFO] [stdout]                                at /rustc/a178d0322ce20e33eac124758e837cbd80a6f633/library/std/src/panicking.rs:365:19
[INFO] [stdout]   53:     0x56029710ca38 - std::panic::catch_unwind::hb01a0b5e7c8cd43b
[INFO] [stdout]                                at /rustc/a178d0322ce20e33eac124758e837cbd80a6f633/library/std/src/panic.rs:434:14
[INFO] [stdout]   54:     0x56029710ca38 - std::thread::Builder::spawn_unchecked::{{closure}}::h5bde48cc887e0d1e
[INFO] [stdout]                                at /rustc/a178d0322ce20e33eac124758e837cbd80a6f633/library/std/src/thread/mod.rs:480:30
[INFO] [stdout]   55:     0x56029710ca38 - core::ops::function::FnOnce::call_once{{vtable.shim}}::h745ea30807a29e55
[INFO] [stdout]                                at /rustc/a178d0322ce20e33eac124758e837cbd80a6f633/library/core/src/ops/function.rs:227:5
[INFO] [stdout]   56:     0x5602973499a7 - <alloc::boxed::Box<F,A> as core::ops::function::FnOnce<Args>>::call_once::h7ece6cfefaff1005
[INFO] [stdout]                                at /rustc/a178d0322ce20e33eac124758e837cbd80a6f633/library/alloc/src/boxed.rs:1575:9
[INFO] [stdout]   57:     0x5602973499a7 - <alloc::boxed::Box<F,A> as core::ops::function::FnOnce<Args>>::call_once::hb8b48e55c21f193e
[INFO] [stdout]                                at /rustc/a178d0322ce20e33eac124758e837cbd80a6f633/library/alloc/src/boxed.rs:1575:9
[INFO] [stdout]   58:     0x5602973499a7 - std::sys::unix::thread::Thread::new::thread_start::h8c7c4450dba62914
[INFO] [stdout]                                at /rustc/a178d0322ce20e33eac124758e837cbd80a6f633/library/std/src/sys/unix/thread.rs:71:17
[INFO] [stdout]   59:     0x7f623cab2609 - start_thread
[INFO] [stdout]   60:     0x7f623c882293 - clone
[INFO] [stdout]   61:                0x0 - <unknown>
[INFO] [stdout] 
[INFO] [stdout] 
[INFO] [stdout] failures:
[INFO] [stdout]     generated::protocol_tests::test_parse_error_sts_get_session_token
[INFO] [stdout]     generated::protocol_tests::test_parse_valid_sts_get_session_token
[INFO] [stdout] 
[INFO] [stdout] test result: FAILED. 3 passed; 2 failed; 0 ignored; 0 measured; 0 filtered out; finished in 0.06s
[INFO] [stdout] 
[INFO] running `Command { std: "docker" "inspect" "94e2c9a29c168ac0d5433f7ed251aa11219f0132f88c51a71121931f06e5e716", kill_on_drop: false }`
[INFO] running `Command { std: "docker" "rm" "-f" "94e2c9a29c168ac0d5433f7ed251aa11219f0132f88c51a71121931f06e5e716", kill_on_drop: false }`
[INFO] [stdout] 94e2c9a29c168ac0d5433f7ed251aa11219f0132f88c51a71121931f06e5e716
