[INFO] fetching crate rusoto_cloudformation 0.47.0...
[INFO] testing rusoto_cloudformation-0.47.0 against 1.54.0 for beta-1.55-1
[INFO] extracting crate rusoto_cloudformation 0.47.0 into /workspace/builds/worker-6/source
[INFO] validating manifest of crates.io crate rusoto_cloudformation 0.47.0 on toolchain 1.54.0
[INFO] running `Command { std: "/workspace/cargo-home/bin/cargo" "+1.54.0" "metadata" "--manifest-path" "Cargo.toml" "--no-deps", kill_on_drop: false }`
[INFO] started tweaking crates.io crate rusoto_cloudformation 0.47.0
[INFO] finished tweaking crates.io crate rusoto_cloudformation 0.47.0
[INFO] tweaked toml for crates.io crate rusoto_cloudformation 0.47.0 written to /workspace/builds/worker-6/source/Cargo.toml
[INFO] running `Command { std: "/workspace/cargo-home/bin/cargo" "+1.54.0" "generate-lockfile" "--manifest-path" "Cargo.toml" "-Zno-index-update", kill_on_drop: false }`
[INFO] [stderr]     Blocking waiting for file lock on package cache
[INFO] running `Command { std: "/workspace/cargo-home/bin/cargo" "+1.54.0" "fetch" "--manifest-path" "Cargo.toml", kill_on_drop: false }`
[INFO] running `Command { std: "docker" "create" "-v" "/var/lib/crater-agent-workspace/builds/worker-6/target:/opt/rustwide/target:rw,Z" "-v" "/var/lib/crater-agent-workspace/builds/worker-6/source:/opt/rustwide/workdir:ro,Z" "-v" "/var/lib/crater-agent-workspace/cargo-home:/opt/rustwide/cargo-home:ro,Z" "-v" "/var/lib/crater-agent-workspace/rustup-home:/opt/rustwide/rustup-home:ro,Z" "-e" "SOURCE_DIR=/opt/rustwide/workdir" "-e" "CARGO_TARGET_DIR=/opt/rustwide/target" "-e" "CARGO_HOME=/opt/rustwide/cargo-home" "-e" "RUSTUP_HOME=/opt/rustwide/rustup-home" "-w" "/opt/rustwide/workdir" "-m" "1610612736" "--user" "0:0" "--network" "none" "ghcr.io/rust-lang/crates-build-env/linux@sha256:34b6a614d2c27851fe6cbf88fbd1137609cefab8b10d0615aaeb6fd47975d74e" "/opt/rustwide/cargo-home/bin/cargo" "+1.54.0" "metadata" "--no-deps" "--format-version=1", kill_on_drop: false }`
[INFO] [stderr] WARNING: Your kernel does not support swap limit capabilities or the cgroup is not mounted. Memory limited without swap.
[INFO] [stdout] b372b375152316b57fc69803af2b22ea80a657a43e83d838f8194d33fe5be373
[INFO] running `Command { std: "docker" "start" "-a" "b372b375152316b57fc69803af2b22ea80a657a43e83d838f8194d33fe5be373", kill_on_drop: false }`
[INFO] running `Command { std: "docker" "inspect" "b372b375152316b57fc69803af2b22ea80a657a43e83d838f8194d33fe5be373", kill_on_drop: false }`
[INFO] running `Command { std: "docker" "rm" "-f" "b372b375152316b57fc69803af2b22ea80a657a43e83d838f8194d33fe5be373", kill_on_drop: false }`
[INFO] [stdout] b372b375152316b57fc69803af2b22ea80a657a43e83d838f8194d33fe5be373
[INFO] running `Command { std: "docker" "create" "-v" "/var/lib/crater-agent-workspace/builds/worker-6/target:/opt/rustwide/target:rw,Z" "-v" "/var/lib/crater-agent-workspace/builds/worker-6/source:/opt/rustwide/workdir:ro,Z" "-v" "/var/lib/crater-agent-workspace/cargo-home:/opt/rustwide/cargo-home:ro,Z" "-v" "/var/lib/crater-agent-workspace/rustup-home:/opt/rustwide/rustup-home:ro,Z" "-e" "SOURCE_DIR=/opt/rustwide/workdir" "-e" "CARGO_TARGET_DIR=/opt/rustwide/target" "-e" "CARGO_INCREMENTAL=0" "-e" "RUST_BACKTRACE=full" "-e" "RUSTFLAGS=--cap-lints=warn" "-e" "CARGO_HOME=/opt/rustwide/cargo-home" "-e" "RUSTUP_HOME=/opt/rustwide/rustup-home" "-w" "/opt/rustwide/workdir" "-m" "1610612736" "--user" "0:0" "--network" "none" "ghcr.io/rust-lang/crates-build-env/linux@sha256:34b6a614d2c27851fe6cbf88fbd1137609cefab8b10d0615aaeb6fd47975d74e" "/opt/rustwide/cargo-home/bin/cargo" "+1.54.0" "build" "--frozen" "--message-format=json", kill_on_drop: false }`
[INFO] [stdout] d2eb236fc842b4acf831559439e8dc61b3f23e12904808470a3637833cf389ee
[INFO] [stderr] WARNING: Your kernel does not support swap limit capabilities or the cgroup is not mounted. Memory limited without swap.
[INFO] running `Command { std: "docker" "start" "-a" "d2eb236fc842b4acf831559439e8dc61b3f23e12904808470a3637833cf389ee", kill_on_drop: false }`
[INFO] [stderr]    Compiling rusoto_cloudformation v0.47.0 (/opt/rustwide/workdir)
[INFO] [stderr]     Finished dev [unoptimized + debuginfo] target(s) in 9.02s
[INFO] running `Command { std: "docker" "inspect" "d2eb236fc842b4acf831559439e8dc61b3f23e12904808470a3637833cf389ee", kill_on_drop: false }`
[INFO] running `Command { std: "docker" "rm" "-f" "d2eb236fc842b4acf831559439e8dc61b3f23e12904808470a3637833cf389ee", kill_on_drop: false }`
[INFO] [stdout] d2eb236fc842b4acf831559439e8dc61b3f23e12904808470a3637833cf389ee
[INFO] running `Command { std: "docker" "create" "-v" "/var/lib/crater-agent-workspace/builds/worker-6/target:/opt/rustwide/target:rw,Z" "-v" "/var/lib/crater-agent-workspace/builds/worker-6/source:/opt/rustwide/workdir:ro,Z" "-v" "/var/lib/crater-agent-workspace/cargo-home:/opt/rustwide/cargo-home:ro,Z" "-v" "/var/lib/crater-agent-workspace/rustup-home:/opt/rustwide/rustup-home:ro,Z" "-e" "SOURCE_DIR=/opt/rustwide/workdir" "-e" "CARGO_TARGET_DIR=/opt/rustwide/target" "-e" "CARGO_INCREMENTAL=0" "-e" "RUST_BACKTRACE=full" "-e" "RUSTFLAGS=--cap-lints=warn" "-e" "CARGO_HOME=/opt/rustwide/cargo-home" "-e" "RUSTUP_HOME=/opt/rustwide/rustup-home" "-w" "/opt/rustwide/workdir" "-m" "1610612736" "--user" "0:0" "--network" "none" "ghcr.io/rust-lang/crates-build-env/linux@sha256:34b6a614d2c27851fe6cbf88fbd1137609cefab8b10d0615aaeb6fd47975d74e" "/opt/rustwide/cargo-home/bin/cargo" "+1.54.0" "test" "--frozen" "--no-run" "--message-format=json", kill_on_drop: false }`
[INFO] [stderr] WARNING: Your kernel does not support swap limit capabilities or the cgroup is not mounted. Memory limited without swap.
[INFO] [stdout] e36e4df27faa66c35f39525f50665d4419a57d592d957408fc0799cfe5456ff1
[INFO] running `Command { std: "docker" "start" "-a" "e36e4df27faa66c35f39525f50665d4419a57d592d957408fc0799cfe5456ff1", kill_on_drop: false }`
[INFO] [stderr]    Compiling rusoto_cloudformation v0.47.0 (/opt/rustwide/workdir)
[INFO] [stderr]     Finished test [unoptimized + debuginfo] target(s) in 8.13s
[INFO] running `Command { std: "docker" "inspect" "e36e4df27faa66c35f39525f50665d4419a57d592d957408fc0799cfe5456ff1", kill_on_drop: false }`
[INFO] running `Command { std: "docker" "rm" "-f" "e36e4df27faa66c35f39525f50665d4419a57d592d957408fc0799cfe5456ff1", kill_on_drop: false }`
[INFO] [stdout] e36e4df27faa66c35f39525f50665d4419a57d592d957408fc0799cfe5456ff1
[INFO] running `Command { std: "docker" "create" "-v" "/var/lib/crater-agent-workspace/builds/worker-6/target:/opt/rustwide/target:rw,Z" "-v" "/var/lib/crater-agent-workspace/builds/worker-6/source:/opt/rustwide/workdir:ro,Z" "-v" "/var/lib/crater-agent-workspace/cargo-home:/opt/rustwide/cargo-home:ro,Z" "-v" "/var/lib/crater-agent-workspace/rustup-home:/opt/rustwide/rustup-home:ro,Z" "-e" "SOURCE_DIR=/opt/rustwide/workdir" "-e" "CARGO_TARGET_DIR=/opt/rustwide/target" "-e" "CARGO_INCREMENTAL=0" "-e" "RUST_BACKTRACE=full" "-e" "RUSTFLAGS=--cap-lints=warn" "-e" "CARGO_HOME=/opt/rustwide/cargo-home" "-e" "RUSTUP_HOME=/opt/rustwide/rustup-home" "-w" "/opt/rustwide/workdir" "-m" "1610612736" "--user" "0:0" "--network" "none" "ghcr.io/rust-lang/crates-build-env/linux@sha256:34b6a614d2c27851fe6cbf88fbd1137609cefab8b10d0615aaeb6fd47975d74e" "/opt/rustwide/cargo-home/bin/cargo" "+1.54.0" "test" "--frozen", kill_on_drop: false }`
[INFO] [stdout] cc489c06f4c26f739a99b7aa4006cacad153dc058e6e592655d7519fa019d35d
[INFO] [stderr] WARNING: Your kernel does not support swap limit capabilities or the cgroup is not mounted. Memory limited without swap.
[INFO] running `Command { std: "docker" "start" "-a" "cc489c06f4c26f739a99b7aa4006cacad153dc058e6e592655d7519fa019d35d", kill_on_drop: false }`
[INFO] [stderr]     Finished test [unoptimized + debuginfo] target(s) in 0.15s
[INFO] [stderr]      Running unittests (/opt/rustwide/target/debug/deps/rusoto_cloudformation-0cec32cd3c6b916c)
[INFO] [stdout] 
[INFO] [stdout] running 5 tests
[INFO] [stdout] test custom::custom_tests::should_serialize_list_parameters_in_request_body ... ok
[INFO] [stdout] test generated::protocol_tests::test_parse_valid_cloudformation_get_template ... FAILED
[INFO] [stdout] test generated::protocol_tests::test_parse_error_cloudformation_cancel_update_stack ... FAILED
[INFO] [stdout] test generated::protocol_tests::test_parse_valid_cloudformation_describe_stacks ... FAILED
[INFO] [stdout] test generated::protocol_tests::test_parse_valid_cloudformation_list_stacks ... FAILED
[INFO] [stdout] 
[INFO] [stdout] failures:
[INFO] [stdout] 
[INFO] [stdout] ---- generated::protocol_tests::test_parse_valid_cloudformation_get_template stdout ----
[INFO] [stdout] thread 'generated::protocol_tests::test_parse_valid_cloudformation_get_template' panicked at 'couldn't find file: Os { code: 2, kind: NotFound, message: "No such file or directory" }', /opt/rustwide/cargo-home/registry/src/github.com-1ecc6299db9ec823/rusoto_mock-0.47.0/src/lib.rs:195:53
[INFO] [stdout] stack backtrace:
[INFO] [stdout]    0:     0x563f04c76670 - std::backtrace_rs::backtrace::libunwind::trace::h34055254b57d8e79
[INFO] [stdout]                                at /rustc/a178d0322ce20e33eac124758e837cbd80a6f633/library/std/src/../../backtrace/src/backtrace/libunwind.rs:90:5
[INFO] [stdout]    1:     0x563f04c76670 - std::backtrace_rs::backtrace::trace_unsynchronized::h8f1e3fbd9afff6ec
[INFO] [stdout]                                at /rustc/a178d0322ce20e33eac124758e837cbd80a6f633/library/std/src/../../backtrace/src/backtrace/mod.rs:66:5
[INFO] [stdout]    2:     0x563f04c76670 - std::sys_common::backtrace::_print_fmt::h3a99a796b770c360
[INFO] [stdout]                                at /rustc/a178d0322ce20e33eac124758e837cbd80a6f633/library/std/src/sys_common/backtrace.rs:67:5
[INFO] [stdout]    3:     0x563f04c76670 - <std::sys_common::backtrace::_print::DisplayBacktrace as core::fmt::Display>::fmt::h32d1f94a80615d18
[INFO] [stdout]                                at /rustc/a178d0322ce20e33eac124758e837cbd80a6f633/library/std/src/sys_common/backtrace.rs:46:22
[INFO] [stdout]    4:     0x563f04c9955c - core::fmt::write::h306731c068f7162c
[INFO] [stdout]                                at /rustc/a178d0322ce20e33eac124758e837cbd80a6f633/library/core/src/fmt/mod.rs:1110:17
[INFO] [stdout]    5:     0x563f04c73035 - std::io::Write::write_fmt::h87f19b0a2cd190bc
[INFO] [stdout]                                at /rustc/a178d0322ce20e33eac124758e837cbd80a6f633/library/std/src/io/mod.rs:1588:15
[INFO] [stdout]    6:     0x563f04c7889b - std::sys_common::backtrace::_print::h5abaa2601a852287
[INFO] [stdout]                                at /rustc/a178d0322ce20e33eac124758e837cbd80a6f633/library/std/src/sys_common/backtrace.rs:49:5
[INFO] [stdout]    7:     0x563f04c7889b - std::sys_common::backtrace::print::h8d81445442bb638f
[INFO] [stdout]                                at /rustc/a178d0322ce20e33eac124758e837cbd80a6f633/library/std/src/sys_common/backtrace.rs:36:9
[INFO] [stdout]    8:     0x563f04c7889b - std::panicking::default_hook::{{closure}}::hcfe804496a9fa747
[INFO] [stdout]                                at /rustc/a178d0322ce20e33eac124758e837cbd80a6f633/library/std/src/panicking.rs:208:50
[INFO] [stdout]    9:     0x563f04c783ac - std::panicking::default_hook::hbea8e3ccf2ba8901
[INFO] [stdout]                                at /rustc/a178d0322ce20e33eac124758e837cbd80a6f633/library/std/src/panicking.rs:222:9
[INFO] [stdout]   10:     0x563f04c78f64 - std::panicking::rust_panic_with_hook::h7ee9e1a2d0f8975a
[INFO] [stdout]                                at /rustc/a178d0322ce20e33eac124758e837cbd80a6f633/library/std/src/panicking.rs:622:17
[INFO] [stdout]   11:     0x563f04c78a47 - std::panicking::begin_panic_handler::{{closure}}::h8ab3b4491718b2c7
[INFO] [stdout]                                at /rustc/a178d0322ce20e33eac124758e837cbd80a6f633/library/std/src/panicking.rs:519:13
[INFO] [stdout]   12:     0x563f04c76b6c - std::sys_common::backtrace::__rust_end_short_backtrace::hd489062ffa586a9f
[INFO] [stdout]                                at /rustc/a178d0322ce20e33eac124758e837cbd80a6f633/library/std/src/sys_common/backtrace.rs:141:18
[INFO] [stdout]   13:     0x563f04c789a9 - rust_begin_unwind
[INFO] [stdout]                                at /rustc/a178d0322ce20e33eac124758e837cbd80a6f633/library/std/src/panicking.rs:515:5
[INFO] [stdout]   14:     0x563f04a1d751 - core::panicking::panic_fmt::hca6330e3e14086b4
[INFO] [stdout]                                at /rustc/a178d0322ce20e33eac124758e837cbd80a6f633/library/core/src/panicking.rs:92:14
[INFO] [stdout]   15:     0x563f04a1d843 - core::result::unwrap_failed::h6160d2b4bfbb0e87
[INFO] [stdout]                                at /rustc/a178d0322ce20e33eac124758e837cbd80a6f633/library/core/src/result.rs:1355:5
[INFO] [stdout]   16:     0x563f04b55a60 - core::result::Result<T,E>::expect::h2e7c71e445b0b539
[INFO] [stdout]                                at /rustc/a178d0322ce20e33eac124758e837cbd80a6f633/library/core/src/result.rs:997:23
[INFO] [stdout]   17:     0x563f04abbd8c - <rusoto_mock::MockResponseReader as rusoto_mock::ReadMockResponse>::read_response::hf302a0847886ce73
[INFO] [stdout]                                at /opt/rustwide/cargo-home/registry/src/github.com-1ecc6299db9ec823/rusoto_mock-0.47.0/src/lib.rs:195:30
[INFO] [stdout]   18:     0x563f04a58944 - rusoto_cloudformation::generated::protocol_tests::test_parse_valid_cloudformation_get_template::{{closure}}::h12ebd50ce298cacf
[INFO] [stdout]                                at /opt/rustwide/workdir/src/generated.rs:16278:29
[INFO] [stdout]   19:     0x563f04a6308b - <core::future::from_generator::GenFuture<T> as core::future::future::Future>::poll::hf8813ac649a9d104
[INFO] [stdout]                                at /rustc/a178d0322ce20e33eac124758e837cbd80a6f633/library/core/src/future/mod.rs:80:19
[INFO] [stdout]   20:     0x563f04a6807f - <core::pin::Pin<P> as core::future::future::Future>::poll::h20e4fdd5b88700ed
[INFO] [stdout]                                at /rustc/a178d0322ce20e33eac124758e837cbd80a6f633/library/core/src/future/future.rs:119:9
[INFO] [stdout]   21:     0x563f04a6eab0 - tokio::runtime::basic_scheduler::Inner<P>::block_on::{{closure}}::{{closure}}::h64ebc7634f5aae18
[INFO] [stdout]                                at /opt/rustwide/cargo-home/registry/src/github.com-1ecc6299db9ec823/tokio-1.9.0/src/runtime/basic_scheduler.rs:208:62
[INFO] [stdout]   22:     0x563f04a54d5c - tokio::coop::with_budget::{{closure}}::h8e58c897b186adc6
[INFO] [stdout]                                at /opt/rustwide/cargo-home/registry/src/github.com-1ecc6299db9ec823/tokio-1.9.0/src/coop.rs:106:9
[INFO] [stdout]   23:     0x563f04a740d1 - std::thread::local::LocalKey<T>::try_with::hd59604179540215e
[INFO] [stdout]                                at /rustc/a178d0322ce20e33eac124758e837cbd80a6f633/library/std/src/thread/local.rs:400:16
[INFO] [stdout]   24:     0x563f04a7234d - std::thread::local::LocalKey<T>::with::ha4317e08b36758d8
[INFO] [stdout]                                at /rustc/a178d0322ce20e33eac124758e837cbd80a6f633/library/std/src/thread/local.rs:376:9
[INFO] [stdout]   25:     0x563f04a6c09c - tokio::coop::with_budget::h8c8ba4a5f682fdc7
[INFO] [stdout]                                at /opt/rustwide/cargo-home/registry/src/github.com-1ecc6299db9ec823/tokio-1.9.0/src/coop.rs:99:5
[INFO] [stdout]   26:     0x563f04a6c09c - tokio::coop::budget::h8ebfb63fc515f95c
[INFO] [stdout]                                at /opt/rustwide/cargo-home/registry/src/github.com-1ecc6299db9ec823/tokio-1.9.0/src/coop.rs:76:5
[INFO] [stdout]   27:     0x563f04a6c09c - tokio::runtime::basic_scheduler::Inner<P>::block_on::{{closure}}::h59b4afd40f81f7b5
[INFO] [stdout]                                at /opt/rustwide/cargo-home/registry/src/github.com-1ecc6299db9ec823/tokio-1.9.0/src/runtime/basic_scheduler.rs:208:39
[INFO] [stdout]   28:     0x563f04a71b31 - tokio::runtime::basic_scheduler::enter::{{closure}}::hf99eb40d00ff3995
[INFO] [stdout]                                at /opt/rustwide/cargo-home/registry/src/github.com-1ecc6299db9ec823/tokio-1.9.0/src/runtime/basic_scheduler.rs:299:29
[INFO] [stdout]   29:     0x563f04a7849d - tokio::macros::scoped_tls::ScopedKey<T>::set::hd6befd7f2a377bd9
[INFO] [stdout]                                at /opt/rustwide/cargo-home/registry/src/github.com-1ecc6299db9ec823/tokio-1.9.0/src/macros/scoped_tls.rs:61:9
[INFO] [stdout]   30:     0x563f04a71696 - tokio::runtime::basic_scheduler::enter::h907a97e8d5e9f54c
[INFO] [stdout]                                at /opt/rustwide/cargo-home/registry/src/github.com-1ecc6299db9ec823/tokio-1.9.0/src/runtime/basic_scheduler.rs:299:5
[INFO] [stdout]   31:     0x563f04a6bd7b - tokio::runtime::basic_scheduler::Inner<P>::block_on::he3265c66a56b4da5
[INFO] [stdout]                                at /opt/rustwide/cargo-home/registry/src/github.com-1ecc6299db9ec823/tokio-1.9.0/src/runtime/basic_scheduler.rs:197:9
[INFO] [stdout]   32:     0x563f04a6f22c - tokio::runtime::basic_scheduler::InnerGuard<P>::block_on::h7cd335fd4547d485
[INFO] [stdout]                                at /opt/rustwide/cargo-home/registry/src/github.com-1ecc6299db9ec823/tokio-1.9.0/src/runtime/basic_scheduler.rs:452:9
[INFO] [stdout]   33:     0x563f04a6ff0c - tokio::runtime::basic_scheduler::BasicScheduler<P>::block_on::hc0d97458a7501ae0
[INFO] [stdout]                                at /opt/rustwide/cargo-home/registry/src/github.com-1ecc6299db9ec823/tokio-1.9.0/src/runtime/basic_scheduler.rs:157:24
[INFO] [stdout]   34:     0x563f04a55d1a - tokio::runtime::Runtime::block_on::h58989dd2e60558a1
[INFO] [stdout]                                at /opt/rustwide/cargo-home/registry/src/github.com-1ecc6299db9ec823/tokio-1.9.0/src/runtime/mod.rs:450:46
[INFO] [stdout]   35:     0x563f04a58857 - rusoto_cloudformation::generated::protocol_tests::test_parse_valid_cloudformation_get_template::h2e992c4680c2f763
[INFO] [stdout]                                at /opt/rustwide/workdir/src/generated.rs:16287:9
[INFO] [stdout]   36:     0x563f04a5877a - rusoto_cloudformation::generated::protocol_tests::test_parse_valid_cloudformation_get_template::{{closure}}::hedd1c80d16d7f427
[INFO] [stdout]                                at /opt/rustwide/workdir/src/generated.rs:16277:11
[INFO] [stdout]   37:     0x563f04a4b52e - core::ops::function::FnOnce::call_once::h8ca36c1c4b8ef801
[INFO] [stdout]                                at /rustc/a178d0322ce20e33eac124758e837cbd80a6f633/library/core/src/ops/function.rs:227:5
[INFO] [stdout]   38:     0x563f04aa1cd3 - core::ops::function::FnOnce::call_once::h152e7e439ff59e19
[INFO] [stdout]                                at /rustc/a178d0322ce20e33eac124758e837cbd80a6f633/library/core/src/ops/function.rs:227:5
[INFO] [stdout]   39:     0x563f04aa1cd3 - test::__rust_begin_short_backtrace::h0908f3b1fdbb72ab
[INFO] [stdout]                                at /rustc/a178d0322ce20e33eac124758e837cbd80a6f633/library/test/src/lib.rs:577:5
[INFO] [stdout]   40:     0x563f04aa0790 - <alloc::boxed::Box<F,A> as core::ops::function::FnOnce<Args>>::call_once::hf6d2a51e5587546c
[INFO] [stdout]                                at /rustc/a178d0322ce20e33eac124758e837cbd80a6f633/library/alloc/src/boxed.rs:1575:9
[INFO] [stdout]   41:     0x563f04aa0790 - <std::panic::AssertUnwindSafe<F> as core::ops::function::FnOnce<()>>::call_once::h8af660f3a89ef593
[INFO] [stdout]                                at /rustc/a178d0322ce20e33eac124758e837cbd80a6f633/library/std/src/panic.rs:347:9
[INFO] [stdout]   42:     0x563f04aa0790 - std::panicking::try::do_call::hd36aef60f84b6d36
[INFO] [stdout]                                at /rustc/a178d0322ce20e33eac124758e837cbd80a6f633/library/std/src/panicking.rs:401:40
[INFO] [stdout]   43:     0x563f04aa0790 - std::panicking::try::h9932b4480e69817c
[INFO] [stdout]                                at /rustc/a178d0322ce20e33eac124758e837cbd80a6f633/library/std/src/panicking.rs:365:19
[INFO] [stdout]   44:     0x563f04aa0790 - std::panic::catch_unwind::h6aa177099cfff5f8
[INFO] [stdout]                                at /rustc/a178d0322ce20e33eac124758e837cbd80a6f633/library/std/src/panic.rs:434:14
[INFO] [stdout]   45:     0x563f04aa0790 - test::run_test_in_process::h5884d6f2d99e20c3
[INFO] [stdout]                                at /rustc/a178d0322ce20e33eac124758e837cbd80a6f633/library/test/src/lib.rs:600:18
[INFO] [stdout]   46:     0x563f04aa0790 - test::run_test::run_test_inner::{{closure}}::h6fdc58c6d5f5b6e3
[INFO] [stdout]                                at /rustc/a178d0322ce20e33eac124758e837cbd80a6f633/library/test/src/lib.rs:492:39
[INFO] [stdout]   47:     0x563f04a79e42 - test::run_test::run_test_inner::{{closure}}::h408365d67a78ade8
[INFO] [stdout]                                at /rustc/a178d0322ce20e33eac124758e837cbd80a6f633/library/test/src/lib.rs:519:37
[INFO] [stdout]   48:     0x563f04a79e42 - std::sys_common::backtrace::__rust_begin_short_backtrace::hb560b77c4f701523
[INFO] [stdout]                                at /rustc/a178d0322ce20e33eac124758e837cbd80a6f633/library/std/src/sys_common/backtrace.rs:125:18
[INFO] [stdout]   49:     0x563f04a7d9f8 - std::thread::Builder::spawn_unchecked::{{closure}}::{{closure}}::hf2e7831dad93c597
[INFO] [stdout]                                at /rustc/a178d0322ce20e33eac124758e837cbd80a6f633/library/std/src/thread/mod.rs:481:17
[INFO] [stdout]   50:     0x563f04a7d9f8 - <std::panic::AssertUnwindSafe<F> as core::ops::function::FnOnce<()>>::call_once::hd2e08783d8be4d02
[INFO] [stdout]                                at /rustc/a178d0322ce20e33eac124758e837cbd80a6f633/library/std/src/panic.rs:347:9
[INFO] [stdout]   51:     0x563f04a7d9f8 - std::panicking::try::do_call::h062597b7acfd6b82
[INFO] [stdout]                                at /rustc/a178d0322ce20e33eac124758e837cbd80a6f633/library/std/src/panicking.rs:401:40
[INFO] [stdout]   52:     0x563f04a7d9f8 - std::panicking::try::h0d7b79db04c14552
[INFO] [stdout]                                at /rustc/a178d0322ce20e33eac124758e837cbd80a6f633/library/std/src/panicking.rs:365:19
[INFO] [stdout]   53:     0x563f04a7d9f8 - std::panic::catch_unwind::hb01a0b5e7c8cd43b
[INFO] [stdout]                                at /rustc/a178d0322ce20e33eac124758e837cbd80a6f633/library/std/src/panic.rs:434:14
[INFO] [stdout]   54:     0x563f04a7d9f8 - std::thread::Builder::spawn_unchecked::{{closure}}::h5bde48cc887e0d1e
[INFO] [stdout]                                at /rustc/a178d0322ce20e33eac124758e837cbd80a6f633/library/std/src/thread/mod.rs:480:30
[INFO] [stdout]   55:     0x563f04a7d9f8 - core::ops::function::FnOnce::call_once{{vtable.shim}}::h745ea30807a29e55
[INFO] [stdout]                                at /rustc/a178d0322ce20e33eac124758e837cbd80a6f633/library/core/src/ops/function.rs:227:5
[INFO] [stdout]   56:     0x563f04c7dd37 - <alloc::boxed::Box<F,A> as core::ops::function::FnOnce<Args>>::call_once::h7ece6cfefaff1005
[INFO] [stdout]                                at /rustc/a178d0322ce20e33eac124758e837cbd80a6f633/library/alloc/src/boxed.rs:1575:9
[INFO] [stdout]   57:     0x563f04c7dd37 - <alloc::boxed::Box<F,A> as core::ops::function::FnOnce<Args>>::call_once::hb8b48e55c21f193e
[INFO] [stdout]                                at /rustc/a178d0322ce20e33eac124758e837cbd80a6f633/library/alloc/src/boxed.rs:1575:9
[INFO] [stdout]   58:     0x563f04c7dd37 - std::sys::unix::thread::Thread::new::thread_start::h8c7c4450dba62914
[INFO] [stdout]                                at /rustc/a178d0322ce20e33eac124758e837cbd80a6f633/library/std/src/sys/unix/thread.rs:71:17
[INFO] [stdout]   59:     0x7f79fde7a609 - start_thread
[INFO] [stdout]   60:     0x7f79fdc4a293 - clone
[INFO] [stdout]   61:                0x0 - <unknown>
[INFO] [stdout] 
[INFO] [stdout] ---- generated::protocol_tests::test_parse_error_cloudformation_cancel_update_stack stdout ----
[INFO] [stdout] thread 'generated::protocol_tests::test_parse_error_cloudformation_cancel_update_stack' panicked at 'couldn't find file: Os { code: 2, kind: NotFound, message: "No such file or directory" }', /opt/rustwide/cargo-home/registry/src/github.com-1ecc6299db9ec823/rusoto_mock-0.47.0/src/lib.rs:195:53
[INFO] [stdout] stack backtrace:
[INFO] [stdout]    0:     0x563f04c76670 - std::backtrace_rs::backtrace::libunwind::trace::h34055254b57d8e79
[INFO] [stdout]                                at /rustc/a178d0322ce20e33eac124758e837cbd80a6f633/library/std/src/../../backtrace/src/backtrace/libunwind.rs:90:5
[INFO] [stdout]    1:     0x563f04c76670 - std::backtrace_rs::backtrace::trace_unsynchronized::h8f1e3fbd9afff6ec
[INFO] [stdout]                                at /rustc/a178d0322ce20e33eac124758e837cbd80a6f633/library/std/src/../../backtrace/src/backtrace/mod.rs:66:5
[INFO] [stdout]    2:     0x563f04c76670 - std::sys_common::backtrace::_print_fmt::h3a99a796b770c360
[INFO] [stdout]                                at /rustc/a178d0322ce20e33eac124758e837cbd80a6f633/library/std/src/sys_common/backtrace.rs:67:5
[INFO] [stdout]    3:     0x563f04c76670 - <std::sys_common::backtrace::_print::DisplayBacktrace as core::fmt::Display>::fmt::h32d1f94a80615d18
[INFO] [stdout]                                at /rustc/a178d0322ce20e33eac124758e837cbd80a6f633/library/std/src/sys_common/backtrace.rs:46:22
[INFO] [stdout]    4:     0x563f04c9955c - core::fmt::write::h306731c068f7162c
[INFO] [stdout]                                at /rustc/a178d0322ce20e33eac124758e837cbd80a6f633/library/core/src/fmt/mod.rs:1110:17
[INFO] [stdout]    5:     0x563f04c73035 - std::io::Write::write_fmt::h87f19b0a2cd190bc
[INFO] [stdout]                                at /rustc/a178d0322ce20e33eac124758e837cbd80a6f633/library/std/src/io/mod.rs:1588:15
[INFO] [stdout]    6:     0x563f04c7889b - std::sys_common::backtrace::_print::h5abaa2601a852287
[INFO] [stdout]                                at /rustc/a178d0322ce20e33eac124758e837cbd80a6f633/library/std/src/sys_common/backtrace.rs:49:5
[INFO] [stdout]    7:     0x563f04c7889b - std::sys_common::backtrace::print::h8d81445442bb638f
[INFO] [stdout]                                at /rustc/a178d0322ce20e33eac124758e837cbd80a6f633/library/std/src/sys_common/backtrace.rs:36:9
[INFO] [stdout]    8:     0x563f04c7889b - std::panicking::default_hook::{{closure}}::hcfe804496a9fa747
[INFO] [stdout]                                at /rustc/a178d0322ce20e33eac124758e837cbd80a6f633/library/std/src/panicking.rs:208:50
[INFO] [stdout]    9:     0x563f04c783ac - std::panicking::default_hook::hbea8e3ccf2ba8901
[INFO] [stdout]                                at /rustc/a178d0322ce20e33eac124758e837cbd80a6f633/library/std/src/panicking.rs:222:9
[INFO] [stdout]   10:     0x563f04c78f64 - std::panicking::rust_panic_with_hook::h7ee9e1a2d0f8975a
[INFO] [stdout]                                at /rustc/a178d0322ce20e33eac124758e837cbd80a6f633/library/std/src/panicking.rs:622:17
[INFO] [stdout]   11:     0x563f04c78a47 - std::panicking::begin_panic_handler::{{closure}}::h8ab3b4491718b2c7
[INFO] [stdout]                                at /rustc/a178d0322ce20e33eac124758e837cbd80a6f633/library/std/src/panicking.rs:519:13
[INFO] [stdout]   12:     0x563f04c76b6c - std::sys_common::backtrace::__rust_end_short_backtrace::hd489062ffa586a9f
[INFO] [stdout]                                at /rustc/a178d0322ce20e33eac124758e837cbd80a6f633/library/std/src/sys_common/backtrace.rs:141:18
[INFO] [stdout]   13:     0x563f04c789a9 - rust_begin_unwind
[INFO] [stdout]                                at /rustc/a178d0322ce20e33eac124758e837cbd80a6f633/library/std/src/panicking.rs:515:5
[INFO] [stdout]   14:     0x563f04a1d751 - core::panicking::panic_fmt::hca6330e3e14086b4
[INFO] [stdout]                                at /rustc/a178d0322ce20e33eac124758e837cbd80a6f633/library/core/src/panicking.rs:92:14
[INFO] [stdout]   15:     0x563f04a1d843 - core::result::unwrap_failed::h6160d2b4bfbb0e87
[INFO] [stdout]                                at /rustc/a178d0322ce20e33eac124758e837cbd80a6f633/library/core/src/result.rs:1355:5
[INFO] [stdout]   16:     0x563f04b55a60 - core::result::Result<T,E>::expect::h2e7c71e445b0b539
[INFO] [stdout]                                at /rustc/a178d0322ce20e33eac124758e837cbd80a6f633/library/core/src/result.rs:997:23
[INFO] [stdout]   17:     0x563f04abbd8c - <rusoto_mock::MockResponseReader as rusoto_mock::ReadMockResponse>::read_response::hf302a0847886ce73
[INFO] [stdout]                                at /opt/rustwide/cargo-home/registry/src/github.com-1ecc6299db9ec823/rusoto_mock-0.47.0/src/lib.rs:195:30
[INFO] [stdout]   18:     0x563f04a57bf4 - rusoto_cloudformation::generated::protocol_tests::test_parse_error_cloudformation_cancel_update_stack::{{closure}}::h51c1214ee6bff38d
[INFO] [stdout]                                at /opt/rustwide/workdir/src/generated.rs:16250:29
[INFO] [stdout]   19:     0x563f04a62e5b - <core::future::from_generator::GenFuture<T> as core::future::future::Future>::poll::he607b12438d8cc81
[INFO] [stdout]                                at /rustc/a178d0322ce20e33eac124758e837cbd80a6f633/library/core/src/future/mod.rs:80:19
[INFO] [stdout]   20:     0x563f04a684bf - <core::pin::Pin<P> as core::future::future::Future>::poll::hc589c255c5dc8ee0
[INFO] [stdout]                                at /rustc/a178d0322ce20e33eac124758e837cbd80a6f633/library/core/src/future/future.rs:119:9
[INFO] [stdout]   21:     0x563f04a6e930 - tokio::runtime::basic_scheduler::Inner<P>::block_on::{{closure}}::{{closure}}::h1175000fec9e4847
[INFO] [stdout]                                at /opt/rustwide/cargo-home/registry/src/github.com-1ecc6299db9ec823/tokio-1.9.0/src/runtime/basic_scheduler.rs:208:62
[INFO] [stdout]   22:     0x563f04a5463c - tokio::coop::with_budget::{{closure}}::h5a5e6d0408b910fe
[INFO] [stdout]                                at /opt/rustwide/cargo-home/registry/src/github.com-1ecc6299db9ec823/tokio-1.9.0/src/coop.rs:106:9
[INFO] [stdout]   23:     0x563f04a727f1 - std::thread::local::LocalKey<T>::try_with::h08a1363c12adb592
[INFO] [stdout]                                at /rustc/a178d0322ce20e33eac124758e837cbd80a6f633/library/std/src/thread/local.rs:400:16
[INFO] [stdout]   24:     0x563f04a720ed - std::thread::local::LocalKey<T>::with::h437979b359393e21
[INFO] [stdout]                                at /rustc/a178d0322ce20e33eac124758e837cbd80a6f633/library/std/src/thread/local.rs:376:9
[INFO] [stdout]   25:     0x563f04a6d1fc - tokio::coop::with_budget::h176da89e7fc71014
[INFO] [stdout]                                at /opt/rustwide/cargo-home/registry/src/github.com-1ecc6299db9ec823/tokio-1.9.0/src/coop.rs:99:5
[INFO] [stdout]   26:     0x563f04a6d1fc - tokio::coop::budget::hba4c5349baac184f
[INFO] [stdout]                                at /opt/rustwide/cargo-home/registry/src/github.com-1ecc6299db9ec823/tokio-1.9.0/src/coop.rs:76:5
[INFO] [stdout]   27:     0x563f04a6d1fc - tokio::runtime::basic_scheduler::Inner<P>::block_on::{{closure}}::hbbdffcc658f7a4ec
[INFO] [stdout]                                at /opt/rustwide/cargo-home/registry/src/github.com-1ecc6299db9ec823/tokio-1.9.0/src/runtime/basic_scheduler.rs:208:39
[INFO] [stdout]   28:     0x563f04a71ab1 - tokio::runtime::basic_scheduler::enter::{{closure}}::ha016c2362a9e2817
[INFO] [stdout]                                at /opt/rustwide/cargo-home/registry/src/github.com-1ecc6299db9ec823/tokio-1.9.0/src/runtime/basic_scheduler.rs:299:29
[INFO] [stdout]   29:     0x563f04a782bd - tokio::macros::scoped_tls::ScopedKey<T>::set::h522b58962a30627f
[INFO] [stdout]                                at /opt/rustwide/cargo-home/registry/src/github.com-1ecc6299db9ec823/tokio-1.9.0/src/macros/scoped_tls.rs:61:9
[INFO] [stdout]   30:     0x563f04a71056 - tokio::runtime::basic_scheduler::enter::h798bd1d3e3696ac8
[INFO] [stdout]                                at /opt/rustwide/cargo-home/registry/src/github.com-1ecc6299db9ec823/tokio-1.9.0/src/runtime/basic_scheduler.rs:299:5
[INFO] [stdout]   31:     0x563f04a6bd3b - tokio::runtime::basic_scheduler::Inner<P>::block_on::h680631c33e73def7
[INFO] [stdout]                                at /opt/rustwide/cargo-home/registry/src/github.com-1ecc6299db9ec823/tokio-1.9.0/src/runtime/basic_scheduler.rs:197:9
[INFO] [stdout]   32:     0x563f04a6f2cc - tokio::runtime::basic_scheduler::InnerGuard<P>::block_on::hd2b63054e3fd8f46
[INFO] [stdout]                                at /opt/rustwide/cargo-home/registry/src/github.com-1ecc6299db9ec823/tokio-1.9.0/src/runtime/basic_scheduler.rs:452:9
[INFO] [stdout]   33:     0x563f04a6fb4c - tokio::runtime::basic_scheduler::BasicScheduler<P>::block_on::hb2709428c8da6080
[INFO] [stdout]                                at /opt/rustwide/cargo-home/registry/src/github.com-1ecc6299db9ec823/tokio-1.9.0/src/runtime/basic_scheduler.rs:157:24
[INFO] [stdout]   34:     0x563f04a55b1a - tokio::runtime::Runtime::block_on::h2697ad24a7257a2c
[INFO] [stdout]                                at /opt/rustwide/cargo-home/registry/src/github.com-1ecc6299db9ec823/tokio-1.9.0/src/runtime/mod.rs:450:46
[INFO] [stdout]   35:     0x563f04a57b07 - rusoto_cloudformation::generated::protocol_tests::test_parse_error_cloudformation_cancel_update_stack::hb27331d87adca9b9
[INFO] [stdout]                                at /opt/rustwide/workdir/src/generated.rs:16259:9
[INFO] [stdout]   36:     0x563f04a57a2a - rusoto_cloudformation::generated::protocol_tests::test_parse_error_cloudformation_cancel_update_stack::{{closure}}::hffc9d935d0352f33
[INFO] [stdout]                                at /opt/rustwide/workdir/src/generated.rs:16249:11
[INFO] [stdout]   37:     0x563f04a4b45e - core::ops::function::FnOnce::call_once::h888ba335030cf447
[INFO] [stdout]                                at /rustc/a178d0322ce20e33eac124758e837cbd80a6f633/library/core/src/ops/function.rs:227:5
[INFO] [stdout]   38:     0x563f04aa1cd3 - core::ops::function::FnOnce::call_once::h152e7e439ff59e19
[INFO] [stdout]                                at /rustc/a178d0322ce20e33eac124758e837cbd80a6f633/library/core/src/ops/function.rs:227:5
[INFO] [stdout]   39:     0x563f04aa1cd3 - test::__rust_begin_short_backtrace::h0908f3b1fdbb72ab
[INFO] [stdout]                                at /rustc/a178d0322ce20e33eac124758e837cbd80a6f633/library/test/src/lib.rs:577:5
[INFO] [stdout]   40:     0x563f04aa0790 - <alloc::boxed::Box<F,A> as core::ops::function::FnOnce<Args>>::call_once::hf6d2a51e5587546c
[INFO] [stdout]                                at /rustc/a178d0322ce20e33eac124758e837cbd80a6f633/library/alloc/src/boxed.rs:1575:9
[INFO] [stdout]   41:     0x563f04aa0790 - <std::panic::AssertUnwindSafe<F> as core::ops::function::FnOnce<()>>::call_once::h8af660f3a89ef593
[INFO] [stdout]                                at /rustc/a178d0322ce20e33eac124758e837cbd80a6f633/library/std/src/panic.rs:347:9
[INFO] [stdout]   42:     0x563f04aa0790 - std::panicking::try::do_call::hd36aef60f84b6d36
[INFO] [stdout]                                at /rustc/a178d0322ce20e33eac124758e837cbd80a6f633/library/std/src/panicking.rs:401:40
[INFO] [stdout]   43:     0x563f04aa0790 - std::panicking::try::h9932b4480e69817c
[INFO] [stdout]                                at /rustc/a178d0322ce20e33eac124758e837cbd80a6f633/library/std/src/panicking.rs:365:19
[INFO] [stdout]   44:     0x563f04aa0790 - std::panic::catch_unwind::h6aa177099cfff5f8
[INFO] [stdout]                                at /rustc/a178d0322ce20e33eac124758e837cbd80a6f633/library/std/src/panic.rs:434:14
[INFO] [stdout]   45:     0x563f04aa0790 - test::run_test_in_process::h5884d6f2d99e20c3
[INFO] [stdout]                                at /rustc/a178d0322ce20e33eac124758e837cbd80a6f633/library/test/src/lib.rs:600:18
[INFO] [stdout]   46:     0x563f04aa0790 - test::run_test::run_test_inner::{{closure}}::h6fdc58c6d5f5b6e3
[INFO] [stdout]                                at /rustc/a178d0322ce20e33eac124758e837cbd80a6f633/library/test/src/lib.rs:492:39
[INFO] [stdout]   47:     0x563f04a79e42 - test::run_test::run_test_inner::{{closure}}::h408365d67a78ade8
[INFO] [stdout]                                at /rustc/a178d0322ce20e33eac124758e837cbd80a6f633/library/test/src/lib.rs:519:37
[INFO] [stdout]   48:     0x563f04a79e42 - std::sys_common::backtrace::__rust_begin_short_backtrace::hb560b77c4f701523
[INFO] [stdout]                                at /rustc/a178d0322ce20e33eac124758e837cbd80a6f633/library/std/src/sys_common/backtrace.rs:125:18
[INFO] [stdout]   49:     0x563f04a7d9f8 - std::thread::Builder::spawn_unchecked::{{closure}}::{{closure}}::hf2e7831dad93c597
[INFO] [stdout]                                at /rustc/a178d0322ce20e33eac124758e837cbd80a6f633/library/std/src/thread/mod.rs:481:17
[INFO] [stdout]   50:     0x563f04a7d9f8 - <std::panic::AssertUnwindSafe<F> as core::ops::function::FnOnce<()>>::call_once::hd2e08783d8be4d02
[INFO] [stdout]                                at /rustc/a178d0322ce20e33eac124758e837cbd80a6f633/library/std/src/panic.rs:347:9
[INFO] [stdout]   51:     0x563f04a7d9f8 - std::panicking::try::do_call::h062597b7acfd6b82
[INFO] [stdout]                                at /rustc/a178d0322ce20e33eac124758e837cbd80a6f633/library/std/src/panicking.rs:401:40
[INFO] [stdout]   52:     0x563f04a7d9f8 - std::panicking::try::h0d7b79db04c14552
[INFO] [stdout]                                at /rustc/a178d0322ce20e33eac124758e837cbd80a6f633/library/std/src/panicking.rs:365:19
[INFO] [stdout]   53:     0x563f04a7d9f8 - std::panic::catch_unwind::hb01a0b5e7c8cd43b
[INFO] [stdout]                                at /rustc/a178d0322ce20e33eac124758e837cbd80a6f633/library/std/src/panic.rs:434:14
[INFO] [stdout]   54:     0x563f04a7d9f8 - std::thread::Builder::spawn_unchecked::{{closure}}::h5bde48cc887e0d1e
[INFO] [stdout]                                at /rustc/a178d0322ce20e33eac124758e837cbd80a6f633/library/std/src/thread/mod.rs:480:30
[INFO] [stdout]   55:     0x563f04a7d9f8 - core::ops::function::FnOnce::call_once{{vtable.shim}}::h745ea30807a29e55
[INFO] [stdout]                                at /rustc/a178d0322ce20e33eac124758e837cbd80a6f633/library/core/src/ops/function.rs:227:5
[INFO] [stdout]   56:     0x563f04c7dd37 - <alloc::boxed::Box<F,A> as core::ops::function::FnOnce<Args>>::call_once::h7ece6cfefaff1005
[INFO] [stdout]                                at /rustc/a178d0322ce20e33eac124758e837cbd80a6f633/library/alloc/src/boxed.rs:1575:9
[INFO] [stdout]   57:     0x563f04c7dd37 - <alloc::boxed::Box<F,A> as core::ops::function::FnOnce<Args>>::call_once::hb8b48e55c21f193e
[INFO] [stdout]                                at /rustc/a178d0322ce20e33eac124758e837cbd80a6f633/library/alloc/src/boxed.rs:1575:9
[INFO] [stdout]   58:     0x563f04c7dd37 - std::sys::unix::thread::Thread::new::thread_start::h8c7c4450dba62914
[INFO] [stdout]                                at /rustc/a178d0322ce20e33eac124758e837cbd80a6f633/library/std/src/sys/unix/thread.rs:71:17
[INFO] [stdout]   59:     0x7f79fde7a609 - start_thread
[INFO] [stdout]   60:     0x7f79fdc4a293 - clone
[INFO] [stdout]   61:                0x0 - <unknown>
[INFO] [stdout] 
[INFO] [stdout] ---- generated::protocol_tests::test_parse_valid_cloudformation_describe_stacks stdout ----
[INFO] [stdout] thread 'generated::protocol_tests::test_parse_valid_cloudformation_describe_stacks' panicked at 'couldn't find file: Os { code: 2, kind: NotFound, message: "No such file or directory" }', /opt/rustwide/cargo-home/registry/src/github.com-1ecc6299db9ec823/rusoto_mock-0.47.0/src/lib.rs:195:53
[INFO] [stdout] stack backtrace:
[INFO] [stdout]    0:     0x563f04c76670 - std::backtrace_rs::backtrace::libunwind::trace::h34055254b57d8e79
[INFO] [stdout]                                at /rustc/a178d0322ce20e33eac124758e837cbd80a6f633/library/std/src/../../backtrace/src/backtrace/libunwind.rs:90:5
[INFO] [stdout]    1:     0x563f04c76670 - std::backtrace_rs::backtrace::trace_unsynchronized::h8f1e3fbd9afff6ec
[INFO] [stdout]                                at /rustc/a178d0322ce20e33eac124758e837cbd80a6f633/library/std/src/../../backtrace/src/backtrace/mod.rs:66:5
[INFO] [stdout]    2:     0x563f04c76670 - std::sys_common::backtrace::_print_fmt::h3a99a796b770c360
[INFO] [stdout]                                at /rustc/a178d0322ce20e33eac124758e837cbd80a6f633/library/std/src/sys_common/backtrace.rs:67:5
[INFO] [stdout]    3:     0x563f04c76670 - <std::sys_common::backtrace::_print::DisplayBacktrace as core::fmt::Display>::fmt::h32d1f94a80615d18
[INFO] [stdout]                                at /rustc/a178d0322ce20e33eac124758e837cbd80a6f633/library/std/src/sys_common/backtrace.rs:46:22
[INFO] [stdout]    4:     0x563f04c9955c - core::fmt::write::h306731c068f7162c
[INFO] [stdout]                                at /rustc/a178d0322ce20e33eac124758e837cbd80a6f633/library/core/src/fmt/mod.rs:1110:17
[INFO] [stdout]    5:     0x563f04c73035 - std::io::Write::write_fmt::h87f19b0a2cd190bc
[INFO] [stdout]                                at /rustc/a178d0322ce20e33eac124758e837cbd80a6f633/library/std/src/io/mod.rs:1588:15
[INFO] [stdout]    6:     0x563f04c7889b - std::sys_common::backtrace::_print::h5abaa2601a852287
[INFO] [stdout]                                at /rustc/a178d0322ce20e33eac124758e837cbd80a6f633/library/std/src/sys_common/backtrace.rs:49:5
[INFO] [stdout]    7:     0x563f04c7889b - std::sys_common::backtrace::print::h8d81445442bb638f
[INFO] [stdout]                                at /rustc/a178d0322ce20e33eac124758e837cbd80a6f633/library/std/src/sys_common/backtrace.rs:36:9
[INFO] [stdout]    8:     0x563f04c7889b - std::panicking::default_hook::{{closure}}::hcfe804496a9fa747
[INFO] [stdout]                                at /rustc/a178d0322ce20e33eac124758e837cbd80a6f633/library/std/src/panicking.rs:208:50
[INFO] [stdout]    9:     0x563f04c783ac - std::panicking::default_hook::hbea8e3ccf2ba8901
[INFO] [stdout]                                at /rustc/a178d0322ce20e33eac124758e837cbd80a6f633/library/std/src/panicking.rs:222:9
[INFO] [stdout]   10:     0x563f04c78f64 - std::panicking::rust_panic_with_hook::h7ee9e1a2d0f8975a
[INFO] [stdout]                                at /rustc/a178d0322ce20e33eac124758e837cbd80a6f633/library/std/src/panicking.rs:622:17
[INFO] [stdout]   11:     0x563f04c78a47 - std::panicking::begin_panic_handler::{{closure}}::h8ab3b4491718b2c7
[INFO] [stdout]                                at /rustc/a178d0322ce20e33eac124758e837cbd80a6f633/library/std/src/panicking.rs:519:13
[INFO] [stdout]   12:     0x563f04c76b6c - std::sys_common::backtrace::__rust_end_short_backtrace::hd489062ffa586a9f
[INFO] [stdout]                                at /rustc/a178d0322ce20e33eac124758e837cbd80a6f633/library/std/src/sys_common/backtrace.rs:141:18
[INFO] [stdout]   13:     0x563f04c789a9 - rust_begin_unwind
[INFO] [stdout]                                at /rustc/a178d0322ce20e33eac124758e837cbd80a6f633/library/std/src/panicking.rs:515:5
[INFO] [stdout]   14:     0x563f04a1d751 - core::panicking::panic_fmt::hca6330e3e14086b4
[INFO] [stdout]                                at /rustc/a178d0322ce20e33eac124758e837cbd80a6f633/library/core/src/panicking.rs:92:14
[INFO] [stdout]   15:     0x563f04a1d843 - core::result::unwrap_failed::h6160d2b4bfbb0e87
[INFO] [stdout]                                at /rustc/a178d0322ce20e33eac124758e837cbd80a6f633/library/core/src/result.rs:1355:5
[INFO] [stdout]   16:     0x563f04b55a60 - core::result::Result<T,E>::expect::h2e7c71e445b0b539
[INFO] [stdout]                                at /rustc/a178d0322ce20e33eac124758e837cbd80a6f633/library/core/src/result.rs:997:23
[INFO] [stdout]   17:     0x563f04abbd8c - <rusoto_mock::MockResponseReader as rusoto_mock::ReadMockResponse>::read_response::hf302a0847886ce73
[INFO] [stdout]                                at /opt/rustwide/cargo-home/registry/src/github.com-1ecc6299db9ec823/rusoto_mock-0.47.0/src/lib.rs:195:30
[INFO] [stdout]   18:     0x563f04a5829e - rusoto_cloudformation::generated::protocol_tests::test_parse_valid_cloudformation_describe_stacks::{{closure}}::h86a2b8c6aebdc636
[INFO] [stdout]                                at /opt/rustwide/workdir/src/generated.rs:16264:29
[INFO] [stdout]   19:     0x563f04a62ffb - <core::future::from_generator::GenFuture<T> as core::future::future::Future>::poll::hf49afb7505988380
[INFO] [stdout]                                at /rustc/a178d0322ce20e33eac124758e837cbd80a6f633/library/core/src/future/mod.rs:80:19
[INFO] [stdout]   20:     0x563f04a6844f - <core::pin::Pin<P> as core::future::future::Future>::poll::hbbf853117b6a31a6
[INFO] [stdout]                                at /rustc/a178d0322ce20e33eac124758e837cbd80a6f633/library/core/src/future/future.rs:119:9
[INFO] [stdout]   21:     0x563f04a6ed40 - tokio::runtime::basic_scheduler::Inner<P>::block_on::{{closure}}::{{closure}}::hc27590690b441f2e
[INFO] [stdout]                                at /opt/rustwide/cargo-home/registry/src/github.com-1ecc6299db9ec823/tokio-1.9.0/src/runtime/basic_scheduler.rs:208:62
[INFO] [stdout]   22:     0x563f04a542ac - tokio::coop::with_budget::{{closure}}::h475b72005777e72b
[INFO] [stdout]                                at /opt/rustwide/cargo-home/registry/src/github.com-1ecc6299db9ec823/tokio-1.9.0/src/coop.rs:106:9
[INFO] [stdout]   23:     0x563f04a72a71 - std::thread::local::LocalKey<T>::try_with::h19dc49bcc5d02423
[INFO] [stdout]                                at /rustc/a178d0322ce20e33eac124758e837cbd80a6f633/library/std/src/thread/local.rs:400:16
[INFO] [stdout]   24:     0x563f04a7221d - std::thread::local::LocalKey<T>::with::h6f57e9ae879c4d11
[INFO] [stdout]                                at /rustc/a178d0322ce20e33eac124758e837cbd80a6f633/library/std/src/thread/local.rs:376:9
[INFO] [stdout]   25:     0x563f04a6daac - tokio::coop::with_budget::h21837fb4ae73e844
[INFO] [stdout]                                at /opt/rustwide/cargo-home/registry/src/github.com-1ecc6299db9ec823/tokio-1.9.0/src/coop.rs:99:5
[INFO] [stdout]   26:     0x563f04a6daac - tokio::coop::budget::hd6e38b1c54a22211
[INFO] [stdout]                                at /opt/rustwide/cargo-home/registry/src/github.com-1ecc6299db9ec823/tokio-1.9.0/src/coop.rs:76:5
[INFO] [stdout]   27:     0x563f04a6daac - tokio::runtime::basic_scheduler::Inner<P>::block_on::{{closure}}::hbbfc2f115a882cb5
[INFO] [stdout]                                at /opt/rustwide/cargo-home/registry/src/github.com-1ecc6299db9ec823/tokio-1.9.0/src/runtime/basic_scheduler.rs:208:39
[INFO] [stdout]   28:     0x563f04a71af1 - tokio::runtime::basic_scheduler::enter::{{closure}}::hefc6d87604a17103
[INFO] [stdout]                                at /opt/rustwide/cargo-home/registry/src/github.com-1ecc6299db9ec823/tokio-1.9.0/src/runtime/basic_scheduler.rs:299:29
[INFO] [stdout]   29:     0x563f04a783ad - tokio::macros::scoped_tls::ScopedKey<T>::set::h9d692d0ad5dcd634
[INFO] [stdout]                                at /opt/rustwide/cargo-home/registry/src/github.com-1ecc6299db9ec823/tokio-1.9.0/src/macros/scoped_tls.rs:61:9
[INFO] [stdout]   30:     0x563f04a70d36 - tokio::runtime::basic_scheduler::enter::h2d750d6f63d9529f
[INFO] [stdout]                                at /opt/rustwide/cargo-home/registry/src/github.com-1ecc6299db9ec823/tokio-1.9.0/src/runtime/basic_scheduler.rs:299:5
[INFO] [stdout]   31:     0x563f04a6bd1b - tokio::runtime::basic_scheduler::Inner<P>::block_on::h5b331263e906e096
[INFO] [stdout]                                at /opt/rustwide/cargo-home/registry/src/github.com-1ecc6299db9ec823/tokio-1.9.0/src/runtime/basic_scheduler.rs:197:9
[INFO] [stdout]   32:     0x563f04a6f04c - tokio::runtime::basic_scheduler::InnerGuard<P>::block_on::h0234812807e0fb9d
[INFO] [stdout]                                at /opt/rustwide/cargo-home/registry/src/github.com-1ecc6299db9ec823/tokio-1.9.0/src/runtime/basic_scheduler.rs:452:9
[INFO] [stdout]   33:     0x563f04a6f3cc - tokio::runtime::basic_scheduler::BasicScheduler<P>::block_on::h2f9838e329875609
[INFO] [stdout]                                at /opt/rustwide/cargo-home/registry/src/github.com-1ecc6299db9ec823/tokio-1.9.0/src/runtime/basic_scheduler.rs:157:24
[INFO] [stdout]   34:     0x563f04a560ea - tokio::runtime::Runtime::block_on::h8e5ff5f21952aa94
[INFO] [stdout]                                at /opt/rustwide/cargo-home/registry/src/github.com-1ecc6299db9ec823/tokio-1.9.0/src/runtime/mod.rs:450:46
[INFO] [stdout]   35:     0x563f04a581b7 - rusoto_cloudformation::generated::protocol_tests::test_parse_valid_cloudformation_describe_stacks::h588543a0e4d879f3
[INFO] [stdout]                                at /opt/rustwide/workdir/src/generated.rs:16273:9
[INFO] [stdout]   36:     0x563f04a580da - rusoto_cloudformation::generated::protocol_tests::test_parse_valid_cloudformation_describe_stacks::{{closure}}::h029c324578002d39
[INFO] [stdout]                                at /opt/rustwide/workdir/src/generated.rs:16263:11
[INFO] [stdout]   37:     0x563f04a4b22e - core::ops::function::FnOnce::call_once::h138eb352c82909e4
[INFO] [stdout]                                at /rustc/a178d0322ce20e33eac124758e837cbd80a6f633/library/core/src/ops/function.rs:227:5
[INFO] [stdout]   38:     0x563f04aa1cd3 - core::ops::function::FnOnce::call_once::h152e7e439ff59e19
[INFO] [stdout]                                at /rustc/a178d0322ce20e33eac124758e837cbd80a6f633/library/core/src/ops/function.rs:227:5
[INFO] [stdout]   39:     0x563f04aa1cd3 - test::__rust_begin_short_backtrace::h0908f3b1fdbb72ab
[INFO] [stdout]                                at /rustc/a178d0322ce20e33eac124758e837cbd80a6f633/library/test/src/lib.rs:577:5
[INFO] [stdout]   40:     0x563f04aa0790 - <alloc::boxed::Box<F,A> as core::ops::function::FnOnce<Args>>::call_once::hf6d2a51e5587546c
[INFO] [stdout]                                at /rustc/a178d0322ce20e33eac124758e837cbd80a6f633/library/alloc/src/boxed.rs:1575:9
[INFO] [stdout]   41:     0x563f04aa0790 - <std::panic::AssertUnwindSafe<F> as core::ops::function::FnOnce<()>>::call_once::h8af660f3a89ef593
[INFO] [stdout]                                at /rustc/a178d0322ce20e33eac124758e837cbd80a6f633/library/std/src/panic.rs:347:9
[INFO] [stdout]   42:     0x563f04aa0790 - std::panicking::try::do_call::hd36aef60f84b6d36
[INFO] [stdout]                                at /rustc/a178d0322ce20e33eac124758e837cbd80a6f633/library/std/src/panicking.rs:401:40
[INFO] [stdout]   43:     0x563f04aa0790 - std::panicking::try::h9932b4480e69817c
[INFO] [stdout]                                at /rustc/a178d0322ce20e33eac124758e837cbd80a6f633/library/std/src/panicking.rs:365:19
[INFO] [stdout]   44:     0x563f04aa0790 - std::panic::catch_unwind::h6aa177099cfff5f8
[INFO] [stdout]                                at /rustc/a178d0322ce20e33eac124758e837cbd80a6f633/library/std/src/panic.rs:434:14
[INFO] [stdout]   45:     0x563f04aa0790 - test::run_test_in_process::h5884d6f2d99e20c3
[INFO] [stdout]                                at /rustc/a178d0322ce20e33eac124758e837cbd80a6f633/library/test/src/lib.rs:600:18
[INFO] [stdout]   46:     0x563f04aa0790 - test::run_test::run_test_inner::{{closure}}::h6fdc58c6d5f5b6e3
[INFO] [stdout]                                at /rustc/a178d0322ce20e33eac124758e837cbd80a6f633/library/test/src/lib.rs:492:39
[INFO] [stdout]   47:     0x563f04a79e42 - test::run_test::run_test_inner::{{closure}}::h408365d67a78ade8
[INFO] [stdout]                                at /rustc/a178d0322ce20e33eac124758e837cbd80a6f633/library/test/src/lib.rs:519:37
[INFO] [stdout]   48:     0x563f04a79e42 - std::sys_common::backtrace::__rust_begin_short_backtrace::hb560b77c4f701523
[INFO] [stdout]                                at /rustc/a178d0322ce20e33eac124758e837cbd80a6f633/library/std/src/sys_common/backtrace.rs:125:18
[INFO] [stdout]   49:     0x563f04a7d9f8 - std::thread::Builder::spawn_unchecked::{{closure}}::{{closure}}::hf2e7831dad93c597
[INFO] [stdout]                                at /rustc/a178d0322ce20e33eac124758e837cbd80a6f633/library/std/src/thread/mod.rs:481:17
[INFO] [stdout]   50:     0x563f04a7d9f8 - <std::panic::AssertUnwindSafe<F> as core::ops::function::FnOnce<()>>::call_once::hd2e08783d8be4d02
[INFO] [stdout]                                at /rustc/a178d0322ce20e33eac124758e837cbd80a6f633/library/std/src/panic.rs:347:9
[INFO] [stdout]   51:     0x563f04a7d9f8 - std::panicking::try::do_call::h062597b7acfd6b82
[INFO] [stdout]                                at /rustc/a178d0322ce20e33eac124758e837cbd80a6f633/library/std/src/panicking.rs:401:40
[INFO] [stdout]   52:     0x563f04a7d9f8 - std::panicking::try::h0d7b79db04c14552
[INFO] [stdout]                                at /rustc/a178d0322ce20e33eac124758e837cbd80a6f633/library/std/src/panicking.rs:365:19
[INFO] [stdout]   53:     0x563f04a7d9f8 - std::panic::catch_unwind::hb01a0b5e7c8cd43b
[INFO] [stdout]                                at /rustc/a178d0322ce20e33eac124758e837cbd80a6f633/library/std/src/panic.rs:434:14
[INFO] [stdout]   54:     0x563f04a7d9f8 - std::thread::Builder::spawn_unchecked::{{closure}}::h5bde48cc887e0d1e
[INFO] [stdout]                                at /rustc/a178d0322ce20e33eac124758e837cbd80a6f633/library/std/src/thread/mod.rs:480:30
[INFO] [stdout]   55:     0x563f04a7d9f8 - core::ops::function::FnOnce::call_once{{vtable.shim}}::h745ea30807a29e55
[INFO] [stdout]                                at /rustc/a178d0322ce20e33eac124758e837cbd80a6f633/library/core/src/ops/function.rs:227:5
[INFO] [stdout]   56:     0x563f04c7dd37 - <alloc::boxed::Box<F,A> as core::ops::function::FnOnce<Args>>::call_once::h7ece6cfefaff1005
[INFO] [stdout]                                at /rustc/a178d0322ce20e33eac124758e837cbd80a6f633/library/alloc/src/boxed.rs:1575:9
[INFO] [stdout]   57:     0x563f04c7dd37 - <alloc::boxed::Box<F,A> as core::ops::function::FnOnce<Args>>::call_once::hb8b48e55c21f193e
[INFO] [stdout]                                at /rustc/a178d0322ce20e33eac124758e837cbd80a6f633/library/alloc/src/boxed.rs:1575:9
[INFO] [stdout]   58:     0x563f04c7dd37 - std::sys::unix::thread::Thread::new::thread_start::h8c7c4450dba62914
[INFO] [stdout]                                at /rustc/a178d0322ce20e33eac124758e837cbd80a6f633/library/std/src/sys/unix/thread.rs:71:17
[INFO] [stdout]   59:     0x7f79fde7a609 - start_thread
[INFO] [stdout]   60:     0x7f79fdc4a293 - clone
[INFO] [stdout]   61:                0x0 - <unknown>
[INFO] [stdout] 
[INFO] [stdout] ---- generated::protocol_tests::test_parse_valid_cloudformation_list_stacks stdout ----
[INFO] [stdout] thread 'generated::protocol_tests::test_parse_valid_cloudformation_list_stacks' panicked at 'couldn't find file: Os { code: 2, kind: NotFound, message: "No such file or directory" }', /opt/rustwide/cargo-home/registry/src/github.com-1ecc6299db9ec823/rusoto_mock-0.47.0/src/lib.rs:195:53
[INFO] [stdout] stack backtrace:
[INFO] [stdout]    0:     0x563f04c76670 - std::backtrace_rs::backtrace::libunwind::trace::h34055254b57d8e79
[INFO] [stdout]                                at /rustc/a178d0322ce20e33eac124758e837cbd80a6f633/library/std/src/../../backtrace/src/backtrace/libunwind.rs:90:5
[INFO] [stdout]    1:     0x563f04c76670 - std::backtrace_rs::backtrace::trace_unsynchronized::h8f1e3fbd9afff6ec
[INFO] [stdout]                                at /rustc/a178d0322ce20e33eac124758e837cbd80a6f633/library/std/src/../../backtrace/src/backtrace/mod.rs:66:5
[INFO] [stdout]    2:     0x563f04c76670 - std::sys_common::backtrace::_print_fmt::h3a99a796b770c360
[INFO] [stdout]                                at /rustc/a178d0322ce20e33eac124758e837cbd80a6f633/library/std/src/sys_common/backtrace.rs:67:5
[INFO] [stdout]    3:     0x563f04c76670 - <std::sys_common::backtrace::_print::DisplayBacktrace as core::fmt::Display>::fmt::h32d1f94a80615d18
[INFO] [stdout]                                at /rustc/a178d0322ce20e33eac124758e837cbd80a6f633/library/std/src/sys_common/backtrace.rs:46:22
[INFO] [stdout]    4:     0x563f04c9955c - core::fmt::write::h306731c068f7162c
[INFO] [stdout]                                at /rustc/a178d0322ce20e33eac124758e837cbd80a6f633/library/core/src/fmt/mod.rs:1110:17
[INFO] [stdout]    5:     0x563f04c73035 - std::io::Write::write_fmt::h87f19b0a2cd190bc
[INFO] [stdout]                                at /rustc/a178d0322ce20e33eac124758e837cbd80a6f633/library/std/src/io/mod.rs:1588:15
[INFO] [stdout]    6:     0x563f04c7889b - std::sys_common::backtrace::_print::h5abaa2601a852287
[INFO] [stdout]                                at /rustc/a178d0322ce20e33eac124758e837cbd80a6f633/library/std/src/sys_common/backtrace.rs:49:5
[INFO] [stdout]    7:     0x563f04c7889b - std::sys_common::backtrace::print::h8d81445442bb638f
[INFO] [stdout]                                at /rustc/a178d0322ce20e33eac124758e837cbd80a6f633/library/std/src/sys_common/backtrace.rs:36:9
[INFO] [stdout]    8:     0x563f04c7889b - std::panicking::default_hook::{{closure}}::hcfe804496a9fa747
[INFO] [stdout]                                at /rustc/a178d0322ce20e33eac124758e837cbd80a6f633/library/std/src/panicking.rs:208:50
[INFO] [stdout]    9:     0x563f04c783ac - std::panicking::default_hook::hbea8e3ccf2ba8901
[INFO] [stdout]                                at /rustc/a178d0322ce20e33eac124758e837cbd80a6f633/library/std/src/panicking.rs:222:9
[INFO] [stdout]   10:     0x563f04c78f64 - std::panicking::rust_panic_with_hook::h7ee9e1a2d0f8975a
[INFO] [stdout]                                at /rustc/a178d0322ce20e33eac124758e837cbd80a6f633/library/std/src/panicking.rs:622:17
[INFO] [stdout]   11:     0x563f04c78a47 - std::panicking::begin_panic_handler::{{closure}}::h8ab3b4491718b2c7
[INFO] [stdout]                                at /rustc/a178d0322ce20e33eac124758e837cbd80a6f633/library/std/src/panicking.rs:519:13
[INFO] [stdout]   12:     0x563f04c76b6c - std::sys_common::backtrace::__rust_end_short_backtrace::hd489062ffa586a9f
[INFO] [stdout]                                at /rustc/a178d0322ce20e33eac124758e837cbd80a6f633/library/std/src/sys_common/backtrace.rs:141:18
[INFO] [stdout]   13:     0x563f04c789a9 - rust_begin_unwind
[INFO] [stdout]                                at /rustc/a178d0322ce20e33eac124758e837cbd80a6f633/library/std/src/panicking.rs:515:5
[INFO] [stdout]   14:     0x563f04a1d751 - core::panicking::panic_fmt::hca6330e3e14086b4
[INFO] [stdout]                                at /rustc/a178d0322ce20e33eac124758e837cbd80a6f633/library/core/src/panicking.rs:92:14
[INFO] [stdout]   15:     0x563f04a1d843 - core::result::unwrap_failed::h6160d2b4bfbb0e87
[INFO] [stdout]                                at /rustc/a178d0322ce20e33eac124758e837cbd80a6f633/library/core/src/result.rs:1355:5
[INFO] [stdout]   16:     0x563f04b55a60 - core::result::Result<T,E>::expect::h2e7c71e445b0b539
[INFO] [stdout]                                at /rustc/a178d0322ce20e33eac124758e837cbd80a6f633/library/core/src/result.rs:997:23
[INFO] [stdout]   17:     0x563f04abbd8c - <rusoto_mock::MockResponseReader as rusoto_mock::ReadMockResponse>::read_response::hf302a0847886ce73
[INFO] [stdout]                                at /opt/rustwide/cargo-home/registry/src/github.com-1ecc6299db9ec823/rusoto_mock-0.47.0/src/lib.rs:195:30
[INFO] [stdout]   18:     0x563f04a58ffc - rusoto_cloudformation::generated::protocol_tests::test_parse_valid_cloudformation_list_stacks::{{closure}}::ha992b09f960b8901
[INFO] [stdout]                                at /opt/rustwide/workdir/src/generated.rs:16292:29
[INFO] [stdout]   19:     0x563f04a62dcb - <core::future::from_generator::GenFuture<T> as core::future::future::Future>::poll::he3ab341e5644524c
[INFO] [stdout]                                at /rustc/a178d0322ce20e33eac124758e837cbd80a6f633/library/core/src/future/mod.rs:80:19
[INFO] [stdout]   20:     0x563f04a682df - <core::pin::Pin<P> as core::future::future::Future>::poll::h87edac102066ea33
[INFO] [stdout]                                at /rustc/a178d0322ce20e33eac124758e837cbd80a6f633/library/core/src/future/future.rs:119:9
[INFO] [stdout]   21:     0x563f04a6eca0 - tokio::runtime::basic_scheduler::Inner<P>::block_on::{{closure}}::{{closure}}::hab98d25a3886ed7c
[INFO] [stdout]                                at /opt/rustwide/cargo-home/registry/src/github.com-1ecc6299db9ec823/tokio-1.9.0/src/runtime/basic_scheduler.rs:208:62
[INFO] [stdout]   22:     0x563f04a54c2c - tokio::coop::with_budget::{{closure}}::h8bc36b8f8b4fc9cc
[INFO] [stdout]                                at /opt/rustwide/cargo-home/registry/src/github.com-1ecc6299db9ec823/tokio-1.9.0/src/coop.rs:106:9
[INFO] [stdout]   23:     0x563f04a731f1 - std::thread::local::LocalKey<T>::try_with::h3c69d49b709eb6ba
[INFO] [stdout]                                at /rustc/a178d0322ce20e33eac124758e837cbd80a6f633/library/std/src/thread/local.rs:400:16
[INFO] [stdout]   24:     0x563f04a7267d - std::thread::local::LocalKey<T>::with::heef92d99ba25d2fb
[INFO] [stdout]                                at /rustc/a178d0322ce20e33eac124758e837cbd80a6f633/library/std/src/thread/local.rs:376:9
[INFO] [stdout]   25:     0x563f04a6c94c - tokio::coop::with_budget::h91fac0afdc66b0ef
[INFO] [stdout]                                at /opt/rustwide/cargo-home/registry/src/github.com-1ecc6299db9ec823/tokio-1.9.0/src/coop.rs:99:5
[INFO] [stdout]   26:     0x563f04a6c94c - tokio::coop::budget::h50a1d8915f861f05
[INFO] [stdout]                                at /opt/rustwide/cargo-home/registry/src/github.com-1ecc6299db9ec823/tokio-1.9.0/src/coop.rs:76:5
[INFO] [stdout]   27:     0x563f04a6c94c - tokio::runtime::basic_scheduler::Inner<P>::block_on::{{closure}}::h8eb51e569047ea17
[INFO] [stdout]                                at /opt/rustwide/cargo-home/registry/src/github.com-1ecc6299db9ec823/tokio-1.9.0/src/runtime/basic_scheduler.rs:208:39
[INFO] [stdout]   28:     0x563f04a71a31 - tokio::runtime::basic_scheduler::enter::{{closure}}::h44d69738c74c13ea
[INFO] [stdout]                                at /opt/rustwide/cargo-home/registry/src/github.com-1ecc6299db9ec823/tokio-1.9.0/src/runtime/basic_scheduler.rs:299:29
[INFO] [stdout]   29:     0x563f04a780dd - tokio::macros::scoped_tls::ScopedKey<T>::set::h409b81aeb8b22d05
[INFO] [stdout]                                at /opt/rustwide/cargo-home/registry/src/github.com-1ecc6299db9ec823/tokio-1.9.0/src/macros/scoped_tls.rs:61:9
[INFO] [stdout]   30:     0x563f04a71376 - tokio::runtime::basic_scheduler::enter::h8794e366c52529f6
[INFO] [stdout]                                at /opt/rustwide/cargo-home/registry/src/github.com-1ecc6299db9ec823/tokio-1.9.0/src/runtime/basic_scheduler.rs:299:5
[INFO] [stdout]   31:     0x563f04a6bcfb - tokio::runtime::basic_scheduler::Inner<P>::block_on::h2237836d8cd8910c
[INFO] [stdout]                                at /opt/rustwide/cargo-home/registry/src/github.com-1ecc6299db9ec823/tokio-1.9.0/src/runtime/basic_scheduler.rs:197:9
[INFO] [stdout]   32:     0x563f04a6f18c - tokio::runtime::basic_scheduler::InnerGuard<P>::block_on::h765bf609789c5ad0
[INFO] [stdout]                                at /opt/rustwide/cargo-home/registry/src/github.com-1ecc6299db9ec823/tokio-1.9.0/src/runtime/basic_scheduler.rs:452:9
[INFO] [stdout]   33:     0x563f04a702cc - tokio::runtime::basic_scheduler::BasicScheduler<P>::block_on::hcc443afe18cc10ce
[INFO] [stdout]                                at /opt/rustwide/cargo-home/registry/src/github.com-1ecc6299db9ec823/tokio-1.9.0/src/runtime/basic_scheduler.rs:157:24
[INFO] [stdout]   34:     0x563f04a562ea - tokio::runtime::Runtime::block_on::hafa6cb3ba77a235b
[INFO] [stdout]                                at /opt/rustwide/cargo-home/registry/src/github.com-1ecc6299db9ec823/tokio-1.9.0/src/runtime/mod.rs:450:46
[INFO] [stdout]   35:     0x563f04a58f17 - rusoto_cloudformation::generated::protocol_tests::test_parse_valid_cloudformation_list_stacks::haf719f6f7d406262
[INFO] [stdout]                                at /opt/rustwide/workdir/src/generated.rs:16301:9
[INFO] [stdout]   36:     0x563f04a58e3a - rusoto_cloudformation::generated::protocol_tests::test_parse_valid_cloudformation_list_stacks::{{closure}}::he43dbcd9d56f1114
[INFO] [stdout]                                at /opt/rustwide/workdir/src/generated.rs:16291:11
[INFO] [stdout]   37:     0x563f04a4b56e - core::ops::function::FnOnce::call_once::ha40415c7ac3f39d8
[INFO] [stdout]                                at /rustc/a178d0322ce20e33eac124758e837cbd80a6f633/library/core/src/ops/function.rs:227:5
[INFO] [stdout]   38:     0x563f04aa1cd3 - core::ops::function::FnOnce::call_once::h152e7e439ff59e19
[INFO] [stdout]                                at /rustc/a178d0322ce20e33eac124758e837cbd80a6f633/library/core/src/ops/function.rs:227:5
[INFO] [stdout]   39:     0x563f04aa1cd3 - test::__rust_begin_short_backtrace::h0908f3b1fdbb72ab
[INFO] [stdout]                                at /rustc/a178d0322ce20e33eac124758e837cbd80a6f633/library/test/src/lib.rs:577:5
[INFO] [stdout]   40:     0x563f04aa0790 - <alloc::boxed::Box<F,A> as core::ops::function::FnOnce<Args>>::call_once::hf6d2a51e5587546c
[INFO] [stdout]                                at /rustc/a178d0322ce20e33eac124758e837cbd80a6f633/library/alloc/src/boxed.rs:1575:9
[INFO] [stdout]   41:     0x563f04aa0790 - <std::panic::AssertUnwindSafe<F> as core::ops::function::FnOnce<()>>::call_once::h8af660f3a89ef593
[INFO] [stdout]                                at /rustc/a178d0322ce20e33eac124758e837cbd80a6f633/library/std/src/panic.rs:347:9
[INFO] [stdout]   42:     0x563f04aa0790 - std::panicking::try::do_call::hd36aef60f84b6d36
[INFO] [stdout]                                at /rustc/a178d0322ce20e33eac124758e837cbd80a6f633/library/std/src/panicking.rs:401:40
[INFO] [stdout]   43:     0x563f04aa0790 - std::panicking::try::h9932b4480e69817c
[INFO] [stdout]                                at /rustc/a178d0322ce20e33eac124758e837cbd80a6f633/library/std/src/panicking.rs:365:19
[INFO] [stdout]   44:     0x563f04aa0790 - std::panic::catch_unwind::h6aa177099cfff5f8
[INFO] [stdout]                                at /rustc/a178d0322ce20e33eac124758e837cbd80a6f633/library/std/src/panic.rs:434:14
[INFO] [stdout]   45:     0x563f04aa0790 - test::run_test_in_process::h5884d6f2d99e20c3
[INFO] [stdout]                                at /rustc/a178d0322ce20e33eac124758e837cbd80a6f633/library/test/src/lib.rs:600:18
[INFO] [stdout]   46:     0x563f04aa0790 - test::run_test::run_test_inner::{{closure}}::h6fdc58c6d5f5b6e3
[INFO] [stdout]                                at /rustc/a178d0322ce20e33eac124758e837cbd80a6f633/library/test/src/lib.rs:492:39
[INFO] [stdout]   47:     0x563f04a79e42 - test::run_test::run_test_inner::{{closure}}::h408365d67a78ade8
[INFO] [stdout]                                at /rustc/a178d0322ce20e33eac124758e837cbd80a6f633/library/test/src/lib.rs:519:37
[INFO] [stdout]   48:     0x563f04a79e42 - std::sys_common::backtrace::__rust_begin_short_backtrace::hb560b77c4f701523
[INFO] [stdout]                                at /rustc/a178d0322ce20e33eac124758e837cbd80a6f633/library/std/src/sys_common/backtrace.rs:125:18
[INFO] [stdout]   49:     0x563f04a7d9f8 - std::thread::Builder::spawn_unchecked::{{closure}}::{{closure}}::hf2e7831dad93c597
[INFO] [stdout]                                at /rustc/a178d0322ce20e33eac124758e837cbd80a6f633/library/std/src/thread/mod.rs:481:17
[INFO] [stdout]   50:     0x563f04a7d9f8 - <std::panic::AssertUnwindSafe<F> as core::ops::function::FnOnce<()>>::call_once::hd2e08783d8be4d02
[INFO] [stdout]                                at /rustc/a178d0322ce20e33eac124758e837cbd80a6f633/library/std/src/panic.rs:347:9
[INFO] [stdout]   51:     0x563f04a7d9f8 - std::panicking::try::do_call::h062597b7acfd6b82
[INFO] [stdout]                                at /rustc/a178d0322ce20e33eac124758e837cbd80a6f633/library/std/src/panicking.rs:401:40
[INFO] [stdout]   52:     0x563f04a7d9f8 - std::panicking::try::h0d7b79db04c14552
[INFO] [stdout]                                at /rustc/a178d0322ce20e33eac124758e837cbd80a6f633/library/std/src/panicking.rs:365:19
[INFO] [stdout]   53:     0x563f04a7d9f8 - std::panic::catch_unwind::hb01a0b5e7c8cd43b
[INFO] [stdout]                                at /rustc/a178d0322ce20e33eac124758e837cbd80a6f633/library/std/src/panic.rs:434:14
[INFO] [stdout]   54:     0x563f04a7d9f8 - std::thread::Builder::spawn_unchecked::{{closure}}::h5bde48cc887e0d1e
[INFO] [stdout]                                at /rustc/a178d0322ce20e33eac124758e837cbd80a6f633/library/std/src/thread/mod.rs:480:30
[INFO] [stdout]   55:     0x563f04a7d9f8 - core::ops::function::FnOnce::call_once{{vtable.shim}}::h745ea30807a29e55
[INFO] [stdout]                                at /rustc/a178d0322ce20e33eac124758e837cbd80a6f633/library/core/src/ops/function.rs:227:5
[INFO] [stdout]   56:     0x563f04c7dd37 - <alloc::boxed::Box<F,A> as core::ops::function::FnOnce<Args>>::call_once::h7ece6cfefaff1005
[INFO] [stdout]                                at /rustc/a178d0322ce20e33eac124758e837cbd80a6f633/library/alloc/src/boxed.rs:1575:9
[INFO] [stdout]   57:     0x563f04c7dd37 - <alloc::boxed::Box<F,A> as core::ops::function::FnOnce<Args>>::call_once::hb8b48e55c21f193e
[INFO] [stdout]                                at /rustc/a178d0322ce20e33eac124758e837cbd80a6f633/library/alloc/src/boxed.rs:1575:9
[INFO] [stdout]   58:     0x563f04c7dd37 - std::sys::unix::thread::Thread::new::thread_start::h8c7c4450dba62914
[INFO] [stdout]                                at /rustc/a178d0322ce20e33eac124758e837cbd80a6f633/library/std/src/sys/unix/thread.rs:71:17
[INFO] [stdout]   59:     0x7f79fde7a609 - start_thread
[INFO] [stdout]   60:     0x7f79fdc4a293 - clone
[INFO] [stdout]   61:                0x0 - <unknown>
[INFO] [stdout] 
[INFO] [stdout] 
[INFO] [stdout] failures:
[INFO] [stdout]     generated::protocol_tests::test_parse_error_cloudformation_cancel_update_stack
[INFO] [stdout]     generated::protocol_tests::test_parse_valid_cloudformation_describe_stacks
[INFO] [stdout]     generated::protocol_tests::test_parse_valid_cloudformation_get_template
[INFO] [stdout]     generated::protocol_tests::test_parse_valid_cloudformation_list_stacks
[INFO] [stdout] 
[INFO] [stdout] test result: FAILED. 1 passed; 4 failed; 0 ignored; 0 measured; 0 filtered out; finished in 0.03s
[INFO] [stdout] 
[INFO] [stderr] error: test failed, to rerun pass '--lib'
[INFO] running `Command { std: "docker" "inspect" "cc489c06f4c26f739a99b7aa4006cacad153dc058e6e592655d7519fa019d35d", kill_on_drop: false }`
[INFO] running `Command { std: "docker" "rm" "-f" "cc489c06f4c26f739a99b7aa4006cacad153dc058e6e592655d7519fa019d35d", kill_on_drop: false }`
[INFO] [stdout] cc489c06f4c26f739a99b7aa4006cacad153dc058e6e592655d7519fa019d35d
