[INFO] fetching crate rushell 0.2.2...
[INFO] testing rushell-0.2.2 against beta-2021-08-01 for beta-1.55-1
[INFO] extracting crate rushell 0.2.2 into /workspace/builds/worker-1/source
[INFO] validating manifest of crates.io crate rushell 0.2.2 on toolchain beta-2021-08-01
[INFO] running `Command { std: "/workspace/cargo-home/bin/cargo" "+beta-2021-08-01" "metadata" "--manifest-path" "Cargo.toml" "--no-deps", kill_on_drop: false }`
[INFO] started tweaking crates.io crate rushell 0.2.2
[INFO] finished tweaking crates.io crate rushell 0.2.2
[INFO] tweaked toml for crates.io crate rushell 0.2.2 written to /workspace/builds/worker-1/source/Cargo.toml
[INFO] crate crates.io crate rushell 0.2.2 already has a lockfile, it will not be regenerated
[INFO] running `Command { std: "/workspace/cargo-home/bin/cargo" "+beta-2021-08-01" "fetch" "--manifest-path" "Cargo.toml", kill_on_drop: false }`
[INFO] [stderr]  Downloading crates ...
[INFO] [stderr]   Downloaded proc-macro-error-attr v1.0.4
[INFO] [stderr]   Downloaded whoami v0.9.0
[INFO] [stderr]   Downloaded unicode-segmentation v1.7.1
[INFO] [stderr]   Downloaded signal-hook v0.3.8
[INFO] [stderr]   Downloaded heck v0.3.2
[INFO] [stderr]   Downloaded phf_macros v0.8.0
[INFO] [stderr]   Downloaded rustversion v1.0.5
[INFO] [stderr]   Downloaded synstructure v0.12.4
[INFO] [stderr]   Downloaded err-derive v0.3.0
[INFO] [stderr]   Downloaded libc v0.2.95
[INFO] [stderr]   Downloaded pretty_env_logger v0.4.0
[INFO] [stderr]   Downloaded redox_syscall v0.2.8
[INFO] [stderr]   Downloaded proc-macro-error v1.0.4
[INFO] [stderr]   Downloaded structopt-derive v0.4.14
[INFO] [stderr]   Downloaded dirs-sys v0.3.6
[INFO] [stderr]   Downloaded siphasher v0.3.5
[INFO] [stderr]   Downloaded syn v1.0.72
[INFO] [stderr]   Downloaded structopt v0.3.21
[INFO] [stderr]   Downloaded rushell_deps_linefeed v0.6.0-jeff.1
[INFO] [stderr]   Downloaded rushell_deps_pom v3.2.0-jeff.2
[INFO] running `Command { std: "docker" "create" "-v" "/var/lib/crater-agent-workspace/builds/worker-1/target:/opt/rustwide/target:rw,Z" "-v" "/var/lib/crater-agent-workspace/builds/worker-1/source:/opt/rustwide/workdir:ro,Z" "-v" "/var/lib/crater-agent-workspace/cargo-home:/opt/rustwide/cargo-home:ro,Z" "-v" "/var/lib/crater-agent-workspace/rustup-home:/opt/rustwide/rustup-home:ro,Z" "-e" "SOURCE_DIR=/opt/rustwide/workdir" "-e" "CARGO_TARGET_DIR=/opt/rustwide/target" "-e" "CARGO_HOME=/opt/rustwide/cargo-home" "-e" "RUSTUP_HOME=/opt/rustwide/rustup-home" "-w" "/opt/rustwide/workdir" "-m" "1610612736" "--user" "0:0" "--network" "none" "ghcr.io/rust-lang/crates-build-env/linux@sha256:34b6a614d2c27851fe6cbf88fbd1137609cefab8b10d0615aaeb6fd47975d74e" "/opt/rustwide/cargo-home/bin/cargo" "+beta-2021-08-01" "metadata" "--no-deps" "--format-version=1", kill_on_drop: false }`
[INFO] [stdout] cc3224aa6e1df0c64cde34e272d9a01c2863444d01a15267bdc9ef3fd63a9d1f
[INFO] [stderr] WARNING: Your kernel does not support swap limit capabilities or the cgroup is not mounted. Memory limited without swap.
[INFO] running `Command { std: "docker" "start" "-a" "cc3224aa6e1df0c64cde34e272d9a01c2863444d01a15267bdc9ef3fd63a9d1f", kill_on_drop: false }`
[INFO] running `Command { std: "docker" "inspect" "cc3224aa6e1df0c64cde34e272d9a01c2863444d01a15267bdc9ef3fd63a9d1f", kill_on_drop: false }`
[INFO] running `Command { std: "docker" "rm" "-f" "cc3224aa6e1df0c64cde34e272d9a01c2863444d01a15267bdc9ef3fd63a9d1f", kill_on_drop: false }`
[INFO] [stdout] cc3224aa6e1df0c64cde34e272d9a01c2863444d01a15267bdc9ef3fd63a9d1f
[INFO] running `Command { std: "docker" "create" "-v" "/var/lib/crater-agent-workspace/builds/worker-1/target:/opt/rustwide/target:rw,Z" "-v" "/var/lib/crater-agent-workspace/builds/worker-1/source:/opt/rustwide/workdir:ro,Z" "-v" "/var/lib/crater-agent-workspace/cargo-home:/opt/rustwide/cargo-home:ro,Z" "-v" "/var/lib/crater-agent-workspace/rustup-home:/opt/rustwide/rustup-home:ro,Z" "-e" "SOURCE_DIR=/opt/rustwide/workdir" "-e" "CARGO_TARGET_DIR=/opt/rustwide/target" "-e" "CARGO_INCREMENTAL=0" "-e" "RUST_BACKTRACE=full" "-e" "RUSTFLAGS=--cap-lints=warn" "-e" "CARGO_HOME=/opt/rustwide/cargo-home" "-e" "RUSTUP_HOME=/opt/rustwide/rustup-home" "-w" "/opt/rustwide/workdir" "-m" "1610612736" "--user" "0:0" "--network" "none" "ghcr.io/rust-lang/crates-build-env/linux@sha256:34b6a614d2c27851fe6cbf88fbd1137609cefab8b10d0615aaeb6fd47975d74e" "/opt/rustwide/cargo-home/bin/cargo" "+beta-2021-08-01" "build" "--frozen" "--message-format=json", kill_on_drop: false }`
[INFO] [stdout] b8a25fae1484d2485eae77081827ebe71593084afdaa11be2f634a687254549c
[INFO] [stderr] WARNING: Your kernel does not support swap limit capabilities or the cgroup is not mounted. Memory limited without swap.
[INFO] running `Command { std: "docker" "start" "-a" "b8a25fae1484d2485eae77081827ebe71593084afdaa11be2f634a687254549c", kill_on_drop: false }`
[INFO] [stderr]    Compiling syn v1.0.72
[INFO] [stderr]    Compiling log v0.4.14
[INFO] [stderr]    Compiling signal-hook v0.3.8
[INFO] [stderr]    Compiling rushell_deps_pom v3.2.0-jeff.2
[INFO] [stderr]    Compiling smallstr v0.2.0
[INFO] [stderr]    Compiling getrandom v0.1.16
[INFO] [stderr]    Compiling dirs-sys v0.3.6
[INFO] [stderr]    Compiling nix v0.17.0
[INFO] [stderr]    Compiling time v0.1.43
[INFO] [stderr]    Compiling signal-hook-registry v1.3.0
[INFO] [stderr]    Compiling err-derive v0.3.0
[INFO] [stderr]    Compiling clap v2.33.3
[INFO] [stderr]    Compiling dirs v2.0.2
[INFO] [stderr]    Compiling rand_core v0.5.1
[INFO] [stderr]    Compiling chrono v0.4.19
[INFO] [stderr]    Compiling rand_chacha v0.2.2
[INFO] [stderr]    Compiling rand_pcg v0.2.1
[INFO] [stderr]    Compiling env_logger v0.7.1
[INFO] [stderr]    Compiling rand v0.7.3
[INFO] [stderr]    Compiling pretty_env_logger v0.4.0
[INFO] [stderr]    Compiling phf_generator v0.8.0
[INFO] [stderr]    Compiling phf_codegen v0.8.0
[INFO] [stderr]    Compiling terminfo v0.7.3
[INFO] [stderr]    Compiling proc-macro-error v1.0.4
[INFO] [stderr]    Compiling synstructure v0.12.4
[INFO] [stderr]    Compiling phf_macros v0.8.0
[INFO] [stderr]    Compiling structopt-derive v0.4.14
[INFO] [stderr]    Compiling phf v0.8.0
[INFO] [stderr]    Compiling structopt v0.3.21
[INFO] [stderr]    Compiling mortal v0.2.2
[INFO] [stderr]    Compiling rushell_deps_linefeed v0.6.0-jeff.1
[INFO] [stderr]    Compiling rushell v0.2.2 (/opt/rustwide/workdir)
[INFO] [stdout] warning: variant is never constructed: `Keyword`
[INFO] [stdout]   --> src/input_parser.rs:13:5
[INFO] [stdout]    |
[INFO] [stdout] 13 |     Keyword,
[INFO] [stdout]    |     ^^^^^^^
[INFO] [stdout]    |
[INFO] [stdout]    = note: `#[warn(dead_code)]` on by default
[INFO] [stdout] 
[INFO] [stdout] 
[INFO] [stdout] warning: 1 warning emitted
[INFO] [stdout] 
[INFO] [stdout] 
[INFO] [stderr]     Finished dev [unoptimized + debuginfo] target(s) in 40.71s
[INFO] running `Command { std: "docker" "inspect" "b8a25fae1484d2485eae77081827ebe71593084afdaa11be2f634a687254549c", kill_on_drop: false }`
[INFO] running `Command { std: "docker" "rm" "-f" "b8a25fae1484d2485eae77081827ebe71593084afdaa11be2f634a687254549c", kill_on_drop: false }`
[INFO] [stdout] b8a25fae1484d2485eae77081827ebe71593084afdaa11be2f634a687254549c
[INFO] running `Command { std: "docker" "create" "-v" "/var/lib/crater-agent-workspace/builds/worker-1/target:/opt/rustwide/target:rw,Z" "-v" "/var/lib/crater-agent-workspace/builds/worker-1/source:/opt/rustwide/workdir:ro,Z" "-v" "/var/lib/crater-agent-workspace/cargo-home:/opt/rustwide/cargo-home:ro,Z" "-v" "/var/lib/crater-agent-workspace/rustup-home:/opt/rustwide/rustup-home:ro,Z" "-e" "SOURCE_DIR=/opt/rustwide/workdir" "-e" "CARGO_TARGET_DIR=/opt/rustwide/target" "-e" "CARGO_INCREMENTAL=0" "-e" "RUST_BACKTRACE=full" "-e" "RUSTFLAGS=--cap-lints=warn" "-e" "CARGO_HOME=/opt/rustwide/cargo-home" "-e" "RUSTUP_HOME=/opt/rustwide/rustup-home" "-w" "/opt/rustwide/workdir" "-m" "1610612736" "--user" "0:0" "--network" "none" "ghcr.io/rust-lang/crates-build-env/linux@sha256:34b6a614d2c27851fe6cbf88fbd1137609cefab8b10d0615aaeb6fd47975d74e" "/opt/rustwide/cargo-home/bin/cargo" "+beta-2021-08-01" "test" "--frozen" "--no-run" "--message-format=json", kill_on_drop: false }`
[INFO] [stdout] 9795c6ff159752267f48c6cf5bef3bcf6ff4c1bff6648e8acefa4b21474ba841
[INFO] [stderr] WARNING: Your kernel does not support swap limit capabilities or the cgroup is not mounted. Memory limited without swap.
[INFO] running `Command { std: "docker" "start" "-a" "9795c6ff159752267f48c6cf5bef3bcf6ff4c1bff6648e8acefa4b21474ba841", kill_on_drop: false }`
[INFO] [stderr]    Compiling rushell v0.2.2 (/opt/rustwide/workdir)
[INFO] [stdout] warning: variant is never constructed: `Keyword`
[INFO] [stdout]   --> src/input_parser.rs:13:5
[INFO] [stdout]    |
[INFO] [stdout] 13 |     Keyword,
[INFO] [stdout]    |     ^^^^^^^
[INFO] [stdout]    |
[INFO] [stdout]    = note: `#[warn(dead_code)]` on by default
[INFO] [stdout] 
[INFO] [stdout] 
[INFO] [stdout] warning: 1 warning emitted
[INFO] [stdout] 
[INFO] [stdout] 
[INFO] [stderr]     Finished test [unoptimized + debuginfo] target(s) in 13.14s
[INFO] running `Command { std: "docker" "inspect" "9795c6ff159752267f48c6cf5bef3bcf6ff4c1bff6648e8acefa4b21474ba841", kill_on_drop: false }`
[INFO] running `Command { std: "docker" "rm" "-f" "9795c6ff159752267f48c6cf5bef3bcf6ff4c1bff6648e8acefa4b21474ba841", kill_on_drop: false }`
[INFO] [stdout] 9795c6ff159752267f48c6cf5bef3bcf6ff4c1bff6648e8acefa4b21474ba841
[INFO] running `Command { std: "docker" "create" "-v" "/var/lib/crater-agent-workspace/builds/worker-1/target:/opt/rustwide/target:rw,Z" "-v" "/var/lib/crater-agent-workspace/builds/worker-1/source:/opt/rustwide/workdir:ro,Z" "-v" "/var/lib/crater-agent-workspace/cargo-home:/opt/rustwide/cargo-home:ro,Z" "-v" "/var/lib/crater-agent-workspace/rustup-home:/opt/rustwide/rustup-home:ro,Z" "-e" "SOURCE_DIR=/opt/rustwide/workdir" "-e" "CARGO_TARGET_DIR=/opt/rustwide/target" "-e" "CARGO_INCREMENTAL=0" "-e" "RUST_BACKTRACE=full" "-e" "RUSTFLAGS=--cap-lints=warn" "-e" "CARGO_HOME=/opt/rustwide/cargo-home" "-e" "RUSTUP_HOME=/opt/rustwide/rustup-home" "-w" "/opt/rustwide/workdir" "-m" "1610612736" "--user" "0:0" "--network" "none" "ghcr.io/rust-lang/crates-build-env/linux@sha256:34b6a614d2c27851fe6cbf88fbd1137609cefab8b10d0615aaeb6fd47975d74e" "/opt/rustwide/cargo-home/bin/cargo" "+beta-2021-08-01" "test" "--frozen", kill_on_drop: false }`
[INFO] [stderr] WARNING: Your kernel does not support swap limit capabilities or the cgroup is not mounted. Memory limited without swap.
[INFO] [stdout] 11b68b380a275ae7f3739e3a9545a6e3393ee178adef0d4caa277bb1666e5d80
[INFO] running `Command { std: "docker" "start" "-a" "11b68b380a275ae7f3739e3a9545a6e3393ee178adef0d4caa277bb1666e5d80", kill_on_drop: false }`
[INFO] [stderr]     Blocking waiting for file lock on package cache
[INFO] [stderr] warning: variant is never constructed: `Keyword`
[INFO] [stderr]   --> src/input_parser.rs:13:5
[INFO] [stderr]    |
[INFO] [stderr] 13 |     Keyword,
[INFO] [stderr]    |     ^^^^^^^
[INFO] [stderr]    |
[INFO] [stderr]    = note: `#[warn(dead_code)]` on by default
[INFO] [stderr] 
[INFO] [stderr] warning: `rushell` (bin "rushell" test) generated 1 warning
[INFO] [stderr]     Finished test [unoptimized + debuginfo] target(s) in 0.27s
[INFO] [stderr]      Running unittests (/opt/rustwide/target/debug/deps/rushell-f2dae0d90dcbdaa7)
[INFO] [stdout] 
[INFO] [stdout] running 39 tests
[INFO] [stdout] test builtins::alias::test_parse_alias ... ok
[INFO] [stdout] test eval::test_expr ... ok
[INFO] [stdout] test builtins::set::tests::test_set_command ... ok
[INFO] [stdout] test parser::test_debug ... ok
[INFO] [stdout] test glob::tests::test_parse_glob ... ok
[INFO] [stdout] test input::test_split_words ... ok
[INFO] [stdout] test parser::test_comments ... ok
[INFO] [stdout] test parser::test_assignments ... ok
[INFO] [stdout] test parser::test_assign_like_prefix ... ok
[INFO] [stdout] test parser::test_export_empty ... ok
[INFO] [stdout] test parser::test_escape_sequences ... ok
[INFO] [stdout] test parser::test_external_command ... ok
[INFO] [stdout] test parser::test_arith_expr ... ok
[INFO] [stdout] test parser::test_brace_literal ... ok
[INFO] [stdout] test parser::test_grep ... ok
[INFO] [stdout] test parser::test_cond_test ... ok
[INFO] [stdout] test parser::test_patterns ... ok
[INFO] [stdout] test parser::test_append ... ok
[INFO] [stdout] test parser::test_courner_cases ... ok
[INFO] [stdout] test parser::test_cond_ex ... ok
[INFO] [stdout] test expand::test_expand_param ... ok
[INFO] [stdout] test parser::test_regex ... ok
[INFO] [stdout] test parser::test_tilde ... ok
[INFO] [stdout] test parser::test_redirections ... ok
[INFO] [stdout] test expand::test_expand_span_into_vec ... ok
[INFO] [stdout] test parser::test_string_literal ... ok
[INFO] [stdout] test pattern::tests::complex_pattern ... ok
[INFO] [stdout] test syntaxer::test_syntax_parser ... ok
[INFO] [stdout] test pattern::tests::literal_only ... ok
[INFO] [stdout] test parser::test_simple_commands ... ok
[INFO] [stdout] test pattern::tests::wildcard ... ok
[INFO] [stdout] test parser::test_heredoc ... ok
[INFO] [stdout] test parser::test_expansions ... ok
[INFO] [stdout] test parser::test_process_substitution ... ok
[INFO] [stdout] test expand::test_expand_words ... ok
[INFO] [stdout] test parser::test_extra ... ok
[INFO] [stdout] test tests::test_init_dir ... FAILED
[INFO] [stdout] test parser::test_compound_commands ... ok
[INFO] [stderr] error: test failed, to rerun pass '--bin rushell'
[INFO] [stdout] test script_test::test_completion ... ok
[INFO] [stdout] 
[INFO] [stdout] failures:
[INFO] [stdout] 
[INFO] [stdout] ---- tests::test_init_dir stdout ----
[INFO] [stdout] Error: Os { code: 30, kind: ReadOnlyFilesystem, message: "Read-only file system" }
[INFO] [stdout] thread 'tests::test_init_dir' panicked at 'assertion failed: `(left == right)`
[INFO] [stdout]   left: `1`,
[INFO] [stdout]  right: `0`: the test returned a termination value with a non-zero status code (1) which indicates a failure', /rustc/53fd98ca776cb875bc9e5514f56b52eb74f9e7a9/library/test/src/lib.rs:194:5
[INFO] [stdout] stack backtrace:
[INFO] [stdout]    0:     0x55bc9b1fc780 - std::backtrace_rs::backtrace::libunwind::trace::hff4d1766e93f64f1
[INFO] [stdout]                                at /rustc/53fd98ca776cb875bc9e5514f56b52eb74f9e7a9/library/std/src/../../backtrace/src/backtrace/libunwind.rs:90:5
[INFO] [stdout]    1:     0x55bc9b1fc780 - std::backtrace_rs::backtrace::trace_unsynchronized::h56bbc8eb78770bcb
[INFO] [stdout]                                at /rustc/53fd98ca776cb875bc9e5514f56b52eb74f9e7a9/library/std/src/../../backtrace/src/backtrace/mod.rs:66:5
[INFO] [stdout]    2:     0x55bc9b1fc780 - std::sys_common::backtrace::_print_fmt::h5c8e75464faca780
[INFO] [stdout]                                at /rustc/53fd98ca776cb875bc9e5514f56b52eb74f9e7a9/library/std/src/sys_common/backtrace.rs:67:5
[INFO] [stdout]    3:     0x55bc9b1fc780 - <std::sys_common::backtrace::_print::DisplayBacktrace as core::fmt::Display>::fmt::h48b88277def8b362
[INFO] [stdout]                                at /rustc/53fd98ca776cb875bc9e5514f56b52eb74f9e7a9/library/std/src/sys_common/backtrace.rs:46:22
[INFO] [stdout]    4:     0x55bc9b22219c - core::fmt::write::h3381b3176fe2b3d3
[INFO] [stdout]                                at /rustc/53fd98ca776cb875bc9e5514f56b52eb74f9e7a9/library/core/src/fmt/mod.rs:1115:17
[INFO] [stdout]    5:     0x55bc9b1f9165 - std::io::Write::write_fmt::h5f34a676f60246b5
[INFO] [stdout]                                at /rustc/53fd98ca776cb875bc9e5514f56b52eb74f9e7a9/library/std/src/io/mod.rs:1665:15
[INFO] [stdout]    6:     0x55bc9b1fee7b - std::sys_common::backtrace::_print::ha537687d6c17dd0d
[INFO] [stdout]                                at /rustc/53fd98ca776cb875bc9e5514f56b52eb74f9e7a9/library/std/src/sys_common/backtrace.rs:49:5
[INFO] [stdout]    7:     0x55bc9b1fee7b - std::sys_common::backtrace::print::h61376ae57d131d72
[INFO] [stdout]                                at /rustc/53fd98ca776cb875bc9e5514f56b52eb74f9e7a9/library/std/src/sys_common/backtrace.rs:36:9
[INFO] [stdout]    8:     0x55bc9b1fee7b - std::panicking::default_hook::{{closure}}::h0f7208c0b9644a54
[INFO] [stdout]                                at /rustc/53fd98ca776cb875bc9e5514f56b52eb74f9e7a9/library/std/src/panicking.rs:208:50
[INFO] [stdout]    9:     0x55bc9b1fe98c - std::panicking::default_hook::hdac7fc06578c14ce
[INFO] [stdout]                                at /rustc/53fd98ca776cb875bc9e5514f56b52eb74f9e7a9/library/std/src/panicking.rs:222:9
[INFO] [stdout]   10:     0x55bc9b1ff544 - std::panicking::rust_panic_with_hook::h72b21c283da3d1ef
[INFO] [stdout]                                at /rustc/53fd98ca776cb875bc9e5514f56b52eb74f9e7a9/library/std/src/panicking.rs:622:17
[INFO] [stdout]   11:     0x55bc9b1ff027 - std::panicking::begin_panic_handler::{{closure}}::he5778f1729cff84a
[INFO] [stdout]                                at /rustc/53fd98ca776cb875bc9e5514f56b52eb74f9e7a9/library/std/src/panicking.rs:519:13
[INFO] [stdout]   12:     0x55bc9b1fcc5c - std::sys_common::backtrace::__rust_end_short_backtrace::h2d11ca8b453b4b1d
[INFO] [stdout]                                at /rustc/53fd98ca776cb875bc9e5514f56b52eb74f9e7a9/library/std/src/sys_common/backtrace.rs:141:18
[INFO] [stdout]   13:     0x55bc9b1fef89 - rust_begin_unwind
[INFO] [stdout]                                at /rustc/53fd98ca776cb875bc9e5514f56b52eb74f9e7a9/library/std/src/panicking.rs:515:5
[INFO] [stdout]   14:     0x55bc9ab4a961 - core::panicking::panic_fmt::hf9de31d4acbce4db
[INFO] [stdout]                                at /rustc/53fd98ca776cb875bc9e5514f56b52eb74f9e7a9/library/core/src/panicking.rs:92:14
[INFO] [stdout]   15:     0x55bc9b220b9e - core::panicking::assert_failed_inner::h62e8cb2847a6e7ec
[INFO] [stdout]   16:     0x55bc9b1c754a - core::panicking::assert_failed::h3fc73f745a4bcfaf
[INFO] [stdout]                                at /rustc/53fd98ca776cb875bc9e5514f56b52eb74f9e7a9/library/core/src/panicking.rs:117:5
[INFO] [stdout]   17:     0x55bc9ad51343 - test::assert_test_result::h0b6768d55acf71da
[INFO] [stdout]                                at /rustc/53fd98ca776cb875bc9e5514f56b52eb74f9e7a9/library/test/src/lib.rs:194:5
[INFO] [stdout]   18:     0x55bc9acae559 - rushell::tests::test_init_dir::{{closure}}::h23b5f72cc3146b76
[INFO] [stdout]                                at /opt/rustwide/workdir/src/main.rs:303:5
[INFO] [stdout]   19:     0x55bc9ad9bb3e - core::ops::function::FnOnce::call_once::h37a5aaef2ea79b18
[INFO] [stdout]                                at /rustc/53fd98ca776cb875bc9e5514f56b52eb74f9e7a9/library/core/src/ops/function.rs:227:5
[INFO] [stdout]   20:     0x55bc9ae26c93 - core::ops::function::FnOnce::call_once::hbb52c4519d3137b0
[INFO] [stdout]                                at /rustc/53fd98ca776cb875bc9e5514f56b52eb74f9e7a9/library/core/src/ops/function.rs:227:5
[INFO] [stdout]   21:     0x55bc9ae26c93 - test::__rust_begin_short_backtrace::h86fe3a2a5a5121af
[INFO] [stdout]                                at /rustc/53fd98ca776cb875bc9e5514f56b52eb74f9e7a9/library/test/src/lib.rs:578:5
[INFO] [stdout]   22:     0x55bc9ae25748 - <alloc::boxed::Box<F,A> as core::ops::function::FnOnce<Args>>::call_once::hfd956bc3d57399be
[INFO] [stdout]                                at /rustc/53fd98ca776cb875bc9e5514f56b52eb74f9e7a9/library/alloc/src/boxed.rs:1572:9
[INFO] [stdout]   23:     0x55bc9ae25748 - <std::panic::AssertUnwindSafe<F> as core::ops::function::FnOnce<()>>::call_once::h40dc93e0ddb5938a
[INFO] [stdout]                                at /rustc/53fd98ca776cb875bc9e5514f56b52eb74f9e7a9/library/std/src/panic.rs:347:9
[INFO] [stdout]   24:     0x55bc9ae25748 - std::panicking::try::do_call::h90d07750cb47c562
[INFO] [stdout]                                at /rustc/53fd98ca776cb875bc9e5514f56b52eb74f9e7a9/library/std/src/panicking.rs:401:40
[INFO] [stdout]   25:     0x55bc9ae25748 - std::panicking::try::h063c84733ad2a629
[INFO] [stdout]                                at /rustc/53fd98ca776cb875bc9e5514f56b52eb74f9e7a9/library/std/src/panicking.rs:365:19
[INFO] [stdout]   26:     0x55bc9ae25748 - std::panic::catch_unwind::h0c464836a84e7c08
[INFO] [stdout]                                at /rustc/53fd98ca776cb875bc9e5514f56b52eb74f9e7a9/library/std/src/panic.rs:434:14
[INFO] [stdout]   27:     0x55bc9ae25748 - test::run_test_in_process::h5cb06ef620b157fc
[INFO] [stdout]                                at /rustc/53fd98ca776cb875bc9e5514f56b52eb74f9e7a9/library/test/src/lib.rs:601:18
[INFO] [stdout]   28:     0x55bc9ae25748 - test::run_test::run_test_inner::{{closure}}::h76f677f4b93f9828
[INFO] [stdout]                                at /rustc/53fd98ca776cb875bc9e5514f56b52eb74f9e7a9/library/test/src/lib.rs:493:39
[INFO] [stdout]   29:     0x55bc9adf3edd - test::run_test::run_test_inner::{{closure}}::h366d01fe04f4d67a
[INFO] [stdout]                                at /rustc/53fd98ca776cb875bc9e5514f56b52eb74f9e7a9/library/test/src/lib.rs:520:37
[INFO] [stdout]   30:     0x55bc9adf3edd - std::sys_common::backtrace::__rust_begin_short_backtrace::h7dfa0de4eb395af2
[INFO] [stdout]                                at /rustc/53fd98ca776cb875bc9e5514f56b52eb74f9e7a9/library/std/src/sys_common/backtrace.rs:125:18
[INFO] [stdout]   31:     0x55bc9adf86a8 - std::thread::Builder::spawn_unchecked::{{closure}}::{{closure}}::hf0a74bb58798037f
[INFO] [stdout]                                at /rustc/53fd98ca776cb875bc9e5514f56b52eb74f9e7a9/library/std/src/thread/mod.rs:476:17
[INFO] [stdout]   32:     0x55bc9adf86a8 - <std::panic::AssertUnwindSafe<F> as core::ops::function::FnOnce<()>>::call_once::hb024e854818586ac
[INFO] [stdout]                                at /rustc/53fd98ca776cb875bc9e5514f56b52eb74f9e7a9/library/std/src/panic.rs:347:9
[INFO] [stdout]   33:     0x55bc9adf86a8 - std::panicking::try::do_call::hb2dd9f1d0d48e41d
[INFO] [stdout]                                at /rustc/53fd98ca776cb875bc9e5514f56b52eb74f9e7a9/library/std/src/panicking.rs:401:40
[INFO] [stdout]   34:     0x55bc9adf86a8 - std::panicking::try::h4717ae7bac8b2bf3
[INFO] [stdout]                                at /rustc/53fd98ca776cb875bc9e5514f56b52eb74f9e7a9/library/std/src/panicking.rs:365:19
[INFO] [stdout]   35:     0x55bc9adf86a8 - std::panic::catch_unwind::h0dc8a061326ce8d8
[INFO] [stdout]                                at /rustc/53fd98ca776cb875bc9e5514f56b52eb74f9e7a9/library/std/src/panic.rs:434:14
[INFO] [stdout]   36:     0x55bc9adf86a8 - std::thread::Builder::spawn_unchecked::{{closure}}::haa369e2d6fd00aa1
[INFO] [stdout]                                at /rustc/53fd98ca776cb875bc9e5514f56b52eb74f9e7a9/library/std/src/thread/mod.rs:475:30
[INFO] [stdout]   37:     0x55bc9adf86a8 - core::ops::function::FnOnce::call_once{{vtable.shim}}::h36dcf3de8b056f17
[INFO] [stdout]                                at /rustc/53fd98ca776cb875bc9e5514f56b52eb74f9e7a9/library/core/src/ops/function.rs:227:5
[INFO] [stdout]   38:     0x55bc9b205227 - <alloc::boxed::Box<F,A> as core::ops::function::FnOnce<Args>>::call_once::h65c29e4642be2358
[INFO] [stdout]                                at /rustc/53fd98ca776cb875bc9e5514f56b52eb74f9e7a9/library/alloc/src/boxed.rs:1572:9
[INFO] [stdout]   39:     0x55bc9b205227 - <alloc::boxed::Box<F,A> as core::ops::function::FnOnce<Args>>::call_once::hd0f8f7fbbd9fffbf
[INFO] [stdout]                                at /rustc/53fd98ca776cb875bc9e5514f56b52eb74f9e7a9/library/alloc/src/boxed.rs:1572:9
[INFO] [stdout]   40:     0x55bc9b205227 - std::sys::unix::thread::Thread::new::thread_start::h2fd22fee3ca77b65
[INFO] [stdout]                                at /rustc/53fd98ca776cb875bc9e5514f56b52eb74f9e7a9/library/std/src/sys/unix/thread.rs:74:17
[INFO] [stdout]   41:     0x7f36d74ea609 - start_thread
[INFO] [stdout]   42:     0x7f36d72ba293 - clone
[INFO] [stdout]   43:                0x0 - <unknown>
[INFO] [stdout] 
[INFO] [stdout] 
[INFO] [stdout] failures:
[INFO] [stdout]     tests::test_init_dir
[INFO] [stdout] 
[INFO] [stdout] test result: FAILED. 38 passed; 1 failed; 0 ignored; 0 measured; 0 filtered out; finished in 0.41s
[INFO] [stdout] 
[INFO] running `Command { std: "docker" "inspect" "11b68b380a275ae7f3739e3a9545a6e3393ee178adef0d4caa277bb1666e5d80", kill_on_drop: false }`
[INFO] running `Command { std: "docker" "rm" "-f" "11b68b380a275ae7f3739e3a9545a6e3393ee178adef0d4caa277bb1666e5d80", kill_on_drop: false }`
[INFO] [stdout] 11b68b380a275ae7f3739e3a9545a6e3393ee178adef0d4caa277bb1666e5d80
