[INFO] fetching crate runt 0.3.2...
[INFO] testing runt-0.3.2 against beta-2021-08-01 for beta-1.55-1
[INFO] extracting crate runt 0.3.2 into /workspace/builds/worker-3/source
[INFO] validating manifest of crates.io crate runt 0.3.2 on toolchain beta-2021-08-01
[INFO] running `Command { std: "/workspace/cargo-home/bin/cargo" "+beta-2021-08-01" "metadata" "--manifest-path" "Cargo.toml" "--no-deps", kill_on_drop: false }`
[INFO] started tweaking crates.io crate runt 0.3.2
[INFO] finished tweaking crates.io crate runt 0.3.2
[INFO] tweaked toml for crates.io crate runt 0.3.2 written to /workspace/builds/worker-3/source/Cargo.toml
[INFO] crate crates.io crate runt 0.3.2 already has a lockfile, it will not be regenerated
[INFO] running `Command { std: "/workspace/cargo-home/bin/cargo" "+beta-2021-08-01" "fetch" "--manifest-path" "Cargo.toml", kill_on_drop: false }`
[INFO] [stderr]     Blocking waiting for file lock on package cache
[INFO] [stderr]  Downloading crates ...
[INFO] [stderr]   Downloaded heck v0.3.3
[INFO] [stderr]   Downloaded argh_derive v0.1.5
[INFO] [stderr]   Downloaded unicode-segmentation v1.8.0
[INFO] [stderr]   Downloaded argh v0.1.5
[INFO] [stderr]   Downloaded difference v2.0.0
[INFO] [stderr]   Downloaded argh_shared v0.1.5
[INFO] running `Command { std: "docker" "create" "-v" "/var/lib/crater-agent-workspace/builds/worker-3/target:/opt/rustwide/target:rw,Z" "-v" "/var/lib/crater-agent-workspace/builds/worker-3/source:/opt/rustwide/workdir:ro,Z" "-v" "/var/lib/crater-agent-workspace/cargo-home:/opt/rustwide/cargo-home:ro,Z" "-v" "/var/lib/crater-agent-workspace/rustup-home:/opt/rustwide/rustup-home:ro,Z" "-e" "SOURCE_DIR=/opt/rustwide/workdir" "-e" "CARGO_TARGET_DIR=/opt/rustwide/target" "-e" "CARGO_HOME=/opt/rustwide/cargo-home" "-e" "RUSTUP_HOME=/opt/rustwide/rustup-home" "-w" "/opt/rustwide/workdir" "-m" "1610612736" "--user" "0:0" "--network" "none" "ghcr.io/rust-lang/crates-build-env/linux@sha256:34b6a614d2c27851fe6cbf88fbd1137609cefab8b10d0615aaeb6fd47975d74e" "/opt/rustwide/cargo-home/bin/cargo" "+beta-2021-08-01" "metadata" "--no-deps" "--format-version=1", kill_on_drop: false }`
[INFO] [stderr] WARNING: Your kernel does not support swap limit capabilities or the cgroup is not mounted. Memory limited without swap.
[INFO] [stdout] cccbc0ab286da3e711102dceeb7864f9c303883f33698e6549103aa1cf4c5159
[INFO] running `Command { std: "docker" "start" "-a" "cccbc0ab286da3e711102dceeb7864f9c303883f33698e6549103aa1cf4c5159", kill_on_drop: false }`
[INFO] running `Command { std: "docker" "inspect" "cccbc0ab286da3e711102dceeb7864f9c303883f33698e6549103aa1cf4c5159", kill_on_drop: false }`
[INFO] running `Command { std: "docker" "rm" "-f" "cccbc0ab286da3e711102dceeb7864f9c303883f33698e6549103aa1cf4c5159", kill_on_drop: false }`
[INFO] [stdout] cccbc0ab286da3e711102dceeb7864f9c303883f33698e6549103aa1cf4c5159
[INFO] running `Command { std: "docker" "create" "-v" "/var/lib/crater-agent-workspace/builds/worker-3/target:/opt/rustwide/target:rw,Z" "-v" "/var/lib/crater-agent-workspace/builds/worker-3/source:/opt/rustwide/workdir:ro,Z" "-v" "/var/lib/crater-agent-workspace/cargo-home:/opt/rustwide/cargo-home:ro,Z" "-v" "/var/lib/crater-agent-workspace/rustup-home:/opt/rustwide/rustup-home:ro,Z" "-e" "SOURCE_DIR=/opt/rustwide/workdir" "-e" "CARGO_TARGET_DIR=/opt/rustwide/target" "-e" "CARGO_INCREMENTAL=0" "-e" "RUST_BACKTRACE=full" "-e" "RUSTFLAGS=--cap-lints=warn" "-e" "CARGO_HOME=/opt/rustwide/cargo-home" "-e" "RUSTUP_HOME=/opt/rustwide/rustup-home" "-w" "/opt/rustwide/workdir" "-m" "1610612736" "--user" "0:0" "--network" "none" "ghcr.io/rust-lang/crates-build-env/linux@sha256:34b6a614d2c27851fe6cbf88fbd1137609cefab8b10d0615aaeb6fd47975d74e" "/opt/rustwide/cargo-home/bin/cargo" "+beta-2021-08-01" "build" "--frozen" "--message-format=json", kill_on_drop: false }`
[INFO] [stdout] e3e02837a99b07f14816a66355da5662cbda4244cb58ec14da2fe20195f58e8f
[INFO] [stderr] WARNING: Your kernel does not support swap limit capabilities or the cgroup is not mounted. Memory limited without swap.
[INFO] running `Command { std: "docker" "start" "-a" "e3e02837a99b07f14816a66355da5662cbda4244cb58ec14da2fe20195f58e8f", kill_on_drop: false }`
[INFO] [stderr]    Compiling argh_shared v0.1.5
[INFO] [stderr]    Compiling tokio v1.9.0
[INFO] [stderr]    Compiling mio v0.7.13
[INFO] [stderr]    Compiling futures-util v0.3.16
[INFO] [stderr]    Compiling serde v1.0.126
[INFO] [stderr]    Compiling argh_derive v0.1.5
[INFO] [stderr]    Compiling argh v0.1.5
[INFO] [stderr]    Compiling futures-executor v0.3.16
[INFO] [stderr]    Compiling toml v0.5.8
[INFO] [stderr]    Compiling futures v0.3.16
[INFO] [stderr]    Compiling runt v0.3.2 (/opt/rustwide/workdir)
[INFO] [stderr]     Finished dev [unoptimized + debuginfo] target(s) in 20.14s
[INFO] running `Command { std: "docker" "inspect" "e3e02837a99b07f14816a66355da5662cbda4244cb58ec14da2fe20195f58e8f", kill_on_drop: false }`
[INFO] running `Command { std: "docker" "rm" "-f" "e3e02837a99b07f14816a66355da5662cbda4244cb58ec14da2fe20195f58e8f", kill_on_drop: false }`
[INFO] [stdout] e3e02837a99b07f14816a66355da5662cbda4244cb58ec14da2fe20195f58e8f
[INFO] running `Command { std: "docker" "create" "-v" "/var/lib/crater-agent-workspace/builds/worker-3/target:/opt/rustwide/target:rw,Z" "-v" "/var/lib/crater-agent-workspace/builds/worker-3/source:/opt/rustwide/workdir:ro,Z" "-v" "/var/lib/crater-agent-workspace/cargo-home:/opt/rustwide/cargo-home:ro,Z" "-v" "/var/lib/crater-agent-workspace/rustup-home:/opt/rustwide/rustup-home:ro,Z" "-e" "SOURCE_DIR=/opt/rustwide/workdir" "-e" "CARGO_TARGET_DIR=/opt/rustwide/target" "-e" "CARGO_INCREMENTAL=0" "-e" "RUST_BACKTRACE=full" "-e" "RUSTFLAGS=--cap-lints=warn" "-e" "CARGO_HOME=/opt/rustwide/cargo-home" "-e" "RUSTUP_HOME=/opt/rustwide/rustup-home" "-w" "/opt/rustwide/workdir" "-m" "1610612736" "--user" "0:0" "--network" "none" "ghcr.io/rust-lang/crates-build-env/linux@sha256:34b6a614d2c27851fe6cbf88fbd1137609cefab8b10d0615aaeb6fd47975d74e" "/opt/rustwide/cargo-home/bin/cargo" "+beta-2021-08-01" "test" "--frozen" "--no-run" "--message-format=json", kill_on_drop: false }`
[INFO] [stderr] WARNING: Your kernel does not support swap limit capabilities or the cgroup is not mounted. Memory limited without swap.
[INFO] [stdout] 8698dbffc8e844f857390a3ac69fc8fa89f08d39c5d498bf89479f805c1d47a6
[INFO] running `Command { std: "docker" "start" "-a" "8698dbffc8e844f857390a3ac69fc8fa89f08d39c5d498bf89479f805c1d47a6", kill_on_drop: false }`
[INFO] [stderr]    Compiling runt v0.3.2 (/opt/rustwide/workdir)
[INFO] [stderr]     Finished test [unoptimized + debuginfo] target(s) in 1.75s
[INFO] running `Command { std: "docker" "inspect" "8698dbffc8e844f857390a3ac69fc8fa89f08d39c5d498bf89479f805c1d47a6", kill_on_drop: false }`
[INFO] running `Command { std: "docker" "rm" "-f" "8698dbffc8e844f857390a3ac69fc8fa89f08d39c5d498bf89479f805c1d47a6", kill_on_drop: false }`
[INFO] [stdout] 8698dbffc8e844f857390a3ac69fc8fa89f08d39c5d498bf89479f805c1d47a6
[INFO] running `Command { std: "docker" "create" "-v" "/var/lib/crater-agent-workspace/builds/worker-3/target:/opt/rustwide/target:rw,Z" "-v" "/var/lib/crater-agent-workspace/builds/worker-3/source:/opt/rustwide/workdir:ro,Z" "-v" "/var/lib/crater-agent-workspace/cargo-home:/opt/rustwide/cargo-home:ro,Z" "-v" "/var/lib/crater-agent-workspace/rustup-home:/opt/rustwide/rustup-home:ro,Z" "-e" "SOURCE_DIR=/opt/rustwide/workdir" "-e" "CARGO_TARGET_DIR=/opt/rustwide/target" "-e" "CARGO_INCREMENTAL=0" "-e" "RUST_BACKTRACE=full" "-e" "RUSTFLAGS=--cap-lints=warn" "-e" "CARGO_HOME=/opt/rustwide/cargo-home" "-e" "RUSTUP_HOME=/opt/rustwide/rustup-home" "-w" "/opt/rustwide/workdir" "-m" "1610612736" "--user" "0:0" "--network" "none" "ghcr.io/rust-lang/crates-build-env/linux@sha256:34b6a614d2c27851fe6cbf88fbd1137609cefab8b10d0615aaeb6fd47975d74e" "/opt/rustwide/cargo-home/bin/cargo" "+beta-2021-08-01" "test" "--frozen", kill_on_drop: false }`
[INFO] [stderr] WARNING: Your kernel does not support swap limit capabilities or the cgroup is not mounted. Memory limited without swap.
[INFO] [stdout] 652777f843e231eda0686828992631d3658c190ce1d5c7de5ab051a6fd0d1178
[INFO] running `Command { std: "docker" "start" "-a" "652777f843e231eda0686828992631d3658c190ce1d5c7de5ab051a6fd0d1178", kill_on_drop: false }`
[INFO] [stderr]     Finished test [unoptimized + debuginfo] target(s) in 0.05s
[INFO] [stderr]      Running unittests (/opt/rustwide/target/debug/deps/runt-924a8cb0b38a285e)
[INFO] [stdout] 
[INFO] [stderr]      Running unittests (/opt/rustwide/target/debug/deps/runt-50e1c90e76faccb4)
[INFO] [stdout] running 0 tests
[INFO] [stdout] 
[INFO] [stdout] test result: ok. 0 passed; 0 failed; 0 ignored; 0 measured; 0 filtered out; finished in 0.00s
[INFO] [stdout] 
[INFO] [stderr]    Doc-tests runt
[INFO] [stdout] 
[INFO] [stdout] running 0 tests
[INFO] [stdout] 
[INFO] [stdout] test result: ok. 0 passed; 0 failed; 0 ignored; 0 measured; 0 filtered out; finished in 0.00s
[INFO] [stdout] 
[INFO] [stdout] 
[INFO] [stdout] running 2 tests
[INFO] [stdout] test src/lib.rs - (line 22) ... FAILED
[INFO] [stdout] test src/lib.rs - (line 10) ... FAILED
[INFO] [stdout] 
[INFO] [stdout] failures:
[INFO] [stdout] 
[INFO] [stdout] ---- src/lib.rs - (line 22) stdout ----
[INFO] [stdout] error: expected one of `.`, `;`, `?`, `}`, or an operator, found `Name`
[INFO] [stdout]  --> src/lib.rs:24:1
[INFO] [stdout]   |
[INFO] [stdout] 3 | [[tests]]
[INFO] [stdout]   |          - expected one of `.`, `;`, `?`, `}`, or an operator
[INFO] [stdout] 4 | Name for this test suite.
[INFO] [stdout]   | ^^^^ unexpected token
[INFO] [stdout] 
[INFO] [stdout] error: aborting due to previous error
[INFO] [stdout] 
[INFO] [stdout] Couldn't compile the test.
[INFO] [stdout] ---- src/lib.rs - (line 10) stdout ----
[INFO] [stdout] error: expected one of `!`, `.`, `::`, `;`, `?`, `{`, `}`, or an operator, found `install`
[INFO] [stdout]  --> src/lib.rs:11:7
[INFO] [stdout]   |
[INFO] [stdout] 4 | cargo install runt
[INFO] [stdout]   |       ^^^^^^^ expected one of 8 possible tokens
[INFO] [stdout] 
[INFO] [stdout] error: aborting due to previous error
[INFO] [stdout] 
[INFO] [stdout] Couldn't compile the test.
[INFO] [stdout] 
[INFO] [stdout] failures:
[INFO] [stdout]     src/lib.rs - (line 10)
[INFO] [stdout]     src/lib.rs - (line 22)
[INFO] [stdout] 
[INFO] [stdout] test result: FAILED. 0 passed; 2 failed; 0 ignored; 0 measured; 0 filtered out; finished in 0.62s
[INFO] [stdout] 
[INFO] [stderr] error: test failed, to rerun pass '--doc'
[INFO] running `Command { std: "docker" "inspect" "652777f843e231eda0686828992631d3658c190ce1d5c7de5ab051a6fd0d1178", kill_on_drop: false }`
[INFO] running `Command { std: "docker" "rm" "-f" "652777f843e231eda0686828992631d3658c190ce1d5c7de5ab051a6fd0d1178", kill_on_drop: false }`
[INFO] [stdout] 652777f843e231eda0686828992631d3658c190ce1d5c7de5ab051a6fd0d1178
