[INFO] fetching crate ruma-identifiers 0.19.4...
[INFO] testing ruma-identifiers-0.19.4 against 1.54.0 for beta-1.55-1
[INFO] extracting crate ruma-identifiers 0.19.4 into /workspace/builds/worker-1/source
[INFO] validating manifest of crates.io crate ruma-identifiers 0.19.4 on toolchain 1.54.0
[INFO] running `Command { std: "/workspace/cargo-home/bin/cargo" "+1.54.0" "metadata" "--manifest-path" "Cargo.toml" "--no-deps", kill_on_drop: false }`
[INFO] started tweaking crates.io crate ruma-identifiers 0.19.4
[INFO] finished tweaking crates.io crate ruma-identifiers 0.19.4
[INFO] tweaked toml for crates.io crate ruma-identifiers 0.19.4 written to /workspace/builds/worker-1/source/Cargo.toml
[INFO] running `Command { std: "/workspace/cargo-home/bin/cargo" "+1.54.0" "generate-lockfile" "--manifest-path" "Cargo.toml" "-Zno-index-update", kill_on_drop: false }`
[INFO] running `Command { std: "/workspace/cargo-home/bin/cargo" "+1.54.0" "fetch" "--manifest-path" "Cargo.toml", kill_on_drop: false }`
[INFO] [stderr]  Downloading crates ...
[INFO] [stderr]   Downloaded trybuild v1.0.43
[INFO] running `Command { std: "docker" "create" "-v" "/var/lib/crater-agent-workspace/builds/worker-1/target:/opt/rustwide/target:rw,Z" "-v" "/var/lib/crater-agent-workspace/builds/worker-1/source:/opt/rustwide/workdir:ro,Z" "-v" "/var/lib/crater-agent-workspace/cargo-home:/opt/rustwide/cargo-home:ro,Z" "-v" "/var/lib/crater-agent-workspace/rustup-home:/opt/rustwide/rustup-home:ro,Z" "-e" "SOURCE_DIR=/opt/rustwide/workdir" "-e" "CARGO_TARGET_DIR=/opt/rustwide/target" "-e" "CARGO_HOME=/opt/rustwide/cargo-home" "-e" "RUSTUP_HOME=/opt/rustwide/rustup-home" "-w" "/opt/rustwide/workdir" "-m" "1610612736" "--user" "0:0" "--network" "none" "ghcr.io/rust-lang/crates-build-env/linux@sha256:34b6a614d2c27851fe6cbf88fbd1137609cefab8b10d0615aaeb6fd47975d74e" "/opt/rustwide/cargo-home/bin/cargo" "+1.54.0" "metadata" "--no-deps" "--format-version=1", kill_on_drop: false }`
[INFO] [stderr] WARNING: Your kernel does not support swap limit capabilities or the cgroup is not mounted. Memory limited without swap.
[INFO] [stdout] 35c37cb4db2552b94f6cf6cee9affc0a0a43028eef440e1e5a1b9ca6882f02c4
[INFO] running `Command { std: "docker" "start" "-a" "35c37cb4db2552b94f6cf6cee9affc0a0a43028eef440e1e5a1b9ca6882f02c4", kill_on_drop: false }`
[INFO] running `Command { std: "docker" "inspect" "35c37cb4db2552b94f6cf6cee9affc0a0a43028eef440e1e5a1b9ca6882f02c4", kill_on_drop: false }`
[INFO] running `Command { std: "docker" "rm" "-f" "35c37cb4db2552b94f6cf6cee9affc0a0a43028eef440e1e5a1b9ca6882f02c4", kill_on_drop: false }`
[INFO] [stdout] 35c37cb4db2552b94f6cf6cee9affc0a0a43028eef440e1e5a1b9ca6882f02c4
[INFO] running `Command { std: "docker" "create" "-v" "/var/lib/crater-agent-workspace/builds/worker-1/target:/opt/rustwide/target:rw,Z" "-v" "/var/lib/crater-agent-workspace/builds/worker-1/source:/opt/rustwide/workdir:ro,Z" "-v" "/var/lib/crater-agent-workspace/cargo-home:/opt/rustwide/cargo-home:ro,Z" "-v" "/var/lib/crater-agent-workspace/rustup-home:/opt/rustwide/rustup-home:ro,Z" "-e" "SOURCE_DIR=/opt/rustwide/workdir" "-e" "CARGO_TARGET_DIR=/opt/rustwide/target" "-e" "CARGO_INCREMENTAL=0" "-e" "RUST_BACKTRACE=full" "-e" "RUSTFLAGS=--cap-lints=warn" "-e" "CARGO_HOME=/opt/rustwide/cargo-home" "-e" "RUSTUP_HOME=/opt/rustwide/rustup-home" "-w" "/opt/rustwide/workdir" "-m" "1610612736" "--user" "0:0" "--network" "none" "ghcr.io/rust-lang/crates-build-env/linux@sha256:34b6a614d2c27851fe6cbf88fbd1137609cefab8b10d0615aaeb6fd47975d74e" "/opt/rustwide/cargo-home/bin/cargo" "+1.54.0" "build" "--frozen" "--message-format=json", kill_on_drop: false }`
[INFO] [stdout] 940ce2c5f1f09e66688d4153c94a7280011588046935af142f1a223bcf47fa7d
[INFO] [stderr] WARNING: Your kernel does not support swap limit capabilities or the cgroup is not mounted. Memory limited without swap.
[INFO] running `Command { std: "docker" "start" "-a" "940ce2c5f1f09e66688d4153c94a7280011588046935af142f1a223bcf47fa7d", kill_on_drop: false }`
[INFO] [stderr]    Compiling ruma-identifiers-validation v0.4.0
[INFO] [stderr]    Compiling js_int v0.2.1
[INFO] [stderr]    Compiling serde_json v1.0.66
[INFO] [stderr]    Compiling proc-macro-crate v1.0.0
[INFO] [stderr]    Compiling ruma-identifiers-macros v0.19.4
[INFO] [stderr]    Compiling ruma-serde-macros v0.4.1
[INFO] [stderr]    Compiling ruma-serde v0.4.1
[INFO] [stderr]    Compiling ruma-identifiers v0.19.4 (/opt/rustwide/workdir)
[INFO] [stderr]     Finished dev [unoptimized + debuginfo] target(s) in 6.53s
[INFO] running `Command { std: "docker" "inspect" "940ce2c5f1f09e66688d4153c94a7280011588046935af142f1a223bcf47fa7d", kill_on_drop: false }`
[INFO] running `Command { std: "docker" "rm" "-f" "940ce2c5f1f09e66688d4153c94a7280011588046935af142f1a223bcf47fa7d", kill_on_drop: false }`
[INFO] [stdout] 940ce2c5f1f09e66688d4153c94a7280011588046935af142f1a223bcf47fa7d
[INFO] running `Command { std: "docker" "create" "-v" "/var/lib/crater-agent-workspace/builds/worker-1/target:/opt/rustwide/target:rw,Z" "-v" "/var/lib/crater-agent-workspace/builds/worker-1/source:/opt/rustwide/workdir:ro,Z" "-v" "/var/lib/crater-agent-workspace/cargo-home:/opt/rustwide/cargo-home:ro,Z" "-v" "/var/lib/crater-agent-workspace/rustup-home:/opt/rustwide/rustup-home:ro,Z" "-e" "SOURCE_DIR=/opt/rustwide/workdir" "-e" "CARGO_TARGET_DIR=/opt/rustwide/target" "-e" "CARGO_INCREMENTAL=0" "-e" "RUST_BACKTRACE=full" "-e" "RUSTFLAGS=--cap-lints=warn" "-e" "CARGO_HOME=/opt/rustwide/cargo-home" "-e" "RUSTUP_HOME=/opt/rustwide/rustup-home" "-w" "/opt/rustwide/workdir" "-m" "1610612736" "--user" "0:0" "--network" "none" "ghcr.io/rust-lang/crates-build-env/linux@sha256:34b6a614d2c27851fe6cbf88fbd1137609cefab8b10d0615aaeb6fd47975d74e" "/opt/rustwide/cargo-home/bin/cargo" "+1.54.0" "test" "--frozen" "--no-run" "--message-format=json", kill_on_drop: false }`
[INFO] [stderr] WARNING: Your kernel does not support swap limit capabilities or the cgroup is not mounted. Memory limited without swap.
[INFO] [stdout] 590fb627b481520369c991586fbe75d9db040ef72bf5b59de16952ffb50c8ea4
[INFO] running `Command { std: "docker" "start" "-a" "590fb627b481520369c991586fbe75d9db040ef72bf5b59de16952ffb50c8ea4", kill_on_drop: false }`
[INFO] [stderr]    Compiling trybuild v1.0.43
[INFO] [stderr]    Compiling ruma-identifiers v0.19.4 (/opt/rustwide/workdir)
[INFO] [stderr]     Finished test [unoptimized + debuginfo] target(s) in 4.99s
[INFO] running `Command { std: "docker" "inspect" "590fb627b481520369c991586fbe75d9db040ef72bf5b59de16952ffb50c8ea4", kill_on_drop: false }`
[INFO] running `Command { std: "docker" "rm" "-f" "590fb627b481520369c991586fbe75d9db040ef72bf5b59de16952ffb50c8ea4", kill_on_drop: false }`
[INFO] [stdout] 590fb627b481520369c991586fbe75d9db040ef72bf5b59de16952ffb50c8ea4
[INFO] running `Command { std: "docker" "create" "-v" "/var/lib/crater-agent-workspace/builds/worker-1/target:/opt/rustwide/target:rw,Z" "-v" "/var/lib/crater-agent-workspace/builds/worker-1/source:/opt/rustwide/workdir:ro,Z" "-v" "/var/lib/crater-agent-workspace/cargo-home:/opt/rustwide/cargo-home:ro,Z" "-v" "/var/lib/crater-agent-workspace/rustup-home:/opt/rustwide/rustup-home:ro,Z" "-e" "SOURCE_DIR=/opt/rustwide/workdir" "-e" "CARGO_TARGET_DIR=/opt/rustwide/target" "-e" "CARGO_INCREMENTAL=0" "-e" "RUST_BACKTRACE=full" "-e" "RUSTFLAGS=--cap-lints=warn" "-e" "CARGO_HOME=/opt/rustwide/cargo-home" "-e" "RUSTUP_HOME=/opt/rustwide/rustup-home" "-w" "/opt/rustwide/workdir" "-m" "1610612736" "--user" "0:0" "--network" "none" "ghcr.io/rust-lang/crates-build-env/linux@sha256:34b6a614d2c27851fe6cbf88fbd1137609cefab8b10d0615aaeb6fd47975d74e" "/opt/rustwide/cargo-home/bin/cargo" "+1.54.0" "test" "--frozen", kill_on_drop: false }`
[INFO] [stderr] WARNING: Your kernel does not support swap limit capabilities or the cgroup is not mounted. Memory limited without swap.
[INFO] [stdout] 0e8f762f24b9cd842b8c73c1862c812aa10d3ccd439636c57d28a619f7ed6686
[INFO] running `Command { std: "docker" "start" "-a" "0e8f762f24b9cd842b8c73c1862c812aa10d3ccd439636c57d28a619f7ed6686", kill_on_drop: false }`
[INFO] [stderr]     Finished test [unoptimized + debuginfo] target(s) in 0.03s
[INFO] [stderr]      Running unittests (/opt/rustwide/target/debug/deps/ruma_identifiers-81f6e20aa89cfa06)
[INFO] [stdout] 
[INFO] [stdout] running 101 tests
[INFO] [stdout] test device_key_id::tests::convert_device_key_id ... ok
[INFO] [stdout] test device_key_id::tests::serialize_device_key_id ... ok
[INFO] [stdout] test device_key_id::tests::valid_device_id ... ok
[INFO] [stdout] test device_key_id::tests::empty_device_id_ok ... ok
[INFO] [stdout] test device_key_id::tests::valid_key_algorithm ... ok
[INFO] [stdout] test event_id::tests::deserialize_valid_base64_event_id ... ok
[INFO] [stdout] test event_id::tests::deserialize_valid_original_event_id ... ok
[INFO] [stdout] test event_id::tests::deserialize_valid_url_safe_base64_event_id ... ok
[INFO] [stdout] test event_id::tests::missing_base64_event_id_sigil ... ok
[INFO] [stdout] test event_id::tests::missing_original_event_id_sigil ... ok
[INFO] [stdout] test event_id::tests::serialize_valid_base64_event_id ... ok
[INFO] [stdout] test event_id::tests::serialize_valid_url_safe_base64_event_id ... ok
[INFO] [stdout] test event_id::tests::valid_base64_event_id ... ok
[INFO] [stdout] test event_id::tests::valid_url_safe_base64_event_id ... ok
[INFO] [stdout] test event_id::tests::valid_original_event_id_with_explicit_standard_port ... ok
[INFO] [stdout] test mxc_uri::tests::deserialize_mxc_uri ... ok
[INFO] [stdout] test event_id::tests::invalid_event_id_port ... ok
[INFO] [stdout] test mxc_uri::tests::parse_mxc_uri ... ok
[INFO] [stdout] test event_id::tests::missing_url_safe_base64_event_id_sigil ... ok
[INFO] [stdout] test device_key_id::tests::missing_delimiter ... ok
[INFO] [stdout] test device_key_id::tests::deserialize_device_key_id ... ok
[INFO] [stdout] test event_id::tests::valid_original_event_id ... ok
[INFO] [stdout] test crypto_algorithms::tests::parse_device_key_algorithm ... ok
[INFO] [stdout] test device_key_id::tests::missing_key_algorithm ... ok
[INFO] [stdout] test event_id::tests::invalid_event_id_host ... ok
[INFO] [stdout] test event_id::tests::valid_original_event_id_with_non_standard_port ... ok
[INFO] [stdout] test event_id::tests::serialize_valid_original_event_id ... ok
[INFO] [stdout] test crypto_algorithms::tests::parse_signing_key_algorithm ... ok
[INFO] [stdout] test mxc_uri::tests::serialize_mxc_uri ... ok
[INFO] [stdout] test room_alias_id::tests::missing_room_alias_id_delimiter ... ok
[INFO] [stdout] test mxc_uri::tests::parse_mxc_uri_without_protocol ... ok
[INFO] [stdout] test room_alias_id::tests::serialize_valid_room_alias_id ... ok
[INFO] [stdout] test mxc_uri::tests::parse_mxc_uri_without_media_id ... ok
[INFO] [stdout] test room_id::tests::deserialize_valid_room_id ... ok
[INFO] [stdout] test room_alias_id::tests::invalid_room_alias_id_host ... ok
[INFO] [stdout] test room_alias_id::tests::empty_localpart ... ok
[INFO] [stdout] test room_alias_id::tests::missing_room_alias_id_sigil ... ok
[INFO] [stdout] test room_alias_id::tests::deserialize_valid_room_alias_id ... ok
[INFO] [stdout] test room_alias_id::tests::valid_room_alias_id ... ok
[INFO] [stdout] test room_alias_id::tests::invalid_room_alias_id_port ... ok
[INFO] [stdout] test room_alias_id::tests::valid_room_alias_id_with_non_standard_port ... ok
[INFO] [stdout] test room_alias_id::tests::valid_room_alias_id_with_explicit_standard_port ... ok
[INFO] [stdout] test room_alias_id::tests::invalid_leading_sigil ... ok
[INFO] [stdout] test room_id::tests::invalid_room_id_port ... ok
[INFO] [stdout] test crypto_algorithms::tests::event_encryption_algorithm_serde ... ok
[INFO] [stdout] test room_id::tests::missing_room_id_delimiter ... ok
[INFO] [stdout] test room_alias_id::tests::valid_room_alias_id_unicode ... ok
[INFO] [stdout] test room_id::tests::missing_room_id_sigil ... ok
[INFO] [stdout] test room_id_or_room_alias_id::tests::missing_sigil_for_room_id_or_alias_id ... ok
[INFO] [stdout] test room_id::tests::empty_localpart ... ok
[INFO] [stdout] test room_id::tests::valid_room_id ... ok
[INFO] [stdout] test room_id_or_room_alias_id::tests::serialize_valid_room_id_or_alias_id_with_a_room_id ... ok
[INFO] [stdout] test room_version_id::tests::deserialize_custom_room_id ... ok
[INFO] [stdout] test room_id::tests::invalid_room_id_host ... ok
[INFO] [stdout] test room_id::tests::valid_room_id_with_explicit_standard_port ... ok
[INFO] [stdout] test room_version_id::tests::deserialize_official_room_id ... ok
[INFO] [stdout] test room_id_or_room_alias_id::tests::valid_room_id_or_alias_id_with_a_room_alias_id ... ok
[INFO] [stdout] test room_id::tests::valid_room_id_with_non_standard_port ... ok
[INFO] [stdout] test room_id::tests::serialize_valid_room_id ... ok
[INFO] [stdout] test room_id_or_room_alias_id::tests::serialize_valid_room_id_or_alias_id_with_a_room_alias_id ... ok
[INFO] [stdout] test room_id_or_room_alias_id::tests::deserialize_valid_room_id_or_alias_id_with_a_room_alias_id ... ok
[INFO] [stdout] test room_id_or_room_alias_id::tests::deserialize_valid_room_id_or_alias_id_with_a_room_id ... ok
[INFO] [stdout] test room_id_or_room_alias_id::tests::valid_room_id_or_alias_id_with_a_room_id ... ok
[INFO] [stdout] test server_name::tests::dns_name_with_port ... ok
[INFO] [stdout] test server_name::tests::empty_string ... ok
[INFO] [stdout] test room_version_id::tests::valid_version_1_room_version_id ... ok
[INFO] [stdout] test room_version_id::tests::empty_room_version_id ... ok
[INFO] [stdout] test room_version_id::tests::over_max_code_point_room_version_id ... ok
[INFO] [stdout] test room_version_id::tests::valid_version_2_room_version_id ... ok
[INFO] [stdout] test server_name::tests::invalid_ipv6 ... ok
[INFO] [stdout] test room_version_id::tests::valid_version_5_room_version_id ... ok
[INFO] [stdout] test room_version_id::tests::valid_version_4_room_version_id ... ok
[INFO] [stdout] test server_name::tests::dns_name_with_invalid_port ... ok
[INFO] [stdout] test room_version_id::tests::valid_version_6_room_version_id ... ok
[INFO] [stdout] test room_version_id::tests::valid_version_3_room_version_id ... ok
[INFO] [stdout] test room_version_id::tests::serialize_custom_room_id ... ok
[INFO] [stdout] test server_name::tests::ipv4_host ... ok
[INFO] [stdout] test room_version_id::tests::serialize_official_room_id ... ok
[INFO] [stdout] test server_name::tests::ipv6 ... ok
[INFO] [stdout] test server_name::tests::dns_name ... ok
[INFO] [stdout] test server_name::tests::ipv6_with_invalid_port ... ok
[INFO] [stdout] test room_version_id::tests::valid_custom_room_version_id ... ok
[INFO] [stdout] test user_id::tests::missing_user_id_sigil ... ok
[INFO] [stdout] test server_name::tests::ipv4_with_invalid_port ... ok
[INFO] [stdout] test server_name::tests::ipv4_host_and_port ... ok
[INFO] [stdout] test user_id::tests::serialize_valid_user_id ... ok
[INFO] [stdout] test user_id::tests::uppercase_user_id ... ok
[INFO] [stdout] test user_id::tests::valid_user_id_from_str ... ok
[INFO] [stdout] test user_id::tests::valid_user_id_with_explicit_standard_port ... ok
[INFO] [stdout] test user_id::tests::parse_valid_historical_user_id ... ok
[INFO] [stdout] test user_id::tests::valid_user_id_with_non_standard_port ... ok
[INFO] [stdout] test user_id::tests::deserialize_valid_user_id ... ok
[INFO] [stdout] test user_id::tests::missing_user_id_delimiter ... ok
[INFO] [stdout] test user_id::tests::valid_historical_user_id ... ok
[INFO] [stdout] test server_name::tests::ipv6_with_port ... ok
[INFO] [stdout] test user_id::tests::invalid_user_id_port ... ok
[INFO] [stdout] test user_id::tests::invalid_user_id_host ... ok
[INFO] [stdout] test user_id::tests::invalid_characters_in_user_id_localpart ... ok
[INFO] [stdout] test user_id::tests::parse_valid_historical_user_id_parts ... ok
[INFO] [stdout] test user_id::tests::parse_valid_user_id ... ok
[INFO] [stdout] test user_id::tests::parse_valid_user_id_parts ... ok
[INFO] [stdout] 
[INFO] [stdout] test result: ok. 101 passed; 0 failed; 0 ignored; 0 measured; 0 filtered out; finished in 0.02s
[INFO] [stdout] 
[INFO] [stderr]      Running tests/id-macros.rs (/opt/rustwide/target/debug/deps/id_macros-085407a14056e59b)
[INFO] [stdout] 
[INFO] [stdout] running 1 test
[INFO] [stderr]    Compiling serde_derive v1.0.127
[INFO] [stderr]    Compiling ryu v1.0.5
[INFO] [stderr]    Compiling serde_json v1.0.66
[INFO] [stderr]    Compiling itoa v0.4.7
[INFO] [stderr]    Compiling percent-encoding v2.1.0
[INFO] [stderr]    Compiling ruma-identifiers-validation v0.4.0
[INFO] [stderr]    Compiling paste v1.0.5
[INFO] [stderr]    Compiling serde v1.0.127
[INFO] [stderr]    Compiling thiserror-impl v1.0.26
[INFO] [stderr]    Compiling form_urlencoded v1.0.1
[INFO] [stderr]    Compiling ruma-identifiers-macros v0.19.4
[INFO] [stderr]    Compiling thiserror v1.0.26
[INFO] [stderr]    Compiling js_int v0.2.1
[INFO] [stderr]    Compiling toml v0.5.8
[INFO] [stderr]    Compiling proc-macro-crate v1.0.0
[INFO] [stderr]    Compiling ruma-serde-macros v0.4.1
[INFO] [stderr]    Compiling ruma-serde v0.4.1
[INFO] [stderr]    Compiling ruma-identifiers v0.19.4 (/opt/rustwide/workdir)
[INFO] [stderr]    Compiling ruma-identifiers-tests v0.0.0 (/opt/rustwide/target/tests/ruma-identifiers)
[INFO] [stderr]     Finished dev [unoptimized + debuginfo] target(s) in 23.15s
[INFO] [stderr] 
[INFO] [stderr] 
[INFO] [stderr] test 01-valid-id-macros.rs [should pass] ... ok
[INFO] [stderr] test 02-invalid-id-macros.rs [should fail to compile] ... mismatch
[INFO] [stderr] 
[INFO] [stderr] EXPECTED:
[INFO] [stderr] ┈┈┈┈┈┈┈┈┈┈┈┈┈┈┈┈┈┈┈┈┈┈┈┈┈┈┈┈┈┈┈┈┈┈┈┈┈┈┈┈┈┈┈┈┈┈┈┈┈┈┈┈┈┈┈┈┈┈┈┈
[INFO] [stderr] error: proc macro panicked
[INFO] [stderr]  --> $DIR/02-invalid-id-macros.rs:2:13
[INFO] [stderr]   |
[INFO] [stderr] 2 |     let _ = ruma_identifiers::event_id!("39hvsi03hlne:example.com");
[INFO] [stderr]   |             ^^^^^^^^^^^^^^^^^^^^^^^^^^^^^^^^^^^^^^^^^^^^^^^^^^^^^^^
[INFO] [stderr]   |
[INFO] [stderr]   = help: message: Invalid event id
[INFO] [stderr]   = note: this error originates in a macro (in Nightly builds, run with -Z macro-backtrace for more info)
[INFO] [stderr] 
[INFO] [stderr] error: proc macro panicked
[INFO] [stderr]  --> $DIR/02-invalid-id-macros.rs:3:13
[INFO] [stderr]   |
[INFO] [stderr] 3 |     let _ = ruma_identifiers::event_id!("acR1l0raoZnm60CBwAVgqbZqoO/mYU81xysh1u7XcJk");
[INFO] [stderr]   |             ^^^^^^^^^^^^^^^^^^^^^^^^^^^^^^^^^^^^^^^^^^^^^^^^^^^^^^^^^^^^^^^^^^^^^^^^^^
[INFO] [stderr]   |
[INFO] [stderr]   = help: message: Invalid event id
[INFO] [stderr]   = note: this error originates in a macro (in Nightly builds, run with -Z macro-backtrace for more info)
[INFO] [stderr] 
[INFO] [stderr] error: proc macro panicked
[INFO] [stderr]  --> $DIR/02-invalid-id-macros.rs:4:13
[INFO] [stderr]   |
[INFO] [stderr] 4 |     let _ = ruma_identifiers::mxc_uri!("");
[INFO] [stderr]   |             ^^^^^^^^^^^^^^^^^^^^^^^^^^^^^^
[INFO] [stderr]   |
[INFO] [stderr]   = help: message: Invalid mxc://
[INFO] [stderr]   = note: this error originates in a macro (in Nightly builds, run with -Z macro-backtrace for more info)
[INFO] [stderr] 
[INFO] [stderr] error: proc macro panicked
[INFO] [stderr]  --> $DIR/02-invalid-id-macros.rs:5:13
[INFO] [stderr]   |
[INFO] [stderr] 5 |     let _ = ruma_identifiers::room_alias_id!("alias:server.tld");
[INFO] [stderr]   |             ^^^^^^^^^^^^^^^^^^^^^^^^^^^^^^^^^^^^^^^^^^^^^^^^^^^^
[INFO] [stderr]   |
[INFO] [stderr]   = help: message: Invalid room_alias_id
[INFO] [stderr]   = note: this error originates in a macro (in Nightly builds, run with -Z macro-backtrace for more info)
[INFO] [stderr] 
[INFO] [stderr] error: proc macro panicked
[INFO] [stderr]  --> $DIR/02-invalid-id-macros.rs:6:13
[INFO] [stderr]   |
[INFO] [stderr] 6 |     let _ = ruma_identifiers::room_id!("1234567890:matrix.org");
[INFO] [stderr]   |             ^^^^^^^^^^^^^^^^^^^^^^^^^^^^^^^^^^^^^^^^^^^^^^^^^^^
[INFO] [stderr]   |
[INFO] [stderr]   = help: message: Invalid room_id
[INFO] [stderr]   = note: this error originates in a macro (in Nightly builds, run with -Z macro-backtrace for more info)
[INFO] [stderr] 
[INFO] [stderr] error: proc macro panicked
[INFO] [stderr]  --> $DIR/02-invalid-id-macros.rs:7:13
[INFO] [stderr]   |
[INFO] [stderr] 7 |     let _ = ruma_identifiers::room_version_id!("");
[INFO] [stderr]   |             ^^^^^^^^^^^^^^^^^^^^^^^^^^^^^^^^^^^^^^
[INFO] [stderr]   |
[INFO] [stderr]   = help: message: Invalid room_version_id
[INFO] [stderr]   = note: this error originates in a macro (in Nightly builds, run with -Z macro-backtrace for more info)
[INFO] [stderr] 
[INFO] [stderr] error: proc macro panicked
[INFO] [stderr]  --> $DIR/02-invalid-id-macros.rs:8:13
[INFO] [stderr]   |
[INFO] [stderr] 8 |     let _ = ruma_identifiers::server_name!("");
[INFO] [stderr]   |             ^^^^^^^^^^^^^^^^^^^^^^^^^^^^^^^^^^
[INFO] [stderr]   |
[INFO] [stderr]   = help: message: Invalid server_name
[INFO] [stderr]   = note: this error originates in a macro (in Nightly builds, run with -Z macro-backtrace for more info)
[INFO] [stderr] 
[INFO] [stderr] error: proc macro panicked
[INFO] [stderr]  --> $DIR/02-invalid-id-macros.rs:9:13
[INFO] [stderr]   |
[INFO] [stderr] 9 |     let _ = ruma_identifiers::user_id!("user:ruma.io");
[INFO] [stderr]   |             ^^^^^^^^^^^^^^^^^^^^^^^^^^^^^^^^^^^^^^^^^^
[INFO] [stderr]   |
[INFO] [stderr]   = help: message: Invalid user_id
[INFO] [stderr]   = note: this error originates in a macro (in Nightly builds, run with -Z macro-backtrace for more info)
[INFO] [stderr] ┈┈┈┈┈┈┈┈┈┈┈┈┈┈┈┈┈┈┈┈┈┈┈┈┈┈┈┈┈┈┈┈┈┈┈┈┈┈┈┈┈┈┈┈┈┈┈┈┈┈┈┈┈┈┈┈┈┈┈┈
[INFO] [stderr] 
[INFO] [stderr] ACTUAL OUTPUT:
[INFO] [stderr] ┈┈┈┈┈┈┈┈┈┈┈┈┈┈┈┈┈┈┈┈┈┈┈┈┈┈┈┈┈┈┈┈┈┈┈┈┈┈┈┈┈┈┈┈┈┈┈┈┈┈┈┈┈┈┈┈┈┈┈┈
[INFO] [stderr] error: proc macro panicked
[INFO] [stderr]  --> $DIR/02-invalid-id-macros.rs:2:13
[INFO] [stderr]   |
[INFO] [stderr] 2 |     let _ = ruma_identifiers::event_id!("39hvsi03hlne:example.com");
[INFO] [stderr]   |             ^^^^^^^^^^^^^^^^^^^^^^^^^^^^^^^^^^^^^^^^^^^^^^^^^^^^^^^
[INFO] [stderr]   |
[INFO] [stderr]   = help: message: Invalid event id
[INFO] [stderr]   = note: this error originates in the macro `ruma_identifiers::event_id` (in Nightly builds, run with -Z macro-backtrace for more info)
[INFO] [stderr] 
[INFO] [stderr] error: proc macro panicked
[INFO] [stderr]  --> $DIR/02-invalid-id-macros.rs:3:13
[INFO] [stderr]   |
[INFO] [stderr] 3 |     let _ = ruma_identifiers::event_id!("acR1l0raoZnm60CBwAVgqbZqoO/mYU81xysh1u7XcJk");
[INFO] [stderr]   |             ^^^^^^^^^^^^^^^^^^^^^^^^^^^^^^^^^^^^^^^^^^^^^^^^^^^^^^^^^^^^^^^^^^^^^^^^^^
[INFO] [stderr]   |
[INFO] [stderr]   = help: message: Invalid event id
[INFO] [stderr]   = note: this error originates in the macro `ruma_identifiers::event_id` (in Nightly builds, run with -Z macro-backtrace for more info)
[INFO] [stderr] 
[INFO] [stderr] error: proc macro panicked
[INFO] [stderr]  --> $DIR/02-invalid-id-macros.rs:4:13
[INFO] [stderr]   |
[INFO] [stderr] 4 |     let _ = ruma_identifiers::mxc_uri!("");
[INFO] [stderr]   |             ^^^^^^^^^^^^^^^^^^^^^^^^^^^^^^
[INFO] [stderr]   |
[INFO] [stderr]   = help: message: Invalid mxc://
[INFO] [stderr]   = note: this error originates in the macro `ruma_identifiers::mxc_uri` (in Nightly builds, run with -Z macro-backtrace for more info)
[INFO] [stderr] 
[INFO] [stderr] error: proc macro panicked
[INFO] [stderr]  --> $DIR/02-invalid-id-macros.rs:5:13
[INFO] [stderr]   |
[INFO] [stderr] 5 |     let _ = ruma_identifiers::room_alias_id!("alias:server.tld");
[INFO] [stderr]   |             ^^^^^^^^^^^^^^^^^^^^^^^^^^^^^^^^^^^^^^^^^^^^^^^^^^^^
[INFO] [stderr]   |
[INFO] [stderr]   = help: message: Invalid room_alias_id
[INFO] [stderr]   = note: this error originates in the macro `ruma_identifiers::room_alias_id` (in Nightly builds, run with -Z macro-backtrace for more info)
[INFO] [stderr] 
[INFO] [stderr] error: proc macro panicked
[INFO] [stderr]  --> $DIR/02-invalid-id-macros.rs:6:13
[INFO] [stderr]   |
[INFO] [stderr] 6 |     let _ = ruma_identifiers::room_id!("1234567890:matrix.org");
[INFO] [stderr]   |             ^^^^^^^^^^^^^^^^^^^^^^^^^^^^^^^^^^^^^^^^^^^^^^^^^^^
[INFO] [stderr]   |
[INFO] [stderr]   = help: message: Invalid room_id
[INFO] [stderr]   = note: this error originates in the macro `ruma_identifiers::room_id` (in Nightly builds, run with -Z macro-backtrace for more info)
[INFO] [stderr] 
[INFO] [stderr] error: proc macro panicked
[INFO] [stderr]  --> $DIR/02-invalid-id-macros.rs:7:13
[INFO] [stderr]   |
[INFO] [stderr] 7 |     let _ = ruma_identifiers::room_version_id!("");
[INFO] [stderr]   |             ^^^^^^^^^^^^^^^^^^^^^^^^^^^^^^^^^^^^^^
[INFO] [stderr]   |
[INFO] [stderr]   = help: message: Invalid room_version_id
[INFO] [stderr]   = note: this error originates in the macro `ruma_identifiers::room_version_id` (in Nightly builds, run with -Z macro-backtrace for more info)
[INFO] [stderr] 
[INFO] [stderr] error: proc macro panicked
[INFO] [stderr]  --> $DIR/02-invalid-id-macros.rs:8:13
[INFO] [stderr]   |
[INFO] [stderr] 8 |     let _ = ruma_identifiers::server_name!("");
[INFO] [stderr]   |             ^^^^^^^^^^^^^^^^^^^^^^^^^^^^^^^^^^
[INFO] [stderr]   |
[INFO] [stderr]   = help: message: Invalid server_name
[INFO] [stderr]   = note: this error originates in the macro `ruma_identifiers::server_name` (in Nightly builds, run with -Z macro-backtrace for more info)
[INFO] [stderr] 
[INFO] [stderr] error: proc macro panicked
[INFO] [stderr]  --> $DIR/02-invalid-id-macros.rs:9:13
[INFO] [stderr]   |
[INFO] [stderr] 9 |     let _ = ruma_identifiers::user_id!("user:ruma.io");
[INFO] [stderr]   |             ^^^^^^^^^^^^^^^^^^^^^^^^^^^^^^^^^^^^^^^^^^
[INFO] [stderr]   |
[INFO] [stderr]   = help: message: Invalid user_id
[INFO] [stderr]   = note: this error originates in the macro `ruma_identifiers::user_id` (in Nightly builds, run with -Z macro-backtrace for more info)
[INFO] [stderr] ┈┈┈┈┈┈┈┈┈┈┈┈┈┈┈┈┈┈┈┈┈┈┈┈┈┈┈┈┈┈┈┈┈┈┈┈┈┈┈┈┈┈┈┈┈┈┈┈┈┈┈┈┈┈┈┈┈┈┈┈
[INFO] [stderr] note: If the actual output is the correct output you can bless it by rerunning
[INFO] [stderr]       your test with the environment variable TRYBUILD=overwrite
[INFO] [stderr] 
[INFO] [stderr] 
[INFO] [stderr] 
[INFO] [stdout] test ui ... FAILED
[INFO] [stdout] 
[INFO] [stdout] failures:
[INFO] [stdout] 
[INFO] [stdout] ---- ui stdout ----
[INFO] [stdout] thread 'ui' panicked at '1 of 2 tests failed', /opt/rustwide/cargo-home/registry/src/github.com-1ecc6299db9ec823/trybuild-1.0.43/src/run.rs:73:13
[INFO] [stdout] stack backtrace:
[INFO] [stdout]    0:     0x5650c1dac860 - std::backtrace_rs::backtrace::libunwind::trace::h34055254b57d8e79
[INFO] [stdout]                                at /rustc/a178d0322ce20e33eac124758e837cbd80a6f633/library/std/src/../../backtrace/src/backtrace/libunwind.rs:90:5
[INFO] [stdout]    1:     0x5650c1dac860 - std::backtrace_rs::backtrace::trace_unsynchronized::h8f1e3fbd9afff6ec
[INFO] [stdout]                                at /rustc/a178d0322ce20e33eac124758e837cbd80a6f633/library/std/src/../../backtrace/src/backtrace/mod.rs:66:5
[INFO] [stdout]    2:     0x5650c1dac860 - std::sys_common::backtrace::_print_fmt::h3a99a796b770c360
[INFO] [stdout]                                at /rustc/a178d0322ce20e33eac124758e837cbd80a6f633/library/std/src/sys_common/backtrace.rs:67:5
[INFO] [stdout]    3:     0x5650c1dac860 - <std::sys_common::backtrace::_print::DisplayBacktrace as core::fmt::Display>::fmt::h32d1f94a80615d18
[INFO] [stdout]                                at /rustc/a178d0322ce20e33eac124758e837cbd80a6f633/library/std/src/sys_common/backtrace.rs:46:22
[INFO] [stdout]    4:     0x5650c1dd1d9c - core::fmt::write::h306731c068f7162c
[INFO] [stdout]                                at /rustc/a178d0322ce20e33eac124758e837cbd80a6f633/library/core/src/fmt/mod.rs:1110:17
[INFO] [stdout]    5:     0x5650c1da8c85 - std::io::Write::write_fmt::h87f19b0a2cd190bc
[INFO] [stdout]                                at /rustc/a178d0322ce20e33eac124758e837cbd80a6f633/library/std/src/io/mod.rs:1588:15
[INFO] [stdout]    6:     0x5650c1daeb7b - std::sys_common::backtrace::_print::h5abaa2601a852287
[INFO] [stdout]                                at /rustc/a178d0322ce20e33eac124758e837cbd80a6f633/library/std/src/sys_common/backtrace.rs:49:5
[INFO] [stdout]    7:     0x5650c1daeb7b - std::sys_common::backtrace::print::h8d81445442bb638f
[INFO] [stdout]                                at /rustc/a178d0322ce20e33eac124758e837cbd80a6f633/library/std/src/sys_common/backtrace.rs:36:9
[INFO] [stdout]    8:     0x5650c1daeb7b - std::panicking::default_hook::{{closure}}::hcfe804496a9fa747
[INFO] [stdout]                                at /rustc/a178d0322ce20e33eac124758e837cbd80a6f633/library/std/src/panicking.rs:208:50
[INFO] [stdout]    9:     0x5650c1dae68c - std::panicking::default_hook::hbea8e3ccf2ba8901
[INFO] [stdout]                                at /rustc/a178d0322ce20e33eac124758e837cbd80a6f633/library/std/src/panicking.rs:222:9
[INFO] [stdout]   10:     0x5650c1daf244 - std::panicking::rust_panic_with_hook::h7ee9e1a2d0f8975a
[INFO] [stdout]                                at /rustc/a178d0322ce20e33eac124758e837cbd80a6f633/library/std/src/panicking.rs:622:17
[INFO] [stdout]   11:     0x5650c1daed27 - std::panicking::begin_panic_handler::{{closure}}::h8ab3b4491718b2c7
[INFO] [stdout]                                at /rustc/a178d0322ce20e33eac124758e837cbd80a6f633/library/std/src/panicking.rs:519:13
[INFO] [stdout]   12:     0x5650c1dacd5c - std::sys_common::backtrace::__rust_end_short_backtrace::hd489062ffa586a9f
[INFO] [stdout]                                at /rustc/a178d0322ce20e33eac124758e837cbd80a6f633/library/std/src/sys_common/backtrace.rs:141:18
[INFO] [stdout]   13:     0x5650c1daec89 - rust_begin_unwind
[INFO] [stdout]                                at /rustc/a178d0322ce20e33eac124758e837cbd80a6f633/library/std/src/panicking.rs:515:5
[INFO] [stdout]   14:     0x5650c1b4cf9b - std::panicking::begin_panic_fmt::h5479575e112541f8
[INFO] [stdout]                                at /rustc/a178d0322ce20e33eac124758e837cbd80a6f633/library/std/src/panicking.rs:457:5
[INFO] [stdout]   15:     0x5650c1b82802 - trybuild::run::<impl trybuild::Runner>::run::ha1a55b987de40a10
[INFO] [stdout]                                at /opt/rustwide/cargo-home/registry/src/github.com-1ecc6299db9ec823/trybuild-1.0.43/src/run.rs:73:13
[INFO] [stdout]   16:     0x5650c1b87472 - <trybuild::TestCases as core::ops::drop::Drop>::drop::hdce85360fec393c4
[INFO] [stdout]                                at /opt/rustwide/cargo-home/registry/src/github.com-1ecc6299db9ec823/trybuild-1.0.43/src/lib.rs:306:13
[INFO] [stdout]   17:     0x5650c1b4ee27 - core::ptr::drop_in_place<trybuild::TestCases>::h3d0776457d69b714
[INFO] [stdout]                                at /rustc/a178d0322ce20e33eac124758e837cbd80a6f633/library/core/src/ptr/mod.rs:192:1
[INFO] [stdout]   18:     0x5650c1b4ef65 - id_macros::ui::hadbb243a1f168fcc
[INFO] [stdout]                                at /opt/rustwide/workdir/tests/id-macros.rs:6:1
[INFO] [stdout]   19:     0x5650c1b4eeea - id_macros::ui::{{closure}}::h361808a9bfec360e
[INFO] [stdout]                                at /opt/rustwide/workdir/tests/id-macros.rs:2:1
[INFO] [stdout]   20:     0x5650c1b4edce - core::ops::function::FnOnce::call_once::hfee286204a30b76d
[INFO] [stdout]                                at /rustc/a178d0322ce20e33eac124758e837cbd80a6f633/library/core/src/ops/function.rs:227:5
[INFO] [stdout]   21:     0x5650c1d81de3 - core::ops::function::FnOnce::call_once::h152e7e439ff59e19
[INFO] [stdout]                                at /rustc/a178d0322ce20e33eac124758e837cbd80a6f633/library/core/src/ops/function.rs:227:5
[INFO] [stdout]   22:     0x5650c1d81de3 - test::__rust_begin_short_backtrace::h0908f3b1fdbb72ab
[INFO] [stdout]                                at /rustc/a178d0322ce20e33eac124758e837cbd80a6f633/library/test/src/lib.rs:577:5
[INFO] [stdout]   23:     0x5650c1d808a0 - <alloc::boxed::Box<F,A> as core::ops::function::FnOnce<Args>>::call_once::hf6d2a51e5587546c
[INFO] [stdout]                                at /rustc/a178d0322ce20e33eac124758e837cbd80a6f633/library/alloc/src/boxed.rs:1575:9
[INFO] [stdout]   24:     0x5650c1d808a0 - <std::panic::AssertUnwindSafe<F> as core::ops::function::FnOnce<()>>::call_once::h8af660f3a89ef593
[INFO] [stdout]                                at /rustc/a178d0322ce20e33eac124758e837cbd80a6f633/library/std/src/panic.rs:347:9
[INFO] [stdout]   25:     0x5650c1d808a0 - std::panicking::try::do_call::hd36aef60f84b6d36
[INFO] [stdout]                                at /rustc/a178d0322ce20e33eac124758e837cbd80a6f633/library/std/src/panicking.rs:401:40
[INFO] [stdout]   26:     0x5650c1d808a0 - std::panicking::try::h9932b4480e69817c
[INFO] [stdout]                                at /rustc/a178d0322ce20e33eac124758e837cbd80a6f633/library/std/src/panicking.rs:365:19
[INFO] [stdout]   27:     0x5650c1d808a0 - std::panic::catch_unwind::h6aa177099cfff5f8
[INFO] [stdout]                                at /rustc/a178d0322ce20e33eac124758e837cbd80a6f633/library/std/src/panic.rs:434:14
[INFO] [stdout]   28:     0x5650c1d808a0 - test::run_test_in_process::h5884d6f2d99e20c3
[INFO] [stdout]                                at /rustc/a178d0322ce20e33eac124758e837cbd80a6f633/library/test/src/lib.rs:600:18
[INFO] [stdout]   29:     0x5650c1d808a0 - test::run_test::run_test_inner::{{closure}}::h6fdc58c6d5f5b6e3
[INFO] [stdout]                                at /rustc/a178d0322ce20e33eac124758e837cbd80a6f633/library/test/src/lib.rs:492:39
[INFO] [stdout]   30:     0x5650c1d59f52 - test::run_test::run_test_inner::{{closure}}::h408365d67a78ade8
[INFO] [stdout]                                at /rustc/a178d0322ce20e33eac124758e837cbd80a6f633/library/test/src/lib.rs:519:37
[INFO] [stdout]   31:     0x5650c1d59f52 - std::sys_common::backtrace::__rust_begin_short_backtrace::hb560b77c4f701523
[INFO] [stdout]                                at /rustc/a178d0322ce20e33eac124758e837cbd80a6f633/library/std/src/sys_common/backtrace.rs:125:18
[INFO] [stdout]   32:     0x5650c1d5db08 - std::thread::Builder::spawn_unchecked::{{closure}}::{{closure}}::hf2e7831dad93c597
[INFO] [stdout]                                at /rustc/a178d0322ce20e33eac124758e837cbd80a6f633/library/std/src/thread/mod.rs:481:17
[INFO] [stdout]   33:     0x5650c1d5db08 - <std::panic::AssertUnwindSafe<F> as core::ops::function::FnOnce<()>>::call_once::hd2e08783d8be4d02
[INFO] [stdout]                                at /rustc/a178d0322ce20e33eac124758e837cbd80a6f633/library/std/src/panic.rs:347:9
[INFO] [stdout]   34:     0x5650c1d5db08 - std::panicking::try::do_call::h062597b7acfd6b82
[INFO] [stdout]                                at /rustc/a178d0322ce20e33eac124758e837cbd80a6f633/library/std/src/panicking.rs:401:40
[INFO] [stdout]   35:     0x5650c1d5db08 - std::panicking::try::h0d7b79db04c14552
[INFO] [stdout]                                at /rustc/a178d0322ce20e33eac124758e837cbd80a6f633/library/std/src/panicking.rs:365:19
[INFO] [stdout]   36:     0x5650c1d5db08 - std::panic::catch_unwind::hb01a0b5e7c8cd43b
[INFO] [stdout]                                at /rustc/a178d0322ce20e33eac124758e837cbd80a6f633/library/std/src/panic.rs:434:14
[INFO] [stdout]   37:     0x5650c1d5db08 - std::thread::Builder::spawn_unchecked::{{closure}}::h5bde48cc887e0d1e
[INFO] [stdout]                                at /rustc/a178d0322ce20e33eac124758e837cbd80a6f633/library/std/src/thread/mod.rs:480:30
[INFO] [stdout]   38:     0x5650c1d5db08 - core::ops::function::FnOnce::call_once{{vtable.shim}}::h745ea30807a29e55
[INFO] [stdout]                                at /rustc/a178d0322ce20e33eac124758e837cbd80a6f633/library/core/src/ops/function.rs:227:5
[INFO] [stdout]   39:     0x5650c1db5207 - <alloc::boxed::Box<F,A> as core::ops::function::FnOnce<Args>>::call_once::h7ece6cfefaff1005
[INFO] [stdout]                                at /rustc/a178d0322ce20e33eac124758e837cbd80a6f633/library/alloc/src/boxed.rs:1575:9
[INFO] [stdout]   40:     0x5650c1db5207 - <alloc::boxed::Box<F,A> as core::ops::function::FnOnce<Args>>::call_once::hb8b48e55c21f193e
[INFO] [stdout]                                at /rustc/a178d0322ce20e33eac124758e837cbd80a6f633/library/alloc/src/boxed.rs:1575:9
[INFO] [stdout]   41:     0x5650c1db5207 - std::sys::unix::thread::Thread::new::thread_start::h8c7c4450dba62914
[INFO] [stdout]                                at /rustc/a178d0322ce20e33eac124758e837cbd80a6f633/library/std/src/sys/unix/thread.rs:71:17
[INFO] [stdout]   42:     0x7f427fc31609 - start_thread
[INFO] [stdout]   43:     0x7f427fa03293 - clone
[INFO] [stdout]   44:                0x0 - <unknown>
[INFO] [stdout] 
[INFO] [stdout] 
[INFO] [stdout] failures:
[INFO] [stdout]     ui
[INFO] [stdout] 
[INFO] [stdout] test result: FAILED. 0 passed; 1 failed; 0 ignored; 0 measured; 0 filtered out; finished in 24.75s
[INFO] [stdout] 
[INFO] [stderr] error: test failed, to rerun pass '--test id-macros'
[INFO] running `Command { std: "docker" "inspect" "0e8f762f24b9cd842b8c73c1862c812aa10d3ccd439636c57d28a619f7ed6686", kill_on_drop: false }`
[INFO] running `Command { std: "docker" "rm" "-f" "0e8f762f24b9cd842b8c73c1862c812aa10d3ccd439636c57d28a619f7ed6686", kill_on_drop: false }`
[INFO] [stdout] 0e8f762f24b9cd842b8c73c1862c812aa10d3ccd439636c57d28a619f7ed6686
