[INFO] fetching crate ructe 0.13.4...
[INFO] testing ructe-0.13.4 against beta-2021-08-01 for beta-1.55-1
[INFO] extracting crate ructe 0.13.4 into /workspace/builds/worker-5/source
[INFO] validating manifest of crates.io crate ructe 0.13.4 on toolchain beta-2021-08-01
[INFO] running `Command { std: "/workspace/cargo-home/bin/cargo" "+beta-2021-08-01" "metadata" "--manifest-path" "Cargo.toml" "--no-deps", kill_on_drop: false }`
[INFO] started tweaking crates.io crate ructe 0.13.4
[INFO] finished tweaking crates.io crate ructe 0.13.4
[INFO] tweaked toml for crates.io crate ructe 0.13.4 written to /workspace/builds/worker-5/source/Cargo.toml
[INFO] running `Command { std: "/workspace/cargo-home/bin/cargo" "+beta-2021-08-01" "generate-lockfile" "--manifest-path" "Cargo.toml" "-Zno-index-update", kill_on_drop: false }`
[INFO] running `Command { std: "/workspace/cargo-home/bin/cargo" "+beta-2021-08-01" "fetch" "--manifest-path" "Cargo.toml", kill_on_drop: false }`
[INFO] [stderr]  Downloading crates ...
[INFO] [stderr]   Downloaded bytecount v0.6.2
[INFO] [stderr]   Downloaded nom_locate v3.0.2
[INFO] [stderr]   Downloaded rsass v0.22.2
[INFO] running `Command { std: "docker" "create" "-v" "/var/lib/crater-agent-workspace/builds/worker-5/target:/opt/rustwide/target:rw,Z" "-v" "/var/lib/crater-agent-workspace/builds/worker-5/source:/opt/rustwide/workdir:ro,Z" "-v" "/var/lib/crater-agent-workspace/cargo-home:/opt/rustwide/cargo-home:ro,Z" "-v" "/var/lib/crater-agent-workspace/rustup-home:/opt/rustwide/rustup-home:ro,Z" "-e" "SOURCE_DIR=/opt/rustwide/workdir" "-e" "CARGO_TARGET_DIR=/opt/rustwide/target" "-e" "CARGO_HOME=/opt/rustwide/cargo-home" "-e" "RUSTUP_HOME=/opt/rustwide/rustup-home" "-w" "/opt/rustwide/workdir" "-m" "1610612736" "--user" "0:0" "--network" "none" "ghcr.io/rust-lang/crates-build-env/linux@sha256:34b6a614d2c27851fe6cbf88fbd1137609cefab8b10d0615aaeb6fd47975d74e" "/opt/rustwide/cargo-home/bin/cargo" "+beta-2021-08-01" "metadata" "--no-deps" "--format-version=1", kill_on_drop: false }`
[INFO] [stdout] 19a7efdef1ee0b3ea39d09933b657064d9178b3a9e2c43f3041a063b9f02a980
[INFO] [stderr] WARNING: Your kernel does not support swap limit capabilities or the cgroup is not mounted. Memory limited without swap.
[INFO] running `Command { std: "docker" "start" "-a" "19a7efdef1ee0b3ea39d09933b657064d9178b3a9e2c43f3041a063b9f02a980", kill_on_drop: false }`
[INFO] running `Command { std: "docker" "inspect" "19a7efdef1ee0b3ea39d09933b657064d9178b3a9e2c43f3041a063b9f02a980", kill_on_drop: false }`
[INFO] running `Command { std: "docker" "rm" "-f" "19a7efdef1ee0b3ea39d09933b657064d9178b3a9e2c43f3041a063b9f02a980", kill_on_drop: false }`
[INFO] [stdout] 19a7efdef1ee0b3ea39d09933b657064d9178b3a9e2c43f3041a063b9f02a980
[INFO] running `Command { std: "docker" "create" "-v" "/var/lib/crater-agent-workspace/builds/worker-5/target:/opt/rustwide/target:rw,Z" "-v" "/var/lib/crater-agent-workspace/builds/worker-5/source:/opt/rustwide/workdir:ro,Z" "-v" "/var/lib/crater-agent-workspace/cargo-home:/opt/rustwide/cargo-home:ro,Z" "-v" "/var/lib/crater-agent-workspace/rustup-home:/opt/rustwide/rustup-home:ro,Z" "-e" "SOURCE_DIR=/opt/rustwide/workdir" "-e" "CARGO_TARGET_DIR=/opt/rustwide/target" "-e" "CARGO_INCREMENTAL=0" "-e" "RUST_BACKTRACE=full" "-e" "RUSTFLAGS=--cap-lints=warn" "-e" "CARGO_HOME=/opt/rustwide/cargo-home" "-e" "RUSTUP_HOME=/opt/rustwide/rustup-home" "-w" "/opt/rustwide/workdir" "-m" "1610612736" "--user" "0:0" "--network" "none" "ghcr.io/rust-lang/crates-build-env/linux@sha256:34b6a614d2c27851fe6cbf88fbd1137609cefab8b10d0615aaeb6fd47975d74e" "/opt/rustwide/cargo-home/bin/cargo" "+beta-2021-08-01" "build" "--frozen" "--message-format=json", kill_on_drop: false }`
[INFO] [stdout] fe0ba522a22399b4b6d58a437e8da3e8a32ae5bcc0090c8392ac9dd9a1831436
[INFO] [stderr] WARNING: Your kernel does not support swap limit capabilities or the cgroup is not mounted. Memory limited without swap.
[INFO] running `Command { std: "docker" "start" "-a" "fe0ba522a22399b4b6d58a437e8da3e8a32ae5bcc0090c8392ac9dd9a1831436", kill_on_drop: false }`
[INFO] [stderr]    Compiling bytecount v0.6.2
[INFO] [stderr]    Compiling ructe v0.13.4 (/opt/rustwide/workdir)
[INFO] [stderr]     Finished dev [unoptimized + debuginfo] target(s) in 3.06s
[INFO] running `Command { std: "docker" "inspect" "fe0ba522a22399b4b6d58a437e8da3e8a32ae5bcc0090c8392ac9dd9a1831436", kill_on_drop: false }`
[INFO] running `Command { std: "docker" "rm" "-f" "fe0ba522a22399b4b6d58a437e8da3e8a32ae5bcc0090c8392ac9dd9a1831436", kill_on_drop: false }`
[INFO] [stdout] fe0ba522a22399b4b6d58a437e8da3e8a32ae5bcc0090c8392ac9dd9a1831436
[INFO] running `Command { std: "docker" "create" "-v" "/var/lib/crater-agent-workspace/builds/worker-5/target:/opt/rustwide/target:rw,Z" "-v" "/var/lib/crater-agent-workspace/builds/worker-5/source:/opt/rustwide/workdir:ro,Z" "-v" "/var/lib/crater-agent-workspace/cargo-home:/opt/rustwide/cargo-home:ro,Z" "-v" "/var/lib/crater-agent-workspace/rustup-home:/opt/rustwide/rustup-home:ro,Z" "-e" "SOURCE_DIR=/opt/rustwide/workdir" "-e" "CARGO_TARGET_DIR=/opt/rustwide/target" "-e" "CARGO_INCREMENTAL=0" "-e" "RUST_BACKTRACE=full" "-e" "RUSTFLAGS=--cap-lints=warn" "-e" "CARGO_HOME=/opt/rustwide/cargo-home" "-e" "RUSTUP_HOME=/opt/rustwide/rustup-home" "-w" "/opt/rustwide/workdir" "-m" "1610612736" "--user" "0:0" "--network" "none" "ghcr.io/rust-lang/crates-build-env/linux@sha256:34b6a614d2c27851fe6cbf88fbd1137609cefab8b10d0615aaeb6fd47975d74e" "/opt/rustwide/cargo-home/bin/cargo" "+beta-2021-08-01" "test" "--frozen" "--no-run" "--message-format=json", kill_on_drop: false }`
[INFO] [stdout] 7d1de16c4a27d7e7eb3b1d7d80f186d74a120771b9acc4fda674d8f9164fcdd2
[INFO] [stderr] WARNING: Your kernel does not support swap limit capabilities or the cgroup is not mounted. Memory limited without swap.
[INFO] running `Command { std: "docker" "start" "-a" "7d1de16c4a27d7e7eb3b1d7d80f186d74a120771b9acc4fda674d8f9164fcdd2", kill_on_drop: false }`
[INFO] [stderr]    Compiling ructe v0.13.4 (/opt/rustwide/workdir)
[INFO] [stderr]     Finished test [unoptimized + debuginfo] target(s) in 3.00s
[INFO] running `Command { std: "docker" "inspect" "7d1de16c4a27d7e7eb3b1d7d80f186d74a120771b9acc4fda674d8f9164fcdd2", kill_on_drop: false }`
[INFO] running `Command { std: "docker" "rm" "-f" "7d1de16c4a27d7e7eb3b1d7d80f186d74a120771b9acc4fda674d8f9164fcdd2", kill_on_drop: false }`
[INFO] [stdout] 7d1de16c4a27d7e7eb3b1d7d80f186d74a120771b9acc4fda674d8f9164fcdd2
[INFO] running `Command { std: "docker" "create" "-v" "/var/lib/crater-agent-workspace/builds/worker-5/target:/opt/rustwide/target:rw,Z" "-v" "/var/lib/crater-agent-workspace/builds/worker-5/source:/opt/rustwide/workdir:ro,Z" "-v" "/var/lib/crater-agent-workspace/cargo-home:/opt/rustwide/cargo-home:ro,Z" "-v" "/var/lib/crater-agent-workspace/rustup-home:/opt/rustwide/rustup-home:ro,Z" "-e" "SOURCE_DIR=/opt/rustwide/workdir" "-e" "CARGO_TARGET_DIR=/opt/rustwide/target" "-e" "CARGO_INCREMENTAL=0" "-e" "RUST_BACKTRACE=full" "-e" "RUSTFLAGS=--cap-lints=warn" "-e" "CARGO_HOME=/opt/rustwide/cargo-home" "-e" "RUSTUP_HOME=/opt/rustwide/rustup-home" "-w" "/opt/rustwide/workdir" "-m" "1610612736" "--user" "0:0" "--network" "none" "ghcr.io/rust-lang/crates-build-env/linux@sha256:34b6a614d2c27851fe6cbf88fbd1137609cefab8b10d0615aaeb6fd47975d74e" "/opt/rustwide/cargo-home/bin/cargo" "+beta-2021-08-01" "test" "--frozen", kill_on_drop: false }`
[INFO] [stdout] 30fd6c81867808772d865465e5fbca9508a981dac809bae3509def64a5ad3f20
[INFO] [stderr] WARNING: Your kernel does not support swap limit capabilities or the cgroup is not mounted. Memory limited without swap.
[INFO] running `Command { std: "docker" "start" "-a" "30fd6c81867808772d865465e5fbca9508a981dac809bae3509def64a5ad3f20", kill_on_drop: false }`
[INFO] [stderr]     Finished test [unoptimized + debuginfo] target(s) in 0.02s
[INFO] [stdout] 
[INFO] [stderr]      Running unittests (/opt/rustwide/target/debug/deps/ructe-2bcbc39120a175ff)
[INFO] [stdout] running 63 tests
[INFO] [stdout] test expression::test::expression_1 ... ok
[INFO] [stdout] test expression::test::expression_3 ... ok
[INFO] [stdout] test expression::test::expression_8 ... ok
[INFO] [stdout] test expression::test::expression_enum_variant ... ok
[INFO] [stdout] test expression::test::expression_number ... ok
[INFO] [stdout] test expression::test::expression_9 ... ok
[INFO] [stdout] test expression::test::expression_str_paren ... ok
[INFO] [stdout] test expression::test::expression_str_quoted ... ok
[INFO] [stdout] test expression::test::expression_arithemtic_in_parens ... ok
[INFO] [stdout] test expression::test::expression_str_quoted_unicode ... ok
[INFO] [stdout] test expression::test::expression_4 ... ok
[INFO] [stdout] test expression::test::expression_str ... ok
[INFO] [stdout] test expression::test::expression_with_comment_b ... ok
[INFO] [stdout] test expression::test::non_expression_c ... ok
[INFO] [stdout] test expression::test::expression_7 ... ok
[INFO] [stdout] test expression::test::expression_str_with_escaped_quotes ... ok
[INFO] [stdout] test expression::test::non_expression_a ... ok
[INFO] [stdout] test expression::test::expression_2 ... ok
[INFO] [stdout] test expression::test::expression_with_comment_a ... ok
[INFO] [stdout] test expression::test::expression_with_comment ... ok
[INFO] [stdout] test spacelike::test::comment5 ... ok
[INFO] [stdout] test spacelike::test::spacelike_empty ... ok
[INFO] [stdout] test spacelike::test::spacelike_long ... ok
[INFO] [stdout] test expression::test::expression_5 ... ok
[INFO] [stdout] test expression::test::expression_slice ... ok
[INFO] [stdout] test spacelike::test::comment2 ... ok
[INFO] [stdout] test spacelike::test::comment4 ... ok
[INFO] [stdout] test spacelike::test::comment6 ... ok
[INFO] [stdout] test expression::test::expression_slice_empty ... ok
[INFO] [stdout] test spacelike::test::comment1 ... ok
[INFO] [stdout] test expression::test::non_expression_b ... ok
[INFO] [stdout] test spacelike::test::comment3 ... ok
[INFO] [stdout] test expression::test::expression_6 ... ok
[INFO] [stdout] test templateexpression::test::if_bad_let ... ok
[INFO] [stdout] test templateexpression::test::for_variable_struct ... ok
[INFO] [stdout] test templateexpression::test::for_variable_simple ... ok
[INFO] [stdout] test templateexpression::test::for_missing_in ... ok
[INFO] [stdout] test templateexpression::test::call_simple ... ok
[INFO] [stdout] test template::test::tuple_with_trailing ... ok
[INFO] [stdout] test template::test::tuple ... ok
[INFO] [stdout] test templateexpression::test::if_boolean_var ... ok
[INFO] [stdout] test templateexpression::test::if_compare ... ok
[INFO] [stdout] test templateexpression::test::if_compare_empty_string ... ok
[INFO] [stdout] test templateexpression::test::if_let_3 ... ok
[INFO] [stdout] test templateexpression::test::if_missing_conditional ... ok
[INFO] [stdout] test templates::encoded_empty ... ok
[INFO] [stdout] test templates::encoded_only ... ok
[INFO] [stdout] test templateexpression::test::for_variable_tuple ... ok
[INFO] [stdout] test templateexpression::test::for_variable_tuple_ref ... ok
[INFO] [stdout] test templateexpression::test::if_complex_logig ... ok
[INFO] [stdout] test templates::raw_html ... ok
[INFO] [stdout] test templateexpression::test::for_in_struct ... ok
[INFO] [stdout] test template::test::unspaced_generic ... ok
[INFO] [stdout] test spacelike::test::spacelike_simple ... ok
[INFO] [stdout] test template::test::unspaced_tuple ... ok
[INFO] [stdout] test templateexpression::test::call_empty_str ... ok
[INFO] [stderr]    Doc-tests ructe
[INFO] [stdout] test templates::double_encoded ... ok
[INFO] [stdout] test templateexpression::test::if_let ... ok
[INFO] [stdout] test templates::encoded ... ok
[INFO] [stdout] test templateexpression::test::if_let_2 ... ok
[INFO] [stdout] test templateexpression::test::if_let_struct ... ok
[INFO] [stdout] test template::test::generic_with_trailing ... ok
[INFO] [stdout] test template::test::generic ... ok
[INFO] [stdout] 
[INFO] [stdout] test result: ok. 63 passed; 0 failed; 0 ignored; 0 measured; 0 filtered out; finished in 0.01s
[INFO] [stdout] 
[INFO] [stdout] 
[INFO] [stdout] running 13 tests
[INFO] [stdout] test src/lib.rs - Ructe (line 193) ... ignored
[INFO] [stdout] test src/staticfiles.rs - staticfiles::StaticFiles (line 93) ... ignored
[INFO] [stdout] test src/lib.rs - Ructe (line 181) - compile ... ok
[INFO] [stdout] test src/lib.rs - Ructe::statics (line 312) - compile ... ok
[INFO] [stdout] test src/staticfiles.rs - staticfiles::StaticFiles (line 50) - compile ... ok
[INFO] [stdout] test src/lib.rs - (line 59) - compile ... ok
[INFO] [stdout] test src/staticfiles.rs - staticfiles::StaticFiles (line 176) ... ok
[INFO] [stdout] test src/lib.rs - (line 74) ... ok
[INFO] [stdout] test src/staticfiles.rs - staticfiles::StaticFiles::add_file_data (line 409) ... ok
[INFO] [stdout] test src/staticfiles.rs - staticfiles::StaticFiles (line 144) ... ok
[INFO] [stdout] test src/templates/utils.rs - templates::utils::ToHtml::to_buffer (line 21) ... ok
[INFO] [stdout] test src/staticfiles.rs - staticfiles::StaticFiles::get_names (line 545) ... FAILED
[INFO] [stdout] test src/staticfiles.rs - staticfiles::StaticFiles::add_file_data (line 391) ... FAILED
[INFO] [stdout] 
[INFO] [stdout] failures:
[INFO] [stdout] 
[INFO] [stdout] ---- src/staticfiles.rs - staticfiles::StaticFiles::get_names (line 545) stdout ----
[INFO] [stdout] Test executable failed (exit code 1).
[INFO] [stdout] 
[INFO] [stdout] stderr:
[INFO] [stdout] Error: Io(Os { code: 30, kind: ReadOnlyFilesystem, message: "Read-only file system" })
[INFO] [stdout] 
[INFO] [stdout] 
[INFO] [stdout] ---- src/staticfiles.rs - staticfiles::StaticFiles::add_file_data (line 391) stdout ----
[INFO] [stdout] Test executable failed (exit code 1).
[INFO] [stdout] 
[INFO] [stdout] stderr:
[INFO] [stdout] Error: Io(Os { code: 30, kind: ReadOnlyFilesystem, message: "Read-only file system" })
[INFO] [stdout] 
[INFO] [stdout] 
[INFO] [stdout] 
[INFO] [stdout] failures:
[INFO] [stdout]     src/staticfiles.rs - staticfiles::StaticFiles::add_file_data (line 391)
[INFO] [stdout]     src/staticfiles.rs - staticfiles::StaticFiles::get_names (line 545)
[INFO] [stdout] 
[INFO] [stdout] test result: FAILED. 9 passed; 2 failed; 2 ignored; 0 measured; 0 filtered out; finished in 1.77s
[INFO] [stdout] 
[INFO] [stderr] error: test failed, to rerun pass '--doc'
[INFO] running `Command { std: "docker" "inspect" "30fd6c81867808772d865465e5fbca9508a981dac809bae3509def64a5ad3f20", kill_on_drop: false }`
[INFO] running `Command { std: "docker" "rm" "-f" "30fd6c81867808772d865465e5fbca9508a981dac809bae3509def64a5ad3f20", kill_on_drop: false }`
[INFO] [stdout] 30fd6c81867808772d865465e5fbca9508a981dac809bae3509def64a5ad3f20
