[INFO] fetching crate rua 0.18.1...
[INFO] testing rua-0.18.1 against beta-2021-08-01 for beta-1.55-1
[INFO] extracting crate rua 0.18.1 into /workspace/builds/worker-7/source
[INFO] validating manifest of crates.io crate rua 0.18.1 on toolchain beta-2021-08-01
[INFO] running `Command { std: "/workspace/cargo-home/bin/cargo" "+beta-2021-08-01" "metadata" "--manifest-path" "Cargo.toml" "--no-deps", kill_on_drop: false }`
[INFO] removed /workspace/builds/worker-7/source/rust-toolchain.toml
[INFO] started tweaking crates.io crate rua 0.18.1
[INFO] finished tweaking crates.io crate rua 0.18.1
[INFO] tweaked toml for crates.io crate rua 0.18.1 written to /workspace/builds/worker-7/source/Cargo.toml
[INFO] crate crates.io crate rua 0.18.1 already has a lockfile, it will not be regenerated
[INFO] running `Command { std: "/workspace/cargo-home/bin/cargo" "+beta-2021-08-01" "fetch" "--manifest-path" "Cargo.toml", kill_on_drop: false }`
[INFO] [stderr]  Downloading crates ...
[INFO] [stderr]   Downloaded directories v3.0.2
[INFO] [stderr]   Downloaded uname v0.1.1
[INFO] [stderr]   Downloaded raur v5.0.1
[INFO] [stderr]   Downloaded bindgen v0.55.1
[INFO] [stderr]   Downloaded clang-sys v1.2.0
[INFO] [stderr]   Downloaded hyper v0.14.8
[INFO] [stderr]   Downloaded alpm-sys v2.0.0
[INFO] [stderr]   Downloaded alpm v2.0.1
[INFO] [stderr]   Downloaded libflate_lz77 v1.1.0
[INFO] [stderr]   Downloaded ruzstd v0.2.2
[INFO] [stderr]   Downloaded xattr v0.2.2
[INFO] [stderr]   Downloaded stacker v0.1.14
[INFO] [stderr]   Downloaded lzma-sys v0.1.17
[INFO] [stderr]   Downloaded psm v0.1.13
[INFO] [stderr]   Downloaded rm_rf v0.6.1
[INFO] [stderr]   Downloaded xz2 v0.1.6
[INFO] [stderr]   Downloaded libflate v1.1.0
[INFO] [stderr]   Downloaded srcinfo v1.0.0
[INFO] running `Command { std: "docker" "create" "-v" "/var/lib/crater-agent-workspace/builds/worker-7/target:/opt/rustwide/target:rw,Z" "-v" "/var/lib/crater-agent-workspace/builds/worker-7/source:/opt/rustwide/workdir:ro,Z" "-v" "/var/lib/crater-agent-workspace/cargo-home:/opt/rustwide/cargo-home:ro,Z" "-v" "/var/lib/crater-agent-workspace/rustup-home:/opt/rustwide/rustup-home:ro,Z" "-e" "SOURCE_DIR=/opt/rustwide/workdir" "-e" "CARGO_TARGET_DIR=/opt/rustwide/target" "-e" "CARGO_HOME=/opt/rustwide/cargo-home" "-e" "RUSTUP_HOME=/opt/rustwide/rustup-home" "-w" "/opt/rustwide/workdir" "-m" "1610612736" "--user" "0:0" "--network" "none" "ghcr.io/rust-lang/crates-build-env/linux@sha256:34b6a614d2c27851fe6cbf88fbd1137609cefab8b10d0615aaeb6fd47975d74e" "/opt/rustwide/cargo-home/bin/cargo" "+beta-2021-08-01" "metadata" "--no-deps" "--format-version=1", kill_on_drop: false }`
[INFO] [stderr] WARNING: Your kernel does not support swap limit capabilities or the cgroup is not mounted. Memory limited without swap.
[INFO] [stdout] ebe773e64a3d8a939ef8813993600171022856586fabb6283081e1cbcd6aba53
[INFO] running `Command { std: "docker" "start" "-a" "ebe773e64a3d8a939ef8813993600171022856586fabb6283081e1cbcd6aba53", kill_on_drop: false }`
[INFO] running `Command { std: "docker" "inspect" "ebe773e64a3d8a939ef8813993600171022856586fabb6283081e1cbcd6aba53", kill_on_drop: false }`
[INFO] running `Command { std: "docker" "rm" "-f" "ebe773e64a3d8a939ef8813993600171022856586fabb6283081e1cbcd6aba53", kill_on_drop: false }`
[INFO] [stdout] ebe773e64a3d8a939ef8813993600171022856586fabb6283081e1cbcd6aba53
[INFO] running `Command { std: "docker" "create" "-v" "/var/lib/crater-agent-workspace/builds/worker-7/target:/opt/rustwide/target:rw,Z" "-v" "/var/lib/crater-agent-workspace/builds/worker-7/source:/opt/rustwide/workdir:ro,Z" "-v" "/var/lib/crater-agent-workspace/cargo-home:/opt/rustwide/cargo-home:ro,Z" "-v" "/var/lib/crater-agent-workspace/rustup-home:/opt/rustwide/rustup-home:ro,Z" "-e" "SOURCE_DIR=/opt/rustwide/workdir" "-e" "CARGO_TARGET_DIR=/opt/rustwide/target" "-e" "CARGO_INCREMENTAL=0" "-e" "RUST_BACKTRACE=full" "-e" "RUSTFLAGS=--cap-lints=warn" "-e" "CARGO_HOME=/opt/rustwide/cargo-home" "-e" "RUSTUP_HOME=/opt/rustwide/rustup-home" "-w" "/opt/rustwide/workdir" "-m" "1610612736" "--user" "0:0" "--network" "none" "ghcr.io/rust-lang/crates-build-env/linux@sha256:34b6a614d2c27851fe6cbf88fbd1137609cefab8b10d0615aaeb6fd47975d74e" "/opt/rustwide/cargo-home/bin/cargo" "+beta-2021-08-01" "build" "--frozen" "--message-format=json", kill_on_drop: false }`
[INFO] [stdout] 745766d8d59098778611aa008cda5737ff120ef38fee4d438cf20b440f989903
[INFO] [stderr] WARNING: Your kernel does not support swap limit capabilities or the cgroup is not mounted. Memory limited without swap.
[INFO] running `Command { std: "docker" "start" "-a" "745766d8d59098778611aa008cda5737ff120ef38fee4d438cf20b440f989903", kill_on_drop: false }`
[INFO] [stderr]    Compiling once_cell v1.7.2
[INFO] [stderr]    Compiling srcinfo v1.0.0
[INFO] [stderr]    Compiling tokio v1.6.1
[INFO] [stderr]    Compiling futures-util v0.3.15
[INFO] [stderr]    Compiling num-traits v0.2.14
[INFO] [stderr]    Compiling psm v0.1.13
[INFO] [stderr]    Compiling stacker v0.1.14
[INFO] [stderr]    Compiling lzma-sys v0.1.17
[INFO] [stderr]    Compiling twox-hash v1.6.0
[INFO] [stderr]    Compiling dirs v1.0.5
[INFO] [stderr]    Compiling xattr v0.2.2
[INFO] [stderr]    Compiling time v0.1.44
[INFO] [stderr]    Compiling dirs-sys v0.3.6
[INFO] [stderr]    Compiling filetime v0.2.14
[INFO] [stderr]    Compiling term_size v0.3.2
[INFO] [stderr]    Compiling uname v0.1.1
[INFO] [stderr]    Compiling fs2 v0.4.3
[INFO] [stderr]    Compiling mio v0.7.11
[INFO] [stderr]    Compiling bstr v0.2.16
[INFO] [stderr]    Compiling csv-core v0.1.10
[INFO] [stderr]    Compiling aho-corasick v0.7.18
[INFO] [stderr]    Compiling users v0.11.0
[INFO] [stderr]    Compiling syn v1.0.72
[INFO] [stderr]    Compiling clap v2.33.3
[INFO] [stderr]    Compiling colored v2.0.0
[INFO] [stderr]    Compiling ring v0.16.20
[INFO] [stderr]    Compiling ruzstd v0.2.2
[INFO] [stderr]    Compiling directories v3.0.2
[INFO] [stderr]    Compiling tar v0.4.35
[INFO] [stderr]    Compiling term v0.5.2
[INFO] [stderr]    Compiling csv v1.1.6
[INFO] [stderr]    Compiling regex v1.5.4
[INFO] [stderr]    Compiling xz2 v0.1.6
[INFO] [stderr]    Compiling rm_rf v0.6.1
[INFO] [stderr]    Compiling webpki v0.21.4
[INFO] [stderr]    Compiling sct v0.6.1
[INFO] [stderr]    Compiling prettytable-rs v0.8.0
[INFO] [stderr]    Compiling num-integer v0.1.44
[INFO] [stderr]    Compiling rustls v0.19.1
[INFO] [stderr]    Compiling webpki-roots v0.21.1
[INFO] [stderr]    Compiling env_logger v0.8.3
[INFO] [stderr]    Compiling chrono v0.4.19
[INFO] [stderr]    Compiling proc-macro-error v1.0.4
[INFO] [stderr]    Compiling tokio-util v0.6.7
[INFO] [stderr]    Compiling tokio-rustls v0.22.0
[INFO] [stderr]    Compiling futures-macro v0.3.15
[INFO] [stderr]    Compiling pin-project-internal v1.0.7
[INFO] [stderr]    Compiling structopt-derive v0.4.14
[INFO] [stderr]    Compiling serde_derive v1.0.126
[INFO] [stderr]    Compiling pin-project v1.0.7
[INFO] [stderr]    Compiling structopt v0.3.21
[INFO] [stderr]    Compiling rua v0.18.1 (/opt/rustwide/workdir)
[INFO] [stderr]    Compiling h2 v0.3.3
[INFO] [stderr]    Compiling hyper v0.14.8
[INFO] [stderr]    Compiling hyper-rustls v0.22.1
[INFO] [stderr]    Compiling reqwest v0.11.3
[INFO] [stderr]    Compiling raur v5.0.1
[INFO] [stderr]     Finished dev [unoptimized + debuginfo] target(s) in 1m 03s
[INFO] running `Command { std: "docker" "inspect" "745766d8d59098778611aa008cda5737ff120ef38fee4d438cf20b440f989903", kill_on_drop: false }`
[INFO] running `Command { std: "docker" "rm" "-f" "745766d8d59098778611aa008cda5737ff120ef38fee4d438cf20b440f989903", kill_on_drop: false }`
[INFO] [stdout] 745766d8d59098778611aa008cda5737ff120ef38fee4d438cf20b440f989903
[INFO] running `Command { std: "docker" "create" "-v" "/var/lib/crater-agent-workspace/builds/worker-7/target:/opt/rustwide/target:rw,Z" "-v" "/var/lib/crater-agent-workspace/builds/worker-7/source:/opt/rustwide/workdir:ro,Z" "-v" "/var/lib/crater-agent-workspace/cargo-home:/opt/rustwide/cargo-home:ro,Z" "-v" "/var/lib/crater-agent-workspace/rustup-home:/opt/rustwide/rustup-home:ro,Z" "-e" "SOURCE_DIR=/opt/rustwide/workdir" "-e" "CARGO_TARGET_DIR=/opt/rustwide/target" "-e" "CARGO_INCREMENTAL=0" "-e" "RUST_BACKTRACE=full" "-e" "RUSTFLAGS=--cap-lints=warn" "-e" "CARGO_HOME=/opt/rustwide/cargo-home" "-e" "RUSTUP_HOME=/opt/rustwide/rustup-home" "-w" "/opt/rustwide/workdir" "-m" "1610612736" "--user" "0:0" "--network" "none" "ghcr.io/rust-lang/crates-build-env/linux@sha256:34b6a614d2c27851fe6cbf88fbd1137609cefab8b10d0615aaeb6fd47975d74e" "/opt/rustwide/cargo-home/bin/cargo" "+beta-2021-08-01" "test" "--frozen" "--no-run" "--message-format=json", kill_on_drop: false }`
[INFO] [stdout] 376ab7cf6a127b6195650932c417eb567a861daea964fd7f06cd1ee18851528e
[INFO] [stderr] WARNING: Your kernel does not support swap limit capabilities or the cgroup is not mounted. Memory limited without swap.
[INFO] running `Command { std: "docker" "start" "-a" "376ab7cf6a127b6195650932c417eb567a861daea964fd7f06cd1ee18851528e", kill_on_drop: false }`
[INFO] [stderr]    Compiling rua v0.18.1 (/opt/rustwide/workdir)
[INFO] [stderr]     Finished test [unoptimized + debuginfo] target(s) in 4.77s
[INFO] running `Command { std: "docker" "inspect" "376ab7cf6a127b6195650932c417eb567a861daea964fd7f06cd1ee18851528e", kill_on_drop: false }`
[INFO] running `Command { std: "docker" "rm" "-f" "376ab7cf6a127b6195650932c417eb567a861daea964fd7f06cd1ee18851528e", kill_on_drop: false }`
[INFO] [stdout] 376ab7cf6a127b6195650932c417eb567a861daea964fd7f06cd1ee18851528e
[INFO] running `Command { std: "docker" "create" "-v" "/var/lib/crater-agent-workspace/builds/worker-7/target:/opt/rustwide/target:rw,Z" "-v" "/var/lib/crater-agent-workspace/builds/worker-7/source:/opt/rustwide/workdir:ro,Z" "-v" "/var/lib/crater-agent-workspace/cargo-home:/opt/rustwide/cargo-home:ro,Z" "-v" "/var/lib/crater-agent-workspace/rustup-home:/opt/rustwide/rustup-home:ro,Z" "-e" "SOURCE_DIR=/opt/rustwide/workdir" "-e" "CARGO_TARGET_DIR=/opt/rustwide/target" "-e" "CARGO_INCREMENTAL=0" "-e" "RUST_BACKTRACE=full" "-e" "RUSTFLAGS=--cap-lints=warn" "-e" "CARGO_HOME=/opt/rustwide/cargo-home" "-e" "RUSTUP_HOME=/opt/rustwide/rustup-home" "-w" "/opt/rustwide/workdir" "-m" "1610612736" "--user" "0:0" "--network" "none" "ghcr.io/rust-lang/crates-build-env/linux@sha256:34b6a614d2c27851fe6cbf88fbd1137609cefab8b10d0615aaeb6fd47975d74e" "/opt/rustwide/cargo-home/bin/cargo" "+beta-2021-08-01" "test" "--frozen", kill_on_drop: false }`
[INFO] [stderr] WARNING: Your kernel does not support swap limit capabilities or the cgroup is not mounted. Memory limited without swap.
[INFO] [stdout] 0631b6c7dd17fe33e555ba38b57c901402c511edad7d4d9f3b97c986c5121042
[INFO] running `Command { std: "docker" "start" "-a" "0631b6c7dd17fe33e555ba38b57c901402c511edad7d4d9f3b97c986c5121042", kill_on_drop: false }`
[INFO] [stderr]     Finished test [unoptimized + debuginfo] target(s) in 0.12s
[INFO] [stderr]      Running unittests (/opt/rustwide/target/debug/deps/rua-f3cd153c12e81dc7)
[INFO] [stdout] 
[INFO] [stdout] running 3 tests
[INFO] [stdout] test tar_check::tests::test_all ... ok
[INFO] [stdout] test aur_rpc_utils::tests::test_clean_package_name ... ok
[INFO] [stdout] test alpm_wrapper::tests::test_alpm_bin_wrapper ... FAILED
[INFO] [stdout] 
[INFO] [stdout] failures:
[INFO] [stdout] 
[INFO] [stdout] ---- alpm_wrapper::tests::test_alpm_bin_wrapper stdout ----
[INFO] [stdout] thread 'alpm_wrapper::tests::test_alpm_bin_wrapper' panicked at 'called `Result::unwrap()` on an `Err` value: failed to execute pacman
[INFO] [stdout] 
[INFO] [stdout] Caused by:
[INFO] [stdout]     No such file or directory (os error 2)', src/alpm_wrapper.rs:180:59
[INFO] [stdout] stack backtrace:
[INFO] [stdout]    0:     0x562fcd3a05a0 - std::backtrace_rs::backtrace::libunwind::trace::hff4d1766e93f64f1
[INFO] [stdout]                                at /rustc/53fd98ca776cb875bc9e5514f56b52eb74f9e7a9/library/std/src/../../backtrace/src/backtrace/libunwind.rs:90:5
[INFO] [stdout]    1:     0x562fcd3a05a0 - std::backtrace_rs::backtrace::trace_unsynchronized::h56bbc8eb78770bcb
[INFO] [stdout]                                at /rustc/53fd98ca776cb875bc9e5514f56b52eb74f9e7a9/library/std/src/../../backtrace/src/backtrace/mod.rs:66:5
[INFO] [stdout]    2:     0x562fcd3a05a0 - std::sys_common::backtrace::_print_fmt::h5c8e75464faca780
[INFO] [stdout]                                at /rustc/53fd98ca776cb875bc9e5514f56b52eb74f9e7a9/library/std/src/sys_common/backtrace.rs:67:5
[INFO] [stdout]    3:     0x562fcd3a05a0 - <std::sys_common::backtrace::_print::DisplayBacktrace as core::fmt::Display>::fmt::h48b88277def8b362
[INFO] [stdout]                                at /rustc/53fd98ca776cb875bc9e5514f56b52eb74f9e7a9/library/std/src/sys_common/backtrace.rs:46:22
[INFO] [stdout]    4:     0x562fcd3c2f2c - core::fmt::write::h3381b3176fe2b3d3
[INFO] [stdout]                                at /rustc/53fd98ca776cb875bc9e5514f56b52eb74f9e7a9/library/core/src/fmt/mod.rs:1115:17
[INFO] [stdout]    5:     0x562fcd39d505 - std::io::Write::write_fmt::h5f34a676f60246b5
[INFO] [stdout]                                at /rustc/53fd98ca776cb875bc9e5514f56b52eb74f9e7a9/library/std/src/io/mod.rs:1665:15
[INFO] [stdout]    6:     0x562fcd3a262b - std::sys_common::backtrace::_print::ha537687d6c17dd0d
[INFO] [stdout]                                at /rustc/53fd98ca776cb875bc9e5514f56b52eb74f9e7a9/library/std/src/sys_common/backtrace.rs:49:5
[INFO] [stdout]    7:     0x562fcd3a262b - std::sys_common::backtrace::print::h61376ae57d131d72
[INFO] [stdout]                                at /rustc/53fd98ca776cb875bc9e5514f56b52eb74f9e7a9/library/std/src/sys_common/backtrace.rs:36:9
[INFO] [stdout]    8:     0x562fcd3a262b - std::panicking::default_hook::{{closure}}::h0f7208c0b9644a54
[INFO] [stdout]                                at /rustc/53fd98ca776cb875bc9e5514f56b52eb74f9e7a9/library/std/src/panicking.rs:208:50
[INFO] [stdout]    9:     0x562fcd3a213c - std::panicking::default_hook::hdac7fc06578c14ce
[INFO] [stdout]                                at /rustc/53fd98ca776cb875bc9e5514f56b52eb74f9e7a9/library/std/src/panicking.rs:222:9
[INFO] [stdout]   10:     0x562fcd3a2cf4 - std::panicking::rust_panic_with_hook::h72b21c283da3d1ef
[INFO] [stdout]                                at /rustc/53fd98ca776cb875bc9e5514f56b52eb74f9e7a9/library/std/src/panicking.rs:622:17
[INFO] [stdout]   11:     0x562fcd3a27d7 - std::panicking::begin_panic_handler::{{closure}}::he5778f1729cff84a
[INFO] [stdout]                                at /rustc/53fd98ca776cb875bc9e5514f56b52eb74f9e7a9/library/std/src/panicking.rs:519:13
[INFO] [stdout]   12:     0x562fcd3a0a7c - std::sys_common::backtrace::__rust_end_short_backtrace::h2d11ca8b453b4b1d
[INFO] [stdout]                                at /rustc/53fd98ca776cb875bc9e5514f56b52eb74f9e7a9/library/std/src/sys_common/backtrace.rs:141:18
[INFO] [stdout]   13:     0x562fcd3a2739 - rust_begin_unwind
[INFO] [stdout]                                at /rustc/53fd98ca776cb875bc9e5514f56b52eb74f9e7a9/library/std/src/panicking.rs:515:5
[INFO] [stdout]   14:     0x562fcd14e8c1 - core::panicking::panic_fmt::hf9de31d4acbce4db
[INFO] [stdout]                                at /rustc/53fd98ca776cb875bc9e5514f56b52eb74f9e7a9/library/core/src/panicking.rs:92:14
[INFO] [stdout]   15:     0x562fcd14e9b3 - core::result::unwrap_failed::ha0c84e81219e5878
[INFO] [stdout]                                at /rustc/53fd98ca776cb875bc9e5514f56b52eb74f9e7a9/library/core/src/result.rs:1599:5
[INFO] [stdout]   16:     0x562fcd155ce4 - core::result::Result<T,E>::unwrap::h6fa1a710cded9661
[INFO] [stdout]                                at /rustc/53fd98ca776cb875bc9e5514f56b52eb74f9e7a9/library/core/src/result.rs:1281:23
[INFO] [stdout]   17:     0x562fcd1588dc - rua::alpm_wrapper::tests::test_alpm_bin_wrapper::h0d588e3f30f9c2ee
[INFO] [stdout]                                at /opt/rustwide/workdir/src/alpm_wrapper.rs:180:18
[INFO] [stdout]   18:     0x562fcd15889a - rua::alpm_wrapper::tests::test_alpm_bin_wrapper::{{closure}}::h9e78d8c8e4cdec1f
[INFO] [stdout]                                at /opt/rustwide/workdir/src/alpm_wrapper.rs:178:2
[INFO] [stdout]   19:     0x562fcd15fb3e - core::ops::function::FnOnce::call_once::hf3e795e0e39fa255
[INFO] [stdout]                                at /rustc/53fd98ca776cb875bc9e5514f56b52eb74f9e7a9/library/core/src/ops/function.rs:227:5
[INFO] [stdout]   20:     0x562fcd195033 - core::ops::function::FnOnce::call_once::hbb52c4519d3137b0
[INFO] [stdout]                                at /rustc/53fd98ca776cb875bc9e5514f56b52eb74f9e7a9/library/core/src/ops/function.rs:227:5
[INFO] [stdout]   21:     0x562fcd195033 - test::__rust_begin_short_backtrace::h86fe3a2a5a5121af
[INFO] [stdout]                                at /rustc/53fd98ca776cb875bc9e5514f56b52eb74f9e7a9/library/test/src/lib.rs:578:5
[INFO] [stdout]   22:     0x562fcd193ae8 - <alloc::boxed::Box<F,A> as core::ops::function::FnOnce<Args>>::call_once::hfd956bc3d57399be
[INFO] [stdout]                                at /rustc/53fd98ca776cb875bc9e5514f56b52eb74f9e7a9/library/alloc/src/boxed.rs:1572:9
[INFO] [stdout]   23:     0x562fcd193ae8 - <std::panic::AssertUnwindSafe<F> as core::ops::function::FnOnce<()>>::call_once::h40dc93e0ddb5938a
[INFO] [stdout]                                at /rustc/53fd98ca776cb875bc9e5514f56b52eb74f9e7a9/library/std/src/panic.rs:347:9
[INFO] [stdout]   24:     0x562fcd193ae8 - std::panicking::try::do_call::h90d07750cb47c562
[INFO] [stdout]                                at /rustc/53fd98ca776cb875bc9e5514f56b52eb74f9e7a9/library/std/src/panicking.rs:401:40
[INFO] [stdout]   25:     0x562fcd193ae8 - std::panicking::try::h063c84733ad2a629
[INFO] [stdout]                                at /rustc/53fd98ca776cb875bc9e5514f56b52eb74f9e7a9/library/std/src/panicking.rs:365:19
[INFO] [stdout]   26:     0x562fcd193ae8 - std::panic::catch_unwind::h0c464836a84e7c08
[INFO] [stdout]                                at /rustc/53fd98ca776cb875bc9e5514f56b52eb74f9e7a9/library/std/src/panic.rs:434:14
[INFO] [stdout]   27:     0x562fcd193ae8 - test::run_test_in_process::h5cb06ef620b157fc
[INFO] [stdout]                                at /rustc/53fd98ca776cb875bc9e5514f56b52eb74f9e7a9/library/test/src/lib.rs:601:18
[INFO] [stdout]   28:     0x562fcd193ae8 - test::run_test::run_test_inner::{{closure}}::h76f677f4b93f9828
[INFO] [stdout]                                at /rustc/53fd98ca776cb875bc9e5514f56b52eb74f9e7a9/library/test/src/lib.rs:493:39
[INFO] [stdout]   29:     0x562fcd16227d - test::run_test::run_test_inner::{{closure}}::h366d01fe04f4d67a
[INFO] [stdout]                                at /rustc/53fd98ca776cb875bc9e5514f56b52eb74f9e7a9/library/test/src/lib.rs:520:37
[INFO] [stdout]   30:     0x562fcd16227d - std::sys_common::backtrace::__rust_begin_short_backtrace::h7dfa0de4eb395af2
[INFO] [stdout]                                at /rustc/53fd98ca776cb875bc9e5514f56b52eb74f9e7a9/library/std/src/sys_common/backtrace.rs:125:18
[INFO] [stdout]   31:     0x562fcd166a48 - std::thread::Builder::spawn_unchecked::{{closure}}::{{closure}}::hf0a74bb58798037f
[INFO] [stdout]                                at /rustc/53fd98ca776cb875bc9e5514f56b52eb74f9e7a9/library/std/src/thread/mod.rs:476:17
[INFO] [stdout]   32:     0x562fcd166a48 - <std::panic::AssertUnwindSafe<F> as core::ops::function::FnOnce<()>>::call_once::hb024e854818586ac
[INFO] [stdout]                                at /rustc/53fd98ca776cb875bc9e5514f56b52eb74f9e7a9/library/std/src/panic.rs:347:9
[INFO] [stdout]   33:     0x562fcd166a48 - std::panicking::try::do_call::hb2dd9f1d0d48e41d
[INFO] [stdout]                                at /rustc/53fd98ca776cb875bc9e5514f56b52eb74f9e7a9/library/std/src/panicking.rs:401:40
[INFO] [stdout]   34:     0x562fcd166a48 - std::panicking::try::h4717ae7bac8b2bf3
[INFO] [stdout]                                at /rustc/53fd98ca776cb875bc9e5514f56b52eb74f9e7a9/library/std/src/panicking.rs:365:19
[INFO] [stdout]   35:     0x562fcd166a48 - std::panic::catch_unwind::h0dc8a061326ce8d8
[INFO] [stdout]                                at /rustc/53fd98ca776cb875bc9e5514f56b52eb74f9e7a9/library/std/src/panic.rs:434:14
[INFO] [stdout]   36:     0x562fcd166a48 - std::thread::Builder::spawn_unchecked::{{closure}}::haa369e2d6fd00aa1
[INFO] [stdout]                                at /rustc/53fd98ca776cb875bc9e5514f56b52eb74f9e7a9/library/std/src/thread/mod.rs:475:30
[INFO] [stdout]   37:     0x562fcd166a48 - core::ops::function::FnOnce::call_once{{vtable.shim}}::h36dcf3de8b056f17
[INFO] [stdout]                                at /rustc/53fd98ca776cb875bc9e5514f56b52eb74f9e7a9/library/core/src/ops/function.rs:227:5
[INFO] [stdout]   38:     0x562fcd3a7957 - <alloc::boxed::Box<F,A> as core::ops::function::FnOnce<Args>>::call_once::h65c29e4642be2358
[INFO] [stdout]                                at /rustc/53fd98ca776cb875bc9e5514f56b52eb74f9e7a9/library/alloc/src/boxed.rs:1572:9
[INFO] [stdout]   39:     0x562fcd3a7957 - <alloc::boxed::Box<F,A> as core::ops::function::FnOnce<Args>>::call_once::hd0f8f7fbbd9fffbf
[INFO] [stdout]                                at /rustc/53fd98ca776cb875bc9e5514f56b52eb74f9e7a9/library/alloc/src/boxed.rs:1572:9
[INFO] [stdout]   40:     0x562fcd3a7957 - std::sys::unix::thread::Thread::new::thread_start::h2fd22fee3ca77b65
[INFO] [stdout]                                at /rustc/53fd98ca776cb875bc9e5514f56b52eb74f9e7a9/library/std/src/sys/unix/thread.rs:74:17
[INFO] [stdout]   41:     0x7f2415053609 - start_thread
[INFO] [stdout]   42:     0x7f2414e25293 - clone
[INFO] [stdout]   43:                0x0 - <unknown>
[INFO] [stdout] 
[INFO] [stdout] 
[INFO] [stdout] failures:
[INFO] [stdout]     alpm_wrapper::tests::test_alpm_bin_wrapper
[INFO] [stdout] 
[INFO] [stdout] test result: FAILED. 2 passed; 1 failed; 0 ignored; 0 measured; 0 filtered out; finished in 0.03s
[INFO] [stdout] 
[INFO] [stderr] error: test failed, to rerun pass '--bin rua'
[INFO] running `Command { std: "docker" "inspect" "0631b6c7dd17fe33e555ba38b57c901402c511edad7d4d9f3b97c986c5121042", kill_on_drop: false }`
[INFO] running `Command { std: "docker" "rm" "-f" "0631b6c7dd17fe33e555ba38b57c901402c511edad7d4d9f3b97c986c5121042", kill_on_drop: false }`
[INFO] [stdout] 0631b6c7dd17fe33e555ba38b57c901402c511edad7d4d9f3b97c986c5121042
