[INFO] fetching crate rttp_client 0.1.0...
[INFO] testing rttp_client-0.1.0 against beta-2021-08-01 for beta-1.55-1
[INFO] extracting crate rttp_client 0.1.0 into /workspace/builds/worker-7/source
[INFO] validating manifest of crates.io crate rttp_client 0.1.0 on toolchain beta-2021-08-01
[INFO] running `Command { std: "/workspace/cargo-home/bin/cargo" "+beta-2021-08-01" "metadata" "--manifest-path" "Cargo.toml" "--no-deps", kill_on_drop: false }`
[INFO] started tweaking crates.io crate rttp_client 0.1.0
[INFO] finished tweaking crates.io crate rttp_client 0.1.0
[INFO] tweaked toml for crates.io crate rttp_client 0.1.0 written to /workspace/builds/worker-7/source/Cargo.toml
[INFO] running `Command { std: "/workspace/cargo-home/bin/cargo" "+beta-2021-08-01" "generate-lockfile" "--manifest-path" "Cargo.toml" "-Zno-index-update", kill_on_drop: false }`
[INFO] running `Command { std: "/workspace/cargo-home/bin/cargo" "+beta-2021-08-01" "fetch" "--manifest-path" "Cargo.toml", kill_on_drop: false }`
[INFO] [stderr]  Downloading crates ...
[INFO] [stderr]   Downloaded socks v0.3.3
[INFO] [stderr]   Downloaded webpki-roots v0.18.0
[INFO] running `Command { std: "docker" "create" "-v" "/var/lib/crater-agent-workspace/builds/worker-7/target:/opt/rustwide/target:rw,Z" "-v" "/var/lib/crater-agent-workspace/builds/worker-7/source:/opt/rustwide/workdir:ro,Z" "-v" "/var/lib/crater-agent-workspace/cargo-home:/opt/rustwide/cargo-home:ro,Z" "-v" "/var/lib/crater-agent-workspace/rustup-home:/opt/rustwide/rustup-home:ro,Z" "-e" "SOURCE_DIR=/opt/rustwide/workdir" "-e" "CARGO_TARGET_DIR=/opt/rustwide/target" "-e" "CARGO_HOME=/opt/rustwide/cargo-home" "-e" "RUSTUP_HOME=/opt/rustwide/rustup-home" "-w" "/opt/rustwide/workdir" "-m" "1610612736" "--user" "0:0" "--network" "none" "ghcr.io/rust-lang/crates-build-env/linux@sha256:34b6a614d2c27851fe6cbf88fbd1137609cefab8b10d0615aaeb6fd47975d74e" "/opt/rustwide/cargo-home/bin/cargo" "+beta-2021-08-01" "metadata" "--no-deps" "--format-version=1", kill_on_drop: false }`
[INFO] [stdout] f56e6b6a6634bb7205f21d5dcee44fb04a93ce3856184dc8e6d7d956e7d7042e
[INFO] [stderr] WARNING: Your kernel does not support swap limit capabilities or the cgroup is not mounted. Memory limited without swap.
[INFO] running `Command { std: "docker" "start" "-a" "f56e6b6a6634bb7205f21d5dcee44fb04a93ce3856184dc8e6d7d956e7d7042e", kill_on_drop: false }`
[INFO] running `Command { std: "docker" "inspect" "f56e6b6a6634bb7205f21d5dcee44fb04a93ce3856184dc8e6d7d956e7d7042e", kill_on_drop: false }`
[INFO] running `Command { std: "docker" "rm" "-f" "f56e6b6a6634bb7205f21d5dcee44fb04a93ce3856184dc8e6d7d956e7d7042e", kill_on_drop: false }`
[INFO] [stdout] f56e6b6a6634bb7205f21d5dcee44fb04a93ce3856184dc8e6d7d956e7d7042e
[INFO] running `Command { std: "docker" "create" "-v" "/var/lib/crater-agent-workspace/builds/worker-7/target:/opt/rustwide/target:rw,Z" "-v" "/var/lib/crater-agent-workspace/builds/worker-7/source:/opt/rustwide/workdir:ro,Z" "-v" "/var/lib/crater-agent-workspace/cargo-home:/opt/rustwide/cargo-home:ro,Z" "-v" "/var/lib/crater-agent-workspace/rustup-home:/opt/rustwide/rustup-home:ro,Z" "-e" "SOURCE_DIR=/opt/rustwide/workdir" "-e" "CARGO_TARGET_DIR=/opt/rustwide/target" "-e" "CARGO_INCREMENTAL=0" "-e" "RUST_BACKTRACE=full" "-e" "RUSTFLAGS=--cap-lints=warn" "-e" "CARGO_HOME=/opt/rustwide/cargo-home" "-e" "RUSTUP_HOME=/opt/rustwide/rustup-home" "-w" "/opt/rustwide/workdir" "-m" "1610612736" "--user" "0:0" "--network" "none" "ghcr.io/rust-lang/crates-build-env/linux@sha256:34b6a614d2c27851fe6cbf88fbd1137609cefab8b10d0615aaeb6fd47975d74e" "/opt/rustwide/cargo-home/bin/cargo" "+beta-2021-08-01" "build" "--frozen" "--message-format=json", kill_on_drop: false }`
[INFO] [stdout] 98e3d090262a11b6ab57208a1d4eb982f05b76e9389127435fe5fa9596c0daf8
[INFO] [stderr] WARNING: Your kernel does not support swap limit capabilities or the cgroup is not mounted. Memory limited without swap.
[INFO] running `Command { std: "docker" "start" "-a" "98e3d090262a11b6ab57208a1d4eb982f05b76e9389127435fe5fa9596c0daf8", kill_on_drop: false }`
[INFO] [stderr]    Compiling getrandom v0.1.16
[INFO] [stderr]    Compiling socks v0.3.3
[INFO] [stderr]    Compiling flate2 v1.0.20
[INFO] [stderr]    Compiling rand_core v0.5.1
[INFO] [stderr]    Compiling rand_chacha v0.2.2
[INFO] [stderr]    Compiling rand v0.7.3
[INFO] [stderr]    Compiling rttp_client v0.1.0 (/opt/rustwide/workdir)
[INFO] [stdout] warning: unused imports: `io`, `time`
[INFO] [stdout]  --> src/connection/block_connection.rs:1:11
[INFO] [stdout]   |
[INFO] [stdout] 1 | use std::{io, time};
[INFO] [stdout]   |           ^^  ^^^^
[INFO] [stdout]   |
[INFO] [stdout]   = note: `#[warn(unused_imports)]` on by default
[INFO] [stdout] 
[INFO] [stdout] 
[INFO] [stdout] warning: unused import: `std::net::TcpStream`
[INFO] [stdout]  --> src/connection/block_connection.rs:3:5
[INFO] [stdout]   |
[INFO] [stdout] 3 | use std::net::TcpStream;
[INFO] [stdout]   |     ^^^^^^^^^^^^^^^^^^^
[INFO] [stdout] 
[INFO] [stdout] 
[INFO] [stdout] warning: unused import: `std::sync::Arc`
[INFO] [stdout]  --> src/connection/block_connection.rs:4:5
[INFO] [stdout]   |
[INFO] [stdout] 4 | use std::sync::Arc;
[INFO] [stdout]   |     ^^^^^^^^^^^^^^
[INFO] [stdout] 
[INFO] [stdout] 
[INFO] [stdout] warning: unused import: `std::sync::Arc`
[INFO] [stdout]  --> src/connection/connection.rs:2:5
[INFO] [stdout]   |
[INFO] [stdout] 2 | use std::sync::Arc;
[INFO] [stdout]   |     ^^^^^^^^^^^^^^
[INFO] [stdout] 
[INFO] [stdout] 
[INFO] [stdout] warning: unused import: `crate::types::ParaType::FORM`
[INFO] [stdout]  --> src/types/para.rs:4:5
[INFO] [stdout]   |
[INFO] [stdout] 4 | use crate::types::ParaType::FORM;
[INFO] [stdout]   |     ^^^^^^^^^^^^^^^^^^^^^^^^^^^^
[INFO] [stdout] 
[INFO] [stdout] 
[INFO] [stdout] warning: use of deprecated associated function `std::error::Error::description`: use the Display impl or to_string()
[INFO] [stdout]    --> src/types/status.rs:524:22
[INFO] [stdout]     |
[INFO] [stdout] 524 |     f.write_str(self.description())
[INFO] [stdout]     |                      ^^^^^^^^^^^
[INFO] [stdout]     |
[INFO] [stdout]     = note: `#[warn(deprecated)]` on by default
[INFO] [stdout] 
[INFO] [stdout] 
[INFO] [stdout] warning: unused variable: `rourl`
[INFO] [stdout]    --> src/request/raw_builder.rs:268:49
[INFO] [stdout]     |
[INFO] [stdout] 268 |   fn build_body_with_form_urlencoded(&mut self, rourl: &mut RoUrl) -> error::Result<Option<RequestBody>> {
[INFO] [stdout]     |                                                 ^^^^^ help: if this is intentional, prefix it with an underscore: `_rourl`
[INFO] [stdout]     |
[INFO] [stdout]     = note: `#[warn(unused_variables)]` on by default
[INFO] [stdout] 
[INFO] [stdout] 
[INFO] [stdout] warning: unused variable: `rourl`
[INFO] [stdout]    --> src/request/raw_builder.rs:391:55
[INFO] [stdout]     |
[INFO] [stdout] 391 |   fn build_body_with_form_data_sync_common(&mut self, rourl: &mut RoUrl) -> error::Result<FormDataWrap> {
[INFO] [stdout]     |                                                       ^^^^^ help: if this is intentional, prefix it with an underscore: `_rourl`
[INFO] [stdout] 
[INFO] [stdout] 
[INFO] [stdout] warning: unused variable: `host`
[INFO] [stdout]   --> src/connection/block_connection.rs:94:9
[INFO] [stdout]    |
[INFO] [stdout] 94 |     let host = self.conn.host(url)?;
[INFO] [stdout]    |         ^^^^ help: if this is intentional, prefix it with an underscore: `_host`
[INFO] [stdout] 
[INFO] [stdout] 
[INFO] [stdout] warning: unused variable: `port`
[INFO] [stdout]   --> src/connection/block_connection.rs:95:9
[INFO] [stdout]    |
[INFO] [stdout] 95 |     let port = self.conn.port(url)?;
[INFO] [stdout]    |         ^^^^ help: if this is intentional, prefix it with an underscore: `_port`
[INFO] [stdout] 
[INFO] [stdout] 
[INFO] [stdout] warning: unused variable: `url`
[INFO] [stdout]    --> src/connection/connection.rs:146:37
[INFO] [stdout]     |
[INFO] [stdout] 146 |   pub fn block_send_https<S>(&self, url: &Url, stream: &mut S) -> error::Result<Vec<u8>>
[INFO] [stdout]     |                                     ^^^ help: if this is intentional, prefix it with an underscore: `_url`
[INFO] [stdout] 
[INFO] [stdout] 
[INFO] [stdout] warning: unused variable: `stream`
[INFO] [stdout]    --> src/connection/connection.rs:146:48
[INFO] [stdout]     |
[INFO] [stdout] 146 |   pub fn block_send_https<S>(&self, url: &Url, stream: &mut S) -> error::Result<Vec<u8>>
[INFO] [stdout]     |                                                ^^^^^^ help: if this is intentional, prefix it with an underscore: `_stream`
[INFO] [stdout] 
[INFO] [stdout] 
[INFO] [stdout] warning: variable does not need to be mutable
[INFO] [stdout]    --> src/client.rs:111:9
[INFO] [stdout]     |
[INFO] [stdout] 111 |     let mut paths = self.request.paths_mut();
[INFO] [stdout]     |         ----^^^^^
[INFO] [stdout]     |         |
[INFO] [stdout]     |         help: remove this `mut`
[INFO] [stdout]     |
[INFO] [stdout]     = note: `#[warn(unused_mut)]` on by default
[INFO] [stdout] 
[INFO] [stdout] 
[INFO] [stdout] warning: variable does not need to be mutable
[INFO] [stdout]    --> src/client.rs:135:9
[INFO] [stdout]     |
[INFO] [stdout] 135 |     let mut headers = self.request.headers_mut();
[INFO] [stdout]     |         ----^^^^^^^
[INFO] [stdout]     |         |
[INFO] [stdout]     |         help: remove this `mut`
[INFO] [stdout] 
[INFO] [stdout] 
[INFO] [stdout] warning: variable does not need to be mutable
[INFO] [stdout]    --> src/client.rs:137:11
[INFO] [stdout]     |
[INFO] [stdout] 137 |       let mut exi = headers.iter_mut()
[INFO] [stdout]     |           ----^^^
[INFO] [stdout]     |           |
[INFO] [stdout]     |           help: remove this `mut`
[INFO] [stdout] 
[INFO] [stdout] 
[INFO] [stdout] warning: variable does not need to be mutable
[INFO] [stdout]    --> src/client.rs:168:9
[INFO] [stdout]     |
[INFO] [stdout] 168 |     let mut req_paras = self.request.paras_mut();
[INFO] [stdout]     |         ----^^^^^^^^^
[INFO] [stdout]     |         |
[INFO] [stdout]     |         help: remove this `mut`
[INFO] [stdout] 
[INFO] [stdout] 
[INFO] [stdout] warning: variable does not need to be mutable
[INFO] [stdout]    --> src/client.rs:176:9
[INFO] [stdout]     |
[INFO] [stdout] 176 |     let mut req_formdatas = self.request.formdatas_mut();
[INFO] [stdout]     |         ----^^^^^^^^^^^^^
[INFO] [stdout]     |         |
[INFO] [stdout]     |         help: remove this `mut`
[INFO] [stdout] 
[INFO] [stdout] 
[INFO] [stdout] warning: variable does not need to be mutable
[INFO] [stdout]    --> src/request/raw_builder.rs:367:9
[INFO] [stdout]     |
[INFO] [stdout] 367 |     let mut disposition = fdw.disposition;
[INFO] [stdout]     |         ----^^^^^^^^^^^
[INFO] [stdout]     |         |
[INFO] [stdout]     |         help: remove this `mut`
[INFO] [stdout] 
[INFO] [stdout] 
[INFO] [stdout] warning: associated function is never used: `closed_mut`
[INFO] [stdout]   --> src/request/request.rs:59:17
[INFO] [stdout]    |
[INFO] [stdout] 59 |   pub(crate) fn closed_mut(&mut self) -> &mut bool { &mut self.closed }
[INFO] [stdout]    |                 ^^^^^^^^^^
[INFO] [stdout]    |
[INFO] [stdout]    = note: `#[warn(dead_code)]` on by default
[INFO] [stdout] 
[INFO] [stdout] 
[INFO] [stdout] warning: associated function is never used: `config_mut`
[INFO] [stdout]   --> src/request/request.rs:60:17
[INFO] [stdout]    |
[INFO] [stdout] 60 |   pub(crate) fn config_mut(&mut self) -> &mut Config { &mut self.config }
[INFO] [stdout]    |                 ^^^^^^^^^^
[INFO] [stdout] 
[INFO] [stdout] 
[INFO] [stdout] warning: associated function is never used: `count_mut`
[INFO] [stdout]   --> src/request/request.rs:61:17
[INFO] [stdout]    |
[INFO] [stdout] 61 |   pub(crate) fn count_mut(&mut self) -> &mut u32 { &mut self.count }
[INFO] [stdout]    |                 ^^^^^^^^^
[INFO] [stdout] 
[INFO] [stdout] 
[INFO] [stdout] warning: associated function is never used: `url_mut`
[INFO] [stdout]   --> src/request/request.rs:62:17
[INFO] [stdout]    |
[INFO] [stdout] 62 |   pub(crate) fn url_mut(&mut self) -> &mut Option<RoUrl> { &mut self.url }
[INFO] [stdout]    |                 ^^^^^^^
[INFO] [stdout] 
[INFO] [stdout] 
[INFO] [stdout] warning: associated function is never used: `method_mut`
[INFO] [stdout]   --> src/request/request.rs:63:17
[INFO] [stdout]    |
[INFO] [stdout] 63 |   pub(crate) fn method_mut(&mut self) -> &mut String { &mut self.method }
[INFO] [stdout]    |                 ^^^^^^^^^^
[INFO] [stdout] 
[INFO] [stdout] 
[INFO] [stdout] warning: associated function is never used: `traditional_mut`
[INFO] [stdout]   --> src/request/request.rs:68:17
[INFO] [stdout]    |
[INFO] [stdout] 68 |   pub(crate) fn traditional_mut(&mut self) -> &mut bool { &mut self.traditional }
[INFO] [stdout]    |                 ^^^^^^^^^^^^^^^
[INFO] [stdout] 
[INFO] [stdout] 
[INFO] [stdout] warning: associated function is never used: `encode_mut`
[INFO] [stdout]   --> src/request/request.rs:69:17
[INFO] [stdout]    |
[INFO] [stdout] 69 |   pub(crate) fn encode_mut(&mut self) -> &mut bool { &mut self.encode }
[INFO] [stdout]    |                 ^^^^^^^^^^
[INFO] [stdout] 
[INFO] [stdout] 
[INFO] [stdout] warning: associated function is never used: `raw_mut`
[INFO] [stdout]   --> src/request/request.rs:70:17
[INFO] [stdout]    |
[INFO] [stdout] 70 |   pub(crate) fn raw_mut(&mut self) -> &mut Option<String> { &mut self.raw }
[INFO] [stdout]    |                 ^^^^^^^
[INFO] [stdout] 
[INFO] [stdout] 
[INFO] [stdout] warning: associated function is never used: `binary_mut`
[INFO] [stdout]   --> src/request/request.rs:71:17
[INFO] [stdout]    |
[INFO] [stdout] 71 |   pub(crate) fn binary_mut(&mut self) -> &mut Vec<u8> { &mut self.binary }
[INFO] [stdout]    |                 ^^^^^^^^^^
[INFO] [stdout] 
[INFO] [stdout] 
[INFO] [stdout] warning: associated function is never used: `proxy_mut`
[INFO] [stdout]   --> src/request/request.rs:72:17
[INFO] [stdout]    |
[INFO] [stdout] 72 |   pub(crate) fn proxy_mut(&mut self) -> &mut Option<Proxy> { &mut self.proxy }
[INFO] [stdout]    |                 ^^^^^^^^^
[INFO] [stdout] 
[INFO] [stdout] 
[INFO] [stdout] warning: associated function is never used: `paths_set`
[INFO] [stdout]   --> src/request/request.rs:95:17
[INFO] [stdout]    |
[INFO] [stdout] 95 |   pub(crate) fn paths_set(&mut self, paths: Vec<String>) -> &mut Self {
[INFO] [stdout]    |                 ^^^^^^^^^
[INFO] [stdout] 
[INFO] [stdout] 
[INFO] [stdout] warning: associated function is never used: `boundary`
[INFO] [stdout]    --> src/request/raw_builder.rs:552:10
[INFO] [stdout]     |
[INFO] [stdout] 552 |   pub fn boundary(&self) -> &String { &self.boundary }
[INFO] [stdout]     |          ^^^^^^^^
[INFO] [stdout] 
[INFO] [stdout] 
[INFO] [stdout] warning: field is never read: `url`
[INFO] [stdout]   --> src/connection/connection_reader.rs:10:3
[INFO] [stdout]    |
[INFO] [stdout] 10 |   url: &'a Url,
[INFO] [stdout]    |   ^^^^^^^^^^^^
[INFO] [stdout] 
[INFO] [stdout] 
[INFO] [stdout] warning: associated function is never used: `response`
[INFO] [stdout]   --> src/connection/connection_reader.rs:28:10
[INFO] [stdout]    |
[INFO] [stdout] 28 |   pub fn response(&mut self) -> error::Result<Response> {
[INFO] [stdout]    |          ^^^^^^^^
[INFO] [stdout] 
[INFO] [stdout] 
[INFO] [stdout] warning: associated function is never used: `url_get`
[INFO] [stdout]   --> src/types/url.rs:95:17
[INFO] [stdout]    |
[INFO] [stdout] 95 |   pub(crate) fn url_get(&self) -> &String { &self.url }
[INFO] [stdout]    |                 ^^^^^^^
[INFO] [stdout] 
[INFO] [stdout] 
[INFO] [stdout] warning: associated function is never used: `paths_get`
[INFO] [stdout]   --> src/types/url.rs:96:17
[INFO] [stdout]    |
[INFO] [stdout] 96 |   pub(crate) fn paths_get(&self) -> &Vec<String> { &self.paths }
[INFO] [stdout]    |                 ^^^^^^^^^
[INFO] [stdout] 
[INFO] [stdout] 
[INFO] [stdout] warning: associated function is never used: `username_get`
[INFO] [stdout]   --> src/types/url.rs:97:17
[INFO] [stdout]    |
[INFO] [stdout] 97 |   pub(crate) fn username_get(&self) -> &String { &self.username }
[INFO] [stdout]    |                 ^^^^^^^^^^^^
[INFO] [stdout] 
[INFO] [stdout] 
[INFO] [stdout] warning: associated function is never used: `password_get`
[INFO] [stdout]   --> src/types/url.rs:98:17
[INFO] [stdout]    |
[INFO] [stdout] 98 |   pub(crate) fn password_get(&self) -> &Option<String> { &self.password }
[INFO] [stdout]    |                 ^^^^^^^^^^^^
[INFO] [stdout] 
[INFO] [stdout] 
[INFO] [stdout] warning: associated function is never used: `fragment_get`
[INFO] [stdout]    --> src/types/url.rs:100:17
[INFO] [stdout]     |
[INFO] [stdout] 100 |   pub(crate) fn fragment_get(&self) -> &Option<String> { &self.fragment }
[INFO] [stdout]     |                 ^^^^^^^^^^^^
[INFO] [stdout] 
[INFO] [stdout] 
[INFO] [stdout] warning: associated function is never used: `traditional_get`
[INFO] [stdout]    --> src/types/url.rs:101:17
[INFO] [stdout]     |
[INFO] [stdout] 101 |   pub(crate) fn traditional_get(&self) -> bool { self.traditional }
[INFO] [stdout]     |                 ^^^^^^^^^^^^^^^
[INFO] [stdout] 
[INFO] [stdout] 
[INFO] [stdout] warning: associated function is never used: `url_mut`
[INFO] [stdout]    --> src/types/url.rs:103:17
[INFO] [stdout]     |
[INFO] [stdout] 103 |   pub(crate) fn url_mut(&mut self) -> &mut String { &mut self.url }
[INFO] [stdout]     |                 ^^^^^^^
[INFO] [stdout] 
[INFO] [stdout] 
[INFO] [stdout] warning: associated function is never used: `paths_mut`
[INFO] [stdout]    --> src/types/url.rs:104:17
[INFO] [stdout]     |
[INFO] [stdout] 104 |   pub(crate) fn paths_mut(&mut self) -> &mut Vec<String> { &mut self.paths }
[INFO] [stdout]     |                 ^^^^^^^^^
[INFO] [stdout] 
[INFO] [stdout] 
[INFO] [stdout] warning: associated function is never used: `username_mut`
[INFO] [stdout]    --> src/types/url.rs:105:17
[INFO] [stdout]     |
[INFO] [stdout] 105 |   pub(crate) fn username_mut(&mut self) -> &mut String { &mut self.username }
[INFO] [stdout]     |                 ^^^^^^^^^^^^
[INFO] [stdout] 
[INFO] [stdout] 
[INFO] [stdout] warning: associated function is never used: `password_mut`
[INFO] [stdout]    --> src/types/url.rs:106:17
[INFO] [stdout]     |
[INFO] [stdout] 106 |   pub(crate) fn password_mut(&mut self) -> &mut Option<String> { &mut self.password }
[INFO] [stdout]     |                 ^^^^^^^^^^^^
[INFO] [stdout] 
[INFO] [stdout] 
[INFO] [stdout] warning: associated function is never used: `paras_mut`
[INFO] [stdout]    --> src/types/url.rs:107:17
[INFO] [stdout]     |
[INFO] [stdout] 107 |   pub(crate) fn paras_mut(&mut self) -> &mut Vec<Para> { &mut self.paras }
[INFO] [stdout]     |                 ^^^^^^^^^
[INFO] [stdout] 
[INFO] [stdout] 
[INFO] [stdout] warning: associated function is never used: `fragment_mut`
[INFO] [stdout]    --> src/types/url.rs:108:17
[INFO] [stdout]     |
[INFO] [stdout] 108 |   pub(crate) fn fragment_mut(&mut self) -> &mut Option<String> { &mut self.fragment }
[INFO] [stdout]     |                 ^^^^^^^^^^^^
[INFO] [stdout] 
[INFO] [stdout] 
[INFO] [stdout] warning: associated function is never used: `traditional_mut`
[INFO] [stdout]    --> src/types/url.rs:109:17
[INFO] [stdout]     |
[INFO] [stdout] 109 |   pub(crate) fn traditional_mut(&mut self) -> &mut bool { &mut self.traditional }
[INFO] [stdout]     |                 ^^^^^^^^^^^^^^^
[INFO] [stdout] 
[INFO] [stdout] 
[INFO] [stdout] warning: associated function is never used: `url_set`
[INFO] [stdout]    --> src/types/url.rs:111:17
[INFO] [stdout]     |
[INFO] [stdout] 111 |   pub(crate) fn url_set<S: AsRef<str>>(&mut self, url: S) -> &mut Self {
[INFO] [stdout]     |                 ^^^^^^^
[INFO] [stdout] 
[INFO] [stdout] 
[INFO] [stdout] warning: associated function is never used: `paths_set`
[INFO] [stdout]    --> src/types/url.rs:115:17
[INFO] [stdout]     |
[INFO] [stdout] 115 |   pub(crate) fn paths_set(&mut self, paths: Vec<String>) -> &mut Self {
[INFO] [stdout]     |                 ^^^^^^^^^
[INFO] [stdout] 
[INFO] [stdout] 
[INFO] [stdout] warning: associated function is never used: `username_set`
[INFO] [stdout]    --> src/types/url.rs:119:17
[INFO] [stdout]     |
[INFO] [stdout] 119 |   pub(crate) fn username_set<S: AsRef<str>>(&mut self, username: S) -> &mut Self {
[INFO] [stdout]     |                 ^^^^^^^^^^^^
[INFO] [stdout] 
[INFO] [stdout] 
[INFO] [stdout] warning: associated function is never used: `password_set`
[INFO] [stdout]    --> src/types/url.rs:123:17
[INFO] [stdout]     |
[INFO] [stdout] 123 |   pub(crate) fn password_set<S: AsRef<str>>(&mut self, password: S) -> &mut Self {
[INFO] [stdout]     |                 ^^^^^^^^^^^^
[INFO] [stdout] 
[INFO] [stdout] 
[INFO] [stdout] warning: associated function is never used: `fragment_set`
[INFO] [stdout]    --> src/types/url.rs:131:17
[INFO] [stdout]     |
[INFO] [stdout] 131 |   pub(crate) fn fragment_set<S: AsRef<str>>(&mut self, fragment: S) -> &mut Self {
[INFO] [stdout]     |                 ^^^^^^^^^^^^
[INFO] [stdout] 
[INFO] [stdout] 
[INFO] [stdout] warning: associated function is never used: `traditional_set`
[INFO] [stdout]    --> src/types/url.rs:135:17
[INFO] [stdout]     |
[INFO] [stdout] 135 |   pub(crate) fn traditional_set(&mut self, traditional: bool) -> &mut Self {
[INFO] [stdout]     |                 ^^^^^^^^^^^^^^^
[INFO] [stdout] 
[INFO] [stdout] 
[INFO] [stdout] warning: associated function is never used: `with_url`
[INFO] [stdout]   --> src/types/para.rs:27:17
[INFO] [stdout]    |
[INFO] [stdout] 27 |   pub(crate) fn with_url<N: AsRef<str>, V: AsRef<str>>(name: N, value: V) -> Self {
[INFO] [stdout]    |                 ^^^^^^^^
[INFO] [stdout] 
[INFO] [stdout] 
[INFO] [stdout] warning: associated function is never used: `name_mut`
[INFO] [stdout]   --> src/types/para.rs:53:17
[INFO] [stdout]    |
[INFO] [stdout] 53 |   pub(crate) fn name_mut(&mut self) -> &mut String { &mut self.name }
[INFO] [stdout]    |                 ^^^^^^^^
[INFO] [stdout] 
[INFO] [stdout] 
[INFO] [stdout] warning: associated function is never used: `value_mut`
[INFO] [stdout]   --> src/types/para.rs:55:17
[INFO] [stdout]    |
[INFO] [stdout] 55 |   pub(crate) fn value_mut(&mut self) -> &mut Option<String> { &mut self.value }
[INFO] [stdout]    |                 ^^^^^^^^^
[INFO] [stdout] 
[INFO] [stdout] 
[INFO] [stdout] warning: associated function is never used: `name_mut`
[INFO] [stdout]   --> src/types/form_data.rs:84:17
[INFO] [stdout]    |
[INFO] [stdout] 84 |   pub(crate) fn name_mut(&mut self) -> &mut String { &mut self.name }
[INFO] [stdout]    |                 ^^^^^^^^
[INFO] [stdout] 
[INFO] [stdout] 
[INFO] [stdout] warning: associated function is never used: `text_mut`
[INFO] [stdout]   --> src/types/form_data.rs:85:17
[INFO] [stdout]    |
[INFO] [stdout] 85 |   pub(crate) fn text_mut(&mut self) -> &mut Option<String> { &mut self.text }
[INFO] [stdout]    |                 ^^^^^^^^
[INFO] [stdout] 
[INFO] [stdout] 
[INFO] [stdout] warning: associated function is never used: `file_mut`
[INFO] [stdout]   --> src/types/form_data.rs:86:17
[INFO] [stdout]    |
[INFO] [stdout] 86 |   pub(crate) fn file_mut(&mut self) -> &mut Option<PathBuf> { &mut self.file }
[INFO] [stdout]    |                 ^^^^^^^^
[INFO] [stdout] 
[INFO] [stdout] 
[INFO] [stdout] warning: associated function is never used: `filename_mut`
[INFO] [stdout]   --> src/types/form_data.rs:87:17
[INFO] [stdout]    |
[INFO] [stdout] 87 |   pub(crate) fn filename_mut(&mut self) -> &mut Option<String> { &mut self.filename }
[INFO] [stdout]    |                 ^^^^^^^^^^^^
[INFO] [stdout] 
[INFO] [stdout] 
[INFO] [stdout] warning: associated function is never used: `binary_mut`
[INFO] [stdout]   --> src/types/form_data.rs:88:17
[INFO] [stdout]    |
[INFO] [stdout] 88 |   pub(crate) fn binary_mut(&mut self) -> &mut Vec<u8> { &mut self.binary }
[INFO] [stdout]    |                 ^^^^^^^^^^
[INFO] [stdout] 
[INFO] [stdout] 
[INFO] [stdout] warning: associated function is never used: `type_mut`
[INFO] [stdout]   --> src/types/form_data.rs:89:17
[INFO] [stdout]    |
[INFO] [stdout] 89 |   pub(crate) fn type_mut(&mut self) -> &mut FormDataType { &mut self.type_ }
[INFO] [stdout]    |                 ^^^^^^^^
[INFO] [stdout] 
[INFO] [stdout] 
[INFO] [stdout] warning: variant is never constructed: `Status`
[INFO] [stdout]    --> src/error.rs:180:3
[INFO] [stdout]     |
[INFO] [stdout] 180 |   Status(StatusCode),
[INFO] [stdout]     |   ^^^^^^^^^^^^^^^^^^
[INFO] [stdout] 
[INFO] [stdout] 
[INFO] [stdout] warning: function is never used: `status_code`
[INFO] [stdout]    --> src/error.rs:215:15
[INFO] [stdout]     |
[INFO] [stdout] 215 | pub(crate) fn status_code(url: Url, status: StatusCode) -> Error {
[INFO] [stdout]     |               ^^^^^^^^^^^
[INFO] [stdout] 
[INFO] [stdout] 
[INFO] [stdout] warning: function is never used: `bad_ssl`
[INFO] [stdout]    --> src/error.rs:259:15
[INFO] [stdout]     |
[INFO] [stdout] 259 | pub(crate) fn bad_ssl<S: AsRef<str>>(message: S) -> Error {
[INFO] [stdout]     |               ^^^^^^^
[INFO] [stdout] 
[INFO] [stdout] 
[INFO] [stdout] warning: associated function is never used: `binary`
[INFO] [stdout]   --> src/response/raw_response.rs:44:10
[INFO] [stdout]    |
[INFO] [stdout] 44 |   pub fn binary(&mut self, binary: Vec<u8>) -> &mut Self {
[INFO] [stdout]    |          ^^^^^^
[INFO] [stdout] 
[INFO] [stdout] 
[INFO] [stdout] warning: 64 warnings emitted
[INFO] [stdout] 
[INFO] [stdout] 
[INFO] [stderr]     Finished dev [unoptimized + debuginfo] target(s) in 10.50s
[INFO] running `Command { std: "docker" "inspect" "98e3d090262a11b6ab57208a1d4eb982f05b76e9389127435fe5fa9596c0daf8", kill_on_drop: false }`
[INFO] running `Command { std: "docker" "rm" "-f" "98e3d090262a11b6ab57208a1d4eb982f05b76e9389127435fe5fa9596c0daf8", kill_on_drop: false }`
[INFO] [stdout] 98e3d090262a11b6ab57208a1d4eb982f05b76e9389127435fe5fa9596c0daf8
[INFO] running `Command { std: "docker" "create" "-v" "/var/lib/crater-agent-workspace/builds/worker-7/target:/opt/rustwide/target:rw,Z" "-v" "/var/lib/crater-agent-workspace/builds/worker-7/source:/opt/rustwide/workdir:ro,Z" "-v" "/var/lib/crater-agent-workspace/cargo-home:/opt/rustwide/cargo-home:ro,Z" "-v" "/var/lib/crater-agent-workspace/rustup-home:/opt/rustwide/rustup-home:ro,Z" "-e" "SOURCE_DIR=/opt/rustwide/workdir" "-e" "CARGO_TARGET_DIR=/opt/rustwide/target" "-e" "CARGO_INCREMENTAL=0" "-e" "RUST_BACKTRACE=full" "-e" "RUSTFLAGS=--cap-lints=warn" "-e" "CARGO_HOME=/opt/rustwide/cargo-home" "-e" "RUSTUP_HOME=/opt/rustwide/rustup-home" "-w" "/opt/rustwide/workdir" "-m" "1610612736" "--user" "0:0" "--network" "none" "ghcr.io/rust-lang/crates-build-env/linux@sha256:34b6a614d2c27851fe6cbf88fbd1137609cefab8b10d0615aaeb6fd47975d74e" "/opt/rustwide/cargo-home/bin/cargo" "+beta-2021-08-01" "test" "--frozen" "--no-run" "--message-format=json", kill_on_drop: false }`
[INFO] [stdout] 0e1240a2fd544aa68a3163f8abdcf9b42aee35db0b7334c24c1eab3d0f4ca38e
[INFO] [stderr] WARNING: Your kernel does not support swap limit capabilities or the cgroup is not mounted. Memory limited without swap.
[INFO] running `Command { std: "docker" "start" "-a" "0e1240a2fd544aa68a3163f8abdcf9b42aee35db0b7334c24c1eab3d0f4ca38e", kill_on_drop: false }`
[INFO] [stdout] warning: unused imports: `io`, `time`
[INFO] [stdout]  --> src/connection/block_connection.rs:1:11
[INFO] [stdout]   |
[INFO] [stdout] 1 | use std::{io, time};
[INFO] [stdout]   |           ^^  ^^^^
[INFO] [stdout]   |
[INFO] [stdout]   = note: `#[warn(unused_imports)]` on by default
[INFO] [stdout] 
[INFO] [stdout] 
[INFO] [stdout] warning: unused import: `std::net::TcpStream`
[INFO] [stdout]  --> src/connection/block_connection.rs:3:5
[INFO] [stdout]   |
[INFO] [stdout] 3 | use std::net::TcpStream;
[INFO] [stdout]   |     ^^^^^^^^^^^^^^^^^^^
[INFO] [stdout] 
[INFO] [stdout] 
[INFO] [stdout] warning: unused import: `std::sync::Arc`
[INFO] [stdout]  --> src/connection/block_connection.rs:4:5
[INFO] [stdout]   |
[INFO] [stdout] 4 | use std::sync::Arc;
[INFO] [stdout]   |     ^^^^^^^^^^^^^^
[INFO] [stdout] 
[INFO] [stdout] 
[INFO] [stdout] warning: unused import: `std::sync::Arc`
[INFO] [stdout]  --> src/connection/connection.rs:2:5
[INFO] [stdout]   |
[INFO] [stdout] 2 | use std::sync::Arc;
[INFO] [stdout]   |     ^^^^^^^^^^^^^^
[INFO] [stdout] 
[INFO] [stdout] 
[INFO] [stdout] warning: unused import: `crate::types::ParaType::FORM`
[INFO] [stdout]  --> src/types/para.rs:4:5
[INFO] [stdout]   |
[INFO] [stdout] 4 | use crate::types::ParaType::FORM;
[INFO] [stdout]   |     ^^^^^^^^^^^^^^^^^^^^^^^^^^^^
[INFO] [stdout] 
[INFO] [stdout] 
[INFO] [stdout] warning: use of deprecated associated function `std::error::Error::description`: use the Display impl or to_string()
[INFO] [stdout]    --> src/types/status.rs:524:22
[INFO] [stdout]     |
[INFO] [stdout] 524 |     f.write_str(self.description())
[INFO] [stdout]     |                      ^^^^^^^^^^^
[INFO] [stdout]     |
[INFO] [stdout]     = note: `#[warn(deprecated)]` on by default
[INFO] [stdout] 
[INFO] [stdout] 
[INFO] [stdout] warning: unused variable: `rourl`
[INFO] [stdout]    --> src/request/raw_builder.rs:268:49
[INFO] [stdout]     |
[INFO] [stdout] 268 |   fn build_body_with_form_urlencoded(&mut self, rourl: &mut RoUrl) -> error::Result<Option<RequestBody>> {
[INFO] [stdout]     |                                                 ^^^^^ help: if this is intentional, prefix it with an underscore: `_rourl`
[INFO] [stdout]     |
[INFO] [stdout]     = note: `#[warn(unused_variables)]` on by default
[INFO] [stdout] 
[INFO] [stdout] 
[INFO] [stdout] warning: unused variable: `rourl`
[INFO] [stdout]    --> src/request/raw_builder.rs:391:55
[INFO] [stdout]     |
[INFO] [stdout] 391 |   fn build_body_with_form_data_sync_common(&mut self, rourl: &mut RoUrl) -> error::Result<FormDataWrap> {
[INFO] [stdout]     |                                                       ^^^^^ help: if this is intentional, prefix it with an underscore: `_rourl`
[INFO] [stdout] 
[INFO] [stdout] 
[INFO] [stdout] warning: unused variable: `host`
[INFO] [stdout]   --> src/connection/block_connection.rs:94:9
[INFO] [stdout]    |
[INFO] [stdout] 94 |     let host = self.conn.host(url)?;
[INFO] [stdout]    |         ^^^^ help: if this is intentional, prefix it with an underscore: `_host`
[INFO] [stdout] 
[INFO] [stdout] 
[INFO] [stdout] warning: unused variable: `port`
[INFO] [stdout]   --> src/connection/block_connection.rs:95:9
[INFO] [stdout]    |
[INFO] [stdout] 95 |     let port = self.conn.port(url)?;
[INFO] [stdout]    |         ^^^^ help: if this is intentional, prefix it with an underscore: `_port`
[INFO] [stdout] 
[INFO] [stdout] 
[INFO] [stdout] warning: unused variable: `url`
[INFO] [stdout]    --> src/connection/connection.rs:146:37
[INFO] [stdout]     |
[INFO] [stdout] 146 |   pub fn block_send_https<S>(&self, url: &Url, stream: &mut S) -> error::Result<Vec<u8>>
[INFO] [stdout]     |                                     ^^^ help: if this is intentional, prefix it with an underscore: `_url`
[INFO] [stdout] 
[INFO] [stdout] 
[INFO] [stdout] warning: unused variable: `stream`
[INFO] [stdout]    --> src/connection/connection.rs:146:48
[INFO] [stdout]     |
[INFO] [stdout] 146 |   pub fn block_send_https<S>(&self, url: &Url, stream: &mut S) -> error::Result<Vec<u8>>
[INFO] [stdout]     |                                                ^^^^^^ help: if this is intentional, prefix it with an underscore: `_stream`
[INFO] [stdout] 
[INFO] [stdout] 
[INFO] [stdout] warning: variable does not need to be mutable
[INFO] [stdout]    --> src/client.rs:111:9
[INFO] [stdout]     |
[INFO] [stdout] 111 |     let mut paths = self.request.paths_mut();
[INFO] [stdout]     |         ----^^^^^
[INFO] [stdout]     |         |
[INFO] [stdout]     |         help: remove this `mut`
[INFO] [stdout]     |
[INFO] [stdout]     = note: `#[warn(unused_mut)]` on by default
[INFO] [stdout] 
[INFO] [stdout] 
[INFO] [stdout] warning: variable does not need to be mutable
[INFO] [stdout]    --> src/client.rs:135:9
[INFO] [stdout]     |
[INFO] [stdout] 135 |     let mut headers = self.request.headers_mut();
[INFO] [stdout]     |         ----^^^^^^^
[INFO] [stdout]     |         |
[INFO] [stdout]     |         help: remove this `mut`
[INFO] [stdout] 
[INFO] [stdout] 
[INFO] [stdout] warning: variable does not need to be mutable
[INFO] [stdout]    --> src/client.rs:137:11
[INFO] [stdout]     |
[INFO] [stdout] 137 |       let mut exi = headers.iter_mut()
[INFO] [stdout]     |           ----^^^
[INFO] [stdout]     |           |
[INFO] [stdout]     |           help: remove this `mut`
[INFO] [stdout] 
[INFO] [stdout] 
[INFO] [stdout] warning: variable does not need to be mutable
[INFO] [stdout]    --> src/client.rs:168:9
[INFO] [stdout]     |
[INFO] [stdout] 168 |     let mut req_paras = self.request.paras_mut();
[INFO] [stdout]     |         ----^^^^^^^^^
[INFO] [stdout]     |         |
[INFO] [stdout]     |         help: remove this `mut`
[INFO] [stdout] 
[INFO] [stdout] 
[INFO] [stdout] warning: variable does not need to be mutable
[INFO] [stdout]    --> src/client.rs:176:9
[INFO] [stdout]     |
[INFO] [stdout] 176 |     let mut req_formdatas = self.request.formdatas_mut();
[INFO] [stdout]     |         ----^^^^^^^^^^^^^
[INFO] [stdout]     |         |
[INFO] [stdout]     |         help: remove this `mut`
[INFO] [stdout] 
[INFO] [stdout] 
[INFO] [stdout] warning: variable does not need to be mutable
[INFO] [stdout]    --> src/request/raw_builder.rs:367:9
[INFO] [stdout]     |
[INFO] [stdout] 367 |     let mut disposition = fdw.disposition;
[INFO] [stdout]     |         ----^^^^^^^^^^^
[INFO] [stdout]     |         |
[INFO] [stdout]     |         help: remove this `mut`
[INFO] [stdout] 
[INFO] [stdout] 
[INFO] [stdout] warning: associated function is never used: `closed_mut`
[INFO] [stdout]   --> src/request/request.rs:59:17
[INFO] [stdout]    |
[INFO] [stdout] 59 |   pub(crate) fn closed_mut(&mut self) -> &mut bool { &mut self.closed }
[INFO] [stdout]    |                 ^^^^^^^^^^
[INFO] [stdout]    |
[INFO] [stdout]    = note: `#[warn(dead_code)]` on by default
[INFO] [stdout] 
[INFO] [stdout] 
[INFO] [stdout] warning: associated function is never used: `config_mut`
[INFO] [stdout]   --> src/request/request.rs:60:17
[INFO] [stdout]    |
[INFO] [stdout] 60 |   pub(crate) fn config_mut(&mut self) -> &mut Config { &mut self.config }
[INFO] [stdout]    |                 ^^^^^^^^^^
[INFO] [stdout] 
[INFO] [stdout] 
[INFO] [stdout] warning: associated function is never used: `count_mut`
[INFO] [stdout]   --> src/request/request.rs:61:17
[INFO] [stdout]    |
[INFO] [stdout] 61 |   pub(crate) fn count_mut(&mut self) -> &mut u32 { &mut self.count }
[INFO] [stdout]    |                 ^^^^^^^^^
[INFO] [stdout] 
[INFO] [stdout] 
[INFO] [stdout] warning: associated function is never used: `url_mut`
[INFO] [stdout]   --> src/request/request.rs:62:17
[INFO] [stdout]    |
[INFO] [stdout] 62 |   pub(crate) fn url_mut(&mut self) -> &mut Option<RoUrl> { &mut self.url }
[INFO] [stdout]    |                 ^^^^^^^
[INFO] [stdout] 
[INFO] [stdout] 
[INFO] [stdout] warning: associated function is never used: `method_mut`
[INFO] [stdout]   --> src/request/request.rs:63:17
[INFO] [stdout]    |
[INFO] [stdout] 63 |   pub(crate) fn method_mut(&mut self) -> &mut String { &mut self.method }
[INFO] [stdout]    |                 ^^^^^^^^^^
[INFO] [stdout] 
[INFO] [stdout] 
[INFO] [stdout] warning: associated function is never used: `traditional_mut`
[INFO] [stdout]   --> src/request/request.rs:68:17
[INFO] [stdout]    |
[INFO] [stdout] 68 |   pub(crate) fn traditional_mut(&mut self) -> &mut bool { &mut self.traditional }
[INFO] [stdout]    |                 ^^^^^^^^^^^^^^^
[INFO] [stdout] 
[INFO] [stdout] 
[INFO] [stdout] warning: associated function is never used: `encode_mut`
[INFO] [stdout]   --> src/request/request.rs:69:17
[INFO] [stdout]    |
[INFO] [stdout] 69 |   pub(crate) fn encode_mut(&mut self) -> &mut bool { &mut self.encode }
[INFO] [stdout]    |                 ^^^^^^^^^^
[INFO] [stdout] 
[INFO] [stdout] 
[INFO] [stdout] warning: associated function is never used: `raw_mut`
[INFO] [stdout]   --> src/request/request.rs:70:17
[INFO] [stdout]    |
[INFO] [stdout] 70 |   pub(crate) fn raw_mut(&mut self) -> &mut Option<String> { &mut self.raw }
[INFO] [stdout]    |                 ^^^^^^^
[INFO] [stdout] 
[INFO] [stdout] 
[INFO] [stdout] warning: associated function is never used: `binary_mut`
[INFO] [stdout]   --> src/request/request.rs:71:17
[INFO] [stdout]    |
[INFO] [stdout] 71 |   pub(crate) fn binary_mut(&mut self) -> &mut Vec<u8> { &mut self.binary }
[INFO] [stdout]    |                 ^^^^^^^^^^
[INFO] [stdout] 
[INFO] [stdout] 
[INFO] [stdout] warning: associated function is never used: `proxy_mut`
[INFO] [stdout]   --> src/request/request.rs:72:17
[INFO] [stdout]    |
[INFO] [stdout] 72 |   pub(crate) fn proxy_mut(&mut self) -> &mut Option<Proxy> { &mut self.proxy }
[INFO] [stdout]    |                 ^^^^^^^^^
[INFO] [stdout] 
[INFO] [stdout] 
[INFO] [stdout] warning: associated function is never used: `paths_set`
[INFO] [stdout]   --> src/request/request.rs:95:17
[INFO] [stdout]    |
[INFO] [stdout] 95 |   pub(crate) fn paths_set(&mut self, paths: Vec<String>) -> &mut Self {
[INFO] [stdout]    |                 ^^^^^^^^^
[INFO] [stdout] 
[INFO] [stdout] 
[INFO] [stdout] warning: associated function is never used: `boundary`
[INFO] [stdout]    --> src/request/raw_builder.rs:552:10
[INFO] [stdout]     |
[INFO] [stdout] 552 |   pub fn boundary(&self) -> &String { &self.boundary }
[INFO] [stdout]     |          ^^^^^^^^
[INFO] [stdout] 
[INFO] [stdout] 
[INFO] [stdout] warning: field is never read: `url`
[INFO] [stdout]   --> src/connection/connection_reader.rs:10:3
[INFO] [stdout]    |
[INFO] [stdout] 10 |   url: &'a Url,
[INFO] [stdout]    |   ^^^^^^^^^^^^
[INFO] [stdout] 
[INFO] [stdout] 
[INFO] [stdout] warning: associated function is never used: `response`
[INFO] [stdout]   --> src/connection/connection_reader.rs:28:10
[INFO] [stdout]    |
[INFO] [stdout] 28 |   pub fn response(&mut self) -> error::Result<Response> {
[INFO] [stdout]    |          ^^^^^^^^
[INFO] [stdout] 
[INFO] [stdout] 
[INFO] [stdout] warning: associated function is never used: `url_get`
[INFO] [stdout]   --> src/types/url.rs:95:17
[INFO] [stdout]    |
[INFO] [stdout] 95 |   pub(crate) fn url_get(&self) -> &String { &self.url }
[INFO] [stdout]    |                 ^^^^^^^
[INFO] [stdout] 
[INFO] [stdout] 
[INFO] [stdout] warning: associated function is never used: `paths_get`
[INFO] [stdout]   --> src/types/url.rs:96:17
[INFO] [stdout]    |
[INFO] [stdout] 96 |   pub(crate) fn paths_get(&self) -> &Vec<String> { &self.paths }
[INFO] [stdout]    |                 ^^^^^^^^^
[INFO] [stdout] 
[INFO] [stdout] 
[INFO] [stdout] warning: associated function is never used: `username_get`
[INFO] [stdout]   --> src/types/url.rs:97:17
[INFO] [stdout]    |
[INFO] [stdout] 97 |   pub(crate) fn username_get(&self) -> &String { &self.username }
[INFO] [stdout]    |                 ^^^^^^^^^^^^
[INFO] [stdout] 
[INFO] [stdout] 
[INFO] [stdout] warning: associated function is never used: `password_get`
[INFO] [stdout]   --> src/types/url.rs:98:17
[INFO] [stdout]    |
[INFO] [stdout] 98 |   pub(crate) fn password_get(&self) -> &Option<String> { &self.password }
[INFO] [stdout]    |                 ^^^^^^^^^^^^
[INFO] [stdout] 
[INFO] [stdout] 
[INFO] [stdout] warning: associated function is never used: `fragment_get`
[INFO] [stdout]    --> src/types/url.rs:100:17
[INFO] [stdout]     |
[INFO] [stdout] 100 |   pub(crate) fn fragment_get(&self) -> &Option<String> { &self.fragment }
[INFO] [stdout]     |                 ^^^^^^^^^^^^
[INFO] [stdout] 
[INFO] [stdout] 
[INFO] [stdout] warning: associated function is never used: `traditional_get`
[INFO] [stdout]    --> src/types/url.rs:101:17
[INFO] [stdout]     |
[INFO] [stdout] 101 |   pub(crate) fn traditional_get(&self) -> bool { self.traditional }
[INFO] [stdout]     |                 ^^^^^^^^^^^^^^^
[INFO] [stdout] 
[INFO] [stdout] 
[INFO] [stdout] warning: associated function is never used: `url_mut`
[INFO] [stdout]    --> src/types/url.rs:103:17
[INFO] [stdout]     |
[INFO] [stdout] 103 |   pub(crate) fn url_mut(&mut self) -> &mut String { &mut self.url }
[INFO] [stdout]     |                 ^^^^^^^
[INFO] [stdout] 
[INFO] [stdout] 
[INFO] [stdout] warning: associated function is never used: `paths_mut`
[INFO] [stdout]    --> src/types/url.rs:104:17
[INFO] [stdout]     |
[INFO] [stdout] 104 |   pub(crate) fn paths_mut(&mut self) -> &mut Vec<String> { &mut self.paths }
[INFO] [stdout]     |                 ^^^^^^^^^
[INFO] [stdout] 
[INFO] [stdout] 
[INFO] [stdout] warning: associated function is never used: `username_mut`
[INFO] [stdout]    --> src/types/url.rs:105:17
[INFO] [stdout]     |
[INFO] [stdout] 105 |   pub(crate) fn username_mut(&mut self) -> &mut String { &mut self.username }
[INFO] [stdout]     |                 ^^^^^^^^^^^^
[INFO] [stdout] 
[INFO] [stdout] 
[INFO] [stderr]    Compiling rttp_client v0.1.0 (/opt/rustwide/workdir)
[INFO] [stdout] warning: associated function is never used: `password_mut`
[INFO] [stdout]    --> src/types/url.rs:106:17
[INFO] [stdout]     |
[INFO] [stdout] 106 |   pub(crate) fn password_mut(&mut self) -> &mut Option<String> { &mut self.password }
[INFO] [stdout]     |                 ^^^^^^^^^^^^
[INFO] [stdout] 
[INFO] [stdout] 
[INFO] [stdout] warning: associated function is never used: `paras_mut`
[INFO] [stdout]    --> src/types/url.rs:107:17
[INFO] [stdout]     |
[INFO] [stdout] 107 |   pub(crate) fn paras_mut(&mut self) -> &mut Vec<Para> { &mut self.paras }
[INFO] [stdout]     |                 ^^^^^^^^^
[INFO] [stdout] 
[INFO] [stdout] 
[INFO] [stdout] warning: associated function is never used: `fragment_mut`
[INFO] [stdout]    --> src/types/url.rs:108:17
[INFO] [stdout]     |
[INFO] [stdout] 108 |   pub(crate) fn fragment_mut(&mut self) -> &mut Option<String> { &mut self.fragment }
[INFO] [stdout]     |                 ^^^^^^^^^^^^
[INFO] [stdout] 
[INFO] [stdout] 
[INFO] [stdout] warning: associated function is never used: `traditional_mut`
[INFO] [stdout]    --> src/types/url.rs:109:17
[INFO] [stdout]     |
[INFO] [stdout] 109 |   pub(crate) fn traditional_mut(&mut self) -> &mut bool { &mut self.traditional }
[INFO] [stdout]     |                 ^^^^^^^^^^^^^^^
[INFO] [stdout] 
[INFO] [stdout] 
[INFO] [stdout] warning: associated function is never used: `url_set`
[INFO] [stdout]    --> src/types/url.rs:111:17
[INFO] [stdout]     |
[INFO] [stdout] 111 |   pub(crate) fn url_set<S: AsRef<str>>(&mut self, url: S) -> &mut Self {
[INFO] [stdout]     |                 ^^^^^^^
[INFO] [stdout] 
[INFO] [stdout] 
[INFO] [stdout] warning: associated function is never used: `paths_set`
[INFO] [stdout]    --> src/types/url.rs:115:17
[INFO] [stdout]     |
[INFO] [stdout] 115 |   pub(crate) fn paths_set(&mut self, paths: Vec<String>) -> &mut Self {
[INFO] [stdout]     |                 ^^^^^^^^^
[INFO] [stdout] 
[INFO] [stdout] 
[INFO] [stdout] warning: associated function is never used: `username_set`
[INFO] [stdout]    --> src/types/url.rs:119:17
[INFO] [stdout]     |
[INFO] [stdout] 119 |   pub(crate) fn username_set<S: AsRef<str>>(&mut self, username: S) -> &mut Self {
[INFO] [stdout]     |                 ^^^^^^^^^^^^
[INFO] [stdout] 
[INFO] [stdout] 
[INFO] [stdout] warning: associated function is never used: `password_set`
[INFO] [stdout]    --> src/types/url.rs:123:17
[INFO] [stdout]     |
[INFO] [stdout] 123 |   pub(crate) fn password_set<S: AsRef<str>>(&mut self, password: S) -> &mut Self {
[INFO] [stdout]     |                 ^^^^^^^^^^^^
[INFO] [stdout] 
[INFO] [stdout] 
[INFO] [stdout] warning: associated function is never used: `fragment_set`
[INFO] [stdout]    --> src/types/url.rs:131:17
[INFO] [stdout]     |
[INFO] [stdout] 131 |   pub(crate) fn fragment_set<S: AsRef<str>>(&mut self, fragment: S) -> &mut Self {
[INFO] [stdout]     |                 ^^^^^^^^^^^^
[INFO] [stdout] 
[INFO] [stdout] 
[INFO] [stdout] warning: associated function is never used: `traditional_set`
[INFO] [stdout]    --> src/types/url.rs:135:17
[INFO] [stdout]     |
[INFO] [stdout] 135 |   pub(crate) fn traditional_set(&mut self, traditional: bool) -> &mut Self {
[INFO] [stdout]     |                 ^^^^^^^^^^^^^^^
[INFO] [stdout] 
[INFO] [stdout] 
[INFO] [stdout] warning: associated function is never used: `with_url`
[INFO] [stdout]   --> src/types/para.rs:27:17
[INFO] [stdout]    |
[INFO] [stdout] 27 |   pub(crate) fn with_url<N: AsRef<str>, V: AsRef<str>>(name: N, value: V) -> Self {
[INFO] [stdout]    |                 ^^^^^^^^
[INFO] [stdout] 
[INFO] [stdout] 
[INFO] [stdout] warning: associated function is never used: `name_mut`
[INFO] [stdout]   --> src/types/para.rs:53:17
[INFO] [stdout]    |
[INFO] [stdout] 53 |   pub(crate) fn name_mut(&mut self) -> &mut String { &mut self.name }
[INFO] [stdout]    |                 ^^^^^^^^
[INFO] [stdout] 
[INFO] [stdout] 
[INFO] [stdout] warning: associated function is never used: `value_mut`
[INFO] [stdout]   --> src/types/para.rs:55:17
[INFO] [stdout]    |
[INFO] [stdout] 55 |   pub(crate) fn value_mut(&mut self) -> &mut Option<String> { &mut self.value }
[INFO] [stdout]    |                 ^^^^^^^^^
[INFO] [stdout] 
[INFO] [stdout] 
[INFO] [stdout] warning: associated function is never used: `name_mut`
[INFO] [stdout]   --> src/types/form_data.rs:84:17
[INFO] [stdout]    |
[INFO] [stdout] 84 |   pub(crate) fn name_mut(&mut self) -> &mut String { &mut self.name }
[INFO] [stdout]    |                 ^^^^^^^^
[INFO] [stdout] 
[INFO] [stdout] 
[INFO] [stdout] warning: associated function is never used: `text_mut`
[INFO] [stdout]   --> src/types/form_data.rs:85:17
[INFO] [stdout]    |
[INFO] [stdout] 85 |   pub(crate) fn text_mut(&mut self) -> &mut Option<String> { &mut self.text }
[INFO] [stdout]    |                 ^^^^^^^^
[INFO] [stdout] 
[INFO] [stdout] 
[INFO] [stdout] warning: associated function is never used: `file_mut`
[INFO] [stdout]   --> src/types/form_data.rs:86:17
[INFO] [stdout]    |
[INFO] [stdout] 86 |   pub(crate) fn file_mut(&mut self) -> &mut Option<PathBuf> { &mut self.file }
[INFO] [stdout]    |                 ^^^^^^^^
[INFO] [stdout] 
[INFO] [stdout] 
[INFO] [stdout] warning: associated function is never used: `filename_mut`
[INFO] [stdout]   --> src/types/form_data.rs:87:17
[INFO] [stdout]    |
[INFO] [stdout] 87 |   pub(crate) fn filename_mut(&mut self) -> &mut Option<String> { &mut self.filename }
[INFO] [stdout]    |                 ^^^^^^^^^^^^
[INFO] [stdout] 
[INFO] [stdout] 
[INFO] [stdout] warning: associated function is never used: `binary_mut`
[INFO] [stdout]   --> src/types/form_data.rs:88:17
[INFO] [stdout]    |
[INFO] [stdout] 88 |   pub(crate) fn binary_mut(&mut self) -> &mut Vec<u8> { &mut self.binary }
[INFO] [stdout]    |                 ^^^^^^^^^^
[INFO] [stdout] 
[INFO] [stdout] 
[INFO] [stdout] warning: associated function is never used: `type_mut`
[INFO] [stdout]   --> src/types/form_data.rs:89:17
[INFO] [stdout]    |
[INFO] [stdout] 89 |   pub(crate) fn type_mut(&mut self) -> &mut FormDataType { &mut self.type_ }
[INFO] [stdout]    |                 ^^^^^^^^
[INFO] [stdout] 
[INFO] [stdout] 
[INFO] [stdout] warning: variant is never constructed: `Status`
[INFO] [stdout]    --> src/error.rs:180:3
[INFO] [stdout]     |
[INFO] [stdout] 180 |   Status(StatusCode),
[INFO] [stdout]     |   ^^^^^^^^^^^^^^^^^^
[INFO] [stdout] 
[INFO] [stdout] 
[INFO] [stdout] warning: function is never used: `status_code`
[INFO] [stdout]    --> src/error.rs:215:15
[INFO] [stdout]     |
[INFO] [stdout] 215 | pub(crate) fn status_code(url: Url, status: StatusCode) -> Error {
[INFO] [stdout]     |               ^^^^^^^^^^^
[INFO] [stdout] 
[INFO] [stdout] 
[INFO] [stdout] warning: function is never used: `bad_ssl`
[INFO] [stdout]    --> src/error.rs:259:15
[INFO] [stdout]     |
[INFO] [stdout] 259 | pub(crate) fn bad_ssl<S: AsRef<str>>(message: S) -> Error {
[INFO] [stdout]     |               ^^^^^^^
[INFO] [stdout] 
[INFO] [stdout] 
[INFO] [stdout] warning: associated function is never used: `binary`
[INFO] [stdout]   --> src/response/raw_response.rs:44:10
[INFO] [stdout]    |
[INFO] [stdout] 44 |   pub fn binary(&mut self, binary: Vec<u8>) -> &mut Self {
[INFO] [stdout]    |          ^^^^^^
[INFO] [stdout] 
[INFO] [stdout] 
[INFO] [stdout] warning: 64 warnings emitted
[INFO] [stdout] 
[INFO] [stdout] 
[INFO] [stdout] warning: unused imports: `Read`, `Write`, `stdout`
[INFO] [stdout]  --> tests/test_rustls.rs:1:15
[INFO] [stdout]   |
[INFO] [stdout] 1 | use std::io::{Read, stdout, Write};
[INFO] [stdout]   |               ^^^^  ^^^^^^  ^^^^^
[INFO] [stdout]   |
[INFO] [stdout]   = note: `#[warn(unused_imports)]` on by default
[INFO] [stdout] 
[INFO] [stdout] 
[INFO] [stdout] warning: unused import: `std::net::TcpStream`
[INFO] [stdout]  --> tests/test_rustls.rs:2:5
[INFO] [stdout]   |
[INFO] [stdout] 2 | use std::net::TcpStream;
[INFO] [stdout]   |     ^^^^^^^^^^^^^^^^^^^
[INFO] [stdout] 
[INFO] [stdout] 
[INFO] [stdout] warning: unused import: `std::sync::Arc`
[INFO] [stdout]  --> tests/test_rustls.rs:3:5
[INFO] [stdout]   |
[INFO] [stdout] 3 | use std::sync::Arc;
[INFO] [stdout]   |     ^^^^^^^^^^^^^^
[INFO] [stdout] 
[INFO] [stdout] 
[INFO] [stdout] warning: unused import: `rttp_client::types::Proxy`
[INFO] [stdout]  --> tests/test_http_async.rs:5:5
[INFO] [stdout]   |
[INFO] [stdout] 5 | use rttp_client::types::Proxy;
[INFO] [stdout]   |     ^^^^^^^^^^^^^^^^^^^^^^^^^
[INFO] [stdout]   |
[INFO] [stdout]   = note: `#[warn(unused_imports)]` on by default
[INFO] [stdout] 
[INFO] [stdout] 
[INFO] [stdout] warning: function is never used: `client`
[INFO] [stdout]  --> tests/test_http_async.rs:7:4
[INFO] [stdout]   |
[INFO] [stdout] 7 | fn client() -> HttpClient {
[INFO] [stdout]   |    ^^^^^^
[INFO] [stdout]   |
[INFO] [stdout]   = note: `#[warn(dead_code)]` on by default
[INFO] [stdout] 
[INFO] [stdout] 
[INFO] [stdout] warning: 3 warnings emitted
[INFO] [stdout] 
[INFO] [stdout] 
[INFO] [stdout] warning: 2 warnings emitted
[INFO] [stdout] 
[INFO] [stdout] 
[INFO] [stdout] warning: unused imports: `io`, `time`
[INFO] [stdout]  --> src/connection/block_connection.rs:1:11
[INFO] [stdout]   |
[INFO] [stdout] 1 | use std::{io, time};
[INFO] [stdout]   |           ^^  ^^^^
[INFO] [stdout]   |
[INFO] [stdout]   = note: `#[warn(unused_imports)]` on by default
[INFO] [stdout] 
[INFO] [stdout] 
[INFO] [stdout] warning: unused import: `std::net::TcpStream`
[INFO] [stdout]  --> src/connection/block_connection.rs:3:5
[INFO] [stdout]   |
[INFO] [stdout] 3 | use std::net::TcpStream;
[INFO] [stdout]   |     ^^^^^^^^^^^^^^^^^^^
[INFO] [stdout] 
[INFO] [stdout] 
[INFO] [stdout] warning: unused import: `std::sync::Arc`
[INFO] [stdout]  --> src/connection/block_connection.rs:4:5
[INFO] [stdout]   |
[INFO] [stdout] 4 | use std::sync::Arc;
[INFO] [stdout]   |     ^^^^^^^^^^^^^^
[INFO] [stdout] 
[INFO] [stdout] 
[INFO] [stdout] warning: unused import: `std::sync::Arc`
[INFO] [stdout]  --> src/connection/connection.rs:2:5
[INFO] [stdout]   |
[INFO] [stdout] 2 | use std::sync::Arc;
[INFO] [stdout]   |     ^^^^^^^^^^^^^^
[INFO] [stdout] 
[INFO] [stdout] 
[INFO] [stdout] warning: unused import: `crate::types::ParaType::FORM`
[INFO] [stdout]  --> src/types/para.rs:4:5
[INFO] [stdout]   |
[INFO] [stdout] 4 | use crate::types::ParaType::FORM;
[INFO] [stdout]   |     ^^^^^^^^^^^^^^^^^^^^^^^^^^^^
[INFO] [stdout] 
[INFO] [stdout] 
[INFO] [stdout] warning: use of deprecated associated function `std::error::Error::description`: use the Display impl or to_string()
[INFO] [stdout]    --> src/types/status.rs:524:22
[INFO] [stdout]     |
[INFO] [stdout] 524 |     f.write_str(self.description())
[INFO] [stdout]     |                      ^^^^^^^^^^^
[INFO] [stdout]     |
[INFO] [stdout]     = note: `#[warn(deprecated)]` on by default
[INFO] [stdout] 
[INFO] [stdout] 
[INFO] [stdout] warning: unused variable: `rourl`
[INFO] [stdout]    --> src/request/raw_builder.rs:268:49
[INFO] [stdout]     |
[INFO] [stdout] 268 |   fn build_body_with_form_urlencoded(&mut self, rourl: &mut RoUrl) -> error::Result<Option<RequestBody>> {
[INFO] [stdout]     |                                                 ^^^^^ help: if this is intentional, prefix it with an underscore: `_rourl`
[INFO] [stdout]     |
[INFO] [stdout]     = note: `#[warn(unused_variables)]` on by default
[INFO] [stdout] 
[INFO] [stdout] 
[INFO] [stdout] warning: unused variable: `rourl`
[INFO] [stdout]    --> src/request/raw_builder.rs:391:55
[INFO] [stdout]     |
[INFO] [stdout] 391 |   fn build_body_with_form_data_sync_common(&mut self, rourl: &mut RoUrl) -> error::Result<FormDataWrap> {
[INFO] [stdout]     |                                                       ^^^^^ help: if this is intentional, prefix it with an underscore: `_rourl`
[INFO] [stdout] 
[INFO] [stdout] 
[INFO] [stdout] warning: unused variable: `host`
[INFO] [stdout]   --> src/connection/block_connection.rs:94:9
[INFO] [stdout]    |
[INFO] [stdout] 94 |     let host = self.conn.host(url)?;
[INFO] [stdout]    |         ^^^^ help: if this is intentional, prefix it with an underscore: `_host`
[INFO] [stdout] 
[INFO] [stdout] 
[INFO] [stdout] warning: unused variable: `port`
[INFO] [stdout]   --> src/connection/block_connection.rs:95:9
[INFO] [stdout]    |
[INFO] [stdout] 95 |     let port = self.conn.port(url)?;
[INFO] [stdout]    |         ^^^^ help: if this is intentional, prefix it with an underscore: `_port`
[INFO] [stdout] 
[INFO] [stdout] 
[INFO] [stdout] warning: unused variable: `url`
[INFO] [stdout]    --> src/connection/connection.rs:146:37
[INFO] [stdout]     |
[INFO] [stdout] 146 |   pub fn block_send_https<S>(&self, url: &Url, stream: &mut S) -> error::Result<Vec<u8>>
[INFO] [stdout]     |                                     ^^^ help: if this is intentional, prefix it with an underscore: `_url`
[INFO] [stdout] 
[INFO] [stdout] 
[INFO] [stdout] warning: unused variable: `stream`
[INFO] [stdout]    --> src/connection/connection.rs:146:48
[INFO] [stdout]     |
[INFO] [stdout] 146 |   pub fn block_send_https<S>(&self, url: &Url, stream: &mut S) -> error::Result<Vec<u8>>
[INFO] [stdout]     |                                                ^^^^^^ help: if this is intentional, prefix it with an underscore: `_stream`
[INFO] [stdout] 
[INFO] [stdout] 
[INFO] [stdout] warning: variable does not need to be mutable
[INFO] [stdout]    --> src/client.rs:111:9
[INFO] [stdout]     |
[INFO] [stdout] 111 |     let mut paths = self.request.paths_mut();
[INFO] [stdout]     |         ----^^^^^
[INFO] [stdout]     |         |
[INFO] [stdout]     |         help: remove this `mut`
[INFO] [stdout]     |
[INFO] [stdout]     = note: `#[warn(unused_mut)]` on by default
[INFO] [stdout] 
[INFO] [stdout] 
[INFO] [stdout] warning: variable does not need to be mutable
[INFO] [stdout]    --> src/client.rs:135:9
[INFO] [stdout]     |
[INFO] [stdout] 135 |     let mut headers = self.request.headers_mut();
[INFO] [stdout]     |         ----^^^^^^^
[INFO] [stdout]     |         |
[INFO] [stdout]     |         help: remove this `mut`
[INFO] [stdout] 
[INFO] [stdout] 
[INFO] [stdout] warning: variable does not need to be mutable
[INFO] [stdout]    --> src/client.rs:137:11
[INFO] [stdout]     |
[INFO] [stdout] 137 |       let mut exi = headers.iter_mut()
[INFO] [stdout]     |           ----^^^
[INFO] [stdout]     |           |
[INFO] [stdout]     |           help: remove this `mut`
[INFO] [stdout] 
[INFO] [stdout] 
[INFO] [stdout] warning: variable does not need to be mutable
[INFO] [stdout]    --> src/client.rs:168:9
[INFO] [stdout]     |
[INFO] [stdout] 168 |     let mut req_paras = self.request.paras_mut();
[INFO] [stdout]     |         ----^^^^^^^^^
[INFO] [stdout]     |         |
[INFO] [stdout]     |         help: remove this `mut`
[INFO] [stdout] 
[INFO] [stdout] 
[INFO] [stdout] warning: variable does not need to be mutable
[INFO] [stdout]    --> src/client.rs:176:9
[INFO] [stdout]     |
[INFO] [stdout] 176 |     let mut req_formdatas = self.request.formdatas_mut();
[INFO] [stdout]     |         ----^^^^^^^^^^^^^
[INFO] [stdout]     |         |
[INFO] [stdout]     |         help: remove this `mut`
[INFO] [stdout] 
[INFO] [stdout] 
[INFO] [stdout] warning: variable does not need to be mutable
[INFO] [stdout]    --> src/request/raw_builder.rs:367:9
[INFO] [stdout]     |
[INFO] [stdout] 367 |     let mut disposition = fdw.disposition;
[INFO] [stdout]     |         ----^^^^^^^^^^^
[INFO] [stdout]     |         |
[INFO] [stdout]     |         help: remove this `mut`
[INFO] [stdout] 
[INFO] [stdout] 
[INFO] [stdout] warning: associated function is never used: `closed_mut`
[INFO] [stdout]   --> src/request/request.rs:59:17
[INFO] [stdout]    |
[INFO] [stdout] 59 |   pub(crate) fn closed_mut(&mut self) -> &mut bool { &mut self.closed }
[INFO] [stdout]    |                 ^^^^^^^^^^
[INFO] [stdout]    |
[INFO] [stdout]    = note: `#[warn(dead_code)]` on by default
[INFO] [stdout] 
[INFO] [stdout] 
[INFO] [stdout] warning: associated function is never used: `config_mut`
[INFO] [stdout]   --> src/request/request.rs:60:17
[INFO] [stdout]    |
[INFO] [stdout] 60 |   pub(crate) fn config_mut(&mut self) -> &mut Config { &mut self.config }
[INFO] [stdout]    |                 ^^^^^^^^^^
[INFO] [stdout] 
[INFO] [stdout] 
[INFO] [stdout] warning: associated function is never used: `count_mut`
[INFO] [stdout]   --> src/request/request.rs:61:17
[INFO] [stdout]    |
[INFO] [stdout] 61 |   pub(crate) fn count_mut(&mut self) -> &mut u32 { &mut self.count }
[INFO] [stdout]    |                 ^^^^^^^^^
[INFO] [stdout] 
[INFO] [stdout] 
[INFO] [stdout] warning: associated function is never used: `url_mut`
[INFO] [stdout]   --> src/request/request.rs:62:17
[INFO] [stdout]    |
[INFO] [stdout] 62 |   pub(crate) fn url_mut(&mut self) -> &mut Option<RoUrl> { &mut self.url }
[INFO] [stdout]    |                 ^^^^^^^
[INFO] [stdout] 
[INFO] [stdout] 
[INFO] [stdout] warning: associated function is never used: `method_mut`
[INFO] [stdout]   --> src/request/request.rs:63:17
[INFO] [stdout]    |
[INFO] [stdout] 63 |   pub(crate) fn method_mut(&mut self) -> &mut String { &mut self.method }
[INFO] [stdout]    |                 ^^^^^^^^^^
[INFO] [stdout] 
[INFO] [stdout] 
[INFO] [stdout] warning: associated function is never used: `traditional_mut`
[INFO] [stdout]   --> src/request/request.rs:68:17
[INFO] [stdout]    |
[INFO] [stdout] 68 |   pub(crate) fn traditional_mut(&mut self) -> &mut bool { &mut self.traditional }
[INFO] [stdout]    |                 ^^^^^^^^^^^^^^^
[INFO] [stdout] 
[INFO] [stdout] 
[INFO] [stdout] warning: associated function is never used: `encode_mut`
[INFO] [stdout]   --> src/request/request.rs:69:17
[INFO] [stdout]    |
[INFO] [stdout] 69 |   pub(crate) fn encode_mut(&mut self) -> &mut bool { &mut self.encode }
[INFO] [stdout]    |                 ^^^^^^^^^^
[INFO] [stdout] 
[INFO] [stdout] 
[INFO] [stdout] warning: associated function is never used: `raw_mut`
[INFO] [stdout]   --> src/request/request.rs:70:17
[INFO] [stdout]    |
[INFO] [stdout] 70 |   pub(crate) fn raw_mut(&mut self) -> &mut Option<String> { &mut self.raw }
[INFO] [stdout]    |                 ^^^^^^^
[INFO] [stdout] 
[INFO] [stdout] 
[INFO] [stdout] warning: associated function is never used: `binary_mut`
[INFO] [stdout]   --> src/request/request.rs:71:17
[INFO] [stdout]    |
[INFO] [stdout] 71 |   pub(crate) fn binary_mut(&mut self) -> &mut Vec<u8> { &mut self.binary }
[INFO] [stdout]    |                 ^^^^^^^^^^
[INFO] [stdout] 
[INFO] [stdout] 
[INFO] [stdout] warning: associated function is never used: `proxy_mut`
[INFO] [stdout]   --> src/request/request.rs:72:17
[INFO] [stdout]    |
[INFO] [stdout] 72 |   pub(crate) fn proxy_mut(&mut self) -> &mut Option<Proxy> { &mut self.proxy }
[INFO] [stdout]    |                 ^^^^^^^^^
[INFO] [stdout] 
[INFO] [stdout] 
[INFO] [stdout] warning: associated function is never used: `paths_set`
[INFO] [stdout]   --> src/request/request.rs:95:17
[INFO] [stdout]    |
[INFO] [stdout] 95 |   pub(crate) fn paths_set(&mut self, paths: Vec<String>) -> &mut Self {
[INFO] [stdout]    |                 ^^^^^^^^^
[INFO] [stdout] 
[INFO] [stdout] 
[INFO] [stdout] warning: associated function is never used: `boundary`
[INFO] [stdout]    --> src/request/raw_builder.rs:552:10
[INFO] [stdout]     |
[INFO] [stdout] 552 |   pub fn boundary(&self) -> &String { &self.boundary }
[INFO] [stdout]     |          ^^^^^^^^
[INFO] [stdout] 
[INFO] [stdout] 
[INFO] [stdout] warning: field is never read: `url`
[INFO] [stdout]   --> src/connection/connection_reader.rs:10:3
[INFO] [stdout]    |
[INFO] [stdout] 10 |   url: &'a Url,
[INFO] [stdout]    |   ^^^^^^^^^^^^
[INFO] [stdout] 
[INFO] [stdout] 
[INFO] [stdout] warning: associated function is never used: `response`
[INFO] [stdout]   --> src/connection/connection_reader.rs:28:10
[INFO] [stdout]    |
[INFO] [stdout] 28 |   pub fn response(&mut self) -> error::Result<Response> {
[INFO] [stdout]    |          ^^^^^^^^
[INFO] [stdout] 
[INFO] [stdout] 
[INFO] [stdout] warning: associated function is never used: `url_get`
[INFO] [stdout]   --> src/types/url.rs:95:17
[INFO] [stdout]    |
[INFO] [stdout] 95 |   pub(crate) fn url_get(&self) -> &String { &self.url }
[INFO] [stdout]    |                 ^^^^^^^
[INFO] [stdout] 
[INFO] [stdout] 
[INFO] [stdout] warning: associated function is never used: `paths_get`
[INFO] [stdout]   --> src/types/url.rs:96:17
[INFO] [stdout]    |
[INFO] [stdout] 96 |   pub(crate) fn paths_get(&self) -> &Vec<String> { &self.paths }
[INFO] [stdout]    |                 ^^^^^^^^^
[INFO] [stdout] 
[INFO] [stdout] 
[INFO] [stdout] warning: associated function is never used: `username_get`
[INFO] [stdout]   --> src/types/url.rs:97:17
[INFO] [stdout]    |
[INFO] [stdout] 97 |   pub(crate) fn username_get(&self) -> &String { &self.username }
[INFO] [stdout]    |                 ^^^^^^^^^^^^
[INFO] [stdout] 
[INFO] [stdout] 
[INFO] [stdout] warning: associated function is never used: `password_get`
[INFO] [stdout]   --> src/types/url.rs:98:17
[INFO] [stdout]    |
[INFO] [stdout] 98 |   pub(crate) fn password_get(&self) -> &Option<String> { &self.password }
[INFO] [stdout]    |                 ^^^^^^^^^^^^
[INFO] [stdout] 
[INFO] [stdout] 
[INFO] [stdout] warning: associated function is never used: `fragment_get`
[INFO] [stdout]    --> src/types/url.rs:100:17
[INFO] [stdout]     |
[INFO] [stdout] 100 |   pub(crate) fn fragment_get(&self) -> &Option<String> { &self.fragment }
[INFO] [stdout]     |                 ^^^^^^^^^^^^
[INFO] [stdout] 
[INFO] [stdout] 
[INFO] [stdout] warning: associated function is never used: `traditional_get`
[INFO] [stdout]    --> src/types/url.rs:101:17
[INFO] [stdout]     |
[INFO] [stdout] 101 |   pub(crate) fn traditional_get(&self) -> bool { self.traditional }
[INFO] [stdout]     |                 ^^^^^^^^^^^^^^^
[INFO] [stdout] 
[INFO] [stdout] 
[INFO] [stdout] warning: associated function is never used: `url_mut`
[INFO] [stdout]    --> src/types/url.rs:103:17
[INFO] [stdout]     |
[INFO] [stdout] 103 |   pub(crate) fn url_mut(&mut self) -> &mut String { &mut self.url }
[INFO] [stdout]     |                 ^^^^^^^
[INFO] [stdout] 
[INFO] [stdout] 
[INFO] [stdout] warning: associated function is never used: `paths_mut`
[INFO] [stdout]    --> src/types/url.rs:104:17
[INFO] [stdout]     |
[INFO] [stdout] 104 |   pub(crate) fn paths_mut(&mut self) -> &mut Vec<String> { &mut self.paths }
[INFO] [stdout]     |                 ^^^^^^^^^
[INFO] [stdout] 
[INFO] [stdout] 
[INFO] [stdout] warning: associated function is never used: `username_mut`
[INFO] [stdout]    --> src/types/url.rs:105:17
[INFO] [stdout]     |
[INFO] [stdout] 105 |   pub(crate) fn username_mut(&mut self) -> &mut String { &mut self.username }
[INFO] [stdout]     |                 ^^^^^^^^^^^^
[INFO] [stdout] 
[INFO] [stdout] 
[INFO] [stdout] warning: associated function is never used: `password_mut`
[INFO] [stdout]    --> src/types/url.rs:106:17
[INFO] [stdout]     |
[INFO] [stdout] 106 |   pub(crate) fn password_mut(&mut self) -> &mut Option<String> { &mut self.password }
[INFO] [stdout]     |                 ^^^^^^^^^^^^
[INFO] [stdout] 
[INFO] [stdout] 
[INFO] [stdout] warning: associated function is never used: `paras_mut`
[INFO] [stdout]    --> src/types/url.rs:107:17
[INFO] [stdout]     |
[INFO] [stdout] 107 |   pub(crate) fn paras_mut(&mut self) -> &mut Vec<Para> { &mut self.paras }
[INFO] [stdout]     |                 ^^^^^^^^^
[INFO] [stdout] 
[INFO] [stdout] 
[INFO] [stdout] warning: associated function is never used: `fragment_mut`
[INFO] [stdout]    --> src/types/url.rs:108:17
[INFO] [stdout]     |
[INFO] [stdout] 108 |   pub(crate) fn fragment_mut(&mut self) -> &mut Option<String> { &mut self.fragment }
[INFO] [stdout]     |                 ^^^^^^^^^^^^
[INFO] [stdout] 
[INFO] [stdout] 
[INFO] [stdout] warning: associated function is never used: `traditional_mut`
[INFO] [stdout]    --> src/types/url.rs:109:17
[INFO] [stdout]     |
[INFO] [stdout] 109 |   pub(crate) fn traditional_mut(&mut self) -> &mut bool { &mut self.traditional }
[INFO] [stdout]     |                 ^^^^^^^^^^^^^^^
[INFO] [stdout] 
[INFO] [stdout] 
[INFO] [stdout] warning: associated function is never used: `url_set`
[INFO] [stdout]    --> src/types/url.rs:111:17
[INFO] [stdout]     |
[INFO] [stdout] 111 |   pub(crate) fn url_set<S: AsRef<str>>(&mut self, url: S) -> &mut Self {
[INFO] [stdout]     |                 ^^^^^^^
[INFO] [stdout] 
[INFO] [stdout] 
[INFO] [stdout] warning: associated function is never used: `paths_set`
[INFO] [stdout]    --> src/types/url.rs:115:17
[INFO] [stdout]     |
[INFO] [stdout] 115 |   pub(crate) fn paths_set(&mut self, paths: Vec<String>) -> &mut Self {
[INFO] [stdout]     |                 ^^^^^^^^^
[INFO] [stdout] 
[INFO] [stdout] 
[INFO] [stdout] warning: associated function is never used: `username_set`
[INFO] [stdout]    --> src/types/url.rs:119:17
[INFO] [stdout]     |
[INFO] [stdout] 119 |   pub(crate) fn username_set<S: AsRef<str>>(&mut self, username: S) -> &mut Self {
[INFO] [stdout]     |                 ^^^^^^^^^^^^
[INFO] [stdout] 
[INFO] [stdout] 
[INFO] [stdout] warning: associated function is never used: `password_set`
[INFO] [stdout]    --> src/types/url.rs:123:17
[INFO] [stdout]     |
[INFO] [stdout] 123 |   pub(crate) fn password_set<S: AsRef<str>>(&mut self, password: S) -> &mut Self {
[INFO] [stdout]     |                 ^^^^^^^^^^^^
[INFO] [stdout] 
[INFO] [stdout] 
[INFO] [stdout] warning: associated function is never used: `fragment_set`
[INFO] [stdout]    --> src/types/url.rs:131:17
[INFO] [stdout]     |
[INFO] [stdout] 131 |   pub(crate) fn fragment_set<S: AsRef<str>>(&mut self, fragment: S) -> &mut Self {
[INFO] [stdout]     |                 ^^^^^^^^^^^^
[INFO] [stdout] 
[INFO] [stdout] 
[INFO] [stdout] warning: associated function is never used: `traditional_set`
[INFO] [stdout]    --> src/types/url.rs:135:17
[INFO] [stdout]     |
[INFO] [stdout] 135 |   pub(crate) fn traditional_set(&mut self, traditional: bool) -> &mut Self {
[INFO] [stdout]     |                 ^^^^^^^^^^^^^^^
[INFO] [stdout] 
[INFO] [stdout] 
[INFO] [stdout] warning: associated function is never used: `with_url`
[INFO] [stdout]   --> src/types/para.rs:27:17
[INFO] [stdout]    |
[INFO] [stdout] 27 |   pub(crate) fn with_url<N: AsRef<str>, V: AsRef<str>>(name: N, value: V) -> Self {
[INFO] [stdout]    |                 ^^^^^^^^
[INFO] [stdout] 
[INFO] [stdout] 
[INFO] [stdout] warning: associated function is never used: `name_mut`
[INFO] [stdout]   --> src/types/para.rs:53:17
[INFO] [stdout]    |
[INFO] [stdout] 53 |   pub(crate) fn name_mut(&mut self) -> &mut String { &mut self.name }
[INFO] [stdout]    |                 ^^^^^^^^
[INFO] [stdout] 
[INFO] [stdout] 
[INFO] [stdout] warning: associated function is never used: `value_mut`
[INFO] [stdout]   --> src/types/para.rs:55:17
[INFO] [stdout]    |
[INFO] [stdout] 55 |   pub(crate) fn value_mut(&mut self) -> &mut Option<String> { &mut self.value }
[INFO] [stdout]    |                 ^^^^^^^^^
[INFO] [stdout] 
[INFO] [stdout] 
[INFO] [stdout] warning: associated function is never used: `name_mut`
[INFO] [stdout]   --> src/types/form_data.rs:84:17
[INFO] [stdout]    |
[INFO] [stdout] 84 |   pub(crate) fn name_mut(&mut self) -> &mut String { &mut self.name }
[INFO] [stdout]    |                 ^^^^^^^^
[INFO] [stdout] 
[INFO] [stdout] 
[INFO] [stdout] warning: associated function is never used: `text_mut`
[INFO] [stdout]   --> src/types/form_data.rs:85:17
[INFO] [stdout]    |
[INFO] [stdout] 85 |   pub(crate) fn text_mut(&mut self) -> &mut Option<String> { &mut self.text }
[INFO] [stdout]    |                 ^^^^^^^^
[INFO] [stdout] 
[INFO] [stdout] 
[INFO] [stdout] warning: associated function is never used: `file_mut`
[INFO] [stdout]   --> src/types/form_data.rs:86:17
[INFO] [stdout]    |
[INFO] [stdout] 86 |   pub(crate) fn file_mut(&mut self) -> &mut Option<PathBuf> { &mut self.file }
[INFO] [stdout]    |                 ^^^^^^^^
[INFO] [stdout] 
[INFO] [stdout] 
[INFO] [stdout] warning: associated function is never used: `filename_mut`
[INFO] [stdout]   --> src/types/form_data.rs:87:17
[INFO] [stdout]    |
[INFO] [stdout] 87 |   pub(crate) fn filename_mut(&mut self) -> &mut Option<String> { &mut self.filename }
[INFO] [stdout]    |                 ^^^^^^^^^^^^
[INFO] [stdout] 
[INFO] [stdout] 
[INFO] [stdout] warning: associated function is never used: `binary_mut`
[INFO] [stdout]   --> src/types/form_data.rs:88:17
[INFO] [stdout]    |
[INFO] [stdout] 88 |   pub(crate) fn binary_mut(&mut self) -> &mut Vec<u8> { &mut self.binary }
[INFO] [stdout]    |                 ^^^^^^^^^^
[INFO] [stdout] 
[INFO] [stdout] 
[INFO] [stdout] warning: associated function is never used: `type_mut`
[INFO] [stdout]   --> src/types/form_data.rs:89:17
[INFO] [stdout]    |
[INFO] [stdout] 89 |   pub(crate) fn type_mut(&mut self) -> &mut FormDataType { &mut self.type_ }
[INFO] [stdout]    |                 ^^^^^^^^
[INFO] [stdout] 
[INFO] [stdout] 
[INFO] [stdout] warning: variant is never constructed: `Status`
[INFO] [stdout]    --> src/error.rs:180:3
[INFO] [stdout]     |
[INFO] [stdout] 180 |   Status(StatusCode),
[INFO] [stdout]     |   ^^^^^^^^^^^^^^^^^^
[INFO] [stdout] 
[INFO] [stdout] 
[INFO] [stdout] warning: function is never used: `status_code`
[INFO] [stdout]    --> src/error.rs:215:15
[INFO] [stdout]     |
[INFO] [stdout] 215 | pub(crate) fn status_code(url: Url, status: StatusCode) -> Error {
[INFO] [stdout]     |               ^^^^^^^^^^^
[INFO] [stdout] 
[INFO] [stdout] 
[INFO] [stdout] warning: function is never used: `bad_ssl`
[INFO] [stdout]    --> src/error.rs:259:15
[INFO] [stdout]     |
[INFO] [stdout] 259 | pub(crate) fn bad_ssl<S: AsRef<str>>(message: S) -> Error {
[INFO] [stdout]     |               ^^^^^^^
[INFO] [stdout] 
[INFO] [stdout] 
[INFO] [stdout] warning: associated function is never used: `binary`
[INFO] [stdout]   --> src/response/raw_response.rs:44:10
[INFO] [stdout]    |
[INFO] [stdout] 44 |   pub fn binary(&mut self, binary: Vec<u8>) -> &mut Self {
[INFO] [stdout]    |          ^^^^^^
[INFO] [stdout] 
[INFO] [stdout] 
[INFO] [stdout] warning: 64 warnings emitted
[INFO] [stdout] 
[INFO] [stdout] 
[INFO] [stderr]     Finished test [unoptimized + debuginfo] target(s) in 7.44s
[INFO] running `Command { std: "docker" "inspect" "0e1240a2fd544aa68a3163f8abdcf9b42aee35db0b7334c24c1eab3d0f4ca38e", kill_on_drop: false }`
[INFO] running `Command { std: "docker" "rm" "-f" "0e1240a2fd544aa68a3163f8abdcf9b42aee35db0b7334c24c1eab3d0f4ca38e", kill_on_drop: false }`
[INFO] [stdout] 0e1240a2fd544aa68a3163f8abdcf9b42aee35db0b7334c24c1eab3d0f4ca38e
[INFO] running `Command { std: "docker" "create" "-v" "/var/lib/crater-agent-workspace/builds/worker-7/target:/opt/rustwide/target:rw,Z" "-v" "/var/lib/crater-agent-workspace/builds/worker-7/source:/opt/rustwide/workdir:ro,Z" "-v" "/var/lib/crater-agent-workspace/cargo-home:/opt/rustwide/cargo-home:ro,Z" "-v" "/var/lib/crater-agent-workspace/rustup-home:/opt/rustwide/rustup-home:ro,Z" "-e" "SOURCE_DIR=/opt/rustwide/workdir" "-e" "CARGO_TARGET_DIR=/opt/rustwide/target" "-e" "CARGO_INCREMENTAL=0" "-e" "RUST_BACKTRACE=full" "-e" "RUSTFLAGS=--cap-lints=warn" "-e" "CARGO_HOME=/opt/rustwide/cargo-home" "-e" "RUSTUP_HOME=/opt/rustwide/rustup-home" "-w" "/opt/rustwide/workdir" "-m" "1610612736" "--user" "0:0" "--network" "none" "ghcr.io/rust-lang/crates-build-env/linux@sha256:34b6a614d2c27851fe6cbf88fbd1137609cefab8b10d0615aaeb6fd47975d74e" "/opt/rustwide/cargo-home/bin/cargo" "+beta-2021-08-01" "test" "--frozen", kill_on_drop: false }`
[INFO] [stdout] d2695af455bed5da2236802db2a35a8d3dd4052716b476e8f17ada2debad7ebf
[INFO] [stderr] WARNING: Your kernel does not support swap limit capabilities or the cgroup is not mounted. Memory limited without swap.
[INFO] running `Command { std: "docker" "start" "-a" "d2695af455bed5da2236802db2a35a8d3dd4052716b476e8f17ada2debad7ebf", kill_on_drop: false }`
[INFO] [stderr] warning: unused imports: `io`, `time`
[INFO] [stderr]  --> src/connection/block_connection.rs:1:11
[INFO] [stderr]   |
[INFO] [stderr] 1 | use std::{io, time};
[INFO] [stderr]   |           ^^  ^^^^
[INFO] [stderr]   |
[INFO] [stderr]   = note: `#[warn(unused_imports)]` on by default
[INFO] [stderr] 
[INFO] [stderr] warning: unused import: `std::net::TcpStream`
[INFO] [stderr]  --> src/connection/block_connection.rs:3:5
[INFO] [stderr]   |
[INFO] [stderr] 3 | use std::net::TcpStream;
[INFO] [stderr]   |     ^^^^^^^^^^^^^^^^^^^
[INFO] [stderr] 
[INFO] [stderr] warning: unused import: `std::sync::Arc`
[INFO] [stderr]  --> src/connection/block_connection.rs:4:5
[INFO] [stderr]   |
[INFO] [stderr] 4 | use std::sync::Arc;
[INFO] [stderr]   |     ^^^^^^^^^^^^^^
[INFO] [stderr] 
[INFO] [stderr] warning: unused import: `std::sync::Arc`
[INFO] [stderr]  --> src/connection/connection.rs:2:5
[INFO] [stderr]   |
[INFO] [stderr] 2 | use std::sync::Arc;
[INFO] [stderr]   |     ^^^^^^^^^^^^^^
[INFO] [stderr] 
[INFO] [stderr] warning: unused import: `crate::types::ParaType::FORM`
[INFO] [stderr]  --> src/types/para.rs:4:5
[INFO] [stderr]   |
[INFO] [stderr] 4 | use crate::types::ParaType::FORM;
[INFO] [stderr]   |     ^^^^^^^^^^^^^^^^^^^^^^^^^^^^
[INFO] [stderr] 
[INFO] [stderr] warning: use of deprecated associated function `std::error::Error::description`: use the Display impl or to_string()
[INFO] [stderr]    --> src/types/status.rs:524:22
[INFO] [stderr]     |
[INFO] [stderr] 524 |     f.write_str(self.description())
[INFO] [stderr]     |                      ^^^^^^^^^^^
[INFO] [stderr]     |
[INFO] [stderr]     = note: `#[warn(deprecated)]` on by default
[INFO] [stderr] 
[INFO] [stderr] warning: unused variable: `rourl`
[INFO] [stderr]    --> src/request/raw_builder.rs:268:49
[INFO] [stderr]     |
[INFO] [stderr] 268 |   fn build_body_with_form_urlencoded(&mut self, rourl: &mut RoUrl) -> error::Result<Option<RequestBody>> {
[INFO] [stderr]     |                                                 ^^^^^ help: if this is intentional, prefix it with an underscore: `_rourl`
[INFO] [stderr]     |
[INFO] [stderr]     = note: `#[warn(unused_variables)]` on by default
[INFO] [stderr] 
[INFO] [stderr] warning: unused variable: `rourl`
[INFO] [stderr]    --> src/request/raw_builder.rs:391:55
[INFO] [stderr]     |
[INFO] [stderr] 391 |   fn build_body_with_form_data_sync_common(&mut self, rourl: &mut RoUrl) -> error::Result<FormDataWrap> {
[INFO] [stderr]     |                                                       ^^^^^ help: if this is intentional, prefix it with an underscore: `_rourl`
[INFO] [stderr] 
[INFO] [stderr] warning: unused variable: `host`
[INFO] [stderr]   --> src/connection/block_connection.rs:94:9
[INFO] [stderr]    |
[INFO] [stderr] 94 |     let host = self.conn.host(url)?;
[INFO] [stderr]    |         ^^^^ help: if this is intentional, prefix it with an underscore: `_host`
[INFO] [stderr] 
[INFO] [stderr] warning: unused variable: `port`
[INFO] [stderr]   --> src/connection/block_connection.rs:95:9
[INFO] [stderr]    |
[INFO] [stderr] 95 |     let port = self.conn.port(url)?;
[INFO] [stderr]    |         ^^^^ help: if this is intentional, prefix it with an underscore: `_port`
[INFO] [stderr] 
[INFO] [stderr] warning: unused variable: `url`
[INFO] [stderr]    --> src/connection/connection.rs:146:37
[INFO] [stderr]     |
[INFO] [stderr] 146 |   pub fn block_send_https<S>(&self, url: &Url, stream: &mut S) -> error::Result<Vec<u8>>
[INFO] [stderr]     |                                     ^^^ help: if this is intentional, prefix it with an underscore: `_url`
[INFO] [stderr] 
[INFO] [stderr] warning: unused variable: `stream`
[INFO] [stderr]    --> src/connection/connection.rs:146:48
[INFO] [stderr]     |
[INFO] [stderr] 146 |   pub fn block_send_https<S>(&self, url: &Url, stream: &mut S) -> error::Result<Vec<u8>>
[INFO] [stderr]     |                                                ^^^^^^ help: if this is intentional, prefix it with an underscore: `_stream`
[INFO] [stderr] 
[INFO] [stderr] warning: variable does not need to be mutable
[INFO] [stderr]    --> src/client.rs:111:9
[INFO] [stderr]     |
[INFO] [stderr] 111 |     let mut paths = self.request.paths_mut();
[INFO] [stderr]     |         ----^^^^^
[INFO] [stderr]     |         |
[INFO] [stderr]     |         help: remove this `mut`
[INFO] [stderr]     |
[INFO] [stderr]     = note: `#[warn(unused_mut)]` on by default
[INFO] [stderr] 
[INFO] [stderr] warning: variable does not need to be mutable
[INFO] [stderr]    --> src/client.rs:135:9
[INFO] [stderr]     |
[INFO] [stderr] 135 |     let mut headers = self.request.headers_mut();
[INFO] [stderr]     |         ----^^^^^^^
[INFO] [stderr]     |         |
[INFO] [stderr]     |         help: remove this `mut`
[INFO] [stderr] 
[INFO] [stderr] warning: variable does not need to be mutable
[INFO] [stderr]    --> src/client.rs:137:11
[INFO] [stderr]     |
[INFO] [stderr] 137 |       let mut exi = headers.iter_mut()
[INFO] [stderr]     |           ----^^^
[INFO] [stderr]     |           |
[INFO] [stderr]     |           help: remove this `mut`
[INFO] [stderr] 
[INFO] [stderr] warning: variable does not need to be mutable
[INFO] [stderr]    --> src/client.rs:168:9
[INFO] [stderr]     |
[INFO] [stderr] 168 |     let mut req_paras = self.request.paras_mut();
[INFO] [stderr]     |         ----^^^^^^^^^
[INFO] [stderr]     |         |
[INFO] [stderr]     |         help: remove this `mut`
[INFO] [stderr] 
[INFO] [stderr] warning: variable does not need to be mutable
[INFO] [stderr]    --> src/client.rs:176:9
[INFO] [stderr]     |
[INFO] [stderr] 176 |     let mut req_formdatas = self.request.formdatas_mut();
[INFO] [stderr]     |         ----^^^^^^^^^^^^^
[INFO] [stderr]     |         |
[INFO] [stderr]     |         help: remove this `mut`
[INFO] [stderr] 
[INFO] [stderr] warning: variable does not need to be mutable
[INFO] [stderr]    --> src/request/raw_builder.rs:367:9
[INFO] [stderr]     |
[INFO] [stderr] 367 |     let mut disposition = fdw.disposition;
[INFO] [stderr]     |         ----^^^^^^^^^^^
[INFO] [stderr]     |         |
[INFO] [stderr]     |         help: remove this `mut`
[INFO] [stderr] 
[INFO] [stderr] warning: associated function is never used: `closed_mut`
[INFO] [stderr]   --> src/request/request.rs:59:17
[INFO] [stderr]    |
[INFO] [stderr] 59 |   pub(crate) fn closed_mut(&mut self) -> &mut bool { &mut self.closed }
[INFO] [stderr]    |                 ^^^^^^^^^^
[INFO] [stderr]    |
[INFO] [stderr]    = note: `#[warn(dead_code)]` on by default
[INFO] [stderr] 
[INFO] [stderr] warning: associated function is never used: `config_mut`
[INFO] [stderr]   --> src/request/request.rs:60:17
[INFO] [stderr]    |
[INFO] [stderr] 60 |   pub(crate) fn config_mut(&mut self) -> &mut Config { &mut self.config }
[INFO] [stderr]    |                 ^^^^^^^^^^
[INFO] [stderr] 
[INFO] [stderr] warning: associated function is never used: `count_mut`
[INFO] [stderr]   --> src/request/request.rs:61:17
[INFO] [stderr]    |
[INFO] [stderr] 61 |   pub(crate) fn count_mut(&mut self) -> &mut u32 { &mut self.count }
[INFO] [stderr]    |                 ^^^^^^^^^
[INFO] [stderr] 
[INFO] [stderr] warning: associated function is never used: `url_mut`
[INFO] [stderr]   --> src/request/request.rs:62:17
[INFO] [stderr]    |
[INFO] [stderr] 62 |   pub(crate) fn url_mut(&mut self) -> &mut Option<RoUrl> { &mut self.url }
[INFO] [stderr]    |                 ^^^^^^^
[INFO] [stderr] 
[INFO] [stderr] warning: associated function is never used: `method_mut`
[INFO] [stderr]   --> src/request/request.rs:63:17
[INFO] [stderr]    |
[INFO] [stderr] 63 |   pub(crate) fn method_mut(&mut self) -> &mut String { &mut self.method }
[INFO] [stderr]    |                 ^^^^^^^^^^
[INFO] [stderr] 
[INFO] [stderr] warning: associated function is never used: `traditional_mut`
[INFO] [stderr]   --> src/request/request.rs:68:17
[INFO] [stderr]    |
[INFO] [stderr] 68 |   pub(crate) fn traditional_mut(&mut self) -> &mut bool { &mut self.traditional }
[INFO] [stderr]    |                 ^^^^^^^^^^^^^^^
[INFO] [stderr] 
[INFO] [stderr] warning: associated function is never used: `encode_mut`
[INFO] [stderr]   --> src/request/request.rs:69:17
[INFO] [stderr]    |
[INFO] [stderr] 69 |   pub(crate) fn encode_mut(&mut self) -> &mut bool { &mut self.encode }
[INFO] [stderr]    |                 ^^^^^^^^^^
[INFO] [stderr] 
[INFO] [stderr] warning: associated function is never used: `raw_mut`
[INFO] [stderr]   --> src/request/request.rs:70:17
[INFO] [stderr]    |
[INFO] [stderr] 70 |   pub(crate) fn raw_mut(&mut self) -> &mut Option<String> { &mut self.raw }
[INFO] [stderr]    |                 ^^^^^^^
[INFO] [stderr] 
[INFO] [stderr] warning: associated function is never used: `binary_mut`
[INFO] [stderr]   --> src/request/request.rs:71:17
[INFO] [stderr]    |
[INFO] [stderr] 71 |   pub(crate) fn binary_mut(&mut self) -> &mut Vec<u8> { &mut self.binary }
[INFO] [stderr]    |                 ^^^^^^^^^^
[INFO] [stderr] 
[INFO] [stderr] warning: associated function is never used: `proxy_mut`
[INFO] [stderr]   --> src/request/request.rs:72:17
[INFO] [stderr]    |
[INFO] [stderr] 72 |   pub(crate) fn proxy_mut(&mut self) -> &mut Option<Proxy> { &mut self.proxy }
[INFO] [stderr]    |                 ^^^^^^^^^
[INFO] [stderr] 
[INFO] [stderr] warning: associated function is never used: `paths_set`
[INFO] [stderr]   --> src/request/request.rs:95:17
[INFO] [stderr]    |
[INFO] [stderr] 95 |   pub(crate) fn paths_set(&mut self, paths: Vec<String>) -> &mut Self {
[INFO] [stderr]    |                 ^^^^^^^^^
[INFO] [stderr] 
[INFO] [stderr] warning: associated function is never used: `boundary`
[INFO] [stderr]    --> src/request/raw_builder.rs:552:10
[INFO] [stderr]     |
[INFO] [stderr] 552 |   pub fn boundary(&self) -> &String { &self.boundary }
[INFO] [stderr]     |          ^^^^^^^^
[INFO] [stderr] 
[INFO] [stderr] warning: field is never read: `url`
[INFO] [stderr]   --> src/connection/connection_reader.rs:10:3
[INFO] [stderr]    |
[INFO] [stderr] 10 |   url: &'a Url,
[INFO] [stderr]    |   ^^^^^^^^^^^^
[INFO] [stderr] 
[INFO] [stderr] warning: associated function is never used: `response`
[INFO] [stderr]   --> src/connection/connection_reader.rs:28:10
[INFO] [stderr]    |
[INFO] [stderr] 28 |   pub fn response(&mut self) -> error::Result<Response> {
[INFO] [stderr]    |          ^^^^^^^^
[INFO] [stderr] 
[INFO] [stderr] warning: associated function is never used: `url_get`
[INFO] [stderr]   --> src/types/url.rs:95:17
[INFO] [stderr]    |
[INFO] [stderr] 95 |   pub(crate) fn url_get(&self) -> &String { &self.url }
[INFO] [stderr]    |                 ^^^^^^^
[INFO] [stderr] 
[INFO] [stderr] warning: associated function is never used: `paths_get`
[INFO] [stderr]   --> src/types/url.rs:96:17
[INFO] [stderr]    |
[INFO] [stderr] 96 |   pub(crate) fn paths_get(&self) -> &Vec<String> { &self.paths }
[INFO] [stderr]    |                 ^^^^^^^^^
[INFO] [stderr] 
[INFO] [stderr] warning: associated function is never used: `username_get`
[INFO] [stderr]   --> src/types/url.rs:97:17
[INFO] [stderr]    |
[INFO] [stderr] 97 |   pub(crate) fn username_get(&self) -> &String { &self.username }
[INFO] [stderr]    |                 ^^^^^^^^^^^^
[INFO] [stderr] 
[INFO] [stderr] warning: associated function is never used: `password_get`
[INFO] [stderr]   --> src/types/url.rs:98:17
[INFO] [stderr]    |
[INFO] [stderr] 98 |   pub(crate) fn password_get(&self) -> &Option<String> { &self.password }
[INFO] [stderr]    |                 ^^^^^^^^^^^^
[INFO] [stderr] 
[INFO] [stderr] warning: associated function is never used: `fragment_get`
[INFO] [stderr]    --> src/types/url.rs:100:17
[INFO] [stderr]     |
[INFO] [stderr] 100 |   pub(crate) fn fragment_get(&self) -> &Option<String> { &self.fragment }
[INFO] [stderr]     |                 ^^^^^^^^^^^^
[INFO] [stderr] 
[INFO] [stderr] warning: associated function is never used: `traditional_get`
[INFO] [stderr]    --> src/types/url.rs:101:17
[INFO] [stderr]     |
[INFO] [stderr] 101 |   pub(crate) fn traditional_get(&self) -> bool { self.traditional }
[INFO] [stderr]     |                 ^^^^^^^^^^^^^^^
[INFO] [stderr] 
[INFO] [stderr] warning: associated function is never used: `url_mut`
[INFO] [stderr]    --> src/types/url.rs:103:17
[INFO] [stderr]     |
[INFO] [stderr] 103 |   pub(crate) fn url_mut(&mut self) -> &mut String { &mut self.url }
[INFO] [stderr]     |                 ^^^^^^^
[INFO] [stderr] 
[INFO] [stderr] warning: associated function is never used: `paths_mut`
[INFO] [stderr]    --> src/types/url.rs:104:17
[INFO] [stderr]     |
[INFO] [stderr] 104 |   pub(crate) fn paths_mut(&mut self) -> &mut Vec<String> { &mut self.paths }
[INFO] [stderr]     |                 ^^^^^^^^^
[INFO] [stderr] 
[INFO] [stderr] warning: associated function is never used: `username_mut`
[INFO] [stderr]    --> src/types/url.rs:105:17
[INFO] [stderr]     |
[INFO] [stderr] 105 |   pub(crate) fn username_mut(&mut self) -> &mut String { &mut self.username }
[INFO] [stderr]     |                 ^^^^^^^^^^^^
[INFO] [stderr] 
[INFO] [stderr] warning: associated function is never used: `password_mut`
[INFO] [stderr]    --> src/types/url.rs:106:17
[INFO] [stderr]     |
[INFO] [stderr] 106 |   pub(crate) fn password_mut(&mut self) -> &mut Option<String> { &mut self.password }
[INFO] [stderr]     |                 ^^^^^^^^^^^^
[INFO] [stderr] 
[INFO] [stderr] warning: associated function is never used: `paras_mut`
[INFO] [stderr]    --> src/types/url.rs:107:17
[INFO] [stderr]     |
[INFO] [stderr] 107 |   pub(crate) fn paras_mut(&mut self) -> &mut Vec<Para> { &mut self.paras }
[INFO] [stderr]     |                 ^^^^^^^^^
[INFO] [stderr] 
[INFO] [stderr] warning: associated function is never used: `fragment_mut`
[INFO] [stderr]    --> src/types/url.rs:108:17
[INFO] [stderr]     |
[INFO] [stderr] 108 |   pub(crate) fn fragment_mut(&mut self) -> &mut Option<String> { &mut self.fragment }
[INFO] [stderr]     |                 ^^^^^^^^^^^^
[INFO] [stderr] 
[INFO] [stderr] warning: associated function is never used: `traditional_mut`
[INFO] [stderr]    --> src/types/url.rs:109:17
[INFO] [stderr]     |
[INFO] [stderr] 109 |   pub(crate) fn traditional_mut(&mut self) -> &mut bool { &mut self.traditional }
[INFO] [stderr]     |                 ^^^^^^^^^^^^^^^
[INFO] [stderr] 
[INFO] [stderr] warning: associated function is never used: `url_set`
[INFO] [stderr]    --> src/types/url.rs:111:17
[INFO] [stderr]     |
[INFO] [stderr] 111 |   pub(crate) fn url_set<S: AsRef<str>>(&mut self, url: S) -> &mut Self {
[INFO] [stderr]     |                 ^^^^^^^
[INFO] [stderr] 
[INFO] [stderr] warning: associated function is never used: `paths_set`
[INFO] [stderr]    --> src/types/url.rs:115:17
[INFO] [stderr]     |
[INFO] [stderr] 115 |   pub(crate) fn paths_set(&mut self, paths: Vec<String>) -> &mut Self {
[INFO] [stderr]     |                 ^^^^^^^^^
[INFO] [stderr] 
[INFO] [stderr] warning: associated function is never used: `username_set`
[INFO] [stderr]    --> src/types/url.rs:119:17
[INFO] [stderr]     |
[INFO] [stderr] 119 |   pub(crate) fn username_set<S: AsRef<str>>(&mut self, username: S) -> &mut Self {
[INFO] [stderr]     |                 ^^^^^^^^^^^^
[INFO] [stderr] 
[INFO] [stderr] warning: associated function is never used: `password_set`
[INFO] [stderr]    --> src/types/url.rs:123:17
[INFO] [stderr]     |
[INFO] [stderr] 123 |   pub(crate) fn password_set<S: AsRef<str>>(&mut self, password: S) -> &mut Self {
[INFO] [stderr]     |                 ^^^^^^^^^^^^
[INFO] [stderr] 
[INFO] [stderr] warning: associated function is never used: `fragment_set`
[INFO] [stderr]    --> src/types/url.rs:131:17
[INFO] [stderr]     |
[INFO] [stderr] 131 |   pub(crate) fn fragment_set<S: AsRef<str>>(&mut self, fragment: S) -> &mut Self {
[INFO] [stderr]     |                 ^^^^^^^^^^^^
[INFO] [stderr] 
[INFO] [stderr] warning: associated function is never used: `traditional_set`
[INFO] [stderr]    --> src/types/url.rs:135:17
[INFO] [stderr]     |
[INFO] [stderr] 135 |   pub(crate) fn traditional_set(&mut self, traditional: bool) -> &mut Self {
[INFO] [stderr]     |                 ^^^^^^^^^^^^^^^
[INFO] [stderr] 
[INFO] [stderr] warning: associated function is never used: `with_url`
[INFO] [stderr]   --> src/types/para.rs:27:17
[INFO] [stderr]    |
[INFO] [stderr] 27 |   pub(crate) fn with_url<N: AsRef<str>, V: AsRef<str>>(name: N, value: V) -> Self {
[INFO] [stderr]    |                 ^^^^^^^^
[INFO] [stderr] 
[INFO] [stderr] warning: associated function is never used: `name_mut`
[INFO] [stderr]   --> src/types/para.rs:53:17
[INFO] [stderr]    |
[INFO] [stderr] 53 |   pub(crate) fn name_mut(&mut self) -> &mut String { &mut self.name }
[INFO] [stderr]    |                 ^^^^^^^^
[INFO] [stderr] 
[INFO] [stderr] warning: associated function is never used: `value_mut`
[INFO] [stderr]   --> src/types/para.rs:55:17
[INFO] [stderr]    |
[INFO] [stderr] 55 |   pub(crate) fn value_mut(&mut self) -> &mut Option<String> { &mut self.value }
[INFO] [stderr]    |                 ^^^^^^^^^
[INFO] [stderr] 
[INFO] [stderr] warning: associated function is never used: `name_mut`
[INFO] [stderr]   --> src/types/form_data.rs:84:17
[INFO] [stderr]    |
[INFO] [stderr] 84 |   pub(crate) fn name_mut(&mut self) -> &mut String { &mut self.name }
[INFO] [stderr]    |                 ^^^^^^^^
[INFO] [stderr] 
[INFO] [stderr] warning: associated function is never used: `text_mut`
[INFO] [stderr]   --> src/types/form_data.rs:85:17
[INFO] [stderr]    |
[INFO] [stderr] 85 |   pub(crate) fn text_mut(&mut self) -> &mut Option<String> { &mut self.text }
[INFO] [stderr]    |                 ^^^^^^^^
[INFO] [stderr] 
[INFO] [stderr] warning: associated function is never used: `file_mut`
[INFO] [stderr]   --> src/types/form_data.rs:86:17
[INFO] [stderr]    |
[INFO] [stderr] 86 |   pub(crate) fn file_mut(&mut self) -> &mut Option<PathBuf> { &mut self.file }
[INFO] [stderr]    |                 ^^^^^^^^
[INFO] [stderr] 
[INFO] [stderr] warning: associated function is never used: `filename_mut`
[INFO] [stderr]   --> src/types/form_data.rs:87:17
[INFO] [stderr]    |
[INFO] [stderr] 87 |   pub(crate) fn filename_mut(&mut self) -> &mut Option<String> { &mut self.filename }
[INFO] [stderr]    |                 ^^^^^^^^^^^^
[INFO] [stderr] 
[INFO] [stderr] warning: associated function is never used: `binary_mut`
[INFO] [stderr]   --> src/types/form_data.rs:88:17
[INFO] [stderr]    |
[INFO] [stderr] 88 |   pub(crate) fn binary_mut(&mut self) -> &mut Vec<u8> { &mut self.binary }
[INFO] [stderr]    |                 ^^^^^^^^^^
[INFO] [stderr] 
[INFO] [stderr] warning: associated function is never used: `type_mut`
[INFO] [stderr]   --> src/types/form_data.rs:89:17
[INFO] [stderr]    |
[INFO] [stderr] 89 |   pub(crate) fn type_mut(&mut self) -> &mut FormDataType { &mut self.type_ }
[INFO] [stderr]    |                 ^^^^^^^^
[INFO] [stderr] 
[INFO] [stderr] warning: variant is never constructed: `Status`
[INFO] [stderr]    --> src/error.rs:180:3
[INFO] [stderr]     |
[INFO] [stderr] 180 |   Status(StatusCode),
[INFO] [stderr]     |   ^^^^^^^^^^^^^^^^^^
[INFO] [stderr] 
[INFO] [stderr] warning: function is never used: `status_code`
[INFO] [stderr]    --> src/error.rs:215:15
[INFO] [stderr]     |
[INFO] [stderr] 215 | pub(crate) fn status_code(url: Url, status: StatusCode) -> Error {
[INFO] [stderr]     |               ^^^^^^^^^^^
[INFO] [stderr] 
[INFO] [stderr] warning: function is never used: `bad_ssl`
[INFO] [stderr]    --> src/error.rs:259:15
[INFO] [stderr]     |
[INFO] [stderr] 259 | pub(crate) fn bad_ssl<S: AsRef<str>>(message: S) -> Error {
[INFO] [stderr]     |               ^^^^^^^
[INFO] [stderr] 
[INFO] [stderr] warning: associated function is never used: `binary`
[INFO] [stderr]   --> src/response/raw_response.rs:44:10
[INFO] [stderr]    |
[INFO] [stderr] 44 |   pub fn binary(&mut self, binary: Vec<u8>) -> &mut Self {
[INFO] [stderr]    |          ^^^^^^
[INFO] [stderr] 
[INFO] [stderr] warning: `rttp_client` (lib) generated 64 warnings
[INFO] [stderr] warning: `rttp_client` (lib test) generated 64 warnings (64 duplicates)
[INFO] [stderr] warning: unused imports: `Read`, `Write`, `stdout`
[INFO] [stderr]  --> tests/test_rustls.rs:1:15
[INFO] [stderr]   |
[INFO] [stderr] 1 | use std::io::{Read, stdout, Write};
[INFO] [stderr]   |               ^^^^  ^^^^^^  ^^^^^
[INFO] [stderr]   |
[INFO] [stderr]   = note: `#[warn(unused_imports)]` on by default
[INFO] [stderr] 
[INFO] [stderr] warning: unused import: `std::net::TcpStream`
[INFO] [stderr]  --> tests/test_rustls.rs:2:5
[INFO] [stderr]   |
[INFO] [stderr] 2 | use std::net::TcpStream;
[INFO] [stderr]   |     ^^^^^^^^^^^^^^^^^^^
[INFO] [stderr] 
[INFO] [stderr] warning: unused import: `std::sync::Arc`
[INFO] [stderr]  --> tests/test_rustls.rs:3:5
[INFO] [stderr]   |
[INFO] [stderr] 3 | use std::sync::Arc;
[INFO] [stderr]   |     ^^^^^^^^^^^^^^
[INFO] [stderr] 
[INFO] [stderr] warning: unused import: `rttp_client::types::Proxy`
[INFO] [stderr]  --> tests/test_http_async.rs:5:5
[INFO] [stderr]   |
[INFO] [stderr] 5 | use rttp_client::types::Proxy;
[INFO] [stderr]   |     ^^^^^^^^^^^^^^^^^^^^^^^^^
[INFO] [stderr]   |
[INFO] [stderr]   = note: `#[warn(unused_imports)]` on by default
[INFO] [stderr] 
[INFO] [stderr] warning: function is never used: `client`
[INFO] [stderr]  --> tests/test_http_async.rs:7:4
[INFO] [stderr]   |
[INFO] [stderr] 7 | fn client() -> HttpClient {
[INFO] [stderr]   |    ^^^^^^
[INFO] [stderr]   |
[INFO] [stderr]   = note: `#[warn(dead_code)]` on by default
[INFO] [stderr] 
[INFO] [stderr] warning: `rttp_client` (test "test_rustls") generated 3 warnings
[INFO] [stderr] warning: `rttp_client` (test "test_http_async") generated 2 warnings
[INFO] [stderr]     Finished test [unoptimized + debuginfo] target(s) in 0.05s
[INFO] [stderr]      Running unittests (/opt/rustwide/target/debug/deps/rttp_client-9670a81385d07853)
[INFO] [stdout] 
[INFO] [stdout] running 0 tests
[INFO] [stdout] 
[INFO] [stdout] test result: ok. 0 passed; 0 failed; 0 ignored; 0 measured; 0 filtered out; finished in 0.00s
[INFO] [stdout] 
[INFO] [stderr]      Running tests/test_http_async.rs (/opt/rustwide/target/debug/deps/test_http_async-275459b3edb15427)
[INFO] [stdout] 
[INFO] [stdout] running 0 tests
[INFO] [stdout] 
[INFO] [stdout] test result: ok. 0 passed; 0 failed; 0 ignored; 0 measured; 0 filtered out; finished in 0.00s
[INFO] [stdout] 
[INFO] [stderr]      Running tests/test_http_basic.rs (/opt/rustwide/target/debug/deps/test_http_basic-2bb7e611df106750)
[INFO] [stdout] 
[INFO] [stdout] running 9 tests
[INFO] [stdout] test test_with_proxy_socks5 ... ignored
[INFO] [stdout] test test_multi ... FAILED
[INFO] [stdout] test test_upload ... FAILED
[INFO] [stdout] test test_auto_redirect ... FAILED
[INFO] [stdout] test test_gzip ... FAILED
[INFO] [stdout] test test_http ... FAILED
[INFO] [stdout] test test_raw_form_urlencoded ... FAILED
[INFO] [stdout] test test_connection_closed ... FAILED
[INFO] [stdout] test test_raw_json ... FAILED
[INFO] [stdout] 
[INFO] [stdout] failures:
[INFO] [stdout] 
[INFO] [stdout] ---- test_multi stdout ----
[INFO] [stdout] thread 'test_multi' panicked at 'assertion failed: response.is_ok()', tests/test_http_basic.rs:42:3
[INFO] [stdout] stack backtrace:
[INFO] [stdout]    0:     0x562375e2f5f0 - std::backtrace_rs::backtrace::libunwind::trace::hff4d1766e93f64f1
[INFO] [stdout]                                at /rustc/53fd98ca776cb875bc9e5514f56b52eb74f9e7a9/library/std/src/../../backtrace/src/backtrace/libunwind.rs:90:5
[INFO] [stdout]    1:     0x562375e2f5f0 - std::backtrace_rs::backtrace::trace_unsynchronized::h56bbc8eb78770bcb
[INFO] [stdout]                                at /rustc/53fd98ca776cb875bc9e5514f56b52eb74f9e7a9/library/std/src/../../backtrace/src/backtrace/mod.rs:66:5
[INFO] [stdout]    2:     0x562375e2f5f0 - std::sys_common::backtrace::_print_fmt::h5c8e75464faca780
[INFO] [stdout]                                at /rustc/53fd98ca776cb875bc9e5514f56b52eb74f9e7a9/library/std/src/sys_common/backtrace.rs:67:5
[INFO] [stdout]    3:     0x562375e2f5f0 - <std::sys_common::backtrace::_print::DisplayBacktrace as core::fmt::Display>::fmt::h48b88277def8b362
[INFO] [stdout]                                at /rustc/53fd98ca776cb875bc9e5514f56b52eb74f9e7a9/library/std/src/sys_common/backtrace.rs:46:22
[INFO] [stdout]    4:     0x562375e5287c - core::fmt::write::h3381b3176fe2b3d3
[INFO] [stdout]                                at /rustc/53fd98ca776cb875bc9e5514f56b52eb74f9e7a9/library/core/src/fmt/mod.rs:1115:17
[INFO] [stdout]    5:     0x562375e29695 - std::io::Write::write_fmt::h5f34a676f60246b5
[INFO] [stdout]                                at /rustc/53fd98ca776cb875bc9e5514f56b52eb74f9e7a9/library/std/src/io/mod.rs:1665:15
[INFO] [stdout]    6:     0x562375e3177b - std::sys_common::backtrace::_print::ha537687d6c17dd0d
[INFO] [stdout]                                at /rustc/53fd98ca776cb875bc9e5514f56b52eb74f9e7a9/library/std/src/sys_common/backtrace.rs:49:5
[INFO] [stdout]    7:     0x562375e3177b - std::sys_common::backtrace::print::h61376ae57d131d72
[INFO] [stdout]                                at /rustc/53fd98ca776cb875bc9e5514f56b52eb74f9e7a9/library/std/src/sys_common/backtrace.rs:36:9
[INFO] [stdout]    8:     0x562375e3177b - std::panicking::default_hook::{{closure}}::h0f7208c0b9644a54
[INFO] [stdout]                                at /rustc/53fd98ca776cb875bc9e5514f56b52eb74f9e7a9/library/std/src/panicking.rs:208:50
[INFO] [stdout]    9:     0x562375e3128c - std::panicking::default_hook::hdac7fc06578c14ce
[INFO] [stdout]                                at /rustc/53fd98ca776cb875bc9e5514f56b52eb74f9e7a9/library/std/src/panicking.rs:222:9
[INFO] [stdout]   10:     0x562375e31e44 - std::panicking::rust_panic_with_hook::h72b21c283da3d1ef
[INFO] [stdout]                                at /rustc/53fd98ca776cb875bc9e5514f56b52eb74f9e7a9/library/std/src/panicking.rs:622:17
[INFO] [stdout]   11:     0x562375e318f7 - std::panicking::begin_panic_handler::{{closure}}::he5778f1729cff84a
[INFO] [stdout]                                at /rustc/53fd98ca776cb875bc9e5514f56b52eb74f9e7a9/library/std/src/panicking.rs:517:13
[INFO] [stdout]   12:     0x562375e2facc - std::sys_common::backtrace::__rust_end_short_backtrace::h2d11ca8b453b4b1d
[INFO] [stdout]                                at /rustc/53fd98ca776cb875bc9e5514f56b52eb74f9e7a9/library/std/src/sys_common/backtrace.rs:141:18
[INFO] [stdout]   13:     0x562375e31889 - rust_begin_unwind
[INFO] [stdout]                                at /rustc/53fd98ca776cb875bc9e5514f56b52eb74f9e7a9/library/std/src/panicking.rs:515:5
[INFO] [stdout]   14:     0x562375c8a9a1 - core::panicking::panic_fmt::hf9de31d4acbce4db
[INFO] [stdout]                                at /rustc/53fd98ca776cb875bc9e5514f56b52eb74f9e7a9/library/core/src/panicking.rs:92:14
[INFO] [stdout]   15:     0x562375c8a8ed - core::panicking::panic::h8a6bc58a21c6c095
[INFO] [stdout]                                at /rustc/53fd98ca776cb875bc9e5514f56b52eb74f9e7a9/library/core/src/panicking.rs:50:5
[INFO] [stdout]   16:     0x562375ca0f67 - test_http_basic::test_multi::h8a2804a5965ba32f
[INFO] [stdout]                                at /opt/rustwide/workdir/tests/test_http_basic.rs:42:3
[INFO] [stdout]   17:     0x562375ca08fa - test_http_basic::test_multi::{{closure}}::hc08f838d90d95cb4
[INFO] [stdout]                                at /opt/rustwide/workdir/tests/test_http_basic.rs:22:1
[INFO] [stdout]   18:     0x562375c989fe - core::ops::function::FnOnce::call_once::h72d5f47e32bff802
[INFO] [stdout]                                at /rustc/53fd98ca776cb875bc9e5514f56b52eb74f9e7a9/library/core/src/ops/function.rs:227:5
[INFO] [stdout]   19:     0x562375cd56f3 - core::ops::function::FnOnce::call_once::hbb52c4519d3137b0
[INFO] [stdout]                                at /rustc/53fd98ca776cb875bc9e5514f56b52eb74f9e7a9/library/core/src/ops/function.rs:227:5
[INFO] [stdout]   20:     0x562375cd56f3 - test::__rust_begin_short_backtrace::h86fe3a2a5a5121af
[INFO] [stdout]                                at /rustc/53fd98ca776cb875bc9e5514f56b52eb74f9e7a9/library/test/src/lib.rs:578:5
[INFO] [stdout]   21:     0x562375cd41a8 - <alloc::boxed::Box<F,A> as core::ops::function::FnOnce<Args>>::call_once::hfd956bc3d57399be
[INFO] [stdout]                                at /rustc/53fd98ca776cb875bc9e5514f56b52eb74f9e7a9/library/alloc/src/boxed.rs:1572:9
[INFO] [stdout]   22:     0x562375cd41a8 - <std::panic::AssertUnwindSafe<F> as core::ops::function::FnOnce<()>>::call_once::h40dc93e0ddb5938a
[INFO] [stdout]                                at /rustc/53fd98ca776cb875bc9e5514f56b52eb74f9e7a9/library/std/src/panic.rs:347:9
[INFO] [stdout]   23:     0x562375cd41a8 - std::panicking::try::do_call::h90d07750cb47c562
[INFO] [stdout]                                at /rustc/53fd98ca776cb875bc9e5514f56b52eb74f9e7a9/library/std/src/panicking.rs:401:40
[INFO] [stdout]   24:     0x562375cd41a8 - std::panicking::try::h063c84733ad2a629
[INFO] [stdout]                                at /rustc/53fd98ca776cb875bc9e5514f56b52eb74f9e7a9/library/std/src/panicking.rs:365:19
[INFO] [stdout]   25:     0x562375cd41a8 - std::panic::catch_unwind::h0c464836a84e7c08
[INFO] [stdout]                                at /rustc/53fd98ca776cb875bc9e5514f56b52eb74f9e7a9/library/std/src/panic.rs:434:14
[INFO] [stdout]   26:     0x562375cd41a8 - test::run_test_in_process::h5cb06ef620b157fc
[INFO] [stdout]                                at /rustc/53fd98ca776cb875bc9e5514f56b52eb74f9e7a9/library/test/src/lib.rs:601:18
[INFO] [stdout]   27:     0x562375cd41a8 - test::run_test::run_test_inner::{{closure}}::h76f677f4b93f9828
[INFO] [stdout]                                at /rustc/53fd98ca776cb875bc9e5514f56b52eb74f9e7a9/library/test/src/lib.rs:493:39
[INFO] [stdout]   28:     0x562375ca293d - test::run_test::run_test_inner::{{closure}}::h366d01fe04f4d67a
[INFO] [stdout]                                at /rustc/53fd98ca776cb875bc9e5514f56b52eb74f9e7a9/library/test/src/lib.rs:520:37
[INFO] [stdout]   29:     0x562375ca293d - std::sys_common::backtrace::__rust_begin_short_backtrace::h7dfa0de4eb395af2
[INFO] [stdout]                                at /rustc/53fd98ca776cb875bc9e5514f56b52eb74f9e7a9/library/std/src/sys_common/backtrace.rs:125:18
[INFO] [stdout]   30:     0x562375ca7108 - std::thread::Builder::spawn_unchecked::{{closure}}::{{closure}}::hf0a74bb58798037f
[INFO] [stdout]                                at /rustc/53fd98ca776cb875bc9e5514f56b52eb74f9e7a9/library/std/src/thread/mod.rs:476:17
[INFO] [stdout]   31:     0x562375ca7108 - <std::panic::AssertUnwindSafe<F> as core::ops::function::FnOnce<()>>::call_once::hb024e854818586ac
[INFO] [stdout]                                at /rustc/53fd98ca776cb875bc9e5514f56b52eb74f9e7a9/library/std/src/panic.rs:347:9
[INFO] [stdout]   32:     0x562375ca7108 - std::panicking::try::do_call::hb2dd9f1d0d48e41d
[INFO] [stdout]                                at /rustc/53fd98ca776cb875bc9e5514f56b52eb74f9e7a9/library/std/src/panicking.rs:401:40
[INFO] [stdout]   33:     0x562375ca7108 - std::panicking::try::h4717ae7bac8b2bf3
[INFO] [stdout]                                at /rustc/53fd98ca776cb875bc9e5514f56b52eb74f9e7a9/library/std/src/panicking.rs:365:19
[INFO] [stdout]   34:     0x562375ca7108 - std::panic::catch_unwind::h0dc8a061326ce8d8
[INFO] [stdout]                                at /rustc/53fd98ca776cb875bc9e5514f56b52eb74f9e7a9/library/std/src/panic.rs:434:14
[INFO] [stdout]   35:     0x562375ca7108 - std::thread::Builder::spawn_unchecked::{{closure}}::haa369e2d6fd00aa1
[INFO] [stdout]                                at /rustc/53fd98ca776cb875bc9e5514f56b52eb74f9e7a9/library/std/src/thread/mod.rs:475:30
[INFO] [stdout]   36:     0x562375ca7108 - core::ops::function::FnOnce::call_once{{vtable.shim}}::h36dcf3de8b056f17
[INFO] [stdout]                                at /rustc/53fd98ca776cb875bc9e5514f56b52eb74f9e7a9/library/core/src/ops/function.rs:227:5
[INFO] [stdout]   37:     0x562375e37097 - <alloc::boxed::Box<F,A> as core::ops::function::FnOnce<Args>>::call_once::h65c29e4642be2358
[INFO] [stdout]                                at /rustc/53fd98ca776cb875bc9e5514f56b52eb74f9e7a9/library/alloc/src/boxed.rs:1572:9
[INFO] [stdout]   38:     0x562375e37097 - <alloc::boxed::Box<F,A> as core::ops::function::FnOnce<Args>>::call_once::hd0f8f7fbbd9fffbf
[INFO] [stdout]                                at /rustc/53fd98ca776cb875bc9e5514f56b52eb74f9e7a9/library/alloc/src/boxed.rs:1572:9
[INFO] [stdout]   39:     0x562375e37097 - std::sys::unix::thread::Thread::new::thread_start::h2fd22fee3ca77b65
[INFO] [stdout]                                at /rustc/53fd98ca776cb875bc9e5514f56b52eb74f9e7a9/library/std/src/sys/unix/thread.rs:74:17
[INFO] [stdout]   40:     0x7f5434bed609 - start_thread
[INFO] [stdout]   41:     0x7f54349bf293 - clone
[INFO] [stdout]   42:                0x0 - <unknown>
[INFO] [stdout] 
[INFO] [stdout] ---- test_upload stdout ----
[INFO] [stdout] thread 'test_upload' panicked at 'assertion failed: response.is_ok()', tests/test_http_basic.rs:67:3
[INFO] [stdout] stack backtrace:
[INFO] [stdout]    0:     0x562375e2f5f0 - std::backtrace_rs::backtrace::libunwind::trace::hff4d1766e93f64f1
[INFO] [stdout]                                at /rustc/53fd98ca776cb875bc9e5514f56b52eb74f9e7a9/library/std/src/../../backtrace/src/backtrace/libunwind.rs:90:5
[INFO] [stdout]    1:     0x562375e2f5f0 - std::backtrace_rs::backtrace::trace_unsynchronized::h56bbc8eb78770bcb
[INFO] [stdout]                                at /rustc/53fd98ca776cb875bc9e5514f56b52eb74f9e7a9/library/std/src/../../backtrace/src/backtrace/mod.rs:66:5
[INFO] [stdout]    2:     0x562375e2f5f0 - std::sys_common::backtrace::_print_fmt::h5c8e75464faca780
[INFO] [stdout]                                at /rustc/53fd98ca776cb875bc9e5514f56b52eb74f9e7a9/library/std/src/sys_common/backtrace.rs:67:5
[INFO] [stdout]    3:     0x562375e2f5f0 - <std::sys_common::backtrace::_print::DisplayBacktrace as core::fmt::Display>::fmt::h48b88277def8b362
[INFO] [stdout]                                at /rustc/53fd98ca776cb875bc9e5514f56b52eb74f9e7a9/library/std/src/sys_common/backtrace.rs:46:22
[INFO] [stdout]    4:     0x562375e5287c - core::fmt::write::h3381b3176fe2b3d3
[INFO] [stdout]                                at /rustc/53fd98ca776cb875bc9e5514f56b52eb74f9e7a9/library/core/src/fmt/mod.rs:1115:17
[INFO] [stdout]    5:     0x562375e29695 - std::io::Write::write_fmt::h5f34a676f60246b5
[INFO] [stdout]                                at /rustc/53fd98ca776cb875bc9e5514f56b52eb74f9e7a9/library/std/src/io/mod.rs:1665:15
[INFO] [stdout]    6:     0x562375e3177b - std::sys_common::backtrace::_print::ha537687d6c17dd0d
[INFO] [stdout]                                at /rustc/53fd98ca776cb875bc9e5514f56b52eb74f9e7a9/library/std/src/sys_common/backtrace.rs:49:5
[INFO] [stdout]    7:     0x562375e3177b - std::sys_common::backtrace::print::h61376ae57d131d72
[INFO] [stdout]                                at /rustc/53fd98ca776cb875bc9e5514f56b52eb74f9e7a9/library/std/src/sys_common/backtrace.rs:36:9
[INFO] [stdout]    8:     0x562375e3177b - std::panicking::default_hook::{{closure}}::h0f7208c0b9644a54
[INFO] [stdout]                                at /rustc/53fd98ca776cb875bc9e5514f56b52eb74f9e7a9/library/std/src/panicking.rs:208:50
[INFO] [stdout]    9:     0x562375e3128c - std::panicking::default_hook::hdac7fc06578c14ce
[INFO] [stdout]                                at /rustc/53fd98ca776cb875bc9e5514f56b52eb74f9e7a9/library/std/src/panicking.rs:222:9
[INFO] [stdout]   10:     0x562375e31e44 - std::panicking::rust_panic_with_hook::h72b21c283da3d1ef
[INFO] [stdout]                                at /rustc/53fd98ca776cb875bc9e5514f56b52eb74f9e7a9/library/std/src/panicking.rs:622:17
[INFO] [stdout]   11:     0x562375e318f7 - std::panicking::begin_panic_handler::{{closure}}::he5778f1729cff84a
[INFO] [stdout]                                at /rustc/53fd98ca776cb875bc9e5514f56b52eb74f9e7a9/library/std/src/panicking.rs:517:13
[INFO] [stdout]   12:     0x562375e2facc - std::sys_common::backtrace::__rust_end_short_backtrace::h2d11ca8b453b4b1d
[INFO] [stdout]                                at /rustc/53fd98ca776cb875bc9e5514f56b52eb74f9e7a9/library/std/src/sys_common/backtrace.rs:141:18
[INFO] [stdout]   13:     0x562375e31889 - rust_begin_unwind
[INFO] [stdout]                                at /rustc/53fd98ca776cb875bc9e5514f56b52eb74f9e7a9/library/std/src/panicking.rs:515:5
[INFO] [stdout]   14:     0x562375c8a9a1 - core::panicking::panic_fmt::hf9de31d4acbce4db
[INFO] [stdout]                                at /rustc/53fd98ca776cb875bc9e5514f56b52eb74f9e7a9/library/core/src/panicking.rs:92:14
[INFO] [stdout]   15:     0x562375c8a8ed - core::panicking::panic::h8a6bc58a21c6c095
[INFO] [stdout]                                at /rustc/53fd98ca776cb875bc9e5514f56b52eb74f9e7a9/library/core/src/panicking.rs:50:5
[INFO] [stdout]   16:     0x562375ca1579 - test_http_basic::test_upload::h9c97928f5b6f45b5
[INFO] [stdout]                                at /opt/rustwide/workdir/tests/test_http_basic.rs:67:3
[INFO] [stdout]   17:     0x562375ca136a - test_http_basic::test_upload::{{closure}}::hf56d82f68d15e679
[INFO] [stdout]                                at /opt/rustwide/workdir/tests/test_http_basic.rs:60:1
[INFO] [stdout]   18:     0x562375c98ace - core::ops::function::FnOnce::call_once::hbe15bf248ed57d84
[INFO] [stdout]                                at /rustc/53fd98ca776cb875bc9e5514f56b52eb74f9e7a9/library/core/src/ops/function.rs:227:5
[INFO] [stdout]   19:     0x562375cd56f3 - core::ops::function::FnOnce::call_once::hbb52c4519d3137b0
[INFO] [stdout]                                at /rustc/53fd98ca776cb875bc9e5514f56b52eb74f9e7a9/library/core/src/ops/function.rs:227:5
[INFO] [stdout]   20:     0x562375cd56f3 - test::__rust_begin_short_backtrace::h86fe3a2a5a5121af
[INFO] [stdout]                                at /rustc/53fd98ca776cb875bc9e5514f56b52eb74f9e7a9/library/test/src/lib.rs:578:5
[INFO] [stdout]   21:     0x562375cd41a8 - <alloc::boxed::Box<F,A> as core::ops::function::FnOnce<Args>>::call_once::hfd956bc3d57399be
[INFO] [stdout]                                at /rustc/53fd98ca776cb875bc9e5514f56b52eb74f9e7a9/library/alloc/src/boxed.rs:1572:9
[INFO] [stdout]   22:     0x562375cd41a8 - <std::panic::AssertUnwindSafe<F> as core::ops::function::FnOnce<()>>::call_once::h40dc93e0ddb5938a
[INFO] [stdout]                                at /rustc/53fd98ca776cb875bc9e5514f56b52eb74f9e7a9/library/std/src/panic.rs:347:9
[INFO] [stdout]   23:     0x562375cd41a8 - std::panicking::try::do_call::h90d07750cb47c562
[INFO] [stdout]                                at /rustc/53fd98ca776cb875bc9e5514f56b52eb74f9e7a9/library/std/src/panicking.rs:401:40
[INFO] [stdout]   24:     0x562375cd41a8 - std::panicking::try::h063c84733ad2a629
[INFO] [stdout]                                at /rustc/53fd98ca776cb875bc9e5514f56b52eb74f9e7a9/library/std/src/panicking.rs:365:19
[INFO] [stdout]   25:     0x562375cd41a8 - std::panic::catch_unwind::h0c464836a84e7c08
[INFO] [stdout]                                at /rustc/53fd98ca776cb875bc9e5514f56b52eb74f9e7a9/library/std/src/panic.rs:434:14
[INFO] [stdout]   26:     0x562375cd41a8 - test::run_test_in_process::h5cb06ef620b157fc
[INFO] [stdout]                                at /rustc/53fd98ca776cb875bc9e5514f56b52eb74f9e7a9/library/test/src/lib.rs:601:18
[INFO] [stdout]   27:     0x562375cd41a8 - test::run_test::run_test_inner::{{closure}}::h76f677f4b93f9828
[INFO] [stdout]                                at /rustc/53fd98ca776cb875bc9e5514f56b52eb74f9e7a9/library/test/src/lib.rs:493:39
[INFO] [stdout]   28:     0x562375ca293d - test::run_test::run_test_inner::{{closure}}::h366d01fe04f4d67a
[INFO] [stdout]                                at /rustc/53fd98ca776cb875bc9e5514f56b52eb74f9e7a9/library/test/src/lib.rs:520:37
[INFO] [stdout]   29:     0x562375ca293d - std::sys_common::backtrace::__rust_begin_short_backtrace::h7dfa0de4eb395af2
[INFO] [stdout]                                at /rustc/53fd98ca776cb875bc9e5514f56b52eb74f9e7a9/library/std/src/sys_common/backtrace.rs:125:18
[INFO] [stdout]   30:     0x562375ca7108 - std::thread::Builder::spawn_unchecked::{{closure}}::{{closure}}::hf0a74bb58798037f
[INFO] [stdout]                                at /rustc/53fd98ca776cb875bc9e5514f56b52eb74f9e7a9/library/std/src/thread/mod.rs:476:17
[INFO] [stdout]   31:     0x562375ca7108 - <std::panic::AssertUnwindSafe<F> as core::ops::function::FnOnce<()>>::call_once::hb024e854818586ac
[INFO] [stdout]                                at /rustc/53fd98ca776cb875bc9e5514f56b52eb74f9e7a9/library/std/src/panic.rs:347:9
[INFO] [stdout]   32:     0x562375ca7108 - std::panicking::try::do_call::hb2dd9f1d0d48e41d
[INFO] [stdout]                                at /rustc/53fd98ca776cb875bc9e5514f56b52eb74f9e7a9/library/std/src/panicking.rs:401:40
[INFO] [stdout]   33:     0x562375ca7108 - std::panicking::try::h4717ae7bac8b2bf3
[INFO] [stdout]                                at /rustc/53fd98ca776cb875bc9e5514f56b52eb74f9e7a9/library/std/src/panicking.rs:365:19
[INFO] [stdout]   34:     0x562375ca7108 - std::panic::catch_unwind::h0dc8a061326ce8d8
[INFO] [stdout]                                at /rustc/53fd98ca776cb875bc9e5514f56b52eb74f9e7a9/library/std/src/panic.rs:434:14
[INFO] [stdout]   35:     0x562375ca7108 - std::thread::Builder::spawn_unchecked::{{closure}}::haa369e2d6fd00aa1
[INFO] [stdout]                                at /rustc/53fd98ca776cb875bc9e5514f56b52eb74f9e7a9/library/std/src/thread/mod.rs:475:30
[INFO] [stdout]   36:     0x562375ca7108 - core::ops::function::FnOnce::call_once{{vtable.shim}}::h36dcf3de8b056f17
[INFO] [stdout]                                at /rustc/53fd98ca776cb875bc9e5514f56b52eb74f9e7a9/library/core/src/ops/function.rs:227:5
[INFO] [stdout]   37:     0x562375e37097 - <alloc::boxed::Box<F,A> as core::ops::function::FnOnce<Args>>::call_once::h65c29e4642be2358
[INFO] [stdout]                                at /rustc/53fd98ca776cb875bc9e5514f56b52eb74f9e7a9/library/alloc/src/boxed.rs:1572:9
[INFO] [stdout]   38:     0x562375e37097 - <alloc::boxed::Box<F,A> as core::ops::function::FnOnce<Args>>::call_once::hd0f8f7fbbd9fffbf
[INFO] [stdout]                                at /rustc/53fd98ca776cb875bc9e5514f56b52eb74f9e7a9/library/alloc/src/boxed.rs:1572:9
[INFO] [stdout]   39:     0x562375e37097 - std::sys::unix::thread::Thread::new::thread_start::h2fd22fee3ca77b65
[INFO] [stdout]                                at /rustc/53fd98ca776cb875bc9e5514f56b52eb74f9e7a9/library/std/src/sys/unix/thread.rs:74:17
[INFO] [stdout]   40:     0x7f5434bed609 - start_thread
[INFO] [stdout]   41:     0x7f54349bf293 - clone
[INFO] [stdout]   42:                0x0 - <unknown>
[INFO] [stdout] 
[INFO] [stdout] ---- test_auto_redirect stdout ----
[INFO] [stdout] thread 'test_auto_redirect' panicked at 'assertion failed: response.is_ok()', tests/test_http_basic.rs:154:3
[INFO] [stdout] stack backtrace:
[INFO] [stdout]    0:     0x562375e2f5f0 - std::backtrace_rs::backtrace::libunwind::trace::hff4d1766e93f64f1
[INFO] [stdout]                                at /rustc/53fd98ca776cb875bc9e5514f56b52eb74f9e7a9/library/std/src/../../backtrace/src/backtrace/libunwind.rs:90:5
[INFO] [stdout]    1:     0x562375e2f5f0 - std::backtrace_rs::backtrace::trace_unsynchronized::h56bbc8eb78770bcb
[INFO] [stdout]                                at /rustc/53fd98ca776cb875bc9e5514f56b52eb74f9e7a9/library/std/src/../../backtrace/src/backtrace/mod.rs:66:5
[INFO] [stdout]    2:     0x562375e2f5f0 - std::sys_common::backtrace::_print_fmt::h5c8e75464faca780
[INFO] [stdout]                                at /rustc/53fd98ca776cb875bc9e5514f56b52eb74f9e7a9/library/std/src/sys_common/backtrace.rs:67:5
[INFO] [stdout]    3:     0x562375e2f5f0 - <std::sys_common::backtrace::_print::DisplayBacktrace as core::fmt::Display>::fmt::h48b88277def8b362
[INFO] [stdout]                                at /rustc/53fd98ca776cb875bc9e5514f56b52eb74f9e7a9/library/std/src/sys_common/backtrace.rs:46:22
[INFO] [stdout]    4:     0x562375e5287c - core::fmt::write::h3381b3176fe2b3d3
[INFO] [stdout]                                at /rustc/53fd98ca776cb875bc9e5514f56b52eb74f9e7a9/library/core/src/fmt/mod.rs:1115:17
[INFO] [stdout]    5:     0x562375e29695 - std::io::Write::write_fmt::h5f34a676f60246b5
[INFO] [stdout]                                at /rustc/53fd98ca776cb875bc9e5514f56b52eb74f9e7a9/library/std/src/io/mod.rs:1665:15
[INFO] [stdout]    6:     0x562375e3177b - std::sys_common::backtrace::_print::ha537687d6c17dd0d
[INFO] [stdout]                                at /rustc/53fd98ca776cb875bc9e5514f56b52eb74f9e7a9/library/std/src/sys_common/backtrace.rs:49:5
[INFO] [stdout]    7:     0x562375e3177b - std::sys_common::backtrace::print::h61376ae57d131d72
[INFO] [stdout]                                at /rustc/53fd98ca776cb875bc9e5514f56b52eb74f9e7a9/library/std/src/sys_common/backtrace.rs:36:9
[INFO] [stdout]    8:     0x562375e3177b - std::panicking::default_hook::{{closure}}::h0f7208c0b9644a54
[INFO] [stdout]                                at /rustc/53fd98ca776cb875bc9e5514f56b52eb74f9e7a9/library/std/src/panicking.rs:208:50
[INFO] [stdout]    9:     0x562375e3128c - std::panicking::default_hook::hdac7fc06578c14ce
[INFO] [stdout]                                at /rustc/53fd98ca776cb875bc9e5514f56b52eb74f9e7a9/library/std/src/panicking.rs:222:9
[INFO] [stdout]   10:     0x562375e31e44 - std::panicking::rust_panic_with_hook::h72b21c283da3d1ef
[INFO] [stdout]                                at /rustc/53fd98ca776cb875bc9e5514f56b52eb74f9e7a9/library/std/src/panicking.rs:622:17
[INFO] [stdout]   11:     0x562375e318f7 - std::panicking::begin_panic_handler::{{closure}}::he5778f1729cff84a
[INFO] [stdout]                                at /rustc/53fd98ca776cb875bc9e5514f56b52eb74f9e7a9/library/std/src/panicking.rs:517:13
[INFO] [stdout]   12:     0x562375e2facc - std::sys_common::backtrace::__rust_end_short_backtrace::h2d11ca8b453b4b1d
[INFO] [stdout]                                at /rustc/53fd98ca776cb875bc9e5514f56b52eb74f9e7a9/library/std/src/sys_common/backtrace.rs:141:18
[INFO] [stdout]   13:     0x562375e31889 - rust_begin_unwind
[INFO] [stdout]                                at /rustc/53fd98ca776cb875bc9e5514f56b52eb74f9e7a9/library/std/src/panicking.rs:515:5
[INFO] [stdout]   14:     0x562375c8a9a1 - core::panicking::panic_fmt::hf9de31d4acbce4db
[INFO] [stdout]                                at /rustc/53fd98ca776cb875bc9e5514f56b52eb74f9e7a9/library/core/src/panicking.rs:92:14
[INFO] [stdout]   15:     0x562375c8a8ed - core::panicking::panic::h8a6bc58a21c6c095
[INFO] [stdout]                                at /rustc/53fd98ca776cb875bc9e5514f56b52eb74f9e7a9/library/core/src/panicking.rs:50:5
[INFO] [stdout]   16:     0x562375ca1efc - test_http_basic::test_auto_redirect::h6a9d9c1e593ca2d4
[INFO] [stdout]                                at /opt/rustwide/workdir/tests/test_http_basic.rs:154:3
[INFO] [stdout]   17:     0x562375ca1d3a - test_http_basic::test_auto_redirect::{{closure}}::h839c716a551f87d6
[INFO] [stdout]                                at /opt/rustwide/workdir/tests/test_http_basic.rs:148:1
[INFO] [stdout]   18:     0x562375c9898e - core::ops::function::FnOnce::call_once::h4da7e31359910cc3
[INFO] [stdout]                                at /rustc/53fd98ca776cb875bc9e5514f56b52eb74f9e7a9/library/core/src/ops/function.rs:227:5
[INFO] [stdout]   19:     0x562375cd56f3 - core::ops::function::FnOnce::call_once::hbb52c4519d3137b0
[INFO] [stdout]                                at /rustc/53fd98ca776cb875bc9e5514f56b52eb74f9e7a9/library/core/src/ops/function.rs:227:5
[INFO] [stdout]   20:     0x562375cd56f3 - test::__rust_begin_short_backtrace::h86fe3a2a5a5121af
[INFO] [stdout]                                at /rustc/53fd98ca776cb875bc9e5514f56b52eb74f9e7a9/library/test/src/lib.rs:578:5
[INFO] [stdout]   21:     0x562375cd41a8 - <alloc::boxed::Box<F,A> as core::ops::function::FnOnce<Args>>::call_once::hfd956bc3d57399be
[INFO] [stdout]                                at /rustc/53fd98ca776cb875bc9e5514f56b52eb74f9e7a9/library/alloc/src/boxed.rs:1572:9
[INFO] [stdout]   22:     0x562375cd41a8 - <std::panic::AssertUnwindSafe<F> as core::ops::function::FnOnce<()>>::call_once::h40dc93e0ddb5938a
[INFO] [stdout]                                at /rustc/53fd98ca776cb875bc9e5514f56b52eb74f9e7a9/library/std/src/panic.rs:347:9
[INFO] [stdout]   23:     0x562375cd41a8 - std::panicking::try::do_call::h90d07750cb47c562
[INFO] [stdout]                                at /rustc/53fd98ca776cb875bc9e5514f56b52eb74f9e7a9/library/std/src/panicking.rs:401:40
[INFO] [stdout]   24:     0x562375cd41a8 - std::panicking::try::h063c84733ad2a629
[INFO] [stdout]                                at /rustc/53fd98ca776cb875bc9e5514f56b52eb74f9e7a9/library/std/src/panicking.rs:365:19
[INFO] [stdout]   25:     0x562375cd41a8 - std::panic::catch_unwind::h0c464836a84e7c08
[INFO] [stdout]                                at /rustc/53fd98ca776cb875bc9e5514f56b52eb74f9e7a9/library/std/src/panic.rs:434:14
[INFO] [stdout]   26:     0x562375cd41a8 - test::run_test_in_process::h5cb06ef620b157fc
[INFO] [stdout]                                at /rustc/53fd98ca776cb875bc9e5514f56b52eb74f9e7a9/library/test/src/lib.rs:601:18
[INFO] [stdout]   27:     0x562375cd41a8 - test::run_test::run_test_inner::{{closure}}::h76f677f4b93f9828
[INFO] [stdout]                                at /rustc/53fd98ca776cb875bc9e5514f56b52eb74f9e7a9/library/test/src/lib.rs:493:39
[INFO] [stdout]   28:     0x562375ca293d - test::run_test::run_test_inner::{{closure}}::h366d01fe04f4d67a
[INFO] [stdout]                                at /rustc/53fd98ca776cb875bc9e5514f56b52eb74f9e7a9/library/test/src/lib.rs:520:37
[INFO] [stdout]   29:     0x562375ca293d - std::sys_common::backtrace::__rust_begin_short_backtrace::h7dfa0de4eb395af2
[INFO] [stdout]                                at /rustc/53fd98ca776cb875bc9e5514f56b52eb74f9e7a9/library/std/src/sys_common/backtrace.rs:125:18
[INFO] [stdout]   30:     0x562375ca7108 - std::thread::Builder::spawn_unchecked::{{closure}}::{{closure}}::hf0a74bb58798037f
[INFO] [stdout]                                at /rustc/53fd98ca776cb875bc9e5514f56b52eb74f9e7a9/library/std/src/thread/mod.rs:476:17
[INFO] [stdout]   31:     0x562375ca7108 - <std::panic::AssertUnwindSafe<F> as core::ops::function::FnOnce<()>>::call_once::hb024e854818586ac
[INFO] [stdout]                                at /rustc/53fd98ca776cb875bc9e5514f56b52eb74f9e7a9/library/std/src/panic.rs:347:9
[INFO] [stdout]   32:     0x562375ca7108 - std::panicking::try::do_call::hb2dd9f1d0d48e41d
[INFO] [stdout]                                at /rustc/53fd98ca776cb875bc9e5514f56b52eb74f9e7a9/library/std/src/panicking.rs:401:40
[INFO] [stdout]   33:     0x562375ca7108 - std::panicking::try::h4717ae7bac8b2bf3
[INFO] [stdout]                                at /rustc/53fd98ca776cb875bc9e5514f56b52eb74f9e7a9/library/std/src/panicking.rs:365:19
[INFO] [stdout]   34:     0x562375ca7108 - std::panic::catch_unwind::h0dc8a061326ce8d8
[INFO] [stdout]                                at /rustc/53fd98ca776cb875bc9e5514f56b52eb74f9e7a9/library/std/src/panic.rs:434:14
[INFO] [stdout]   35:     0x562375ca7108 - std::thread::Builder::spawn_unchecked::{{closure}}::haa369e2d6fd00aa1
[INFO] [stdout]                                at /rustc/53fd98ca776cb875bc9e5514f56b52eb74f9e7a9/library/std/src/thread/mod.rs:475:30
[INFO] [stdout]   36:     0x562375ca7108 - core::ops::function::FnOnce::call_once{{vtable.shim}}::h36dcf3de8b056f17
[INFO] [stdout]                                at /rustc/53fd98ca776cb875bc9e5514f56b52eb74f9e7a9/library/core/src/ops/function.rs:227:5
[INFO] [stdout]   37:     0x562375e37097 - <alloc::boxed::Box<F,A> as core::ops::function::FnOnce<Args>>::call_once::h65c29e4642be2358
[INFO] [stdout]                                at /rustc/53fd98ca776cb875bc9e5514f56b52eb74f9e7a9/library/alloc/src/boxed.rs:1572:9
[INFO] [stdout]   38:     0x562375e37097 - <alloc::boxed::Box<F,A> as core::ops::function::FnOnce<Args>>::call_once::hd0f8f7fbbd9fffbf
[INFO] [stdout]                                at /rustc/53fd98ca776cb875bc9e5514f56b52eb74f9e7a9/library/alloc/src/boxed.rs:1572:9
[INFO] [stdout]   39:     0x562375e37097 - std::sys::unix::thread::Thread::new::thread_start::h2fd22fee3ca77b65
[INFO] [stdout]                                at /rustc/53fd98ca776cb875bc9e5514f56b52eb74f9e7a9/library/std/src/sys/unix/thread.rs:74:17
[INFO] [stdout]   40:     0x7f5434bed609 - start_thread
[INFO] [stdout]   41:     0x7f54349bf293 - clone
[INFO] [stdout]   42:                0x0 - <unknown>
[INFO] [stdout] 
[INFO] [stdout] ---- test_gzip stdout ----
[INFO] [stdout] thread 'test_gzip' panicked at 'assertion failed: response.is_ok()', tests/test_http_basic.rs:54:3
[INFO] [stdout] stack backtrace:
[INFO] [stdout]    0:     0x562375e2f5f0 - std::backtrace_rs::backtrace::libunwind::trace::hff4d1766e93f64f1
[INFO] [stdout]                                at /rustc/53fd98ca776cb875bc9e5514f56b52eb74f9e7a9/library/std/src/../../backtrace/src/backtrace/libunwind.rs:90:5
[INFO] [stdout]    1:     0x562375e2f5f0 - std::backtrace_rs::backtrace::trace_unsynchronized::h56bbc8eb78770bcb
[INFO] [stdout]                                at /rustc/53fd98ca776cb875bc9e5514f56b52eb74f9e7a9/library/std/src/../../backtrace/src/backtrace/mod.rs:66:5
[INFO] [stdout]    2:     0x562375e2f5f0 - std::sys_common::backtrace::_print_fmt::h5c8e75464faca780
[INFO] [stdout]                                at /rustc/53fd98ca776cb875bc9e5514f56b52eb74f9e7a9/library/std/src/sys_common/backtrace.rs:67:5
[INFO] [stdout]    3:     0x562375e2f5f0 - <std::sys_common::backtrace::_print::DisplayBacktrace as core::fmt::Display>::fmt::h48b88277def8b362
[INFO] [stdout]                                at /rustc/53fd98ca776cb875bc9e5514f56b52eb74f9e7a9/library/std/src/sys_common/backtrace.rs:46:22
[INFO] [stdout]    4:     0x562375e5287c - core::fmt::write::h3381b3176fe2b3d3
[INFO] [stdout]                                at /rustc/53fd98ca776cb875bc9e5514f56b52eb74f9e7a9/library/core/src/fmt/mod.rs:1115:17
[INFO] [stdout]    5:     0x562375e29695 - std::io::Write::write_fmt::h5f34a676f60246b5
[INFO] [stdout]                                at /rustc/53fd98ca776cb875bc9e5514f56b52eb74f9e7a9/library/std/src/io/mod.rs:1665:15
[INFO] [stdout]    6:     0x562375e3177b - std::sys_common::backtrace::_print::ha537687d6c17dd0d
[INFO] [stdout]                                at /rustc/53fd98ca776cb875bc9e5514f56b52eb74f9e7a9/library/std/src/sys_common/backtrace.rs:49:5
[INFO] [stdout]    7:     0x562375e3177b - std::sys_common::backtrace::print::h61376ae57d131d72
[INFO] [stdout]                                at /rustc/53fd98ca776cb875bc9e5514f56b52eb74f9e7a9/library/std/src/sys_common/backtrace.rs:36:9
[INFO] [stdout]    8:     0x562375e3177b - std::panicking::default_hook::{{closure}}::h0f7208c0b9644a54
[INFO] [stdout]                                at /rustc/53fd98ca776cb875bc9e5514f56b52eb74f9e7a9/library/std/src/panicking.rs:208:50
[INFO] [stdout]    9:     0x562375e3128c - std::panicking::default_hook::hdac7fc06578c14ce
[INFO] [stdout]                                at /rustc/53fd98ca776cb875bc9e5514f56b52eb74f9e7a9/library/std/src/panicking.rs:222:9
[INFO] [stdout]   10:     0x562375e31e44 - std::panicking::rust_panic_with_hook::h72b21c283da3d1ef
[INFO] [stdout]                                at /rustc/53fd98ca776cb875bc9e5514f56b52eb74f9e7a9/library/std/src/panicking.rs:622:17
[INFO] [stdout]   11:     0x562375e318f7 - std::panicking::begin_panic_handler::{{closure}}::he5778f1729cff84a
[INFO] [stdout]                                at /rustc/53fd98ca776cb875bc9e5514f56b52eb74f9e7a9/library/std/src/panicking.rs:517:13
[INFO] [stdout]   12:     0x562375e2facc - std::sys_common::backtrace::__rust_end_short_backtrace::h2d11ca8b453b4b1d
[INFO] [stdout]                                at /rustc/53fd98ca776cb875bc9e5514f56b52eb74f9e7a9/library/std/src/sys_common/backtrace.rs:141:18
[INFO] [stdout]   13:     0x562375e31889 - rust_begin_unwind
[INFO] [stdout]                                at /rustc/53fd98ca776cb875bc9e5514f56b52eb74f9e7a9/library/std/src/panicking.rs:515:5
[INFO] [stdout]   14:     0x562375c8a9a1 - core::panicking::panic_fmt::hf9de31d4acbce4db
[INFO] [stdout]                                at /rustc/53fd98ca776cb875bc9e5514f56b52eb74f9e7a9/library/core/src/panicking.rs:92:14
[INFO] [stdout]   15:     0x562375c8a8ed - core::panicking::panic::h8a6bc58a21c6c095
[INFO] [stdout]                                at /rustc/53fd98ca776cb875bc9e5514f56b52eb74f9e7a9/library/core/src/panicking.rs:50:5
[INFO] [stdout]   16:     0x562375ca1262 - test_http_basic::test_gzip::he38941188af7a79b
[INFO] [stdout]                                at /opt/rustwide/workdir/tests/test_http_basic.rs:54:3
[INFO] [stdout]   17:     0x562375ca109a - test_http_basic::test_gzip::{{closure}}::h435609333caad37e
[INFO] [stdout]                                at /opt/rustwide/workdir/tests/test_http_basic.rs:48:1
[INFO] [stdout]   18:     0x562375c98b4e - core::ops::function::FnOnce::call_once::he61208df1c687947
[INFO] [stdout]                                at /rustc/53fd98ca776cb875bc9e5514f56b52eb74f9e7a9/library/core/src/ops/function.rs:227:5
[INFO] [stdout]   19:     0x562375cd56f3 - core::ops::function::FnOnce::call_once::hbb52c4519d3137b0
[INFO] [stdout]                                at /rustc/53fd98ca776cb875bc9e5514f56b52eb74f9e7a9/library/core/src/ops/function.rs:227:5
[INFO] [stdout]   20:     0x562375cd56f3 - test::__rust_begin_short_backtrace::h86fe3a2a5a5121af
[INFO] [stdout]                                at /rustc/53fd98ca776cb875bc9e5514f56b52eb74f9e7a9/library/test/src/lib.rs:578:5
[INFO] [stdout]   21:     0x562375cd41a8 - <alloc::boxed::Box<F,A> as core::ops::function::FnOnce<Args>>::call_once::hfd956bc3d57399be
[INFO] [stdout]                                at /rustc/53fd98ca776cb875bc9e5514f56b52eb74f9e7a9/library/alloc/src/boxed.rs:1572:9
[INFO] [stdout]   22:     0x562375cd41a8 - <std::panic::AssertUnwindSafe<F> as core::ops::function::FnOnce<()>>::call_once::h40dc93e0ddb5938a
[INFO] [stdout]                                at /rustc/53fd98ca776cb875bc9e5514f56b52eb74f9e7a9/library/std/src/panic.rs:347:9
[INFO] [stdout]   23:     0x562375cd41a8 - std::panicking::try::do_call::h90d07750cb47c562
[INFO] [stdout]                                at /rustc/53fd98ca776cb875bc9e5514f56b52eb74f9e7a9/library/std/src/panicking.rs:401:40
[INFO] [stdout]   24:     0x562375cd41a8 - std::panicking::try::h063c84733ad2a629
[INFO] [stdout]                                at /rustc/53fd98ca776cb875bc9e5514f56b52eb74f9e7a9/library/std/src/panicking.rs:365:19
[INFO] [stdout]   25:     0x562375cd41a8 - std::panic::catch_unwind::h0c464836a84e7c08
[INFO] [stdout]                                at /rustc/53fd98ca776cb875bc9e5514f56b52eb74f9e7a9/library/std/src/panic.rs:434:14
[INFO] [stdout]   26:     0x562375cd41a8 - test::run_test_in_process::h5cb06ef620b157fc
[INFO] [stdout]                                at /rustc/53fd98ca776cb875bc9e5514f56b52eb74f9e7a9/library/test/src/lib.rs:601:18
[INFO] [stdout]   27:     0x562375cd41a8 - test::run_test::run_test_inner::{{closure}}::h76f677f4b93f9828
[INFO] [stdout]                                at /rustc/53fd98ca776cb875bc9e5514f56b52eb74f9e7a9/library/test/src/lib.rs:493:39
[INFO] [stdout]   28:     0x562375ca293d - test::run_test::run_test_inner::{{closure}}::h366d01fe04f4d67a
[INFO] [stdout]                                at /rustc/53fd98ca776cb875bc9e5514f56b52eb74f9e7a9/library/test/src/lib.rs:520:37
[INFO] [stdout]   29:     0x562375ca293d - std::sys_common::backtrace::__rust_begin_short_backtrace::h7dfa0de4eb395af2
[INFO] [stdout]                                at /rustc/53fd98ca776cb875bc9e5514f56b52eb74f9e7a9/library/std/src/sys_common/backtrace.rs:125:18
[INFO] [stdout]   30:     0x562375ca7108 - std::thread::Builder::spawn_unchecked::{{closure}}::{{closure}}::hf0a74bb58798037f
[INFO] [stdout]                                at /rustc/53fd98ca776cb875bc9e5514f56b52eb74f9e7a9/library/std/src/thread/mod.rs:476:17
[INFO] [stdout]   31:     0x562375ca7108 - <std::panic::AssertUnwindSafe<F> as core::ops::function::FnOnce<()>>::call_once::hb024e854818586ac
[INFO] [stdout]                                at /rustc/53fd98ca776cb875bc9e5514f56b52eb74f9e7a9/library/std/src/panic.rs:347:9
[INFO] [stdout]   32:     0x562375ca7108 - std::panicking::try::do_call::hb2dd9f1d0d48e41d
[INFO] [stdout]                                at /rustc/53fd98ca776cb875bc9e5514f56b52eb74f9e7a9/library/std/src/panicking.rs:401:40
[INFO] [stdout]   33:     0x562375ca7108 - std::panicking::try::h4717ae7bac8b2bf3
[INFO] [stdout]                                at /rustc/53fd98ca776cb875bc9e5514f56b52eb74f9e7a9/library/std/src/panicking.rs:365:19
[INFO] [stdout]   34:     0x562375ca7108 - std::panic::catch_unwind::h0dc8a061326ce8d8
[INFO] [stdout]                                at /rustc/53fd98ca776cb875bc9e5514f56b52eb74f9e7a9/library/std/src/panic.rs:434:14
[INFO] [stdout]   35:     0x562375ca7108 - std::thread::Builder::spawn_unchecked::{{closure}}::haa369e2d6fd00aa1
[INFO] [stdout]                                at /rustc/53fd98ca776cb875bc9e5514f56b52eb74f9e7a9/library/std/src/thread/mod.rs:475:30
[INFO] [stdout]   36:     0x562375ca7108 - core::ops::function::FnOnce::call_once{{vtable.shim}}::h36dcf3de8b056f17
[INFO] [stdout]                                at /rustc/53fd98ca776cb875bc9e5514f56b52eb74f9e7a9/library/core/src/ops/function.rs:227:5
[INFO] [stdout]   37:     0x562375e37097 - <alloc::boxed::Box<F,A> as core::ops::function::FnOnce<Args>>::call_once::h65c29e4642be2358
[INFO] [stdout]                                at /rustc/53fd98ca776cb875bc9e5514f56b52eb74f9e7a9/library/alloc/src/boxed.rs:1572:9
[INFO] [stdout]   38:     0x562375e37097 - <alloc::boxed::Box<F,A> as core::ops::function::FnOnce<Args>>::call_once::hd0f8f7fbbd9fffbf
[INFO] [stdout]                                at /rustc/53fd98ca776cb875bc9e5514f56b52eb74f9e7a9/library/alloc/src/boxed.rs:1572:9
[INFO] [stdout]   39:     0x562375e37097 - std::sys::unix::thread::Thread::new::thread_start::h2fd22fee3ca77b65
[INFO] [stdout]                                at /rustc/53fd98ca776cb875bc9e5514f56b52eb74f9e7a9/library/std/src/sys/unix/thread.rs:74:17
[INFO] [stdout]   40:     0x7f5434bed609 - start_thread
[INFO] [stdout]   41:     0x7f54349bf293 - clone
[INFO] [stdout]   42:                0x0 - <unknown>
[INFO] [stdout] 
[INFO] [stdout] ---- test_http stdout ----
[INFO] [stdout] thread 'test_http' panicked at 'assertion failed: response.is_ok()', tests/test_http_basic.rs:15:3
[INFO] [stdout] stack backtrace:
[INFO] [stdout]    0:     0x562375e2f5f0 - std::backtrace_rs::backtrace::libunwind::trace::hff4d1766e93f64f1
[INFO] [stdout]                                at /rustc/53fd98ca776cb875bc9e5514f56b52eb74f9e7a9/library/std/src/../../backtrace/src/backtrace/libunwind.rs:90:5
[INFO] [stdout]    1:     0x562375e2f5f0 - std::backtrace_rs::backtrace::trace_unsynchronized::h56bbc8eb78770bcb
[INFO] [stdout]                                at /rustc/53fd98ca776cb875bc9e5514f56b52eb74f9e7a9/library/std/src/../../backtrace/src/backtrace/mod.rs:66:5
[INFO] [stdout]    2:     0x562375e2f5f0 - std::sys_common::backtrace::_print_fmt::h5c8e75464faca780
[INFO] [stdout]                                at /rustc/53fd98ca776cb875bc9e5514f56b52eb74f9e7a9/library/std/src/sys_common/backtrace.rs:67:5
[INFO] [stdout]    3:     0x562375e2f5f0 - <std::sys_common::backtrace::_print::DisplayBacktrace as core::fmt::Display>::fmt::h48b88277def8b362
[INFO] [stdout]                                at /rustc/53fd98ca776cb875bc9e5514f56b52eb74f9e7a9/library/std/src/sys_common/backtrace.rs:46:22
[INFO] [stdout]    4:     0x562375e5287c - core::fmt::write::h3381b3176fe2b3d3
[INFO] [stdout]                                at /rustc/53fd98ca776cb875bc9e5514f56b52eb74f9e7a9/library/core/src/fmt/mod.rs:1115:17
[INFO] [stdout]    5:     0x562375e29695 - std::io::Write::write_fmt::h5f34a676f60246b5
[INFO] [stdout]                                at /rustc/53fd98ca776cb875bc9e5514f56b52eb74f9e7a9/library/std/src/io/mod.rs:1665:15
[INFO] [stdout]    6:     0x562375e3177b - std::sys_common::backtrace::_print::ha537687d6c17dd0d
[INFO] [stdout]                                at /rustc/53fd98ca776cb875bc9e5514f56b52eb74f9e7a9/library/std/src/sys_common/backtrace.rs:49:5
[INFO] [stdout]    7:     0x562375e3177b - std::sys_common::backtrace::print::h61376ae57d131d72
[INFO] [stdout]                                at /rustc/53fd98ca776cb875bc9e5514f56b52eb74f9e7a9/library/std/src/sys_common/backtrace.rs:36:9
[INFO] [stdout]    8:     0x562375e3177b - std::panicking::default_hook::{{closure}}::h0f7208c0b9644a54
[INFO] [stdout]                                at /rustc/53fd98ca776cb875bc9e5514f56b52eb74f9e7a9/library/std/src/panicking.rs:208:50
[INFO] [stdout]    9:     0x562375e3128c - std::panicking::default_hook::hdac7fc06578c14ce
[INFO] [stdout]                                at /rustc/53fd98ca776cb875bc9e5514f56b52eb74f9e7a9/library/std/src/panicking.rs:222:9
[INFO] [stdout]   10:     0x562375e31e44 - std::panicking::rust_panic_with_hook::h72b21c283da3d1ef
[INFO] [stdout]                                at /rustc/53fd98ca776cb875bc9e5514f56b52eb74f9e7a9/library/std/src/panicking.rs:622:17
[INFO] [stdout]   11:     0x562375e318f7 - std::panicking::begin_panic_handler::{{closure}}::he5778f1729cff84a
[INFO] [stdout]                                at /rustc/53fd98ca776cb875bc9e5514f56b52eb74f9e7a9/library/std/src/panicking.rs:517:13
[INFO] [stdout]   12:     0x562375e2facc - std::sys_common::backtrace::__rust_end_short_backtrace::h2d11ca8b453b4b1d
[INFO] [stdout]                                at /rustc/53fd98ca776cb875bc9e5514f56b52eb74f9e7a9/library/std/src/sys_common/backtrace.rs:141:18
[INFO] [stdout]   13:     0x562375e31889 - rust_begin_unwind
[INFO] [stdout]                                at /rustc/53fd98ca776cb875bc9e5514f56b52eb74f9e7a9/library/std/src/panicking.rs:515:5
[INFO] [stdout]   14:     0x562375c8a9a1 - core::panicking::panic_fmt::hf9de31d4acbce4db
[INFO] [stdout]                                at /rustc/53fd98ca776cb875bc9e5514f56b52eb74f9e7a9/library/core/src/panicking.rs:92:14
[INFO] [stdout]   15:     0x562375c8a8ed - core::panicking::panic::h8a6bc58a21c6c095
[INFO] [stdout]                                at /rustc/53fd98ca776cb875bc9e5514f56b52eb74f9e7a9/library/core/src/panicking.rs:50:5
[INFO] [stdout]   16:     0x562375ca0725 - test_http_basic::test_http::hf78d9df61e4da2db
[INFO] [stdout]                                at /opt/rustwide/workdir/tests/test_http_basic.rs:15:3
[INFO] [stdout]   17:     0x562375ca05ca - test_http_basic::test_http::{{closure}}::h0b38bd56d47c5b8b
[INFO] [stdout]                                at /opt/rustwide/workdir/tests/test_http_basic.rs:11:1
[INFO] [stdout]   18:     0x562375c98b0e - core::ops::function::FnOnce::call_once::hbef8214f8f409804
[INFO] [stdout]                                at /rustc/53fd98ca776cb875bc9e5514f56b52eb74f9e7a9/library/core/src/ops/function.rs:227:5
[INFO] [stdout]   19:     0x562375cd56f3 - core::ops::function::FnOnce::call_once::hbb52c4519d3137b0
[INFO] [stdout]                                at /rustc/53fd98ca776cb875bc9e5514f56b52eb74f9e7a9/library/core/src/ops/function.rs:227:5
[INFO] [stdout]   20:     0x562375cd56f3 - test::__rust_begin_short_backtrace::h86fe3a2a5a5121af
[INFO] [stdout]                                at /rustc/53fd98ca776cb875bc9e5514f56b52eb74f9e7a9/library/test/src/lib.rs:578:5
[INFO] [stdout]   21:     0x562375cd41a8 - <alloc::boxed::Box<F,A> as core::ops::function::FnOnce<Args>>::call_once::hfd956bc3d57399be
[INFO] [stdout]                                at /rustc/53fd98ca776cb875bc9e5514f56b52eb74f9e7a9/library/alloc/src/boxed.rs:1572:9
[INFO] [stdout]   22:     0x562375cd41a8 - <std::panic::AssertUnwindSafe<F> as core::ops::function::FnOnce<()>>::call_once::h40dc93e0ddb5938a
[INFO] [stdout]                                at /rustc/53fd98ca776cb875bc9e5514f56b52eb74f9e7a9/library/std/src/panic.rs:347:9
[INFO] [stdout]   23:     0x562375cd41a8 - std::panicking::try::do_call::h90d07750cb47c562
[INFO] [stdout]                                at /rustc/53fd98ca776cb875bc9e5514f56b52eb74f9e7a9/library/std/src/panicking.rs:401:40
[INFO] [stdout]   24:     0x562375cd41a8 - std::panicking::try::h063c84733ad2a629
[INFO] [stdout]                                at /rustc/53fd98ca776cb875bc9e5514f56b52eb74f9e7a9/library/std/src/panicking.rs:365:19
[INFO] [stdout]   25:     0x562375cd41a8 - std::panic::catch_unwind::h0c464836a84e7c08
[INFO] [stdout]                                at /rustc/53fd98ca776cb875bc9e5514f56b52eb74f9e7a9/library/std/src/panic.rs:434:14
[INFO] [stdout]   26:     0x562375cd41a8 - test::run_test_in_process::h5cb06ef620b157fc
[INFO] [stdout]                                at /rustc/53fd98ca776cb875bc9e5514f56b52eb74f9e7a9/library/test/src/lib.rs:601:18
[INFO] [stdout]   27:     0x562375cd41a8 - test::run_test::run_test_inner::{{closure}}::h76f677f4b93f9828
[INFO] [stdout]                                at /rustc/53fd98ca776cb875bc9e5514f56b52eb74f9e7a9/library/test/src/lib.rs:493:39
[INFO] [stdout]   28:     0x562375ca293d - test::run_test::run_test_inner::{{closure}}::h366d01fe04f4d67a
[INFO] [stdout]                                at /rustc/53fd98ca776cb875bc9e5514f56b52eb74f9e7a9/library/test/src/lib.rs:520:37
[INFO] [stdout]   29:     0x562375ca293d - std::sys_common::backtrace::__rust_begin_short_backtrace::h7dfa0de4eb395af2
[INFO] [stdout]                                at /rustc/53fd98ca776cb875bc9e5514f56b52eb74f9e7a9/library/std/src/sys_common/backtrace.rs:125:18
[INFO] [stdout]   30:     0x562375ca7108 - std::thread::Builder::spawn_unchecked::{{closure}}::{{closure}}::hf0a74bb58798037f
[INFO] [stdout]                                at /rustc/53fd98ca776cb875bc9e5514f56b52eb74f9e7a9/library/std/src/thread/mod.rs:476:17
[INFO] [stdout]   31:     0x562375ca7108 - <std::panic::AssertUnwindSafe<F> as core::ops::function::FnOnce<()>>::call_once::hb024e854818586ac
[INFO] [stdout]                                at /rustc/53fd98ca776cb875bc9e5514f56b52eb74f9e7a9/library/std/src/panic.rs:347:9
[INFO] [stdout]   32:     0x562375ca7108 - std::panicking::try::do_call::hb2dd9f1d0d48e41d
[INFO] [stdout]                                at /rustc/53fd98ca776cb875bc9e5514f56b52eb74f9e7a9/library/std/src/panicking.rs:401:40
[INFO] [stdout]   33:     0x562375ca7108 - std::panicking::try::h4717ae7bac8b2bf3
[INFO] [stdout]                                at /rustc/53fd98ca776cb875bc9e5514f56b52eb74f9e7a9/library/std/src/panicking.rs:365:19
[INFO] [stdout]   34:     0x562375ca7108 - std::panic::catch_unwind::h0dc8a061326ce8d8
[INFO] [stdout]                                at /rustc/53fd98ca776cb875bc9e5514f56b52eb74f9e7a9/library/std/src/panic.rs:434:14
[INFO] [stdout]   35:     0x562375ca7108 - std::thread::Builder::spawn_unchecked::{{closure}}::haa369e2d6fd00aa1
[INFO] [stdout]                                at /rustc/53fd98ca776cb875bc9e5514f56b52eb74f9e7a9/library/std/src/thread/mod.rs:475:30
[INFO] [stdout]   36:     0x562375ca7108 - core::ops::function::FnOnce::call_once{{vtable.shim}}::h36dcf3de8b056f17
[INFO] [stdout]                                at /rustc/53fd98ca776cb875bc9e5514f56b52eb74f9e7a9/library/core/src/ops/function.rs:227:5
[INFO] [stdout]   37:     0x562375e37097 - <alloc::boxed::Box<F,A> as core::ops::function::FnOnce<Args>>::call_once::h65c29e4642be2358
[INFO] [stdout]                                at /rustc/53fd98ca776cb875bc9e5514f56b52eb74f9e7a9/library/alloc/src/boxed.rs:1572:9
[INFO] [stdout]   38:     0x562375e37097 - <alloc::boxed::Box<F,A> as core::ops::function::FnOnce<Args>>::call_once::hd0f8f7fbbd9fffbf
[INFO] [stdout]                                at /rustc/53fd98ca776cb875bc9e5514f56b52eb74f9e7a9/library/alloc/src/boxed.rs:1572:9
[INFO] [stdout]   39:     0x562375e37097 - std::sys::unix::thread::Thread::new::thread_start::h2fd22fee3ca77b65
[INFO] [stdout]                                at /rustc/53fd98ca776cb875bc9e5514f56b52eb74f9e7a9/library/std/src/sys/unix/thread.rs:74:17
[INFO] [stdout]   40:     0x7f5434bed609 - start_thread
[INFO] [stdout]   41:     0x7f54349bf293 - clone
[INFO] [stdout]   42:                0x0 - <unknown>
[INFO] [stdout] 
[INFO] [stdout] ---- test_raw_form_urlencoded stdout ----
[INFO] [stdout] thread 'test_raw_form_urlencoded' panicked at 'REQUEST FAIL: rhttp_client::Error { kind: Request, source: Custom { kind: Uncategorized, error: "failed to lookup address information: Temporary failure in name resolution" } }', tests/test_http_basic.rs:94:6
[INFO] [stdout] stack backtrace:
[INFO] [stdout]    0:     0x562375e2f5f0 - std::backtrace_rs::backtrace::libunwind::trace::hff4d1766e93f64f1
[INFO] [stdout]                                at /rustc/53fd98ca776cb875bc9e5514f56b52eb74f9e7a9/library/std/src/../../backtrace/src/backtrace/libunwind.rs:90:5
[INFO] [stdout]    1:     0x562375e2f5f0 - std::backtrace_rs::backtrace::trace_unsynchronized::h56bbc8eb78770bcb
[INFO] [stdout]                                at /rustc/53fd98ca776cb875bc9e5514f56b52eb74f9e7a9/library/std/src/../../backtrace/src/backtrace/mod.rs:66:5
[INFO] [stdout]    2:     0x562375e2f5f0 - std::sys_common::backtrace::_print_fmt::h5c8e75464faca780
[INFO] [stdout]                                at /rustc/53fd98ca776cb875bc9e5514f56b52eb74f9e7a9/library/std/src/sys_common/backtrace.rs:67:5
[INFO] [stdout]    3:     0x562375e2f5f0 - <std::sys_common::backtrace::_print::DisplayBacktrace as core::fmt::Display>::fmt::h48b88277def8b362
[INFO] [stdout]                                at /rustc/53fd98ca776cb875bc9e5514f56b52eb74f9e7a9/library/std/src/sys_common/backtrace.rs:46:22
[INFO] [stdout]    4:     0x562375e5287c - core::fmt::write::h3381b3176fe2b3d3
[INFO] [stdout]                                at /rustc/53fd98ca776cb875bc9e5514f56b52eb74f9e7a9/library/core/src/fmt/mod.rs:1115:17
[INFO] [stdout]    5:     0x562375e29695 - std::io::Write::write_fmt::h5f34a676f60246b5
[INFO] [stdout]                                at /rustc/53fd98ca776cb875bc9e5514f56b52eb74f9e7a9/library/std/src/io/mod.rs:1665:15
[INFO] [stdout]    6:     0x562375e3177b - std::sys_common::backtrace::_print::ha537687d6c17dd0d
[INFO] [stdout]                                at /rustc/53fd98ca776cb875bc9e5514f56b52eb74f9e7a9/library/std/src/sys_common/backtrace.rs:49:5
[INFO] [stdout]    7:     0x562375e3177b - std::sys_common::backtrace::print::h61376ae57d131d72
[INFO] [stdout]                                at /rustc/53fd98ca776cb875bc9e5514f56b52eb74f9e7a9/library/std/src/sys_common/backtrace.rs:36:9
[INFO] [stdout]    8:     0x562375e3177b - std::panicking::default_hook::{{closure}}::h0f7208c0b9644a54
[INFO] [stdout]                                at /rustc/53fd98ca776cb875bc9e5514f56b52eb74f9e7a9/library/std/src/panicking.rs:208:50
[INFO] [stdout]    9:     0x562375e3128c - std::panicking::default_hook::hdac7fc06578c14ce
[INFO] [stdout]                                at /rustc/53fd98ca776cb875bc9e5514f56b52eb74f9e7a9/library/std/src/panicking.rs:222:9
[INFO] [stdout]   10:     0x562375e31e44 - std::panicking::rust_panic_with_hook::h72b21c283da3d1ef
[INFO] [stdout]                                at /rustc/53fd98ca776cb875bc9e5514f56b52eb74f9e7a9/library/std/src/panicking.rs:622:17
[INFO] [stdout]   11:     0x562375e31927 - std::panicking::begin_panic_handler::{{closure}}::he5778f1729cff84a
[INFO] [stdout]                                at /rustc/53fd98ca776cb875bc9e5514f56b52eb74f9e7a9/library/std/src/panicking.rs:519:13
[INFO] [stdout]   12:     0x562375e2facc - std::sys_common::backtrace::__rust_end_short_backtrace::h2d11ca8b453b4b1d
[INFO] [stdout]                                at /rustc/53fd98ca776cb875bc9e5514f56b52eb74f9e7a9/library/std/src/sys_common/backtrace.rs:141:18
[INFO] [stdout]   13:     0x562375e31889 - rust_begin_unwind
[INFO] [stdout]                                at /rustc/53fd98ca776cb875bc9e5514f56b52eb74f9e7a9/library/std/src/panicking.rs:515:5
[INFO] [stdout]   14:     0x562375c8a9a1 - core::panicking::panic_fmt::hf9de31d4acbce4db
[INFO] [stdout]                                at /rustc/53fd98ca776cb875bc9e5514f56b52eb74f9e7a9/library/core/src/panicking.rs:92:14
[INFO] [stdout]   15:     0x562375c8aa93 - core::result::unwrap_failed::ha0c84e81219e5878
[INFO] [stdout]                                at /rustc/53fd98ca776cb875bc9e5514f56b52eb74f9e7a9/library/core/src/result.rs:1599:5
[INFO] [stdout]   16:     0x562375c9e38d - core::result::Result<T,E>::expect::h76af8c71b47a7f22
[INFO] [stdout]                                at /rustc/53fd98ca776cb875bc9e5514f56b52eb74f9e7a9/library/core/src/result.rs:1241:23
[INFO] [stdout]   17:     0x562375ca1958 - test_http_basic::test_raw_form_urlencoded::h79605ace9a0a0a12
[INFO] [stdout]                                at /opt/rustwide/workdir/tests/test_http_basic.rs:87:3
[INFO] [stdout]   18:     0x562375ca17fa - test_http_basic::test_raw_form_urlencoded::{{closure}}::h545d3f389a02f7d4
[INFO] [stdout]                                at /opt/rustwide/workdir/tests/test_http_basic.rs:86:1
[INFO] [stdout]   19:     0x562375c98a4e - core::ops::function::FnOnce::call_once::h997f1bbbbb8564ff
[INFO] [stdout]                                at /rustc/53fd98ca776cb875bc9e5514f56b52eb74f9e7a9/library/core/src/ops/function.rs:227:5
[INFO] [stdout]   20:     0x562375cd56f3 - core::ops::function::FnOnce::call_once::hbb52c4519d3137b0
[INFO] [stdout]                                at /rustc/53fd98ca776cb875bc9e5514f56b52eb74f9e7a9/library/core/src/ops/function.rs:227:5
[INFO] [stdout]   21:     0x562375cd56f3 - test::__rust_begin_short_backtrace::h86fe3a2a5a5121af
[INFO] [stdout]                                at /rustc/53fd98ca776cb875bc9e5514f56b52eb74f9e7a9/library/test/src/lib.rs:578:5
[INFO] [stdout]   22:     0x562375cd41a8 - <alloc::boxed::Box<F,A> as core::ops::function::FnOnce<Args>>::call_once::hfd956bc3d57399be
[INFO] [stdout]                                at /rustc/53fd98ca776cb875bc9e5514f56b52eb74f9e7a9/library/alloc/src/boxed.rs:1572:9
[INFO] [stdout]   23:     0x562375cd41a8 - <std::panic::AssertUnwindSafe<F> as core::ops::function::FnOnce<()>>::call_once::h40dc93e0ddb5938a
[INFO] [stdout]                                at /rustc/53fd98ca776cb875bc9e5514f56b52eb74f9e7a9/library/std/src/panic.rs:347:9
[INFO] [stdout]   24:     0x562375cd41a8 - std::panicking::try::do_call::h90d07750cb47c562
[INFO] [stdout]                                at /rustc/53fd98ca776cb875bc9e5514f56b52eb74f9e7a9/library/std/src/panicking.rs:401:40
[INFO] [stdout]   25:     0x562375cd41a8 - std::panicking::try::h063c84733ad2a629
[INFO] [stdout]                                at /rustc/53fd98ca776cb875bc9e5514f56b52eb74f9e7a9/library/std/src/panicking.rs:365:19
[INFO] [stdout]   26:     0x562375cd41a8 - std::panic::catch_unwind::h0c464836a84e7c08
[INFO] [stdout]                                at /rustc/53fd98ca776cb875bc9e5514f56b52eb74f9e7a9/library/std/src/panic.rs:434:14
[INFO] [stdout]   27:     0x562375cd41a8 - test::run_test_in_process::h5cb06ef620b157fc
[INFO] [stdout]                                at /rustc/53fd98ca776cb875bc9e5514f56b52eb74f9e7a9/library/test/src/lib.rs:601:18
[INFO] [stdout]   28:     0x562375cd41a8 - test::run_test::run_test_inner::{{closure}}::h76f677f4b93f9828
[INFO] [stdout]                                at /rustc/53fd98ca776cb875bc9e5514f56b52eb74f9e7a9/library/test/src/lib.rs:493:39
[INFO] [stdout]   29:     0x562375ca293d - test::run_test::run_test_inner::{{closure}}::h366d01fe04f4d67a
[INFO] [stdout]                                at /rustc/53fd98ca776cb875bc9e5514f56b52eb74f9e7a9/library/test/src/lib.rs:520:37
[INFO] [stdout]   30:     0x562375ca293d - std::sys_common::backtrace::__rust_begin_short_backtrace::h7dfa0de4eb395af2
[INFO] [stdout]                                at /rustc/53fd98ca776cb875bc9e5514f56b52eb74f9e7a9/library/std/src/sys_common/backtrace.rs:125:18
[INFO] [stdout]   31:     0x562375ca7108 - std::thread::Builder::spawn_unchecked::{{closure}}::{{closure}}::hf0a74bb58798037f
[INFO] [stdout]                                at /rustc/53fd98ca776cb875bc9e5514f56b52eb74f9e7a9/library/std/src/thread/mod.rs:476:17
[INFO] [stdout]   32:     0x562375ca7108 - <std::panic::AssertUnwindSafe<F> as core::ops::function::FnOnce<()>>::call_once::hb024e854818586ac
[INFO] [stdout]                                at /rustc/53fd98ca776cb875bc9e5514f56b52eb74f9e7a9/library/std/src/panic.rs:347:9
[INFO] [stdout]   33:     0x562375ca7108 - std::panicking::try::do_call::hb2dd9f1d0d48e41d
[INFO] [stdout]                                at /rustc/53fd98ca776cb875bc9e5514f56b52eb74f9e7a9/library/std/src/panicking.rs:401:40
[INFO] [stdout]   34:     0x562375ca7108 - std::panicking::try::h4717ae7bac8b2bf3
[INFO] [stdout]                                at /rustc/53fd98ca776cb875bc9e5514f56b52eb74f9e7a9/library/std/src/panicking.rs:365:19
[INFO] [stdout]   35:     0x562375ca7108 - std::panic::catch_unwind::h0dc8a061326ce8d8
[INFO] [stdout]                                at /rustc/53fd98ca776cb875bc9e5514f56b52eb74f9e7a9/library/std/src/panic.rs:434:14
[INFO] [stdout]   36:     0x562375ca7108 - std::thread::Builder::spawn_unchecked::{{closure}}::haa369e2d6fd00aa1
[INFO] [stdout]                                at /rustc/53fd98ca776cb875bc9e5514f56b52eb74f9e7a9/library/std/src/thread/mod.rs:475:30
[INFO] [stdout]   37:     0x562375ca7108 - core::ops::function::FnOnce::call_once{{vtable.shim}}::h36dcf3de8b056f17
[INFO] [stdout]                                at /rustc/53fd98ca776cb875bc9e5514f56b52eb74f9e7a9/library/core/src/ops/function.rs:227:5
[INFO] [stdout]   38:     0x562375e37097 - <alloc::boxed::Box<F,A> as core::ops::function::FnOnce<Args>>::call_once::h65c29e4642be2358
[INFO] [stdout]                                at /rustc/53fd98ca776cb875bc9e5514f56b52eb74f9e7a9/library/alloc/src/boxed.rs:1572:9
[INFO] [stdout]   39:     0x562375e37097 - <alloc::boxed::Box<F,A> as core::ops::function::FnOnce<Args>>::call_once::hd0f8f7fbbd9fffbf
[INFO] [stdout]                                at /rustc/53fd98ca776cb875bc9e5514f56b52eb74f9e7a9/library/alloc/src/boxed.rs:1572:9
[INFO] [stdout]   40:     0x562375e37097 - std::sys::unix::thread::Thread::new::thread_start::h2fd22fee3ca77b65
[INFO] [stdout]                                at /rustc/53fd98ca776cb875bc9e5514f56b52eb74f9e7a9/library/std/src/sys/unix/thread.rs:74:17
[INFO] [stdout]   41:     0x7f5434bed609 - start_thread
[INFO] [stdout]   42:     0x7f54349bf293 - clone
[INFO] [stdout]   43:                0x0 - <unknown>
[INFO] [stdout] 
[INFO] [stdout] ---- test_connection_closed stdout ----
[INFO] [stdout] thread 'test_connection_closed' panicked at 'assertion failed: resp0.is_ok()', tests/test_http_basic.rs:163:3
[INFO] [stdout] stack backtrace:
[INFO] [stdout]    0:     0x562375e2f5f0 - std::backtrace_rs::backtrace::libunwind::trace::hff4d1766e93f64f1
[INFO] [stdout]                                at /rustc/53fd98ca776cb875bc9e5514f56b52eb74f9e7a9/library/std/src/../../backtrace/src/backtrace/libunwind.rs:90:5
[INFO] [stdout]    1:     0x562375e2f5f0 - std::backtrace_rs::backtrace::trace_unsynchronized::h56bbc8eb78770bcb
[INFO] [stdout]                                at /rustc/53fd98ca776cb875bc9e5514f56b52eb74f9e7a9/library/std/src/../../backtrace/src/backtrace/mod.rs:66:5
[INFO] [stdout]    2:     0x562375e2f5f0 - std::sys_common::backtrace::_print_fmt::h5c8e75464faca780
[INFO] [stdout]                                at /rustc/53fd98ca776cb875bc9e5514f56b52eb74f9e7a9/library/std/src/sys_common/backtrace.rs:67:5
[INFO] [stdout]    3:     0x562375e2f5f0 - <std::sys_common::backtrace::_print::DisplayBacktrace as core::fmt::Display>::fmt::h48b88277def8b362
[INFO] [stdout]                                at /rustc/53fd98ca776cb875bc9e5514f56b52eb74f9e7a9/library/std/src/sys_common/backtrace.rs:46:22
[INFO] [stdout]    4:     0x562375e5287c - core::fmt::write::h3381b3176fe2b3d3
[INFO] [stdout]                                at /rustc/53fd98ca776cb875bc9e5514f56b52eb74f9e7a9/library/core/src/fmt/mod.rs:1115:17
[INFO] [stdout]    5:     0x562375e29695 - std::io::Write::write_fmt::h5f34a676f60246b5
[INFO] [stdout]                                at /rustc/53fd98ca776cb875bc9e5514f56b52eb74f9e7a9/library/std/src/io/mod.rs:1665:15
[INFO] [stdout]    6:     0x562375e3177b - std::sys_common::backtrace::_print::ha537687d6c17dd0d
[INFO] [stdout]                                at /rustc/53fd98ca776cb875bc9e5514f56b52eb74f9e7a9/library/std/src/sys_common/backtrace.rs:49:5
[INFO] [stdout]    7:     0x562375e3177b - std::sys_common::backtrace::print::h61376ae57d131d72
[INFO] [stdout]                                at /rustc/53fd98ca776cb875bc9e5514f56b52eb74f9e7a9/library/std/src/sys_common/backtrace.rs:36:9
[INFO] [stdout]    8:     0x562375e3177b - std::panicking::default_hook::{{closure}}::h0f7208c0b9644a54
[INFO] [stdout]                                at /rustc/53fd98ca776cb875bc9e5514f56b52eb74f9e7a9/library/std/src/panicking.rs:208:50
[INFO] [stdout]    9:     0x562375e3128c - std::panicking::default_hook::hdac7fc06578c14ce
[INFO] [stdout]                                at /rustc/53fd98ca776cb875bc9e5514f56b52eb74f9e7a9/library/std/src/panicking.rs:222:9
[INFO] [stdout]   10:     0x562375e31e44 - std::panicking::rust_panic_with_hook::h72b21c283da3d1ef
[INFO] [stdout]                                at /rustc/53fd98ca776cb875bc9e5514f56b52eb74f9e7a9/library/std/src/panicking.rs:622:17
[INFO] [stdout]   11:     0x562375e318f7 - std::panicking::begin_panic_handler::{{closure}}::he5778f1729cff84a
[INFO] [stdout]                                at /rustc/53fd98ca776cb875bc9e5514f56b52eb74f9e7a9/library/std/src/panicking.rs:517:13
[INFO] [stdout]   12:     0x562375e2facc - std::sys_common::backtrace::__rust_end_short_backtrace::h2d11ca8b453b4b1d
[INFO] [stdout]                                at /rustc/53fd98ca776cb875bc9e5514f56b52eb74f9e7a9/library/std/src/sys_common/backtrace.rs:141:18
[INFO] [stdout]   13:     0x562375e31889 - rust_begin_unwind
[INFO] [stdout]                                at /rustc/53fd98ca776cb875bc9e5514f56b52eb74f9e7a9/library/std/src/panicking.rs:515:5
[INFO] [stdout]   14:     0x562375c8a9a1 - core::panicking::panic_fmt::hf9de31d4acbce4db
[INFO] [stdout]                                at /rustc/53fd98ca776cb875bc9e5514f56b52eb74f9e7a9/library/core/src/panicking.rs:92:14
[INFO] [stdout]   15:     0x562375c8a8ed - core::panicking::panic::h8a6bc58a21c6c095
[INFO] [stdout]                                at /rustc/53fd98ca776cb875bc9e5514f56b52eb74f9e7a9/library/core/src/panicking.rs:50:5
[INFO] [stdout]   16:     0x562375ca2149 - test_http_basic::test_connection_closed::h76b06fb4a1a2e91b
[INFO] [stdout]                                at /opt/rustwide/workdir/tests/test_http_basic.rs:163:3
[INFO] [stdout]   17:     0x562375ca204a - test_http_basic::test_connection_closed::{{closure}}::hf5721606e28832f4
[INFO] [stdout]                                at /opt/rustwide/workdir/tests/test_http_basic.rs:160:1
[INFO] [stdout]   18:     0x562375c9894e - core::ops::function::FnOnce::call_once::h1e67b2158117fc50
[INFO] [stdout]                                at /rustc/53fd98ca776cb875bc9e5514f56b52eb74f9e7a9/library/core/src/ops/function.rs:227:5
[INFO] [stdout]   19:     0x562375cd56f3 - core::ops::function::FnOnce::call_once::hbb52c4519d3137b0
[INFO] [stdout]                                at /rustc/53fd98ca776cb875bc9e5514f56b52eb74f9e7a9/library/core/src/ops/function.rs:227:5
[INFO] [stdout]   20:     0x562375cd56f3 - test::__rust_begin_short_backtrace::h86fe3a2a5a5121af
[INFO] [stdout]                                at /rustc/53fd98ca776cb875bc9e5514f56b52eb74f9e7a9/library/test/src/lib.rs:578:5
[INFO] [stdout]   21:     0x562375cd41a8 - <alloc::boxed::Box<F,A> as core::ops::function::FnOnce<Args>>::call_once::hfd956bc3d57399be
[INFO] [stdout]                                at /rustc/53fd98ca776cb875bc9e5514f56b52eb74f9e7a9/library/alloc/src/boxed.rs:1572:9
[INFO] [stdout]   22:     0x562375cd41a8 - <std::panic::AssertUnwindSafe<F> as core::ops::function::FnOnce<()>>::call_once::h40dc93e0ddb5938a
[INFO] [stdout]                                at /rustc/53fd98ca776cb875bc9e5514f56b52eb74f9e7a9/library/std/src/panic.rs:347:9
[INFO] [stdout]   23:     0x562375cd41a8 - std::panicking::try::do_call::h90d07750cb47c562
[INFO] [stdout]                                at /rustc/53fd98ca776cb875bc9e5514f56b52eb74f9e7a9/library/std/src/panicking.rs:401:40
[INFO] [stdout]   24:     0x562375cd41a8 - std::panicking::try::h063c84733ad2a629
[INFO] [stdout]                                at /rustc/53fd98ca776cb875bc9e5514f56b52eb74f9e7a9/library/std/src/panicking.rs:365:19
[INFO] [stdout]   25:     0x562375cd41a8 - std::panic::catch_unwind::h0c464836a84e7c08
[INFO] [stdout]                                at /rustc/53fd98ca776cb875bc9e5514f56b52eb74f9e7a9/library/std/src/panic.rs:434:14
[INFO] [stdout]   26:     0x562375cd41a8 - test::run_test_in_process::h5cb06ef620b157fc
[INFO] [stdout]                                at /rustc/53fd98ca776cb875bc9e5514f56b52eb74f9e7a9/library/test/src/lib.rs:601:18
[INFO] [stdout]   27:     0x562375cd41a8 - test::run_test::run_test_inner::{{closure}}::h76f677f4b93f9828
[INFO] [stdout]                                at /rustc/53fd98ca776cb875bc9e5514f56b52eb74f9e7a9/library/test/src/lib.rs:493:39
[INFO] [stdout]   28:     0x562375ca293d - test::run_test::run_test_inner::{{closure}}::h366d01fe04f4d67a
[INFO] [stdout]                                at /rustc/53fd98ca776cb875bc9e5514f56b52eb74f9e7a9/library/test/src/lib.rs:520:37
[INFO] [stdout]   29:     0x562375ca293d - std::sys_common::backtrace::__rust_begin_short_backtrace::h7dfa0de4eb395af2
[INFO] [stdout]                                at /rustc/53fd98ca776cb875bc9e5514f56b52eb74f9e7a9/library/std/src/sys_common/backtrace.rs:125:18
[INFO] [stdout]   30:     0x562375ca7108 - std::thread::Builder::spawn_unchecked::{{closure}}::{{closure}}::hf0a74bb58798037f
[INFO] [stdout]                                at /rustc/53fd98ca776cb875bc9e5514f56b52eb74f9e7a9/library/std/src/thread/mod.rs:476:17
[INFO] [stdout]   31:     0x562375ca7108 - <std::panic::AssertUnwindSafe<F> as core::ops::function::FnOnce<()>>::call_once::hb024e854818586ac
[INFO] [stdout]                                at /rustc/53fd98ca776cb875bc9e5514f56b52eb74f9e7a9/library/std/src/panic.rs:347:9
[INFO] [stdout]   32:     0x562375ca7108 - std::panicking::try::do_call::hb2dd9f1d0d48e41d
[INFO] [stdout]                                at /rustc/53fd98ca776cb875bc9e5514f56b52eb74f9e7a9/library/std/src/panicking.rs:401:40
[INFO] [stdout]   33:     0x562375ca7108 - std::panicking::try::h4717ae7bac8b2bf3
[INFO] [stdout]                                at /rustc/53fd98ca776cb875bc9e5514f56b52eb74f9e7a9/library/std/src/panicking.rs:365:19
[INFO] [stdout]   34:     0x562375ca7108 - std::panic::catch_unwind::h0dc8a061326ce8d8
[INFO] [stdout]                                at /rustc/53fd98ca776cb875bc9e5514f56b52eb74f9e7a9/library/std/src/panic.rs:434:14
[INFO] [stdout]   35:     0x562375ca7108 - std::thread::Builder::spawn_unchecked::{{closure}}::haa369e2d6fd00aa1
[INFO] [stdout]                                at /rustc/53fd98ca776cb875bc9e5514f56b52eb74f9e7a9/library/std/src/thread/mod.rs:475:30
[INFO] [stdout]   36:     0x562375ca7108 - core::ops::function::FnOnce::call_once{{vtable.shim}}::h36dcf3de8b056f17
[INFO] [stdout]                                at /rustc/53fd98ca776cb875bc9e5514f56b52eb74f9e7a9/library/core/src/ops/function.rs:227:5
[INFO] [stdout]   37:     0x562375e37097 - <alloc::boxed::Box<F,A> as core::ops::function::FnOnce<Args>>::call_once::h65c29e4642be2358
[INFO] [stdout]                                at /rustc/53fd98ca776cb875bc9e5514f56b52eb74f9e7a9/library/alloc/src/boxed.rs:1572:9
[INFO] [stdout]   38:     0x562375e37097 - <alloc::boxed::Box<F,A> as core::ops::function::FnOnce<Args>>::call_once::hd0f8f7fbbd9fffbf
[INFO] [stdout]                                at /rustc/53fd98ca776cb875bc9e5514f56b52eb74f9e7a9/library/alloc/src/boxed.rs:1572:9
[INFO] [stdout]   39:     0x562375e37097 - std::sys::unix::thread::Thread::new::thread_start::h2fd22fee3ca77b65
[INFO] [stdout]                                at /rustc/53fd98ca776cb875bc9e5514f56b52eb74f9e7a9/library/std/src/sys/unix/thread.rs:74:17
[INFO] [stdout]   40:     0x7f5434bed609 - start_thread
[INFO] [stdout]   41:     0x7f54349bf293 - clone
[INFO] [stdout]   42:                0x0 - <unknown>
[INFO] [stdout] 
[INFO] [stdout] ---- test_raw_json stdout ----
[INFO] [stdout] thread 'test_raw_json' panicked at 'REQUEST FAIL: rhttp_client::Error { kind: Request, source: Custom { kind: Uncategorized, error: "failed to lookup address information: Temporary failure in name resolution" } }', tests/test_http_basic.rs:82:6
[INFO] [stdout] stack backtrace:
[INFO] [stdout]    0:     0x562375e2f5f0 - std::backtrace_rs::backtrace::libunwind::trace::hff4d1766e93f64f1
[INFO] [stdout]                                at /rustc/53fd98ca776cb875bc9e5514f56b52eb74f9e7a9/library/std/src/../../backtrace/src/backtrace/libunwind.rs:90:5
[INFO] [stdout]    1:     0x562375e2f5f0 - std::backtrace_rs::backtrace::trace_unsynchronized::h56bbc8eb78770bcb
[INFO] [stdout]                                at /rustc/53fd98ca776cb875bc9e5514f56b52eb74f9e7a9/library/std/src/../../backtrace/src/backtrace/mod.rs:66:5
[INFO] [stdout]    2:     0x562375e2f5f0 - std::sys_common::backtrace::_print_fmt::h5c8e75464faca780
[INFO] [stdout]                                at /rustc/53fd98ca776cb875bc9e5514f56b52eb74f9e7a9/library/std/src/sys_common/backtrace.rs:67:5
[INFO] [stdout]    3:     0x562375e2f5f0 - <std::sys_common::backtrace::_print::DisplayBacktrace as core::fmt::Display>::fmt::h48b88277def8b362
[INFO] [stdout]                                at /rustc/53fd98ca776cb875bc9e5514f56b52eb74f9e7a9/library/std/src/sys_common/backtrace.rs:46:22
[INFO] [stdout]    4:     0x562375e5287c - core::fmt::write::h3381b3176fe2b3d3
[INFO] [stdout]                                at /rustc/53fd98ca776cb875bc9e5514f56b52eb74f9e7a9/library/core/src/fmt/mod.rs:1115:17
[INFO] [stdout]    5:     0x562375e29695 - std::io::Write::write_fmt::h5f34a676f60246b5
[INFO] [stdout]                                at /rustc/53fd98ca776cb875bc9e5514f56b52eb74f9e7a9/library/std/src/io/mod.rs:1665:15
[INFO] [stdout]    6:     0x562375e3177b - std::sys_common::backtrace::_print::ha537687d6c17dd0d
[INFO] [stdout]                                at /rustc/53fd98ca776cb875bc9e5514f56b52eb74f9e7a9/library/std/src/sys_common/backtrace.rs:49:5
[INFO] [stdout]    7:     0x562375e3177b - std::sys_common::backtrace::print::h61376ae57d131d72
[INFO] [stdout]                                at /rustc/53fd98ca776cb875bc9e5514f56b52eb74f9e7a9/library/std/src/sys_common/backtrace.rs:36:9
[INFO] [stdout]    8:     0x562375e3177b - std::panicking::default_hook::{{closure}}::h0f7208c0b9644a54
[INFO] [stdout]                                at /rustc/53fd98ca776cb875bc9e5514f56b52eb74f9e7a9/library/std/src/panicking.rs:208:50
[INFO] [stderr] error: test failed, to rerun pass '--test test_http_basic'
[INFO] [stdout]    9:     0x562375e3128c - std::panicking::default_hook::hdac7fc06578c14ce
[INFO] [stdout]                                at /rustc/53fd98ca776cb875bc9e5514f56b52eb74f9e7a9/library/std/src/panicking.rs:222:9
[INFO] [stdout]   10:     0x562375e31e44 - std::panicking::rust_panic_with_hook::h72b21c283da3d1ef
[INFO] [stdout]                                at /rustc/53fd98ca776cb875bc9e5514f56b52eb74f9e7a9/library/std/src/panicking.rs:622:17
[INFO] [stdout]   11:     0x562375e31927 - std::panicking::begin_panic_handler::{{closure}}::he5778f1729cff84a
[INFO] [stdout]                                at /rustc/53fd98ca776cb875bc9e5514f56b52eb74f9e7a9/library/std/src/panicking.rs:519:13
[INFO] [stdout]   12:     0x562375e2facc - std::sys_common::backtrace::__rust_end_short_backtrace::h2d11ca8b453b4b1d
[INFO] [stdout]                                at /rustc/53fd98ca776cb875bc9e5514f56b52eb74f9e7a9/library/std/src/sys_common/backtrace.rs:141:18
[INFO] [stdout]   13:     0x562375e31889 - rust_begin_unwind
[INFO] [stdout]                                at /rustc/53fd98ca776cb875bc9e5514f56b52eb74f9e7a9/library/std/src/panicking.rs:515:5
[INFO] [stdout]   14:     0x562375c8a9a1 - core::panicking::panic_fmt::hf9de31d4acbce4db
[INFO] [stdout]                                at /rustc/53fd98ca776cb875bc9e5514f56b52eb74f9e7a9/library/core/src/panicking.rs:92:14
[INFO] [stdout]   15:     0x562375c8aa93 - core::result::unwrap_failed::ha0c84e81219e5878
[INFO] [stdout]                                at /rustc/53fd98ca776cb875bc9e5514f56b52eb74f9e7a9/library/core/src/result.rs:1599:5
[INFO] [stdout]   16:     0x562375c9e38d - core::result::Result<T,E>::expect::h76af8c71b47a7f22
[INFO] [stdout]                                at /rustc/53fd98ca776cb875bc9e5514f56b52eb74f9e7a9/library/core/src/result.rs:1241:23
[INFO] [stdout]   17:     0x562375ca17b1 - test_http_basic::test_raw_json::h6450e1ac9b9e38fd
[INFO] [stdout]                                at /opt/rustwide/workdir/tests/test_http_basic.rs:75:3
[INFO] [stdout]   18:     0x562375ca167a - test_http_basic::test_raw_json::{{closure}}::h197acf2fe295c995
[INFO] [stdout]                                at /opt/rustwide/workdir/tests/test_http_basic.rs:74:1
[INFO] [stdout]   19:     0x562375c988be - core::ops::function::FnOnce::call_once::h037858d3f2ddf453
[INFO] [stdout]                                at /rustc/53fd98ca776cb875bc9e5514f56b52eb74f9e7a9/library/core/src/ops/function.rs:227:5
[INFO] [stdout]   20:     0x562375cd56f3 - core::ops::function::FnOnce::call_once::hbb52c4519d3137b0
[INFO] [stdout]                                at /rustc/53fd98ca776cb875bc9e5514f56b52eb74f9e7a9/library/core/src/ops/function.rs:227:5
[INFO] [stdout]   21:     0x562375cd56f3 - test::__rust_begin_short_backtrace::h86fe3a2a5a5121af
[INFO] [stdout]                                at /rustc/53fd98ca776cb875bc9e5514f56b52eb74f9e7a9/library/test/src/lib.rs:578:5
[INFO] [stdout]   22:     0x562375cd41a8 - <alloc::boxed::Box<F,A> as core::ops::function::FnOnce<Args>>::call_once::hfd956bc3d57399be
[INFO] [stdout]                                at /rustc/53fd98ca776cb875bc9e5514f56b52eb74f9e7a9/library/alloc/src/boxed.rs:1572:9
[INFO] [stdout]   23:     0x562375cd41a8 - <std::panic::AssertUnwindSafe<F> as core::ops::function::FnOnce<()>>::call_once::h40dc93e0ddb5938a
[INFO] [stdout]                                at /rustc/53fd98ca776cb875bc9e5514f56b52eb74f9e7a9/library/std/src/panic.rs:347:9
[INFO] [stdout]   24:     0x562375cd41a8 - std::panicking::try::do_call::h90d07750cb47c562
[INFO] [stdout]                                at /rustc/53fd98ca776cb875bc9e5514f56b52eb74f9e7a9/library/std/src/panicking.rs:401:40
[INFO] [stdout]   25:     0x562375cd41a8 - std::panicking::try::h063c84733ad2a629
[INFO] [stdout]                                at /rustc/53fd98ca776cb875bc9e5514f56b52eb74f9e7a9/library/std/src/panicking.rs:365:19
[INFO] [stdout]   26:     0x562375cd41a8 - std::panic::catch_unwind::h0c464836a84e7c08
[INFO] [stdout]                                at /rustc/53fd98ca776cb875bc9e5514f56b52eb74f9e7a9/library/std/src/panic.rs:434:14
[INFO] [stdout]   27:     0x562375cd41a8 - test::run_test_in_process::h5cb06ef620b157fc
[INFO] [stdout]                                at /rustc/53fd98ca776cb875bc9e5514f56b52eb74f9e7a9/library/test/src/lib.rs:601:18
[INFO] [stdout]   28:     0x562375cd41a8 - test::run_test::run_test_inner::{{closure}}::h76f677f4b93f9828
[INFO] [stdout]                                at /rustc/53fd98ca776cb875bc9e5514f56b52eb74f9e7a9/library/test/src/lib.rs:493:39
[INFO] [stdout]   29:     0x562375ca293d - test::run_test::run_test_inner::{{closure}}::h366d01fe04f4d67a
[INFO] [stdout]                                at /rustc/53fd98ca776cb875bc9e5514f56b52eb74f9e7a9/library/test/src/lib.rs:520:37
[INFO] [stdout]   30:     0x562375ca293d - std::sys_common::backtrace::__rust_begin_short_backtrace::h7dfa0de4eb395af2
[INFO] [stdout]                                at /rustc/53fd98ca776cb875bc9e5514f56b52eb74f9e7a9/library/std/src/sys_common/backtrace.rs:125:18
[INFO] [stdout]   31:     0x562375ca7108 - std::thread::Builder::spawn_unchecked::{{closure}}::{{closure}}::hf0a74bb58798037f
[INFO] [stdout]                                at /rustc/53fd98ca776cb875bc9e5514f56b52eb74f9e7a9/library/std/src/thread/mod.rs:476:17
[INFO] [stdout]   32:     0x562375ca7108 - <std::panic::AssertUnwindSafe<F> as core::ops::function::FnOnce<()>>::call_once::hb024e854818586ac
[INFO] [stdout]                                at /rustc/53fd98ca776cb875bc9e5514f56b52eb74f9e7a9/library/std/src/panic.rs:347:9
[INFO] [stdout]   33:     0x562375ca7108 - std::panicking::try::do_call::hb2dd9f1d0d48e41d
[INFO] [stdout]                                at /rustc/53fd98ca776cb875bc9e5514f56b52eb74f9e7a9/library/std/src/panicking.rs:401:40
[INFO] [stdout]   34:     0x562375ca7108 - std::panicking::try::h4717ae7bac8b2bf3
[INFO] [stdout]                                at /rustc/53fd98ca776cb875bc9e5514f56b52eb74f9e7a9/library/std/src/panicking.rs:365:19
[INFO] [stdout]   35:     0x562375ca7108 - std::panic::catch_unwind::h0dc8a061326ce8d8
[INFO] [stdout]                                at /rustc/53fd98ca776cb875bc9e5514f56b52eb74f9e7a9/library/std/src/panic.rs:434:14
[INFO] [stdout]   36:     0x562375ca7108 - std::thread::Builder::spawn_unchecked::{{closure}}::haa369e2d6fd00aa1
[INFO] [stdout]                                at /rustc/53fd98ca776cb875bc9e5514f56b52eb74f9e7a9/library/std/src/thread/mod.rs:475:30
[INFO] [stdout]   37:     0x562375ca7108 - core::ops::function::FnOnce::call_once{{vtable.shim}}::h36dcf3de8b056f17
[INFO] [stdout]                                at /rustc/53fd98ca776cb875bc9e5514f56b52eb74f9e7a9/library/core/src/ops/function.rs:227:5
[INFO] [stdout]   38:     0x562375e37097 - <alloc::boxed::Box<F,A> as core::ops::function::FnOnce<Args>>::call_once::h65c29e4642be2358
[INFO] [stdout]                                at /rustc/53fd98ca776cb875bc9e5514f56b52eb74f9e7a9/library/alloc/src/boxed.rs:1572:9
[INFO] [stdout]   39:     0x562375e37097 - <alloc::boxed::Box<F,A> as core::ops::function::FnOnce<Args>>::call_once::hd0f8f7fbbd9fffbf
[INFO] [stdout]                                at /rustc/53fd98ca776cb875bc9e5514f56b52eb74f9e7a9/library/alloc/src/boxed.rs:1572:9
[INFO] [stdout]   40:     0x562375e37097 - std::sys::unix::thread::Thread::new::thread_start::h2fd22fee3ca77b65
[INFO] [stdout]                                at /rustc/53fd98ca776cb875bc9e5514f56b52eb74f9e7a9/library/std/src/sys/unix/thread.rs:74:17
[INFO] [stdout]   41:     0x7f5434bed609 - start_thread
[INFO] [stdout]   42:     0x7f54349bf293 - clone
[INFO] [stdout]   43:                0x0 - <unknown>
[INFO] [stdout] 
[INFO] [stdout] 
[INFO] [stdout] failures:
[INFO] [stdout]     test_auto_redirect
[INFO] [stdout]     test_connection_closed
[INFO] [stdout]     test_gzip
[INFO] [stdout]     test_http
[INFO] [stdout]     test_multi
[INFO] [stdout]     test_raw_form_urlencoded
[INFO] [stdout]     test_raw_json
[INFO] [stdout]     test_upload
[INFO] [stdout] 
[INFO] [stdout] test result: FAILED. 0 passed; 8 failed; 1 ignored; 0 measured; 0 filtered out; finished in 0.02s
[INFO] [stdout] 
[INFO] running `Command { std: "docker" "inspect" "d2695af455bed5da2236802db2a35a8d3dd4052716b476e8f17ada2debad7ebf", kill_on_drop: false }`
[INFO] running `Command { std: "docker" "rm" "-f" "d2695af455bed5da2236802db2a35a8d3dd4052716b476e8f17ada2debad7ebf", kill_on_drop: false }`
[INFO] [stdout] d2695af455bed5da2236802db2a35a8d3dd4052716b476e8f17ada2debad7ebf
