[INFO] fetching crate rtic-core 0.3.1...
[INFO] testing rtic-core-0.3.1 against beta-2021-08-01 for beta-1.55-1
[INFO] extracting crate rtic-core 0.3.1 into /workspace/builds/worker-6/source
[INFO] validating manifest of crates.io crate rtic-core 0.3.1 on toolchain beta-2021-08-01
[INFO] running `Command { std: "/workspace/cargo-home/bin/cargo" "+beta-2021-08-01" "metadata" "--manifest-path" "Cargo.toml" "--no-deps", kill_on_drop: false }`
[INFO] started tweaking crates.io crate rtic-core 0.3.1
[INFO] finished tweaking crates.io crate rtic-core 0.3.1
[INFO] tweaked toml for crates.io crate rtic-core 0.3.1 written to /workspace/builds/worker-6/source/Cargo.toml
[INFO] running `Command { std: "/workspace/cargo-home/bin/cargo" "+beta-2021-08-01" "generate-lockfile" "--manifest-path" "Cargo.toml" "-Zno-index-update", kill_on_drop: false }`
[INFO] running `Command { std: "/workspace/cargo-home/bin/cargo" "+beta-2021-08-01" "fetch" "--manifest-path" "Cargo.toml", kill_on_drop: false }`
[INFO] running `Command { std: "docker" "create" "-v" "/var/lib/crater-agent-workspace/builds/worker-6/target:/opt/rustwide/target:rw,Z" "-v" "/var/lib/crater-agent-workspace/builds/worker-6/source:/opt/rustwide/workdir:ro,Z" "-v" "/var/lib/crater-agent-workspace/cargo-home:/opt/rustwide/cargo-home:ro,Z" "-v" "/var/lib/crater-agent-workspace/rustup-home:/opt/rustwide/rustup-home:ro,Z" "-e" "SOURCE_DIR=/opt/rustwide/workdir" "-e" "CARGO_TARGET_DIR=/opt/rustwide/target" "-e" "CARGO_HOME=/opt/rustwide/cargo-home" "-e" "RUSTUP_HOME=/opt/rustwide/rustup-home" "-w" "/opt/rustwide/workdir" "-m" "1610612736" "--user" "0:0" "--network" "none" "ghcr.io/rust-lang/crates-build-env/linux@sha256:34b6a614d2c27851fe6cbf88fbd1137609cefab8b10d0615aaeb6fd47975d74e" "/opt/rustwide/cargo-home/bin/cargo" "+beta-2021-08-01" "metadata" "--no-deps" "--format-version=1", kill_on_drop: false }`
[INFO] [stdout] dc44926e4983dade1fd036e0536a7fbde4f497eef2631daba10369e93f59dbfe
[INFO] [stderr] WARNING: Your kernel does not support swap limit capabilities or the cgroup is not mounted. Memory limited without swap.
[INFO] running `Command { std: "docker" "start" "-a" "dc44926e4983dade1fd036e0536a7fbde4f497eef2631daba10369e93f59dbfe", kill_on_drop: false }`
[INFO] running `Command { std: "docker" "inspect" "dc44926e4983dade1fd036e0536a7fbde4f497eef2631daba10369e93f59dbfe", kill_on_drop: false }`
[INFO] running `Command { std: "docker" "rm" "-f" "dc44926e4983dade1fd036e0536a7fbde4f497eef2631daba10369e93f59dbfe", kill_on_drop: false }`
[INFO] [stdout] dc44926e4983dade1fd036e0536a7fbde4f497eef2631daba10369e93f59dbfe
[INFO] running `Command { std: "docker" "create" "-v" "/var/lib/crater-agent-workspace/builds/worker-6/target:/opt/rustwide/target:rw,Z" "-v" "/var/lib/crater-agent-workspace/builds/worker-6/source:/opt/rustwide/workdir:ro,Z" "-v" "/var/lib/crater-agent-workspace/cargo-home:/opt/rustwide/cargo-home:ro,Z" "-v" "/var/lib/crater-agent-workspace/rustup-home:/opt/rustwide/rustup-home:ro,Z" "-e" "SOURCE_DIR=/opt/rustwide/workdir" "-e" "CARGO_TARGET_DIR=/opt/rustwide/target" "-e" "CARGO_INCREMENTAL=0" "-e" "RUST_BACKTRACE=full" "-e" "RUSTFLAGS=--cap-lints=warn" "-e" "CARGO_HOME=/opt/rustwide/cargo-home" "-e" "RUSTUP_HOME=/opt/rustwide/rustup-home" "-w" "/opt/rustwide/workdir" "-m" "1610612736" "--user" "0:0" "--network" "none" "ghcr.io/rust-lang/crates-build-env/linux@sha256:34b6a614d2c27851fe6cbf88fbd1137609cefab8b10d0615aaeb6fd47975d74e" "/opt/rustwide/cargo-home/bin/cargo" "+beta-2021-08-01" "build" "--frozen" "--message-format=json", kill_on_drop: false }`
[INFO] [stderr] WARNING: Your kernel does not support swap limit capabilities or the cgroup is not mounted. Memory limited without swap.
[INFO] [stdout] 25a85bd7b678f4a1d850d9d8a9116d0dcb78340ef9d9ae478005a14d2c96ac52
[INFO] running `Command { std: "docker" "start" "-a" "25a85bd7b678f4a1d850d9d8a9116d0dcb78340ef9d9ae478005a14d2c96ac52", kill_on_drop: false }`
[INFO] [stderr]    Compiling rtic-core v0.3.1 (/opt/rustwide/workdir)
[INFO] [stderr]     Finished dev [unoptimized + debuginfo] target(s) in 0.86s
[INFO] running `Command { std: "docker" "inspect" "25a85bd7b678f4a1d850d9d8a9116d0dcb78340ef9d9ae478005a14d2c96ac52", kill_on_drop: false }`
[INFO] running `Command { std: "docker" "rm" "-f" "25a85bd7b678f4a1d850d9d8a9116d0dcb78340ef9d9ae478005a14d2c96ac52", kill_on_drop: false }`
[INFO] [stdout] 25a85bd7b678f4a1d850d9d8a9116d0dcb78340ef9d9ae478005a14d2c96ac52
[INFO] running `Command { std: "docker" "create" "-v" "/var/lib/crater-agent-workspace/builds/worker-6/target:/opt/rustwide/target:rw,Z" "-v" "/var/lib/crater-agent-workspace/builds/worker-6/source:/opt/rustwide/workdir:ro,Z" "-v" "/var/lib/crater-agent-workspace/cargo-home:/opt/rustwide/cargo-home:ro,Z" "-v" "/var/lib/crater-agent-workspace/rustup-home:/opt/rustwide/rustup-home:ro,Z" "-e" "SOURCE_DIR=/opt/rustwide/workdir" "-e" "CARGO_TARGET_DIR=/opt/rustwide/target" "-e" "CARGO_INCREMENTAL=0" "-e" "RUST_BACKTRACE=full" "-e" "RUSTFLAGS=--cap-lints=warn" "-e" "CARGO_HOME=/opt/rustwide/cargo-home" "-e" "RUSTUP_HOME=/opt/rustwide/rustup-home" "-w" "/opt/rustwide/workdir" "-m" "1610612736" "--user" "0:0" "--network" "none" "ghcr.io/rust-lang/crates-build-env/linux@sha256:34b6a614d2c27851fe6cbf88fbd1137609cefab8b10d0615aaeb6fd47975d74e" "/opt/rustwide/cargo-home/bin/cargo" "+beta-2021-08-01" "test" "--frozen" "--no-run" "--message-format=json", kill_on_drop: false }`
[INFO] [stderr] WARNING: Your kernel does not support swap limit capabilities or the cgroup is not mounted. Memory limited without swap.
[INFO] [stdout] 4f9f2008e9f4d833600d14857611d70375573479b0be42f676181e01afddc85f
[INFO] running `Command { std: "docker" "start" "-a" "4f9f2008e9f4d833600d14857611d70375573479b0be42f676181e01afddc85f", kill_on_drop: false }`
[INFO] [stderr]    Compiling rtic-core v0.3.1 (/opt/rustwide/workdir)
[INFO] [stderr]     Finished test [unoptimized + debuginfo] target(s) in 0.78s
[INFO] running `Command { std: "docker" "inspect" "4f9f2008e9f4d833600d14857611d70375573479b0be42f676181e01afddc85f", kill_on_drop: false }`
[INFO] running `Command { std: "docker" "rm" "-f" "4f9f2008e9f4d833600d14857611d70375573479b0be42f676181e01afddc85f", kill_on_drop: false }`
[INFO] [stdout] 4f9f2008e9f4d833600d14857611d70375573479b0be42f676181e01afddc85f
[INFO] running `Command { std: "docker" "create" "-v" "/var/lib/crater-agent-workspace/builds/worker-6/target:/opt/rustwide/target:rw,Z" "-v" "/var/lib/crater-agent-workspace/builds/worker-6/source:/opt/rustwide/workdir:ro,Z" "-v" "/var/lib/crater-agent-workspace/cargo-home:/opt/rustwide/cargo-home:ro,Z" "-v" "/var/lib/crater-agent-workspace/rustup-home:/opt/rustwide/rustup-home:ro,Z" "-e" "SOURCE_DIR=/opt/rustwide/workdir" "-e" "CARGO_TARGET_DIR=/opt/rustwide/target" "-e" "CARGO_INCREMENTAL=0" "-e" "RUST_BACKTRACE=full" "-e" "RUSTFLAGS=--cap-lints=warn" "-e" "CARGO_HOME=/opt/rustwide/cargo-home" "-e" "RUSTUP_HOME=/opt/rustwide/rustup-home" "-w" "/opt/rustwide/workdir" "-m" "1610612736" "--user" "0:0" "--network" "none" "ghcr.io/rust-lang/crates-build-env/linux@sha256:34b6a614d2c27851fe6cbf88fbd1137609cefab8b10d0615aaeb6fd47975d74e" "/opt/rustwide/cargo-home/bin/cargo" "+beta-2021-08-01" "test" "--frozen", kill_on_drop: false }`
[INFO] [stdout] 947581c9c069d348e8a540693f42e4f84a54e8eefa1a74213d2baece4e853dab
[INFO] [stderr] WARNING: Your kernel does not support swap limit capabilities or the cgroup is not mounted. Memory limited without swap.
[INFO] running `Command { std: "docker" "start" "-a" "947581c9c069d348e8a540693f42e4f84a54e8eefa1a74213d2baece4e853dab", kill_on_drop: false }`
[INFO] [stderr]     Finished test [unoptimized + debuginfo] target(s) in 0.01s
[INFO] [stderr]      Running unittests (/opt/rustwide/target/debug/deps/rtic_core-5f7fdc84dff92049)
[INFO] [stdout] 
[INFO] [stdout] running 0 tests
[INFO] [stdout] 
[INFO] [stdout] test result: ok. 0 passed; 0 failed; 0 ignored; 0 measured; 0 filtered out; finished in 0.00s
[INFO] [stdout] 
[INFO] [stderr]    Doc-tests rtic-core
[INFO] [stdout] 
[INFO] [stdout] running 2 tests
[INFO] [stdout] test src/lib.rs - prelude (line 77) ... FAILED
[INFO] [stdout] test src/lib.rs - prelude (line 100) ... FAILED
[INFO] [stdout] 
[INFO] [stdout] failures:
[INFO] [stdout] 
[INFO] [stdout] ---- src/lib.rs - prelude (line 77) stdout ----
[INFO] [stdout] error[E0433]: failed to resolve: maybe a missing crate `mutex_trait`?
[INFO] [stdout]  --> src/lib.rs:78:5
[INFO] [stdout]   |
[INFO] [stdout] 3 | use mutex_trait::prelude::*;
[INFO] [stdout]   |     ^^^^^^^^^^^ maybe a missing crate `mutex_trait`?
[INFO] [stdout] 
[INFO] [stdout] error[E0405]: cannot find trait `Mutex` in this scope
[INFO] [stdout]  --> src/lib.rs:81:18
[INFO] [stdout]   |
[INFO] [stdout] 6 |     a: &mut impl Mutex<T = i32>,
[INFO] [stdout]   |                  ^^^^^ not found in this scope
[INFO] [stdout] 
[INFO] [stdout] error[E0405]: cannot find trait `Mutex` in this scope
[INFO] [stdout]  --> src/lib.rs:82:18
[INFO] [stdout]   |
[INFO] [stdout] 7 |     b: &mut impl Mutex<T = i32>,
[INFO] [stdout]   |                  ^^^^^ not found in this scope
[INFO] [stdout] 
[INFO] [stdout] error[E0405]: cannot find trait `Mutex` in this scope
[INFO] [stdout]  --> src/lib.rs:83:18
[INFO] [stdout]   |
[INFO] [stdout] 8 |     c: &mut impl Mutex<T = i32>
[INFO] [stdout]   |                  ^^^^^ not found in this scope
[INFO] [stdout] 
[INFO] [stdout] error: aborting due to 4 previous errors
[INFO] [stdout] 
[INFO] [stdout] Some errors have detailed explanations: E0405, E0433.
[INFO] [stdout] For more information about an error, try `rustc --explain E0405`.
[INFO] [stdout] Couldn't compile the test.
[INFO] [stdout] ---- src/lib.rs - prelude (line 100) stdout ----
[INFO] [stdout] error[E0433]: failed to resolve: maybe a missing crate `mutex_trait`?
[INFO] [stdout]  --> src/lib.rs:101:5
[INFO] [stdout]   |
[INFO] [stdout] 3 | use mutex_trait::prelude::*;
[INFO] [stdout]   |     ^^^^^^^^^^^ maybe a missing crate `mutex_trait`?
[INFO] [stdout] 
[INFO] [stdout] error[E0405]: cannot find trait `Mutex` in this scope
[INFO] [stdout]  --> src/lib.rs:104:18
[INFO] [stdout]   |
[INFO] [stdout] 6 |     a: &mut impl Mutex<T = i32>,
[INFO] [stdout]   |                  ^^^^^ not found in this scope
[INFO] [stdout] 
[INFO] [stdout] error[E0405]: cannot find trait `Mutex` in this scope
[INFO] [stdout]  --> src/lib.rs:105:18
[INFO] [stdout]   |
[INFO] [stdout] 7 |     b: &mut impl Mutex<T = i32>,
[INFO] [stdout]   |                  ^^^^^ not found in this scope
[INFO] [stdout] 
[INFO] [stdout] error[E0405]: cannot find trait `Mutex` in this scope
[INFO] [stdout]  --> src/lib.rs:106:18
[INFO] [stdout]   |
[INFO] [stdout] 8 |     c: &mut impl Mutex<T = i32>
[INFO] [stdout]   |                  ^^^^^ not found in this scope
[INFO] [stdout] 
[INFO] [stdout] error: aborting due to 4 previous errors
[INFO] [stdout] 
[INFO] [stdout] Some errors have detailed explanations: E0405, E0433.
[INFO] [stdout] For more information about an error, try `rustc --explain E0405`.
[INFO] [stdout] Couldn't compile the test.
[INFO] [stdout] 
[INFO] [stdout] failures:
[INFO] [stdout]     src/lib.rs - prelude (line 100)
[INFO] [stdout]     src/lib.rs - prelude (line 77)
[INFO] [stdout] 
[INFO] [stdout] test result: FAILED. 0 passed; 2 failed; 0 ignored; 0 measured; 0 filtered out; finished in 0.34s
[INFO] [stdout] 
[INFO] [stderr] error: test failed, to rerun pass '--doc'
[INFO] running `Command { std: "docker" "inspect" "947581c9c069d348e8a540693f42e4f84a54e8eefa1a74213d2baece4e853dab", kill_on_drop: false }`
[INFO] running `Command { std: "docker" "rm" "-f" "947581c9c069d348e8a540693f42e4f84a54e8eefa1a74213d2baece4e853dab", kill_on_drop: false }`
[INFO] [stdout] 947581c9c069d348e8a540693f42e4f84a54e8eefa1a74213d2baece4e853dab
