[INFO] fetching crate rstb 0.2.2...
[INFO] testing rstb-0.2.2 against beta-2021-08-01 for beta-1.55-1
[INFO] extracting crate rstb 0.2.2 into /workspace/builds/worker-7/source
[INFO] validating manifest of crates.io crate rstb 0.2.2 on toolchain beta-2021-08-01
[INFO] running `Command { std: "/workspace/cargo-home/bin/cargo" "+beta-2021-08-01" "metadata" "--manifest-path" "Cargo.toml" "--no-deps", kill_on_drop: false }`
[INFO] started tweaking crates.io crate rstb 0.2.2
[INFO] finished tweaking crates.io crate rstb 0.2.2
[INFO] tweaked toml for crates.io crate rstb 0.2.2 written to /workspace/builds/worker-7/source/Cargo.toml
[INFO] running `Command { std: "/workspace/cargo-home/bin/cargo" "+beta-2021-08-01" "generate-lockfile" "--manifest-path" "Cargo.toml" "-Zno-index-update", kill_on_drop: false }`
[INFO] running `Command { std: "/workspace/cargo-home/bin/cargo" "+beta-2021-08-01" "fetch" "--manifest-path" "Cargo.toml", kill_on_drop: false }`
[INFO] [stderr]     Blocking waiting for file lock on package cache
[INFO] [stderr]  Downloading crates ...
[INFO] [stderr]   Downloaded binwrite v0.2.1
[INFO] [stderr]   Downloaded binread_derive v2.0.0
[INFO] [stderr]   Downloaded binread v2.1.1
[INFO] [stderr]   Downloaded cached_proc_macro v0.6.0
[INFO] [stderr]   Downloaded cached_proc_macro_types v0.1.0
[INFO] [stderr]   Downloaded cached v0.23.0
[INFO] [stderr]   Downloaded parse_int v0.5.0
[INFO] [stderr]   Downloaded binwrite_derive v0.2.1
[INFO] [stderr]   Downloaded yaz0 v0.3.0
[INFO] running `Command { std: "docker" "create" "-v" "/var/lib/crater-agent-workspace/builds/worker-7/target:/opt/rustwide/target:rw,Z" "-v" "/var/lib/crater-agent-workspace/builds/worker-7/source:/opt/rustwide/workdir:ro,Z" "-v" "/var/lib/crater-agent-workspace/cargo-home:/opt/rustwide/cargo-home:ro,Z" "-v" "/var/lib/crater-agent-workspace/rustup-home:/opt/rustwide/rustup-home:ro,Z" "-e" "SOURCE_DIR=/opt/rustwide/workdir" "-e" "CARGO_TARGET_DIR=/opt/rustwide/target" "-e" "CARGO_HOME=/opt/rustwide/cargo-home" "-e" "RUSTUP_HOME=/opt/rustwide/rustup-home" "-w" "/opt/rustwide/workdir" "-m" "1610612736" "--user" "0:0" "--network" "none" "ghcr.io/rust-lang/crates-build-env/linux@sha256:34b6a614d2c27851fe6cbf88fbd1137609cefab8b10d0615aaeb6fd47975d74e" "/opt/rustwide/cargo-home/bin/cargo" "+beta-2021-08-01" "metadata" "--no-deps" "--format-version=1", kill_on_drop: false }`
[INFO] [stdout] ab17ad0d4ff59917b829956d18c4175a7277dfed26b3577fc17826ee9660a6ff
[INFO] [stderr] WARNING: Your kernel does not support swap limit capabilities or the cgroup is not mounted. Memory limited without swap.
[INFO] running `Command { std: "docker" "start" "-a" "ab17ad0d4ff59917b829956d18c4175a7277dfed26b3577fc17826ee9660a6ff", kill_on_drop: false }`
[INFO] running `Command { std: "docker" "inspect" "ab17ad0d4ff59917b829956d18c4175a7277dfed26b3577fc17826ee9660a6ff", kill_on_drop: false }`
[INFO] running `Command { std: "docker" "rm" "-f" "ab17ad0d4ff59917b829956d18c4175a7277dfed26b3577fc17826ee9660a6ff", kill_on_drop: false }`
[INFO] [stdout] ab17ad0d4ff59917b829956d18c4175a7277dfed26b3577fc17826ee9660a6ff
[INFO] running `Command { std: "docker" "create" "-v" "/var/lib/crater-agent-workspace/builds/worker-7/target:/opt/rustwide/target:rw,Z" "-v" "/var/lib/crater-agent-workspace/builds/worker-7/source:/opt/rustwide/workdir:ro,Z" "-v" "/var/lib/crater-agent-workspace/cargo-home:/opt/rustwide/cargo-home:ro,Z" "-v" "/var/lib/crater-agent-workspace/rustup-home:/opt/rustwide/rustup-home:ro,Z" "-e" "SOURCE_DIR=/opt/rustwide/workdir" "-e" "CARGO_TARGET_DIR=/opt/rustwide/target" "-e" "CARGO_INCREMENTAL=0" "-e" "RUST_BACKTRACE=full" "-e" "RUSTFLAGS=--cap-lints=warn" "-e" "CARGO_HOME=/opt/rustwide/cargo-home" "-e" "RUSTUP_HOME=/opt/rustwide/rustup-home" "-w" "/opt/rustwide/workdir" "-m" "1610612736" "--user" "0:0" "--network" "none" "ghcr.io/rust-lang/crates-build-env/linux@sha256:34b6a614d2c27851fe6cbf88fbd1137609cefab8b10d0615aaeb6fd47975d74e" "/opt/rustwide/cargo-home/bin/cargo" "+beta-2021-08-01" "build" "--frozen" "--message-format=json", kill_on_drop: false }`
[INFO] [stderr] WARNING: Your kernel does not support swap limit capabilities or the cgroup is not mounted. Memory limited without swap.
[INFO] [stdout] e74f5503922ade9863aa6cfacca1557dbbe1e50892cbd481224c9671d19aaec5
[INFO] running `Command { std: "docker" "start" "-a" "e74f5503922ade9863aa6cfacca1557dbbe1e50892cbd481224c9671d19aaec5", kill_on_drop: false }`
[INFO] [stderr]    Compiling cached_proc_macro_types v0.1.0
[INFO] [stderr]    Compiling futures-macro v0.3.16
[INFO] [stderr]    Compiling futures-util v0.3.16
[INFO] [stderr]    Compiling indexmap v1.7.0
[INFO] [stderr]    Compiling syn v1.0.74
[INFO] [stderr]    Compiling parse_int v0.5.0
[INFO] [stderr]    Compiling darling_core v0.10.2
[INFO] [stderr]    Compiling serde_derive v1.0.127
[INFO] [stderr]    Compiling thiserror-impl v1.0.26
[INFO] [stderr]    Compiling binwrite_derive v0.2.1
[INFO] [stderr]    Compiling binread_derive v2.0.0
[INFO] [stderr]    Compiling async-trait v0.1.51
[INFO] [stderr]    Compiling darling_macro v0.10.2
[INFO] [stderr]    Compiling binwrite v0.2.1
[INFO] [stderr]    Compiling thiserror v1.0.26
[INFO] [stderr]    Compiling yaz0 v0.3.0
[INFO] [stderr]    Compiling darling v0.10.2
[INFO] [stderr]    Compiling cached_proc_macro v0.6.0
[INFO] [stderr]    Compiling binread v2.1.1
[INFO] [stderr]    Compiling futures-executor v0.3.16
[INFO] [stderr]    Compiling futures v0.3.16
[INFO] [stderr]    Compiling cached v0.23.0
[INFO] [stderr]    Compiling serde v1.0.127
[INFO] [stderr]    Compiling bstr v0.2.16
[INFO] [stderr]    Compiling serde_json v1.0.66
[INFO] [stderr]    Compiling csv v1.1.6
[INFO] [stderr]    Compiling rstb v0.2.2 (/opt/rustwide/workdir)
[INFO] [stderr]     Finished dev [unoptimized + debuginfo] target(s) in 33.11s
[INFO] running `Command { std: "docker" "inspect" "e74f5503922ade9863aa6cfacca1557dbbe1e50892cbd481224c9671d19aaec5", kill_on_drop: false }`
[INFO] running `Command { std: "docker" "rm" "-f" "e74f5503922ade9863aa6cfacca1557dbbe1e50892cbd481224c9671d19aaec5", kill_on_drop: false }`
[INFO] [stdout] e74f5503922ade9863aa6cfacca1557dbbe1e50892cbd481224c9671d19aaec5
[INFO] running `Command { std: "docker" "create" "-v" "/var/lib/crater-agent-workspace/builds/worker-7/target:/opt/rustwide/target:rw,Z" "-v" "/var/lib/crater-agent-workspace/builds/worker-7/source:/opt/rustwide/workdir:ro,Z" "-v" "/var/lib/crater-agent-workspace/cargo-home:/opt/rustwide/cargo-home:ro,Z" "-v" "/var/lib/crater-agent-workspace/rustup-home:/opt/rustwide/rustup-home:ro,Z" "-e" "SOURCE_DIR=/opt/rustwide/workdir" "-e" "CARGO_TARGET_DIR=/opt/rustwide/target" "-e" "CARGO_INCREMENTAL=0" "-e" "RUST_BACKTRACE=full" "-e" "RUSTFLAGS=--cap-lints=warn" "-e" "CARGO_HOME=/opt/rustwide/cargo-home" "-e" "RUSTUP_HOME=/opt/rustwide/rustup-home" "-w" "/opt/rustwide/workdir" "-m" "1610612736" "--user" "0:0" "--network" "none" "ghcr.io/rust-lang/crates-build-env/linux@sha256:34b6a614d2c27851fe6cbf88fbd1137609cefab8b10d0615aaeb6fd47975d74e" "/opt/rustwide/cargo-home/bin/cargo" "+beta-2021-08-01" "test" "--frozen" "--no-run" "--message-format=json", kill_on_drop: false }`
[INFO] [stderr] WARNING: Your kernel does not support swap limit capabilities or the cgroup is not mounted. Memory limited without swap.
[INFO] [stdout] 7f6e145940063483988d3917d92859f5c7155b6ce292877e121106ca0fa59118
[INFO] running `Command { std: "docker" "start" "-a" "7f6e145940063483988d3917d92859f5c7155b6ce292877e121106ca0fa59118", kill_on_drop: false }`
[INFO] [stderr]     Blocking waiting for file lock on package cache
[INFO] [stderr]    Compiling rstb v0.2.2 (/opt/rustwide/workdir)
[INFO] [stderr]     Finished test [unoptimized + debuginfo] target(s) in 2.99s
[INFO] running `Command { std: "docker" "inspect" "7f6e145940063483988d3917d92859f5c7155b6ce292877e121106ca0fa59118", kill_on_drop: false }`
[INFO] running `Command { std: "docker" "rm" "-f" "7f6e145940063483988d3917d92859f5c7155b6ce292877e121106ca0fa59118", kill_on_drop: false }`
[INFO] [stdout] 7f6e145940063483988d3917d92859f5c7155b6ce292877e121106ca0fa59118
[INFO] running `Command { std: "docker" "create" "-v" "/var/lib/crater-agent-workspace/builds/worker-7/target:/opt/rustwide/target:rw,Z" "-v" "/var/lib/crater-agent-workspace/builds/worker-7/source:/opt/rustwide/workdir:ro,Z" "-v" "/var/lib/crater-agent-workspace/cargo-home:/opt/rustwide/cargo-home:ro,Z" "-v" "/var/lib/crater-agent-workspace/rustup-home:/opt/rustwide/rustup-home:ro,Z" "-e" "SOURCE_DIR=/opt/rustwide/workdir" "-e" "CARGO_TARGET_DIR=/opt/rustwide/target" "-e" "CARGO_INCREMENTAL=0" "-e" "RUST_BACKTRACE=full" "-e" "RUSTFLAGS=--cap-lints=warn" "-e" "CARGO_HOME=/opt/rustwide/cargo-home" "-e" "RUSTUP_HOME=/opt/rustwide/rustup-home" "-w" "/opt/rustwide/workdir" "-m" "1610612736" "--user" "0:0" "--network" "none" "ghcr.io/rust-lang/crates-build-env/linux@sha256:34b6a614d2c27851fe6cbf88fbd1137609cefab8b10d0615aaeb6fd47975d74e" "/opt/rustwide/cargo-home/bin/cargo" "+beta-2021-08-01" "test" "--frozen", kill_on_drop: false }`
[INFO] [stdout] 41a3dd0e9cc3df2980451627c36061e3a65e15cb4da2d59cfdb158957c35e85b
[INFO] [stderr] WARNING: Your kernel does not support swap limit capabilities or the cgroup is not mounted. Memory limited without swap.
[INFO] running `Command { std: "docker" "start" "-a" "41a3dd0e9cc3df2980451627c36061e3a65e15cb4da2d59cfdb158957c35e85b", kill_on_drop: false }`
[INFO] [stderr]     Finished test [unoptimized + debuginfo] target(s) in 0.05s
[INFO] [stderr]      Running unittests (/opt/rustwide/target/debug/deps/rstb-ff3b08f39a6ad940)
[INFO] [stdout] 
[INFO] [stdout] running 7 tests
[INFO] [stdout] test tests::guess_sizes ... ok
[INFO] [stdout] test tests::calc_sizes ... ok
[INFO] [stdout] test tests::edit_rstb ... ok
[INFO] [stdout] test tests::parse_rstb ... ok
[INFO] [stdout] test tests::test_stock ... ok
[INFO] [stdout] test tests::binary_roundtrip ... ok
[INFO] [stdout] test tests::text_roundtrip ... ok
[INFO] [stdout] 
[INFO] [stdout] test result: ok. 7 passed; 0 failed; 0 ignored; 0 measured; 0 filtered out; finished in 3.07s
[INFO] [stdout] 
[INFO] [stderr]    Doc-tests rstb
[INFO] [stdout] 
[INFO] [stdout] running 1 test
[INFO] [stdout] test src/calc/mod.rs - calc (line 4) ... FAILED
[INFO] [stdout] 
[INFO] [stdout] failures:
[INFO] [stdout] 
[INFO] [stdout] ---- src/calc/mod.rs - calc (line 4) stdout ----
[INFO] [stdout] error[E0433]: failed to resolve: use of undeclared type `Endian`
[INFO] [stdout]   --> src/calc/mod.rs:11:9
[INFO] [stdout]    |
[INFO] [stdout] 10 |         Endian::Big,
[INFO] [stdout]    |         ^^^^^^ use of undeclared type `Endian`
[INFO] [stdout] 
[INFO] [stdout] error[E0433]: failed to resolve: use of undeclared type `Endian`
[INFO] [stdout]   --> src/calc/mod.rs:24:9
[INFO] [stdout]    |
[INFO] [stdout] 23 |         Endian::Big,
[INFO] [stdout]    |         ^^^^^^ use of undeclared type `Endian`
[INFO] [stdout] 
[INFO] [stdout] error: aborting due to 2 previous errors
[INFO] [stdout] 
[INFO] [stdout] For more information about this error, try `rustc --explain E0433`.
[INFO] [stdout] Couldn't compile the test.
[INFO] [stdout] 
[INFO] [stdout] failures:
[INFO] [stdout]     src/calc/mod.rs - calc (line 4)
[INFO] [stdout] 
[INFO] [stdout] test result: FAILED. 0 passed; 1 failed; 0 ignored; 0 measured; 0 filtered out; finished in 0.72s
[INFO] [stdout] 
[INFO] [stderr] error: test failed, to rerun pass '--doc'
[INFO] running `Command { std: "docker" "inspect" "41a3dd0e9cc3df2980451627c36061e3a65e15cb4da2d59cfdb158957c35e85b", kill_on_drop: false }`
[INFO] running `Command { std: "docker" "rm" "-f" "41a3dd0e9cc3df2980451627c36061e3a65e15cb4da2d59cfdb158957c35e85b", kill_on_drop: false }`
[INFO] [stdout] 41a3dd0e9cc3df2980451627c36061e3a65e15cb4da2d59cfdb158957c35e85b
