[INFO] fetching crate rquickjs-core 0.1.1...
[INFO] testing rquickjs-core-0.1.1 against 1.54.0 for beta-1.55-1
[INFO] extracting crate rquickjs-core 0.1.1 into /workspace/builds/worker-0/source
[INFO] validating manifest of crates.io crate rquickjs-core 0.1.1 on toolchain 1.54.0
[INFO] running `Command { std: "/workspace/cargo-home/bin/cargo" "+1.54.0" "metadata" "--manifest-path" "Cargo.toml" "--no-deps", kill_on_drop: false }`
[INFO] started tweaking crates.io crate rquickjs-core 0.1.1
[INFO] finished tweaking crates.io crate rquickjs-core 0.1.1
[INFO] tweaked toml for crates.io crate rquickjs-core 0.1.1 written to /workspace/builds/worker-0/source/Cargo.toml
[INFO] running `Command { std: "/workspace/cargo-home/bin/cargo" "+1.54.0" "generate-lockfile" "--manifest-path" "Cargo.toml" "-Zno-index-update", kill_on_drop: false }`
[INFO] running `Command { std: "/workspace/cargo-home/bin/cargo" "+1.54.0" "fetch" "--manifest-path" "Cargo.toml", kill_on_drop: false }`
[INFO] running `Command { std: "docker" "create" "-v" "/var/lib/crater-agent-workspace/builds/worker-0/target:/opt/rustwide/target:rw,Z" "-v" "/var/lib/crater-agent-workspace/builds/worker-0/source:/opt/rustwide/workdir:ro,Z" "-v" "/var/lib/crater-agent-workspace/cargo-home:/opt/rustwide/cargo-home:ro,Z" "-v" "/var/lib/crater-agent-workspace/rustup-home:/opt/rustwide/rustup-home:ro,Z" "-e" "SOURCE_DIR=/opt/rustwide/workdir" "-e" "CARGO_TARGET_DIR=/opt/rustwide/target" "-e" "CARGO_HOME=/opt/rustwide/cargo-home" "-e" "RUSTUP_HOME=/opt/rustwide/rustup-home" "-w" "/opt/rustwide/workdir" "-m" "1610612736" "--user" "0:0" "--network" "none" "ghcr.io/rust-lang/crates-build-env/linux@sha256:34b6a614d2c27851fe6cbf88fbd1137609cefab8b10d0615aaeb6fd47975d74e" "/opt/rustwide/cargo-home/bin/cargo" "+1.54.0" "metadata" "--no-deps" "--format-version=1", kill_on_drop: false }`
[INFO] [stderr] WARNING: Your kernel does not support swap limit capabilities or the cgroup is not mounted. Memory limited without swap.
[INFO] [stdout] a23e2a09e4fb78d9643b518225b19c3520131057aa4f669886eced0198e5578f
[INFO] running `Command { std: "docker" "start" "-a" "a23e2a09e4fb78d9643b518225b19c3520131057aa4f669886eced0198e5578f", kill_on_drop: false }`
[INFO] running `Command { std: "docker" "inspect" "a23e2a09e4fb78d9643b518225b19c3520131057aa4f669886eced0198e5578f", kill_on_drop: false }`
[INFO] running `Command { std: "docker" "rm" "-f" "a23e2a09e4fb78d9643b518225b19c3520131057aa4f669886eced0198e5578f", kill_on_drop: false }`
[INFO] [stdout] a23e2a09e4fb78d9643b518225b19c3520131057aa4f669886eced0198e5578f
[INFO] running `Command { std: "docker" "create" "-v" "/var/lib/crater-agent-workspace/builds/worker-0/target:/opt/rustwide/target:rw,Z" "-v" "/var/lib/crater-agent-workspace/builds/worker-0/source:/opt/rustwide/workdir:ro,Z" "-v" "/var/lib/crater-agent-workspace/cargo-home:/opt/rustwide/cargo-home:ro,Z" "-v" "/var/lib/crater-agent-workspace/rustup-home:/opt/rustwide/rustup-home:ro,Z" "-e" "SOURCE_DIR=/opt/rustwide/workdir" "-e" "CARGO_TARGET_DIR=/opt/rustwide/target" "-e" "CARGO_INCREMENTAL=0" "-e" "RUST_BACKTRACE=full" "-e" "RUSTFLAGS=--cap-lints=warn" "-e" "CARGO_HOME=/opt/rustwide/cargo-home" "-e" "RUSTUP_HOME=/opt/rustwide/rustup-home" "-w" "/opt/rustwide/workdir" "-m" "1610612736" "--user" "0:0" "--network" "none" "ghcr.io/rust-lang/crates-build-env/linux@sha256:34b6a614d2c27851fe6cbf88fbd1137609cefab8b10d0615aaeb6fd47975d74e" "/opt/rustwide/cargo-home/bin/cargo" "+1.54.0" "build" "--frozen" "--message-format=json", kill_on_drop: false }`
[INFO] [stderr] WARNING: Your kernel does not support swap limit capabilities or the cgroup is not mounted. Memory limited without swap.
[INFO] [stdout] d4c3b1520b339aaf5aa957b395e9a4929061cfe56cd4cb76da0cbf6e83826fca
[INFO] running `Command { std: "docker" "start" "-a" "d4c3b1520b339aaf5aa957b395e9a4929061cfe56cd4cb76da0cbf6e83826fca", kill_on_drop: false }`
[INFO] [stderr]    Compiling rquickjs-sys v0.1.0
[INFO] [stderr]    Compiling rquickjs-core v0.1.1 (/opt/rustwide/workdir)
[INFO] [stderr]     Finished dev [unoptimized + debuginfo] target(s) in 11.66s
[INFO] running `Command { std: "docker" "inspect" "d4c3b1520b339aaf5aa957b395e9a4929061cfe56cd4cb76da0cbf6e83826fca", kill_on_drop: false }`
[INFO] running `Command { std: "docker" "rm" "-f" "d4c3b1520b339aaf5aa957b395e9a4929061cfe56cd4cb76da0cbf6e83826fca", kill_on_drop: false }`
[INFO] [stdout] d4c3b1520b339aaf5aa957b395e9a4929061cfe56cd4cb76da0cbf6e83826fca
[INFO] running `Command { std: "docker" "create" "-v" "/var/lib/crater-agent-workspace/builds/worker-0/target:/opt/rustwide/target:rw,Z" "-v" "/var/lib/crater-agent-workspace/builds/worker-0/source:/opt/rustwide/workdir:ro,Z" "-v" "/var/lib/crater-agent-workspace/cargo-home:/opt/rustwide/cargo-home:ro,Z" "-v" "/var/lib/crater-agent-workspace/rustup-home:/opt/rustwide/rustup-home:ro,Z" "-e" "SOURCE_DIR=/opt/rustwide/workdir" "-e" "CARGO_TARGET_DIR=/opt/rustwide/target" "-e" "CARGO_INCREMENTAL=0" "-e" "RUST_BACKTRACE=full" "-e" "RUSTFLAGS=--cap-lints=warn" "-e" "CARGO_HOME=/opt/rustwide/cargo-home" "-e" "RUSTUP_HOME=/opt/rustwide/rustup-home" "-w" "/opt/rustwide/workdir" "-m" "1610612736" "--user" "0:0" "--network" "none" "ghcr.io/rust-lang/crates-build-env/linux@sha256:34b6a614d2c27851fe6cbf88fbd1137609cefab8b10d0615aaeb6fd47975d74e" "/opt/rustwide/cargo-home/bin/cargo" "+1.54.0" "test" "--frozen" "--no-run" "--message-format=json", kill_on_drop: false }`
[INFO] [stdout] d24af6cf49980e304a09bc0c18a62c3f6314b3aaa29300064b5ff07f37807ed1
[INFO] [stderr] WARNING: Your kernel does not support swap limit capabilities or the cgroup is not mounted. Memory limited without swap.
[INFO] running `Command { std: "docker" "start" "-a" "d24af6cf49980e304a09bc0c18a62c3f6314b3aaa29300064b5ff07f37807ed1", kill_on_drop: false }`
[INFO] [stderr]    Compiling tokio v1.9.0
[INFO] [stderr]    Compiling async-attributes v1.1.2
[INFO] [stderr]    Compiling futures-util v0.3.16
[INFO] [stderr]    Compiling async-std v1.9.0
[INFO] [stderr]    Compiling futures-executor v0.3.16
[INFO] [stderr]    Compiling futures v0.3.16
[INFO] [stderr]    Compiling rquickjs-core v0.1.1 (/opt/rustwide/workdir)
[INFO] [stderr]     Finished test [unoptimized + debuginfo] target(s) in 11.36s
[INFO] running `Command { std: "docker" "inspect" "d24af6cf49980e304a09bc0c18a62c3f6314b3aaa29300064b5ff07f37807ed1", kill_on_drop: false }`
[INFO] running `Command { std: "docker" "rm" "-f" "d24af6cf49980e304a09bc0c18a62c3f6314b3aaa29300064b5ff07f37807ed1", kill_on_drop: false }`
[INFO] [stdout] d24af6cf49980e304a09bc0c18a62c3f6314b3aaa29300064b5ff07f37807ed1
[INFO] running `Command { std: "docker" "create" "-v" "/var/lib/crater-agent-workspace/builds/worker-0/target:/opt/rustwide/target:rw,Z" "-v" "/var/lib/crater-agent-workspace/builds/worker-0/source:/opt/rustwide/workdir:ro,Z" "-v" "/var/lib/crater-agent-workspace/cargo-home:/opt/rustwide/cargo-home:ro,Z" "-v" "/var/lib/crater-agent-workspace/rustup-home:/opt/rustwide/rustup-home:ro,Z" "-e" "SOURCE_DIR=/opt/rustwide/workdir" "-e" "CARGO_TARGET_DIR=/opt/rustwide/target" "-e" "CARGO_INCREMENTAL=0" "-e" "RUST_BACKTRACE=full" "-e" "RUSTFLAGS=--cap-lints=warn" "-e" "CARGO_HOME=/opt/rustwide/cargo-home" "-e" "RUSTUP_HOME=/opt/rustwide/rustup-home" "-w" "/opt/rustwide/workdir" "-m" "1610612736" "--user" "0:0" "--network" "none" "ghcr.io/rust-lang/crates-build-env/linux@sha256:34b6a614d2c27851fe6cbf88fbd1137609cefab8b10d0615aaeb6fd47975d74e" "/opt/rustwide/cargo-home/bin/cargo" "+1.54.0" "test" "--frozen", kill_on_drop: false }`
[INFO] [stderr] WARNING: Your kernel does not support swap limit capabilities or the cgroup is not mounted. Memory limited without swap.
[INFO] [stdout] ed89e518e411e3d2f960d76760e4c87165af24aa6364297bb57838372db210a8
[INFO] running `Command { std: "docker" "start" "-a" "ed89e518e411e3d2f960d76760e4c87165af24aa6364297bb57838372db210a8", kill_on_drop: false }`
[INFO] [stderr]     Finished test [unoptimized + debuginfo] target(s) in 0.10s
[INFO] [stderr]      Running unittests (/opt/rustwide/target/debug/deps/rquickjs_core-483ca7d50f2a2c80)
[INFO] [stdout] 
[INFO] [stdout] running 44 tests
[INFO] [stdout] test value::array::test::from_javascript ... ok
[INFO] [stdout] test persistent::test::persistent_function ... ok
[INFO] [stdout] test runtime::test::base_runtime ... ok
[INFO] [stdout] test context::test::minimal ... ok
[INFO] [stdout] test context::test::base ... ok
[INFO] [stdout] test value::array::test::into_iter ... ok
[INFO] [stdout] test value::function::test::call_js_fn_with_no_args_and_return ... ok
[INFO] [stdout] test value::array::test::iter ... ok
[INFO] [stdout] test value::array::test::collect_js ... ok
[INFO] [stdout] test value::function::test::call_js_fn_with_1_arg_and_return ... ok
[INFO] [stdout] test value::function::test::call_js_fn_with_var_args_and_return ... ok
[INFO] [stdout] test value::function::test::call_js_fn_with_2_args_and_return ... ok
[INFO] [stdout] test value::function::test::call_js_fn_with_no_args_and_throw ... ok
[INFO] [stdout] test value::function::test::call_js_fn_with_1_arg_deferred ... ok
[INFO] [stdout] test value::function::test::call_js_fn_with_this_and_no_args_and_return ... ok
[INFO] [stdout] test value::function::test::call_js_fn_with_no_args_and_no_return ... ok
[INFO] [stdout] test value::function::test::mutable_callback_which_can_fail ... ok
[INFO] [stdout] test value::function::test::mutable_callback_with_ctx_which_reads_globals ... ok
[INFO] [stdout] test value::function::test::multiple_const_callbacks ... ok
[INFO] [stdout] test value::function::test::call_js_fn_with_rest_args_and_return ... ok
[INFO] [stdout] test value::array::test::into_object ... ok
[INFO] [stdout] test value::function::test::call_rust_fn_with_var_args ... ok
[INFO] [stdout] test value::function::test::js_fn_wrappers ... ok
[INFO] [stdout] test value::function::test::call_js_fn_with_this_and_1_arg_and_return ... ok
[INFO] [stdout] test value::function::test::call_overloaded_callback ... ok
[INFO] [stdout] test value::function::test::call_rust_fn_with_ctx_and_value ... ok
[INFO] [stdout] test value::function::test::mutable_callback ... ok
[INFO] [stdout] test value::function::test::const_callback ... ok
[INFO] [stdout] test value::test::type_matches ... ok
[INFO] [stdout] test value::function::test::call_rust_fn_with_rest_args ... ok
[INFO] [stdout] test value::module::test::from_javascript ... ok
[INFO] [stdout] test value::object::test::into_iter ... ok
[INFO] [stdout] test value::object::test::own_keys_iter ... ok
[INFO] [stdout] test value::object::test::types ... ok
[INFO] [stdout] test value::object::test::collect_js ... ok
[INFO] [stdout] test value::string::test::from_javascript ... ok
[INFO] [stdout] test value::object::test::own_props_iter ... ok
[INFO] [stdout] test value::object::test::from_javascript ... ok
[INFO] [stdout] test value::function::test::static_callback ... ok
[INFO] [stdout] test value::object::test::iter_take ... ok
[INFO] [stdout] test value::string::test::to_javascript ... ok
[INFO] [stdout] test context::test::exception - should panic ... ok
[INFO] [stderr]      Running tests/compile_fail.rs (/opt/rustwide/target/debug/deps/compile_fail-e5a8df7194971868)
[INFO] [stdout] test value::function::test::recursively_called_mutable_callback - should panic ... ok
[INFO] [stdout] test value::function::test::repeatedly_called_once_callback - should panic ... ok
[INFO] [stdout] 
[INFO] [stdout] test result: ok. 44 passed; 0 failed; 0 ignored; 0 measured; 0 filtered out; finished in 0.05s
[INFO] [stdout] 
[INFO] [stdout] 
[INFO] [stdout] running 0 tests
[INFO] [stdout] 
[INFO] [stdout] test result: ok. 0 passed; 0 failed; 0 ignored; 0 measured; 0 filtered out; finished in 0.00s
[INFO] [stdout] 
[INFO] [stderr]    Doc-tests rquickjs-core
[INFO] [stdout] 
[INFO] [stdout] running 8 tests
[INFO] [stdout] test src/value/module.rs - module_init (line 147) ... FAILED
[INFO] [stdout] test src/persistent.rs - persistent::Persistent (line 39) ... FAILED
[INFO] [stdout] test src/value/function/types.rs - value::function::types::Method (line 12) ... FAILED
[INFO] [stdout] test src/value/function/types.rs - value::function::types::This (line 104) ... FAILED
[INFO] [stdout] test src/value/function/types.rs - value::function::types::Rest (line 152) ... FAILED
[INFO] [stdout] test src/value/function/types.rs - value::function::types::Func (line 33) ... FAILED
[INFO] [stdout] test src/value/convert.rs - value::convert::Coerced (line 10) ... FAILED
[INFO] [stdout] test src/value/function/types.rs - value::function::types::Opt (line 128) ... FAILED
[INFO] [stdout] 
[INFO] [stdout] failures:
[INFO] [stdout] 
[INFO] [stdout] ---- src/value/module.rs - module_init (line 147) stdout ----
[INFO] [stdout] error[E0432]: unresolved import `rquickjs`
[INFO] [stdout]  --> src/value/module.rs:148:5
[INFO] [stdout]   |
[INFO] [stdout] 3 | use rquickjs::{ModuleDef, module_init};
[INFO] [stdout]   |     ^^^^^^^^ use of undeclared crate or module `rquickjs`
[INFO] [stdout] 
[INFO] [stdout] error: cannot determine resolution for the macro `module_init`
[INFO] [stdout]   --> src/value/module.rs:155:1
[INFO] [stdout]    |
[INFO] [stdout] 10 | module_init!(js_init_my_module: MyModule);
[INFO] [stdout]    | ^^^^^^^^^^^
[INFO] [stdout]    |
[INFO] [stdout]    = note: import resolution is stuck, try simplifying macro imports
[INFO] [stdout] 
[INFO] [stdout] error: cannot determine resolution for the macro `module_init`
[INFO] [stdout]  --> src/value/module.rs:153:1
[INFO] [stdout]   |
[INFO] [stdout] 8 | module_init!(MyModule);
[INFO] [stdout]   | ^^^^^^^^^^^
[INFO] [stdout]   |
[INFO] [stdout]   = note: import resolution is stuck, try simplifying macro imports
[INFO] [stdout] 
[INFO] [stdout] error: aborting due to 3 previous errors
[INFO] [stdout] 
[INFO] [stdout] For more information about this error, try `rustc --explain E0432`.
[INFO] [stdout] Couldn't compile the test.
[INFO] [stdout] ---- src/persistent.rs - persistent::Persistent (line 39) stdout ----
[INFO] [stdout] error[E0432]: unresolved import `rquickjs`
[INFO] [stdout]  --> src/persistent.rs:40:5
[INFO] [stdout]   |
[INFO] [stdout] 3 | use rquickjs::{Runtime, Context, Persistent, Function};
[INFO] [stdout]   |     ^^^^^^^^ use of undeclared crate or module `rquickjs`
[INFO] [stdout] 
[INFO] [stdout] error: aborting due to previous error
[INFO] [stdout] 
[INFO] [stdout] For more information about this error, try `rustc --explain E0432`.
[INFO] [stdout] Couldn't compile the test.
[INFO] [stdout] ---- src/value/function/types.rs - value::function::types::Method (line 12) stdout ----
[INFO] [stdout] error[E0432]: unresolved import `rquickjs`
[INFO] [stdout]  --> src/value/function/types.rs:13:5
[INFO] [stdout]   |
[INFO] [stdout] 3 | use rquickjs::{Runtime, Context, Result, Method, Function, This};
[INFO] [stdout]   |     ^^^^^^^^ use of undeclared crate or module `rquickjs`
[INFO] [stdout] 
[INFO] [stdout] error: aborting due to previous error
[INFO] [stdout] 
[INFO] [stdout] For more information about this error, try `rustc --explain E0432`.
[INFO] [stdout] Couldn't compile the test.
[INFO] [stdout] ---- src/value/function/types.rs - value::function::types::This (line 104) stdout ----
[INFO] [stdout] error[E0432]: unresolved import `rquickjs`
[INFO] [stdout]  --> src/value/function/types.rs:105:5
[INFO] [stdout]   |
[INFO] [stdout] 3 | use rquickjs::{Runtime, Context, Result, This, Function};
[INFO] [stdout]   |     ^^^^^^^^ use of undeclared crate or module `rquickjs`
[INFO] [stdout] 
[INFO] [stdout] error: aborting due to previous error
[INFO] [stdout] 
[INFO] [stdout] For more information about this error, try `rustc --explain E0432`.
[INFO] [stdout] Couldn't compile the test.
[INFO] [stdout] ---- src/value/function/types.rs - value::function::types::Rest (line 152) stdout ----
[INFO] [stdout] error[E0432]: unresolved import `rquickjs`
[INFO] [stdout]  --> src/value/function/types.rs:153:5
[INFO] [stdout]   |
[INFO] [stdout] 3 | use rquickjs::{Runtime, Context, Result, Rest, Function};
[INFO] [stdout]   |     ^^^^^^^^ use of undeclared crate or module `rquickjs`
[INFO] [stdout] 
[INFO] [stdout] error: aborting due to previous error
[INFO] [stdout] 
[INFO] [stdout] For more information about this error, try `rustc --explain E0432`.
[INFO] [stdout] Couldn't compile the test.
[INFO] [stdout] ---- src/value/function/types.rs - value::function::types::Func (line 33) stdout ----
[INFO] [stdout] error[E0432]: unresolved import `rquickjs`
[INFO] [stdout]  --> src/value/function/types.rs:34:5
[INFO] [stdout]   |
[INFO] [stdout] 3 | use rquickjs::{Runtime, Context, Result, Func};
[INFO] [stdout]   |     ^^^^^^^^ use of undeclared crate or module `rquickjs`
[INFO] [stdout] 
[INFO] [stdout] error: aborting due to previous error
[INFO] [stdout] 
[INFO] [stdout] For more information about this error, try `rustc --explain E0432`.
[INFO] [stdout] Couldn't compile the test.
[INFO] [stdout] ---- src/value/convert.rs - value::convert::Coerced (line 10) stdout ----
[INFO] [stdout] error[E0432]: unresolved import `rquickjs`
[INFO] [stdout]  --> src/value/convert.rs:11:5
[INFO] [stdout]   |
[INFO] [stdout] 3 | use rquickjs::{Runtime, Context, Result, Coerced};
[INFO] [stdout]   |     ^^^^^^^^ use of undeclared crate or module `rquickjs`
[INFO] [stdout] 
[INFO] [stdout] error: aborting due to previous error
[INFO] [stdout] 
[INFO] [stdout] For more information about this error, try `rustc --explain E0432`.
[INFO] [stdout] Couldn't compile the test.
[INFO] [stdout] ---- src/value/function/types.rs - value::function::types::Opt (line 128) stdout ----
[INFO] [stdout] error[E0432]: unresolved import `rquickjs`
[INFO] [stdout]  --> src/value/function/types.rs:129:5
[INFO] [stdout]   |
[INFO] [stdout] 3 | use rquickjs::{Runtime, Context, Result, Opt, Function};
[INFO] [stdout]   |     ^^^^^^^^ use of undeclared crate or module `rquickjs`
[INFO] [stdout] 
[INFO] [stdout] error: aborting due to previous error
[INFO] [stdout] 
[INFO] [stdout] For more information about this error, try `rustc --explain E0432`.
[INFO] [stdout] Couldn't compile the test.
[INFO] [stdout] 
[INFO] [stdout] failures:
[INFO] [stdout]     src/persistent.rs - persistent::Persistent (line 39)
[INFO] [stdout]     src/value/convert.rs - value::convert::Coerced (line 10)
[INFO] [stdout]     src/value/function/types.rs - value::function::types::Func (line 33)
[INFO] [stdout]     src/value/function/types.rs - value::function::types::Method (line 12)
[INFO] [stdout]     src/value/function/types.rs - value::function::types::Opt (line 128)
[INFO] [stdout]     src/value/function/types.rs - value::function::types::Rest (line 152)
[INFO] [stdout]     src/value/function/types.rs - value::function::types::This (line 104)
[INFO] [stdout]     src/value/module.rs - module_init (line 147)
[INFO] [stdout] 
[INFO] [stdout] test result: FAILED. 0 passed; 8 failed; 0 ignored; 0 measured; 0 filtered out; finished in 2.39s
[INFO] [stdout] 
[INFO] [stderr] error: test failed, to rerun pass '--doc'
[INFO] running `Command { std: "docker" "inspect" "ed89e518e411e3d2f960d76760e4c87165af24aa6364297bb57838372db210a8", kill_on_drop: false }`
[INFO] running `Command { std: "docker" "rm" "-f" "ed89e518e411e3d2f960d76760e4c87165af24aa6364297bb57838372db210a8", kill_on_drop: false }`
[INFO] [stdout] ed89e518e411e3d2f960d76760e4c87165af24aa6364297bb57838372db210a8
