[INFO] fetching crate rpgdk 1.2.4...
[INFO] testing rpgdk-1.2.4 against beta-2021-08-01 for beta-1.55-1
[INFO] extracting crate rpgdk 1.2.4 into /workspace/builds/worker-35/source
[INFO] validating manifest of crates.io crate rpgdk 1.2.4 on toolchain beta-2021-08-01
[INFO] running `Command { std: "/workspace/cargo-home/bin/cargo" "+beta-2021-08-01" "metadata" "--manifest-path" "Cargo.toml" "--no-deps", kill_on_drop: false }`
[INFO] started tweaking crates.io crate rpgdk 1.2.4
[INFO] finished tweaking crates.io crate rpgdk 1.2.4
[INFO] tweaked toml for crates.io crate rpgdk 1.2.4 written to /workspace/builds/worker-35/source/Cargo.toml
[INFO] crate crates.io crate rpgdk 1.2.4 already has a lockfile, it will not be regenerated
[INFO] running `Command { std: "/workspace/cargo-home/bin/cargo" "+beta-2021-08-01" "fetch" "--manifest-path" "Cargo.toml", kill_on_drop: false }`
[INFO] [stderr]     Blocking waiting for file lock on package cache
[INFO] [stderr]     Blocking waiting for file lock on package cache
[INFO] running `Command { std: "docker" "create" "-v" "/var/lib/crater-agent-workspace/builds/worker-35/target:/opt/rustwide/target:rw,Z" "-v" "/var/lib/crater-agent-workspace/builds/worker-35/source:/opt/rustwide/workdir:ro,Z" "-v" "/var/lib/crater-agent-workspace/cargo-home:/opt/rustwide/cargo-home:ro,Z" "-v" "/var/lib/crater-agent-workspace/rustup-home:/opt/rustwide/rustup-home:ro,Z" "-e" "SOURCE_DIR=/opt/rustwide/workdir" "-e" "CARGO_TARGET_DIR=/opt/rustwide/target" "-e" "CARGO_HOME=/opt/rustwide/cargo-home" "-e" "RUSTUP_HOME=/opt/rustwide/rustup-home" "-w" "/opt/rustwide/workdir" "-m" "1610612736" "--user" "0:0" "--network" "none" "ghcr.io/rust-lang/crates-build-env/linux@sha256:34b6a614d2c27851fe6cbf88fbd1137609cefab8b10d0615aaeb6fd47975d74e" "/opt/rustwide/cargo-home/bin/cargo" "+beta-2021-08-01" "metadata" "--no-deps" "--format-version=1", kill_on_drop: false }`
[INFO] [stdout] 8b70e91945962d433397cadaeae82ec58ab48d18e4631fafda09315a272dc223
[INFO] running `Command { std: "docker" "start" "-a" "8b70e91945962d433397cadaeae82ec58ab48d18e4631fafda09315a272dc223", kill_on_drop: false }`
[INFO] running `Command { std: "docker" "inspect" "8b70e91945962d433397cadaeae82ec58ab48d18e4631fafda09315a272dc223", kill_on_drop: false }`
[INFO] running `Command { std: "docker" "rm" "-f" "8b70e91945962d433397cadaeae82ec58ab48d18e4631fafda09315a272dc223", kill_on_drop: false }`
[INFO] [stdout] 8b70e91945962d433397cadaeae82ec58ab48d18e4631fafda09315a272dc223
[INFO] running `Command { std: "docker" "create" "-v" "/var/lib/crater-agent-workspace/builds/worker-35/target:/opt/rustwide/target:rw,Z" "-v" "/var/lib/crater-agent-workspace/builds/worker-35/source:/opt/rustwide/workdir:ro,Z" "-v" "/var/lib/crater-agent-workspace/cargo-home:/opt/rustwide/cargo-home:ro,Z" "-v" "/var/lib/crater-agent-workspace/rustup-home:/opt/rustwide/rustup-home:ro,Z" "-e" "SOURCE_DIR=/opt/rustwide/workdir" "-e" "CARGO_TARGET_DIR=/opt/rustwide/target" "-e" "CARGO_INCREMENTAL=0" "-e" "RUST_BACKTRACE=full" "-e" "RUSTFLAGS=--cap-lints=warn" "-e" "CARGO_HOME=/opt/rustwide/cargo-home" "-e" "RUSTUP_HOME=/opt/rustwide/rustup-home" "-w" "/opt/rustwide/workdir" "-m" "1610612736" "--user" "0:0" "--network" "none" "ghcr.io/rust-lang/crates-build-env/linux@sha256:34b6a614d2c27851fe6cbf88fbd1137609cefab8b10d0615aaeb6fd47975d74e" "/opt/rustwide/cargo-home/bin/cargo" "+beta-2021-08-01" "build" "--frozen" "--message-format=json", kill_on_drop: false }`
[INFO] [stdout] b3660ce6876f00b18254d0624fb1a446e9e6f0e08a31caf6e9853ddaa88fee33
[INFO] running `Command { std: "docker" "start" "-a" "b3660ce6876f00b18254d0624fb1a446e9e6f0e08a31caf6e9853ddaa88fee33", kill_on_drop: false }`
[INFO] [stderr]     Blocking waiting for file lock on package cache
[INFO] [stderr]    Compiling libc v0.2.66
[INFO] [stderr]    Compiling getrandom v0.1.13
[INFO] [stderr]    Compiling cfg-if v0.1.10
[INFO] [stderr]    Compiling ppv-lite86 v0.2.6
[INFO] [stderr]    Compiling c2-chacha v0.2.3
[INFO] [stderr]    Compiling rand_core v0.5.1
[INFO] [stderr]    Compiling rand_chacha v0.2.1
[INFO] [stderr]    Compiling rand v0.7.2
[INFO] [stderr]    Compiling rpgdk v1.2.4 (/opt/rustwide/workdir)
[INFO] [stderr]     Finished dev [unoptimized + debuginfo] target(s) in 12.91s
[INFO] running `Command { std: "docker" "inspect" "b3660ce6876f00b18254d0624fb1a446e9e6f0e08a31caf6e9853ddaa88fee33", kill_on_drop: false }`
[INFO] running `Command { std: "docker" "rm" "-f" "b3660ce6876f00b18254d0624fb1a446e9e6f0e08a31caf6e9853ddaa88fee33", kill_on_drop: false }`
[INFO] [stdout] b3660ce6876f00b18254d0624fb1a446e9e6f0e08a31caf6e9853ddaa88fee33
[INFO] running `Command { std: "docker" "create" "-v" "/var/lib/crater-agent-workspace/builds/worker-35/target:/opt/rustwide/target:rw,Z" "-v" "/var/lib/crater-agent-workspace/builds/worker-35/source:/opt/rustwide/workdir:ro,Z" "-v" "/var/lib/crater-agent-workspace/cargo-home:/opt/rustwide/cargo-home:ro,Z" "-v" "/var/lib/crater-agent-workspace/rustup-home:/opt/rustwide/rustup-home:ro,Z" "-e" "SOURCE_DIR=/opt/rustwide/workdir" "-e" "CARGO_TARGET_DIR=/opt/rustwide/target" "-e" "CARGO_INCREMENTAL=0" "-e" "RUST_BACKTRACE=full" "-e" "RUSTFLAGS=--cap-lints=warn" "-e" "CARGO_HOME=/opt/rustwide/cargo-home" "-e" "RUSTUP_HOME=/opt/rustwide/rustup-home" "-w" "/opt/rustwide/workdir" "-m" "1610612736" "--user" "0:0" "--network" "none" "ghcr.io/rust-lang/crates-build-env/linux@sha256:34b6a614d2c27851fe6cbf88fbd1137609cefab8b10d0615aaeb6fd47975d74e" "/opt/rustwide/cargo-home/bin/cargo" "+beta-2021-08-01" "test" "--frozen" "--no-run" "--message-format=json", kill_on_drop: false }`
[INFO] [stdout] 76684a7f805a5c8f3f80d40fd5df19d61ae31d78c7e5dc737fc4be2607b287ba
[INFO] running `Command { std: "docker" "start" "-a" "76684a7f805a5c8f3f80d40fd5df19d61ae31d78c7e5dc737fc4be2607b287ba", kill_on_drop: false }`
[INFO] [stderr]    Compiling rpgdk v1.2.4 (/opt/rustwide/workdir)
[INFO] [stderr]     Finished test [unoptimized + debuginfo] target(s) in 0.75s
[INFO] running `Command { std: "docker" "inspect" "76684a7f805a5c8f3f80d40fd5df19d61ae31d78c7e5dc737fc4be2607b287ba", kill_on_drop: false }`
[INFO] running `Command { std: "docker" "rm" "-f" "76684a7f805a5c8f3f80d40fd5df19d61ae31d78c7e5dc737fc4be2607b287ba", kill_on_drop: false }`
[INFO] [stdout] 76684a7f805a5c8f3f80d40fd5df19d61ae31d78c7e5dc737fc4be2607b287ba
[INFO] running `Command { std: "docker" "create" "-v" "/var/lib/crater-agent-workspace/builds/worker-35/target:/opt/rustwide/target:rw,Z" "-v" "/var/lib/crater-agent-workspace/builds/worker-35/source:/opt/rustwide/workdir:ro,Z" "-v" "/var/lib/crater-agent-workspace/cargo-home:/opt/rustwide/cargo-home:ro,Z" "-v" "/var/lib/crater-agent-workspace/rustup-home:/opt/rustwide/rustup-home:ro,Z" "-e" "SOURCE_DIR=/opt/rustwide/workdir" "-e" "CARGO_TARGET_DIR=/opt/rustwide/target" "-e" "CARGO_INCREMENTAL=0" "-e" "RUST_BACKTRACE=full" "-e" "RUSTFLAGS=--cap-lints=warn" "-e" "CARGO_HOME=/opt/rustwide/cargo-home" "-e" "RUSTUP_HOME=/opt/rustwide/rustup-home" "-w" "/opt/rustwide/workdir" "-m" "1610612736" "--user" "0:0" "--network" "none" "ghcr.io/rust-lang/crates-build-env/linux@sha256:34b6a614d2c27851fe6cbf88fbd1137609cefab8b10d0615aaeb6fd47975d74e" "/opt/rustwide/cargo-home/bin/cargo" "+beta-2021-08-01" "test" "--frozen", kill_on_drop: false }`
[INFO] [stdout] 4f1050fe6fe3a07bf354f1438df5d34b791d90f11d92ec56d422e3b6522a3d38
[INFO] running `Command { std: "docker" "start" "-a" "4f1050fe6fe3a07bf354f1438df5d34b791d90f11d92ec56d422e3b6522a3d38", kill_on_drop: false }`
[INFO] [stderr]     Blocking waiting for file lock on package cache
[INFO] [stderr]     Finished test [unoptimized + debuginfo] target(s) in 0.51s
[INFO] [stderr]      Running unittests (/opt/rustwide/target/debug/deps/rpgdk-bdffd1291440b945)
[INFO] [stdout] 
[INFO] [stdout] running 25 tests
[INFO] [stdout] test player::test::player_creates ... ok
[INFO] [stdout] test dice::tests::d20_roll_in_range ... ok
[INFO] [stdout] test dice::tests::d8_count ... ok
[INFO] [stdout] test dice::tests::d10_bias ... ok
[INFO] [stdout] test dice::tests::d6_count ... ok
[INFO] [stdout] test dice::tests::d10_count ... ok
[INFO] [stdout] test dice::tests::d4_roll_in_range ... ok
[INFO] [stdout] test dice::tests::d4_bias ... ok
[INFO] [stdout] test dice::tests::d6_roll_in_range ... ok
[INFO] [stdout] test dice::tests::d10_roll_in_range ... ok
[INFO] [stdout] test dice::tests::d20_bias ... ok
[INFO] [stdout] test dice::tests::d8_bias ... ok
[INFO] [stdout] test dice::tests::d4_count ... ok
[INFO] [stdout] test dice::tests::d12_roll_in_range ... ok
[INFO] [stdout] test player::test::player_moves_xy ... ok
[INFO] [stdout] test reader::tests::module_loads_test ... ok
[INFO] [stdout] test player::test::player_searches_success ... ok
[INFO] [stdout] test dice::tests::d6_bias ... ok
[INFO] [stdout] test player::test::player_searches_fail ... ok
[INFO] [stdout] test dice::tests::d12_count ... ok
[INFO] [stdout] test dice::tests::d20_count ... ok
[INFO] [stdout] test dice::tests::d8_roll_in_range ... ok
[INFO] [stdout] test reader::tests::read_file_test ... ok
[INFO] [stdout] test reader::tests::random_word_test ... ok
[INFO] [stdout] test dice::tests::d12_bias ... ok
[INFO] [stdout] 
[INFO] [stdout] test result: ok. 25 passed; 0 failed; 0 ignored; 0 measured; 0 filtered out; finished in 0.01s
[INFO] [stdout] 
[INFO] [stderr]      Running unittests (/opt/rustwide/target/debug/deps/rpgdk-b1d4159c98a6a674)
[INFO] [stdout] 
[INFO] [stdout] running 0 tests
[INFO] [stdout] 
[INFO] [stdout] test result: ok. 0 passed; 0 failed; 0 ignored; 0 measured; 0 filtered out; finished in 0.00s
[INFO] [stderr]      Running tests/common.rs (/opt/rustwide/target/debug/deps/common-10f025e2e281c8ed)
[INFO] [stdout] 
[INFO] [stdout] 
[INFO] [stdout] running 1 test
[INFO] [stdout] test player ... ok
[INFO] [stdout] 
[INFO] [stdout] test result: ok. 1 passed; 0 failed; 0 ignored; 0 measured; 0 filtered out; finished in 0.00s
[INFO] [stdout] 
[INFO] [stderr]    Doc-tests rpgdk
[INFO] [stdout] 
[INFO] [stdout] running 3 tests
[INFO] [stdout] test src/reader/mod.rs - reader::random_word (line 30) ... FAILED
[INFO] [stdout] test src/dice/mod.rs - dice::roll (line 22) ... FAILED
[INFO] [stdout] test src/reader/mod.rs - reader::read_file (line 12) ... FAILED
[INFO] [stdout] 
[INFO] [stdout] failures:
[INFO] [stdout] 
[INFO] [stdout] ---- src/reader/mod.rs - reader::random_word (line 30) stdout ----
[INFO] [stdout] error[E0433]: failed to resolve: use of undeclared crate or module `reader`
[INFO] [stdout]  --> src/reader/mod.rs:32:25
[INFO] [stdout]   |
[INFO] [stdout] 4 | let name = String::from(reader::random_word(&names));
[INFO] [stdout]   |                         ^^^^^^ use of undeclared crate or module `reader`
[INFO] [stdout] 
[INFO] [stdout] error[E0425]: cannot find value `names` in this scope
[INFO] [stdout]  --> src/reader/mod.rs:32:46
[INFO] [stdout]   |
[INFO] [stdout] 4 | let name = String::from(reader::random_word(&names));
[INFO] [stdout]   |                                              ^^^^^ not found in this scope
[INFO] [stdout] 
[INFO] [stdout] error: aborting due to 2 previous errors
[INFO] [stdout] 
[INFO] [stdout] Some errors have detailed explanations: E0425, E0433.
[INFO] [stdout] For more information about an error, try `rustc --explain E0425`.
[INFO] [stdout] Couldn't compile the test.
[INFO] [stdout] ---- src/dice/mod.rs - dice::roll (line 22) stdout ----
[INFO] [stdout] error[E0433]: failed to resolve: use of undeclared crate or module `dice`
[INFO] [stdout]  --> src/dice/mod.rs:24:12
[INFO] [stdout]   |
[INFO] [stdout] 4 | let roll = dice::roll(dice::Dice::D20(4, -2));
[INFO] [stdout]   |            ^^^^ use of undeclared crate or module `dice`
[INFO] [stdout] 
[INFO] [stdout] error[E0433]: failed to resolve: use of undeclared crate or module `dice`
[INFO] [stdout]  --> src/dice/mod.rs:24:29
[INFO] [stdout]   |
[INFO] [stdout] 4 | let roll = dice::roll(dice::Dice::D20(4, -2));
[INFO] [stdout]   |                             ^^^^ not found in `dice`
[INFO] [stdout]   |
[INFO] [stdout] help: consider importing this enum
[INFO] [stdout]   |
[INFO] [stdout] 3 | use rpgdk::dice::Dice;
[INFO] [stdout]   |
[INFO] [stdout] 
[INFO] [stdout] error: aborting due to 2 previous errors
[INFO] [stdout] 
[INFO] [stdout] For more information about this error, try `rustc --explain E0433`.
[INFO] [stdout] Couldn't compile the test.
[INFO] [stdout] ---- src/reader/mod.rs - reader::read_file (line 12) stdout ----
[INFO] [stdout] error[E0433]: failed to resolve: use of undeclared crate or module `reader`
[INFO] [stdout]  --> src/reader/mod.rs:14:13
[INFO] [stdout]   |
[INFO] [stdout] 4 | let names = reader::read_file("names.txt");
[INFO] [stdout]   |             ^^^^^^ use of undeclared crate or module `reader`
[INFO] [stdout] 
[INFO] [stdout] error: aborting due to previous error
[INFO] [stdout] 
[INFO] [stdout] For more information about this error, try `rustc --explain E0433`.
[INFO] [stdout] Couldn't compile the test.
[INFO] [stdout] 
[INFO] [stdout] failures:
[INFO] [stdout]     src/dice/mod.rs - dice::roll (line 22)
[INFO] [stdout]     src/reader/mod.rs - reader::random_word (line 30)
[INFO] [stdout]     src/reader/mod.rs - reader::read_file (line 12)
[INFO] [stdout] 
[INFO] [stdout] test result: FAILED. 0 passed; 3 failed; 0 ignored; 0 measured; 0 filtered out; finished in 0.12s
[INFO] [stdout] 
[INFO] [stderr] error: test failed, to rerun pass '--doc'
[INFO] running `Command { std: "docker" "inspect" "4f1050fe6fe3a07bf354f1438df5d34b791d90f11d92ec56d422e3b6522a3d38", kill_on_drop: false }`
[INFO] running `Command { std: "docker" "rm" "-f" "4f1050fe6fe3a07bf354f1438df5d34b791d90f11d92ec56d422e3b6522a3d38", kill_on_drop: false }`
[INFO] [stdout] 4f1050fe6fe3a07bf354f1438df5d34b791d90f11d92ec56d422e3b6522a3d38
