[INFO] fetching crate rovv_derive 0.2.0...
[INFO] testing rovv_derive-0.2.0 against 1.54.0 for beta-1.55-1
[INFO] extracting crate rovv_derive 0.2.0 into /workspace/builds/worker-82/source
[INFO] validating manifest of crates.io crate rovv_derive 0.2.0 on toolchain 1.54.0
[INFO] running `Command { std: "/workspace/cargo-home/bin/cargo" "+1.54.0" "metadata" "--manifest-path" "Cargo.toml" "--no-deps", kill_on_drop: false }`
[INFO] started tweaking crates.io crate rovv_derive 0.2.0
[INFO] finished tweaking crates.io crate rovv_derive 0.2.0
[INFO] tweaked toml for crates.io crate rovv_derive 0.2.0 written to /workspace/builds/worker-82/source/Cargo.toml
[INFO] running `Command { std: "/workspace/cargo-home/bin/cargo" "+1.54.0" "generate-lockfile" "--manifest-path" "Cargo.toml" "-Zno-index-update", kill_on_drop: false }`
[INFO] [stderr]     Blocking waiting for file lock on package cache
[INFO] running `Command { std: "/workspace/cargo-home/bin/cargo" "+1.54.0" "fetch" "--manifest-path" "Cargo.toml", kill_on_drop: false }`
[INFO] [stderr]     Blocking waiting for file lock on package cache
[INFO] [stderr]     Blocking waiting for file lock on package cache
[INFO] running `Command { std: "docker" "create" "-v" "/var/lib/crater-agent-workspace/builds/worker-82/target:/opt/rustwide/target:rw,Z" "-v" "/var/lib/crater-agent-workspace/builds/worker-82/source:/opt/rustwide/workdir:ro,Z" "-v" "/var/lib/crater-agent-workspace/cargo-home:/opt/rustwide/cargo-home:ro,Z" "-v" "/var/lib/crater-agent-workspace/rustup-home:/opt/rustwide/rustup-home:ro,Z" "-e" "SOURCE_DIR=/opt/rustwide/workdir" "-e" "CARGO_TARGET_DIR=/opt/rustwide/target" "-e" "CARGO_HOME=/opt/rustwide/cargo-home" "-e" "RUSTUP_HOME=/opt/rustwide/rustup-home" "-w" "/opt/rustwide/workdir" "-m" "1610612736" "--user" "0:0" "--network" "none" "ghcr.io/rust-lang/crates-build-env/linux@sha256:34b6a614d2c27851fe6cbf88fbd1137609cefab8b10d0615aaeb6fd47975d74e" "/opt/rustwide/cargo-home/bin/cargo" "+1.54.0" "metadata" "--no-deps" "--format-version=1", kill_on_drop: false }`
[INFO] [stdout] ffdc3d6c456b530b8bec61b5281c1592eaf2f679e982fcb2295c3fcb81fc5b7d
[INFO] running `Command { std: "docker" "start" "-a" "ffdc3d6c456b530b8bec61b5281c1592eaf2f679e982fcb2295c3fcb81fc5b7d", kill_on_drop: false }`
[INFO] running `Command { std: "docker" "inspect" "ffdc3d6c456b530b8bec61b5281c1592eaf2f679e982fcb2295c3fcb81fc5b7d", kill_on_drop: false }`
[INFO] running `Command { std: "docker" "rm" "-f" "ffdc3d6c456b530b8bec61b5281c1592eaf2f679e982fcb2295c3fcb81fc5b7d", kill_on_drop: false }`
[INFO] [stdout] ffdc3d6c456b530b8bec61b5281c1592eaf2f679e982fcb2295c3fcb81fc5b7d
[INFO] running `Command { std: "docker" "create" "-v" "/var/lib/crater-agent-workspace/builds/worker-82/target:/opt/rustwide/target:rw,Z" "-v" "/var/lib/crater-agent-workspace/builds/worker-82/source:/opt/rustwide/workdir:ro,Z" "-v" "/var/lib/crater-agent-workspace/cargo-home:/opt/rustwide/cargo-home:ro,Z" "-v" "/var/lib/crater-agent-workspace/rustup-home:/opt/rustwide/rustup-home:ro,Z" "-e" "SOURCE_DIR=/opt/rustwide/workdir" "-e" "CARGO_TARGET_DIR=/opt/rustwide/target" "-e" "CARGO_INCREMENTAL=0" "-e" "RUST_BACKTRACE=full" "-e" "RUSTFLAGS=--cap-lints=warn" "-e" "CARGO_HOME=/opt/rustwide/cargo-home" "-e" "RUSTUP_HOME=/opt/rustwide/rustup-home" "-w" "/opt/rustwide/workdir" "-m" "1610612736" "--user" "0:0" "--network" "none" "ghcr.io/rust-lang/crates-build-env/linux@sha256:34b6a614d2c27851fe6cbf88fbd1137609cefab8b10d0615aaeb6fd47975d74e" "/opt/rustwide/cargo-home/bin/cargo" "+1.54.0" "build" "--frozen" "--message-format=json", kill_on_drop: false }`
[INFO] [stdout] 5c731813a351fe022db85b779ecef6966bbf50e6357dde2c27ca2d3dd3006978
[INFO] running `Command { std: "docker" "start" "-a" "5c731813a351fe022db85b779ecef6966bbf50e6357dde2c27ca2d3dd3006978", kill_on_drop: false }`
[INFO] [stderr]    Compiling proc-macro2 v1.0.28
[INFO] [stderr]    Compiling unicode-xid v0.2.2
[INFO] [stderr]    Compiling syn v1.0.74
[INFO] [stderr]    Compiling quote v1.0.9
[INFO] [stderr]    Compiling rovv_derive v0.2.0 (/opt/rustwide/workdir)
[INFO] [stderr]     Finished dev [unoptimized + debuginfo] target(s) in 19.52s
[INFO] running `Command { std: "docker" "inspect" "5c731813a351fe022db85b779ecef6966bbf50e6357dde2c27ca2d3dd3006978", kill_on_drop: false }`
[INFO] running `Command { std: "docker" "rm" "-f" "5c731813a351fe022db85b779ecef6966bbf50e6357dde2c27ca2d3dd3006978", kill_on_drop: false }`
[INFO] [stdout] 5c731813a351fe022db85b779ecef6966bbf50e6357dde2c27ca2d3dd3006978
[INFO] running `Command { std: "docker" "create" "-v" "/var/lib/crater-agent-workspace/builds/worker-82/target:/opt/rustwide/target:rw,Z" "-v" "/var/lib/crater-agent-workspace/builds/worker-82/source:/opt/rustwide/workdir:ro,Z" "-v" "/var/lib/crater-agent-workspace/cargo-home:/opt/rustwide/cargo-home:ro,Z" "-v" "/var/lib/crater-agent-workspace/rustup-home:/opt/rustwide/rustup-home:ro,Z" "-e" "SOURCE_DIR=/opt/rustwide/workdir" "-e" "CARGO_TARGET_DIR=/opt/rustwide/target" "-e" "CARGO_INCREMENTAL=0" "-e" "RUST_BACKTRACE=full" "-e" "RUSTFLAGS=--cap-lints=warn" "-e" "CARGO_HOME=/opt/rustwide/cargo-home" "-e" "RUSTUP_HOME=/opt/rustwide/rustup-home" "-w" "/opt/rustwide/workdir" "-m" "1610612736" "--user" "0:0" "--network" "none" "ghcr.io/rust-lang/crates-build-env/linux@sha256:34b6a614d2c27851fe6cbf88fbd1137609cefab8b10d0615aaeb6fd47975d74e" "/opt/rustwide/cargo-home/bin/cargo" "+1.54.0" "test" "--frozen" "--no-run" "--message-format=json", kill_on_drop: false }`
[INFO] [stdout] e60f95dd54c6b6a97e7bcf433a9ac4a3b70232837491281f3fec2eca8f125618
[INFO] running `Command { std: "docker" "start" "-a" "e60f95dd54c6b6a97e7bcf433a9ac4a3b70232837491281f3fec2eca8f125618", kill_on_drop: false }`
[INFO] [stderr]     Blocking waiting for file lock on package cache
[INFO] [stderr]    Compiling rovv_derive v0.2.0 (/opt/rustwide/workdir)
[INFO] [stderr]     Finished test [unoptimized + debuginfo] target(s) in 0.51s
[INFO] running `Command { std: "docker" "inspect" "e60f95dd54c6b6a97e7bcf433a9ac4a3b70232837491281f3fec2eca8f125618", kill_on_drop: false }`
[INFO] running `Command { std: "docker" "rm" "-f" "e60f95dd54c6b6a97e7bcf433a9ac4a3b70232837491281f3fec2eca8f125618", kill_on_drop: false }`
[INFO] [stdout] e60f95dd54c6b6a97e7bcf433a9ac4a3b70232837491281f3fec2eca8f125618
[INFO] running `Command { std: "docker" "create" "-v" "/var/lib/crater-agent-workspace/builds/worker-82/target:/opt/rustwide/target:rw,Z" "-v" "/var/lib/crater-agent-workspace/builds/worker-82/source:/opt/rustwide/workdir:ro,Z" "-v" "/var/lib/crater-agent-workspace/cargo-home:/opt/rustwide/cargo-home:ro,Z" "-v" "/var/lib/crater-agent-workspace/rustup-home:/opt/rustwide/rustup-home:ro,Z" "-e" "SOURCE_DIR=/opt/rustwide/workdir" "-e" "CARGO_TARGET_DIR=/opt/rustwide/target" "-e" "CARGO_INCREMENTAL=0" "-e" "RUST_BACKTRACE=full" "-e" "RUSTFLAGS=--cap-lints=warn" "-e" "CARGO_HOME=/opt/rustwide/cargo-home" "-e" "RUSTUP_HOME=/opt/rustwide/rustup-home" "-w" "/opt/rustwide/workdir" "-m" "1610612736" "--user" "0:0" "--network" "none" "ghcr.io/rust-lang/crates-build-env/linux@sha256:34b6a614d2c27851fe6cbf88fbd1137609cefab8b10d0615aaeb6fd47975d74e" "/opt/rustwide/cargo-home/bin/cargo" "+1.54.0" "test" "--frozen", kill_on_drop: false }`
[INFO] [stdout] bc1a082893a3531f08701ca24274949359b1dd0a18769cfe02374ad767ae36b2
[INFO] running `Command { std: "docker" "start" "-a" "bc1a082893a3531f08701ca24274949359b1dd0a18769cfe02374ad767ae36b2", kill_on_drop: false }`
[INFO] [stderr]     Finished test [unoptimized + debuginfo] target(s) in 0.03s
[INFO] [stderr]      Running unittests (/opt/rustwide/target/debug/deps/rovv_derive-919715893de6bbf5)
[INFO] [stdout] 
[INFO] [stderr]    Doc-tests rovv_derive
[INFO] [stdout] running 0 tests
[INFO] [stdout] 
[INFO] [stdout] test result: ok. 0 passed; 0 failed; 0 ignored; 0 measured; 0 filtered out; finished in 0.00s
[INFO] [stdout] 
[INFO] [stdout] 
[INFO] [stdout] running 4 tests
[INFO] [stdout] test src/lib.rs - dyn_row (line 232) ... FAILED
[INFO] [stdout] test src/lib.rs - row (line 163) ... FAILED
[INFO] [stdout] test src/lib.rs - dyn_row (line 226) ... FAILED
[INFO] [stdout] test src/lib.rs - row (line 169) ... FAILED
[INFO] [stdout] 
[INFO] [stdout] failures:
[INFO] [stdout] 
[INFO] [stdout] ---- src/lib.rs - dyn_row (line 232) stdout ----
[INFO] [stdout] error: expected expression, found keyword `dyn`
[INFO] [stdout]  --> src/lib.rs:233:1
[INFO] [stdout]   |
[INFO] [stdout] 3 | dyn LensRef<Optic![a],  A> + LensMut<Optic![b], B> + Lens<Optic![c], C> + Trait1 + Trait2 + 'a
[INFO] [stdout]   | ^^^ expected expression
[INFO] [stdout] 
[INFO] [stdout] error: aborting due to previous error
[INFO] [stdout] 
[INFO] [stdout] Couldn't compile the test.
[INFO] [stdout] ---- src/lib.rs - row (line 163) stdout ----
[INFO] [stdout] error: cannot find macro `row` in this scope
[INFO] [stdout]  --> src/lib.rs:164:1
[INFO] [stdout]   |
[INFO] [stdout] 3 | row! { ref a: A, mut b: B, c: C, .. : Trait1 + Trait2 + 'a }
[INFO] [stdout]   | ^^^
[INFO] [stdout]   |
[INFO] [stdout]   = note: consider importing this macro:
[INFO] [stdout]           rovv_derive::row
[INFO] [stdout] 
[INFO] [stdout] error: aborting due to previous error
[INFO] [stdout] 
[INFO] [stdout] Couldn't compile the test.
[INFO] [stdout] ---- src/lib.rs - dyn_row (line 226) stdout ----
[INFO] [stdout] error: cannot find macro `dyn_row` in this scope
[INFO] [stdout]  --> src/lib.rs:227:1
[INFO] [stdout]   |
[INFO] [stdout] 3 | dyn_row! { ref a: A, mut b: B, c: C, .. : Trait1 + Trait2 + 'a }
[INFO] [stdout]   | ^^^^^^^
[INFO] [stdout]   |
[INFO] [stdout]   = note: consider importing this macro:
[INFO] [stdout]           rovv_derive::dyn_row
[INFO] [stdout] 
[INFO] [stdout] error: aborting due to previous error
[INFO] [stdout] 
[INFO] [stdout] Couldn't compile the test.
[INFO] [stdout] ---- src/lib.rs - row (line 169) stdout ----
[INFO] [stdout] error: expected one of `+`, `for`, `where`, or `{`, found `}`
[INFO] [stdout]  --> src/lib.rs:171:1
[INFO] [stdout]   |
[INFO] [stdout] 3 | impl LensRef<Optic![a], A> + LensMut<Optic![b], B> + Lens<Optic![c], C> + Trait1 + Trait2 + 'a
[INFO] [stdout]   |                                                                                               - expected one of `+`, `for`, `where`, or `{`
[INFO] [stdout] 4 | } _doctest_main_src_lib_rs_169_0() }
[INFO] [stdout]   | ^ unexpected token
[INFO] [stdout] 
[INFO] [stdout] error: aborting due to previous error
[INFO] [stdout] 
[INFO] [stdout] Couldn't compile the test.
[INFO] [stdout] 
[INFO] [stdout] failures:
[INFO] [stdout]     src/lib.rs - dyn_row (line 226)
[INFO] [stdout]     src/lib.rs - dyn_row (line 232)
[INFO] [stdout]     src/lib.rs - row (line 163)
[INFO] [stdout]     src/lib.rs - row (line 169)
[INFO] [stdout] 
[INFO] [stdout] test result: FAILED. 0 passed; 4 failed; 0 ignored; 0 measured; 0 filtered out; finished in 0.21s
[INFO] [stdout] 
[INFO] [stderr] error: test failed, to rerun pass '--doc'
[INFO] running `Command { std: "docker" "inspect" "bc1a082893a3531f08701ca24274949359b1dd0a18769cfe02374ad767ae36b2", kill_on_drop: false }`
[INFO] running `Command { std: "docker" "rm" "-f" "bc1a082893a3531f08701ca24274949359b1dd0a18769cfe02374ad767ae36b2", kill_on_drop: false }`
[INFO] [stdout] bc1a082893a3531f08701ca24274949359b1dd0a18769cfe02374ad767ae36b2
