[INFO] fetching crate rout 0.1.0...
[INFO] testing rout-0.1.0 against 1.54.0 for beta-1.55-1
[INFO] extracting crate rout 0.1.0 into /workspace/builds/worker-55/source
[INFO] validating manifest of crates.io crate rout 0.1.0 on toolchain 1.54.0
[INFO] running `Command { std: "/workspace/cargo-home/bin/cargo" "+1.54.0" "metadata" "--manifest-path" "Cargo.toml" "--no-deps", kill_on_drop: false }`
[INFO] started tweaking crates.io crate rout 0.1.0
[INFO] finished tweaking crates.io crate rout 0.1.0
[INFO] tweaked toml for crates.io crate rout 0.1.0 written to /workspace/builds/worker-55/source/Cargo.toml
[INFO] crate crates.io crate rout 0.1.0 already has a lockfile, it will not be regenerated
[INFO] running `Command { std: "/workspace/cargo-home/bin/cargo" "+1.54.0" "fetch" "--manifest-path" "Cargo.toml", kill_on_drop: false }`
[INFO] running `Command { std: "docker" "create" "-v" "/var/lib/crater-agent-workspace/builds/worker-55/target:/opt/rustwide/target:rw,Z" "-v" "/var/lib/crater-agent-workspace/builds/worker-55/source:/opt/rustwide/workdir:ro,Z" "-v" "/var/lib/crater-agent-workspace/cargo-home:/opt/rustwide/cargo-home:ro,Z" "-v" "/var/lib/crater-agent-workspace/rustup-home:/opt/rustwide/rustup-home:ro,Z" "-e" "SOURCE_DIR=/opt/rustwide/workdir" "-e" "CARGO_TARGET_DIR=/opt/rustwide/target" "-e" "CARGO_HOME=/opt/rustwide/cargo-home" "-e" "RUSTUP_HOME=/opt/rustwide/rustup-home" "-w" "/opt/rustwide/workdir" "-m" "1610612736" "--user" "0:0" "--network" "none" "ghcr.io/rust-lang/crates-build-env/linux@sha256:34b6a614d2c27851fe6cbf88fbd1137609cefab8b10d0615aaeb6fd47975d74e" "/opt/rustwide/cargo-home/bin/cargo" "+1.54.0" "metadata" "--no-deps" "--format-version=1", kill_on_drop: false }`
[INFO] [stdout] 30f7b2ac0d6b8e109361756dde7659a6288df2ba052003eefaa6577ef18cb34e
[INFO] running `Command { std: "docker" "start" "-a" "30f7b2ac0d6b8e109361756dde7659a6288df2ba052003eefaa6577ef18cb34e", kill_on_drop: false }`
[INFO] running `Command { std: "docker" "inspect" "30f7b2ac0d6b8e109361756dde7659a6288df2ba052003eefaa6577ef18cb34e", kill_on_drop: false }`
[INFO] running `Command { std: "docker" "rm" "-f" "30f7b2ac0d6b8e109361756dde7659a6288df2ba052003eefaa6577ef18cb34e", kill_on_drop: false }`
[INFO] [stdout] 30f7b2ac0d6b8e109361756dde7659a6288df2ba052003eefaa6577ef18cb34e
[INFO] running `Command { std: "docker" "create" "-v" "/var/lib/crater-agent-workspace/builds/worker-55/target:/opt/rustwide/target:rw,Z" "-v" "/var/lib/crater-agent-workspace/builds/worker-55/source:/opt/rustwide/workdir:ro,Z" "-v" "/var/lib/crater-agent-workspace/cargo-home:/opt/rustwide/cargo-home:ro,Z" "-v" "/var/lib/crater-agent-workspace/rustup-home:/opt/rustwide/rustup-home:ro,Z" "-e" "SOURCE_DIR=/opt/rustwide/workdir" "-e" "CARGO_TARGET_DIR=/opt/rustwide/target" "-e" "CARGO_INCREMENTAL=0" "-e" "RUST_BACKTRACE=full" "-e" "RUSTFLAGS=--cap-lints=warn" "-e" "CARGO_HOME=/opt/rustwide/cargo-home" "-e" "RUSTUP_HOME=/opt/rustwide/rustup-home" "-w" "/opt/rustwide/workdir" "-m" "1610612736" "--user" "0:0" "--network" "none" "ghcr.io/rust-lang/crates-build-env/linux@sha256:34b6a614d2c27851fe6cbf88fbd1137609cefab8b10d0615aaeb6fd47975d74e" "/opt/rustwide/cargo-home/bin/cargo" "+1.54.0" "build" "--frozen" "--message-format=json", kill_on_drop: false }`
[INFO] [stdout] 954b22056b13c28b3310209dd4acd80c22f438e1c901f790e99025e8f762b94f
[INFO] running `Command { std: "docker" "start" "-a" "954b22056b13c28b3310209dd4acd80c22f438e1c901f790e99025e8f762b94f", kill_on_drop: false }`
[INFO] [stderr]    Compiling proc-macro2 v1.0.27
[INFO] [stderr]    Compiling syn v1.0.72
[INFO] [stderr]    Compiling libc v0.2.95
[INFO] [stderr]    Compiling ucd-trie v0.1.3
[INFO] [stderr]    Compiling maplit v1.0.2
[INFO] [stderr]    Compiling anyhow v1.0.40
[INFO] [stderr]    Compiling proc-macro-hack v0.5.19
[INFO] [stderr]    Compiling pest v2.1.3
[INFO] [stderr]    Compiling quote v1.0.9
[INFO] [stderr]    Compiling pest_meta v2.1.3
[INFO] [stderr]    Compiling getrandom v0.2.3
[INFO] [stderr]    Compiling nix v0.20.0
[INFO] [stderr]    Compiling rand_core v0.6.2
[INFO] [stderr]    Compiling rand_chacha v0.3.0
[INFO] [stderr]    Compiling rand v0.8.3
[INFO] [stderr]    Compiling pest_generator v2.1.3
[INFO] [stderr]    Compiling thiserror-impl v1.0.25
[INFO] [stderr]    Compiling pest_derive v2.1.0
[INFO] [stderr]    Compiling pest_consume_macros v1.0.6
[INFO] [stderr]    Compiling thiserror v1.0.25
[INFO] [stderr]    Compiling pest_consume v1.0.6
[INFO] [stderr]    Compiling ap v0.1.5
[INFO] [stderr]    Compiling rout v0.1.0 (/opt/rustwide/workdir)
[INFO] [stderr]     Finished dev [unoptimized + debuginfo] target(s) in 14.20s
[INFO] running `Command { std: "docker" "inspect" "954b22056b13c28b3310209dd4acd80c22f438e1c901f790e99025e8f762b94f", kill_on_drop: false }`
[INFO] running `Command { std: "docker" "rm" "-f" "954b22056b13c28b3310209dd4acd80c22f438e1c901f790e99025e8f762b94f", kill_on_drop: false }`
[INFO] [stdout] 954b22056b13c28b3310209dd4acd80c22f438e1c901f790e99025e8f762b94f
[INFO] running `Command { std: "docker" "create" "-v" "/var/lib/crater-agent-workspace/builds/worker-55/target:/opt/rustwide/target:rw,Z" "-v" "/var/lib/crater-agent-workspace/builds/worker-55/source:/opt/rustwide/workdir:ro,Z" "-v" "/var/lib/crater-agent-workspace/cargo-home:/opt/rustwide/cargo-home:ro,Z" "-v" "/var/lib/crater-agent-workspace/rustup-home:/opt/rustwide/rustup-home:ro,Z" "-e" "SOURCE_DIR=/opt/rustwide/workdir" "-e" "CARGO_TARGET_DIR=/opt/rustwide/target" "-e" "CARGO_INCREMENTAL=0" "-e" "RUST_BACKTRACE=full" "-e" "RUSTFLAGS=--cap-lints=warn" "-e" "CARGO_HOME=/opt/rustwide/cargo-home" "-e" "RUSTUP_HOME=/opt/rustwide/rustup-home" "-w" "/opt/rustwide/workdir" "-m" "1610612736" "--user" "0:0" "--network" "none" "ghcr.io/rust-lang/crates-build-env/linux@sha256:34b6a614d2c27851fe6cbf88fbd1137609cefab8b10d0615aaeb6fd47975d74e" "/opt/rustwide/cargo-home/bin/cargo" "+1.54.0" "test" "--frozen" "--no-run" "--message-format=json", kill_on_drop: false }`
[INFO] [stdout] 641be6acc66020dd735316edb2748f6e7289279ff3681eb89d5f500637aba305
[INFO] running `Command { std: "docker" "start" "-a" "641be6acc66020dd735316edb2748f6e7289279ff3681eb89d5f500637aba305", kill_on_drop: false }`
[INFO] [stderr]    Compiling lock_api v0.4.4
[INFO] [stderr]    Compiling parking_lot_core v0.8.3
[INFO] [stderr]    Compiling serial_test_derive v0.5.1
[INFO] [stderr]    Compiling parking_lot v0.11.1
[INFO] [stderr]    Compiling serial_test v0.5.1
[INFO] [stderr]    Compiling rout v0.1.0 (/opt/rustwide/workdir)
[INFO] [stderr]     Finished test [unoptimized + debuginfo] target(s) in 5.92s
[INFO] running `Command { std: "docker" "inspect" "641be6acc66020dd735316edb2748f6e7289279ff3681eb89d5f500637aba305", kill_on_drop: false }`
[INFO] running `Command { std: "docker" "rm" "-f" "641be6acc66020dd735316edb2748f6e7289279ff3681eb89d5f500637aba305", kill_on_drop: false }`
[INFO] [stdout] 641be6acc66020dd735316edb2748f6e7289279ff3681eb89d5f500637aba305
[INFO] running `Command { std: "docker" "create" "-v" "/var/lib/crater-agent-workspace/builds/worker-55/target:/opt/rustwide/target:rw,Z" "-v" "/var/lib/crater-agent-workspace/builds/worker-55/source:/opt/rustwide/workdir:ro,Z" "-v" "/var/lib/crater-agent-workspace/cargo-home:/opt/rustwide/cargo-home:ro,Z" "-v" "/var/lib/crater-agent-workspace/rustup-home:/opt/rustwide/rustup-home:ro,Z" "-e" "SOURCE_DIR=/opt/rustwide/workdir" "-e" "CARGO_TARGET_DIR=/opt/rustwide/target" "-e" "CARGO_INCREMENTAL=0" "-e" "RUST_BACKTRACE=full" "-e" "RUSTFLAGS=--cap-lints=warn" "-e" "CARGO_HOME=/opt/rustwide/cargo-home" "-e" "RUSTUP_HOME=/opt/rustwide/rustup-home" "-w" "/opt/rustwide/workdir" "-m" "1610612736" "--user" "0:0" "--network" "none" "ghcr.io/rust-lang/crates-build-env/linux@sha256:34b6a614d2c27851fe6cbf88fbd1137609cefab8b10d0615aaeb6fd47975d74e" "/opt/rustwide/cargo-home/bin/cargo" "+1.54.0" "test" "--frozen", kill_on_drop: false }`
[INFO] [stdout] 13e8287a25218e7f1ca0043baf9352065373e8667b04cc11253ffc3528ba335b
[INFO] running `Command { std: "docker" "start" "-a" "13e8287a25218e7f1ca0043baf9352065373e8667b04cc11253ffc3528ba335b", kill_on_drop: false }`
[INFO] [stderr]     Finished test [unoptimized + debuginfo] target(s) in 0.13s
[INFO] [stderr]      Running unittests (/opt/rustwide/target/debug/deps/rout-df72a80e348054d8)
[INFO] [stdout] 
[INFO] [stdout] running 26 tests
[INFO] [stdout] test args::tests::test_handle_cmd_intra_char ... ok
[INFO] [stdout] test args::tests::test_handle_cmd_fd ... ok
[INFO] [stdout] test args::tests::test_handle_cmd_sleep ... ok
[INFO] [stdout] test args::tests::test_parse_time ... ok
[INFO] [stdout] test args::tests::test_handle_cmd_intra_pause ... ok
[INFO] [stdout] test command::tests::test_command_handle_escaped ... ok
[INFO] [stdout] test args::tests::test_handle_cmd_repeat ... ok
[INFO] [stdout] test args::tests::test_arghandler_handle_positional ... ok
[INFO] [stdout] test command::tests::test_command_handle_exit ... ok
[INFO] [stdout] test command::tests::test_command_handle_literal_char ... ok
[INFO] [stdout] test command::tests::test_commands_default ... ok
[INFO] [stdout] test command::tests::test_command_handle_range ... ok
[INFO] [stdout] test command::tests::test_commands_handle_intra_char ... ok
[INFO] [stdout] test command::tests::test_commands_set_intra_pause ... ok
[INFO] [stdout] test command::tests::test_command_run ... ok
[INFO] [stdout] test command::tests::test_command_handle_repeat ... ok
[INFO] [stdout] test command::tests::test_output ... ok
[INFO] [stdout] test command::tests::test_switch_output ... ok
[INFO] [stdout] test args::tests::test_handle_cmd_exit ... ok
[INFO] [stdout] test command::tests::test_commands_write_string ... ok
[INFO] [stdout] test command::tests::test_commands_write_char ... ok
[INFO] [stdout] test command::tests::test_commands_set_prev_cmdlist ... ok
[INFO] [stdout] test parser::tests::test_parse_string ... ok
[INFO] [stdout] test command::tests::test_command_handle_random ... ok
[INFO] [stdout] test args::tests::test_arghandler_handle_flag ... FAILED
[INFO] [stdout] test args::tests::test_arghandler_handle_option ... ok
[INFO] [stdout] 
[INFO] [stdout] failures:
[INFO] [stdout] 
[INFO] [stdout] ---- args::tests::test_arghandler_handle_flag stdout ----
[INFO] [stdout] thread 'args::tests::test_arghandler_handle_flag' panicked at 'test[3]: TestData { flag: 't', cmd: Some(Output(Terminal)) }, result: Err(No such device or address (os error 6))', src/args.rs:955:13
[INFO] [stdout] stack backtrace:
[INFO] [stdout]    0:     0x563aa426cfd0 - std::backtrace_rs::backtrace::libunwind::trace::h34055254b57d8e79
[INFO] [stdout]                                at /rustc/a178d0322ce20e33eac124758e837cbd80a6f633/library/std/src/../../backtrace/src/backtrace/libunwind.rs:90:5
[INFO] [stdout]    1:     0x563aa426cfd0 - std::backtrace_rs::backtrace::trace_unsynchronized::h8f1e3fbd9afff6ec
[INFO] [stdout]                                at /rustc/a178d0322ce20e33eac124758e837cbd80a6f633/library/std/src/../../backtrace/src/backtrace/mod.rs:66:5
[INFO] [stdout]    2:     0x563aa426cfd0 - std::sys_common::backtrace::_print_fmt::h3a99a796b770c360
[INFO] [stdout]                                at /rustc/a178d0322ce20e33eac124758e837cbd80a6f633/library/std/src/sys_common/backtrace.rs:67:5
[INFO] [stdout]    3:     0x563aa426cfd0 - <std::sys_common::backtrace::_print::DisplayBacktrace as core::fmt::Display>::fmt::h32d1f94a80615d18
[INFO] [stdout]                                at /rustc/a178d0322ce20e33eac124758e837cbd80a6f633/library/std/src/sys_common/backtrace.rs:46:22
[INFO] [stdout]    4:     0x563aa428fa9c - core::fmt::write::h306731c068f7162c
[INFO] [stdout]                                at /rustc/a178d0322ce20e33eac124758e837cbd80a6f633/library/core/src/fmt/mod.rs:1110:17
[INFO] [stdout]    5:     0x563aa4269ed5 - std::io::Write::write_fmt::h87f19b0a2cd190bc
[INFO] [stdout]                                at /rustc/a178d0322ce20e33eac124758e837cbd80a6f633/library/std/src/io/mod.rs:1588:15
[INFO] [stdout]    6:     0x563aa426f18b - std::sys_common::backtrace::_print::h5abaa2601a852287
[INFO] [stdout]                                at /rustc/a178d0322ce20e33eac124758e837cbd80a6f633/library/std/src/sys_common/backtrace.rs:49:5
[INFO] [stdout]    7:     0x563aa426f18b - std::sys_common::backtrace::print::h8d81445442bb638f
[INFO] [stdout]                                at /rustc/a178d0322ce20e33eac124758e837cbd80a6f633/library/std/src/sys_common/backtrace.rs:36:9
[INFO] [stdout]    8:     0x563aa426f18b - std::panicking::default_hook::{{closure}}::hcfe804496a9fa747
[INFO] [stdout]                                at /rustc/a178d0322ce20e33eac124758e837cbd80a6f633/library/std/src/panicking.rs:208:50
[INFO] [stdout]    9:     0x563aa426ec9c - std::panicking::default_hook::hbea8e3ccf2ba8901
[INFO] [stdout]                                at /rustc/a178d0322ce20e33eac124758e837cbd80a6f633/library/std/src/panicking.rs:222:9
[INFO] [stdout]   10:     0x563aa426f854 - std::panicking::rust_panic_with_hook::h7ee9e1a2d0f8975a
[INFO] [stdout]                                at /rustc/a178d0322ce20e33eac124758e837cbd80a6f633/library/std/src/panicking.rs:622:17
[INFO] [stdout]   11:     0x563aa426f337 - std::panicking::begin_panic_handler::{{closure}}::h8ab3b4491718b2c7
[INFO] [stdout]                                at /rustc/a178d0322ce20e33eac124758e837cbd80a6f633/library/std/src/panicking.rs:519:13
[INFO] [stdout]   12:     0x563aa426d4cc - std::sys_common::backtrace::__rust_end_short_backtrace::hd489062ffa586a9f
[INFO] [stdout]                                at /rustc/a178d0322ce20e33eac124758e837cbd80a6f633/library/std/src/sys_common/backtrace.rs:141:18
[INFO] [stdout]   13:     0x563aa426f299 - rust_begin_unwind
[INFO] [stdout]                                at /rustc/a178d0322ce20e33eac124758e837cbd80a6f633/library/std/src/panicking.rs:515:5
[INFO] [stdout]   14:     0x563aa4103f3b - std::panicking::begin_panic_fmt::h5479575e112541f8
[INFO] [stdout]                                at /rustc/a178d0322ce20e33eac124758e837cbd80a6f633/library/std/src/panicking.rs:457:5
[INFO] [stdout]   15:     0x563aa4182625 - rout::args::tests::test_arghandler_handle_flag::h7445dc3266f5ff93
[INFO] [stdout]                                at /opt/rustwide/workdir/src/args.rs:955:13
[INFO] [stdout]   16:     0x563aa4181f4a - rout::args::tests::test_arghandler_handle_flag::{{closure}}::heeaaaf1aa33f865e
[INFO] [stdout]                                at /opt/rustwide/workdir/src/args.rs:914:5
[INFO] [stdout]   17:     0x563aa413355e - core::ops::function::FnOnce::call_once::h619cb1370b8543dd
[INFO] [stdout]                                at /rustc/a178d0322ce20e33eac124758e837cbd80a6f633/library/core/src/ops/function.rs:227:5
[INFO] [stdout]   18:     0x563aa41c3b73 - core::ops::function::FnOnce::call_once::h152e7e439ff59e19
[INFO] [stdout]                                at /rustc/a178d0322ce20e33eac124758e837cbd80a6f633/library/core/src/ops/function.rs:227:5
[INFO] [stdout]   19:     0x563aa41c3b73 - test::__rust_begin_short_backtrace::h0908f3b1fdbb72ab
[INFO] [stdout]                                at /rustc/a178d0322ce20e33eac124758e837cbd80a6f633/library/test/src/lib.rs:577:5
[INFO] [stdout]   20:     0x563aa41c2630 - <alloc::boxed::Box<F,A> as core::ops::function::FnOnce<Args>>::call_once::hf6d2a51e5587546c
[INFO] [stdout]                                at /rustc/a178d0322ce20e33eac124758e837cbd80a6f633/library/alloc/src/boxed.rs:1575:9
[INFO] [stdout]   21:     0x563aa41c2630 - <std::panic::AssertUnwindSafe<F> as core::ops::function::FnOnce<()>>::call_once::h8af660f3a89ef593
[INFO] [stdout]                                at /rustc/a178d0322ce20e33eac124758e837cbd80a6f633/library/std/src/panic.rs:347:9
[INFO] [stdout]   22:     0x563aa41c2630 - std::panicking::try::do_call::hd36aef60f84b6d36
[INFO] [stdout]                                at /rustc/a178d0322ce20e33eac124758e837cbd80a6f633/library/std/src/panicking.rs:401:40
[INFO] [stdout]   23:     0x563aa41c2630 - std::panicking::try::h9932b4480e69817c
[INFO] [stdout]                                at /rustc/a178d0322ce20e33eac124758e837cbd80a6f633/library/std/src/panicking.rs:365:19
[INFO] [stdout]   24:     0x563aa41c2630 - std::panic::catch_unwind::h6aa177099cfff5f8
[INFO] [stdout]                                at /rustc/a178d0322ce20e33eac124758e837cbd80a6f633/library/std/src/panic.rs:434:14
[INFO] [stdout]   25:     0x563aa41c2630 - test::run_test_in_process::h5884d6f2d99e20c3
[INFO] [stdout]                                at /rustc/a178d0322ce20e33eac124758e837cbd80a6f633/library/test/src/lib.rs:600:18
[INFO] [stdout]   26:     0x563aa41c2630 - test::run_test::run_test_inner::{{closure}}::h6fdc58c6d5f5b6e3
[INFO] [stdout]                                at /rustc/a178d0322ce20e33eac124758e837cbd80a6f633/library/test/src/lib.rs:492:39
[INFO] [stdout]   27:     0x563aa419bce2 - test::run_test::run_test_inner::{{closure}}::h408365d67a78ade8
[INFO] [stdout]                                at /rustc/a178d0322ce20e33eac124758e837cbd80a6f633/library/test/src/lib.rs:519:37
[INFO] [stdout]   28:     0x563aa419bce2 - std::sys_common::backtrace::__rust_begin_short_backtrace::hb560b77c4f701523
[INFO] [stdout]                                at /rustc/a178d0322ce20e33eac124758e837cbd80a6f633/library/std/src/sys_common/backtrace.rs:125:18
[INFO] [stdout]   29:     0x563aa419f898 - std::thread::Builder::spawn_unchecked::{{closure}}::{{closure}}::hf2e7831dad93c597
[INFO] [stdout]                                at /rustc/a178d0322ce20e33eac124758e837cbd80a6f633/library/std/src/thread/mod.rs:481:17
[INFO] [stdout]   30:     0x563aa419f898 - <std::panic::AssertUnwindSafe<F> as core::ops::function::FnOnce<()>>::call_once::hd2e08783d8be4d02
[INFO] [stdout]                                at /rustc/a178d0322ce20e33eac124758e837cbd80a6f633/library/std/src/panic.rs:347:9
[INFO] [stdout]   31:     0x563aa419f898 - std::panicking::try::do_call::h062597b7acfd6b82
[INFO] [stdout]                                at /rustc/a178d0322ce20e33eac124758e837cbd80a6f633/library/std/src/panicking.rs:401:40
[INFO] [stdout]   32:     0x563aa419f898 - std::panicking::try::h0d7b79db04c14552
[INFO] [stdout]                                at /rustc/a178d0322ce20e33eac124758e837cbd80a6f633/library/std/src/panicking.rs:365:19
[INFO] [stdout]   33:     0x563aa419f898 - std::panic::catch_unwind::hb01a0b5e7c8cd43b
[INFO] [stdout]                                at /rustc/a178d0322ce20e33eac124758e837cbd80a6f633/library/std/src/panic.rs:434:14
[INFO] [stdout]   34:     0x563aa419f898 - std::thread::Builder::spawn_unchecked::{{closure}}::h5bde48cc887e0d1e
[INFO] [stdout]                                at /rustc/a178d0322ce20e33eac124758e837cbd80a6f633/library/std/src/thread/mod.rs:480:30
[INFO] [stdout]   35:     0x563aa419f898 - core::ops::function::FnOnce::call_once{{vtable.shim}}::h745ea30807a29e55
[INFO] [stdout]                                at /rustc/a178d0322ce20e33eac124758e837cbd80a6f633/library/core/src/ops/function.rs:227:5
[INFO] [stdout]   36:     0x563aa4274377 - <alloc::boxed::Box<F,A> as core::ops::function::FnOnce<Args>>::call_once::h7ece6cfefaff1005
[INFO] [stdout]                                at /rustc/a178d0322ce20e33eac124758e837cbd80a6f633/library/alloc/src/boxed.rs:1575:9
[INFO] [stdout]   37:     0x563aa4274377 - <alloc::boxed::Box<F,A> as core::ops::function::FnOnce<Args>>::call_once::hb8b48e55c21f193e
[INFO] [stdout]                                at /rustc/a178d0322ce20e33eac124758e837cbd80a6f633/library/alloc/src/boxed.rs:1575:9
[INFO] [stdout]   38:     0x563aa4274377 - std::sys::unix::thread::Thread::new::thread_start::h8c7c4450dba62914
[INFO] [stdout]                                at /rustc/a178d0322ce20e33eac124758e837cbd80a6f633/library/std/src/sys/unix/thread.rs:71:17
[INFO] [stdout]   39:     0x7fee9af21609 - start_thread
[INFO] [stdout]   40:     0x7fee9acf3293 - clone
[INFO] [stdout]   41:                0x0 - <unknown>
[INFO] [stdout] 
[INFO] [stdout] 
[INFO] [stdout] failures:
[INFO] [stdout]     args::tests::test_arghandler_handle_flag
[INFO] [stdout] 
[INFO] [stdout] test result: FAILED. 25 passed; 1 failed; 0 ignored; 0 measured; 0 filtered out; finished in 1.01s
[INFO] [stdout] 
[INFO] [stderr] error: test failed, to rerun pass '--bin rout'
[INFO] running `Command { std: "docker" "inspect" "13e8287a25218e7f1ca0043baf9352065373e8667b04cc11253ffc3528ba335b", kill_on_drop: false }`
[INFO] running `Command { std: "docker" "rm" "-f" "13e8287a25218e7f1ca0043baf9352065373e8667b04cc11253ffc3528ba335b", kill_on_drop: false }`
[INFO] [stdout] 13e8287a25218e7f1ca0043baf9352065373e8667b04cc11253ffc3528ba335b
