[INFO] fetching crate rouste 0.2.1...
[INFO] testing rouste-0.2.1 against 1.54.0 for beta-1.55-1
[INFO] extracting crate rouste 0.2.1 into /workspace/builds/worker-73/source
[INFO] validating manifest of crates.io crate rouste 0.2.1 on toolchain 1.54.0
[INFO] running `Command { std: "/workspace/cargo-home/bin/cargo" "+1.54.0" "metadata" "--manifest-path" "Cargo.toml" "--no-deps", kill_on_drop: false }`
[INFO] started tweaking crates.io crate rouste 0.2.1
[INFO] finished tweaking crates.io crate rouste 0.2.1
[INFO] tweaked toml for crates.io crate rouste 0.2.1 written to /workspace/builds/worker-73/source/Cargo.toml
[INFO] running `Command { std: "/workspace/cargo-home/bin/cargo" "+1.54.0" "generate-lockfile" "--manifest-path" "Cargo.toml" "-Zno-index-update", kill_on_drop: false }`
[INFO] running `Command { std: "/workspace/cargo-home/bin/cargo" "+1.54.0" "fetch" "--manifest-path" "Cargo.toml", kill_on_drop: false }`
[INFO] running `Command { std: "docker" "create" "-v" "/var/lib/crater-agent-workspace/builds/worker-73/target:/opt/rustwide/target:rw,Z" "-v" "/var/lib/crater-agent-workspace/builds/worker-73/source:/opt/rustwide/workdir:ro,Z" "-v" "/var/lib/crater-agent-workspace/cargo-home:/opt/rustwide/cargo-home:ro,Z" "-v" "/var/lib/crater-agent-workspace/rustup-home:/opt/rustwide/rustup-home:ro,Z" "-e" "SOURCE_DIR=/opt/rustwide/workdir" "-e" "CARGO_TARGET_DIR=/opt/rustwide/target" "-e" "CARGO_HOME=/opt/rustwide/cargo-home" "-e" "RUSTUP_HOME=/opt/rustwide/rustup-home" "-w" "/opt/rustwide/workdir" "-m" "1610612736" "--user" "0:0" "--network" "none" "ghcr.io/rust-lang/crates-build-env/linux@sha256:34b6a614d2c27851fe6cbf88fbd1137609cefab8b10d0615aaeb6fd47975d74e" "/opt/rustwide/cargo-home/bin/cargo" "+1.54.0" "metadata" "--no-deps" "--format-version=1", kill_on_drop: false }`
[INFO] [stdout] cd10306800c09547e7256e0900aec0a90f4f445473ba1a302dd1aa98649e3030
[INFO] running `Command { std: "docker" "start" "-a" "cd10306800c09547e7256e0900aec0a90f4f445473ba1a302dd1aa98649e3030", kill_on_drop: false }`
[INFO] running `Command { std: "docker" "inspect" "cd10306800c09547e7256e0900aec0a90f4f445473ba1a302dd1aa98649e3030", kill_on_drop: false }`
[INFO] running `Command { std: "docker" "rm" "-f" "cd10306800c09547e7256e0900aec0a90f4f445473ba1a302dd1aa98649e3030", kill_on_drop: false }`
[INFO] [stdout] cd10306800c09547e7256e0900aec0a90f4f445473ba1a302dd1aa98649e3030
[INFO] running `Command { std: "docker" "create" "-v" "/var/lib/crater-agent-workspace/builds/worker-73/target:/opt/rustwide/target:rw,Z" "-v" "/var/lib/crater-agent-workspace/builds/worker-73/source:/opt/rustwide/workdir:ro,Z" "-v" "/var/lib/crater-agent-workspace/cargo-home:/opt/rustwide/cargo-home:ro,Z" "-v" "/var/lib/crater-agent-workspace/rustup-home:/opt/rustwide/rustup-home:ro,Z" "-e" "SOURCE_DIR=/opt/rustwide/workdir" "-e" "CARGO_TARGET_DIR=/opt/rustwide/target" "-e" "CARGO_INCREMENTAL=0" "-e" "RUST_BACKTRACE=full" "-e" "RUSTFLAGS=--cap-lints=warn" "-e" "CARGO_HOME=/opt/rustwide/cargo-home" "-e" "RUSTUP_HOME=/opt/rustwide/rustup-home" "-w" "/opt/rustwide/workdir" "-m" "1610612736" "--user" "0:0" "--network" "none" "ghcr.io/rust-lang/crates-build-env/linux@sha256:34b6a614d2c27851fe6cbf88fbd1137609cefab8b10d0615aaeb6fd47975d74e" "/opt/rustwide/cargo-home/bin/cargo" "+1.54.0" "build" "--frozen" "--message-format=json", kill_on_drop: false }`
[INFO] [stdout] ca2ac315e057394cae0d42e93bdf98f68cf67a269941b8de4ededcc48d61fbc2
[INFO] running `Command { std: "docker" "start" "-a" "ca2ac315e057394cae0d42e93bdf98f68cf67a269941b8de4ededcc48d61fbc2", kill_on_drop: false }`
[INFO] [stderr]    Compiling rouste v0.2.1 (/opt/rustwide/workdir)
[INFO] [stderr]     Finished dev [unoptimized + debuginfo] target(s) in 0.46s
[INFO] running `Command { std: "docker" "inspect" "ca2ac315e057394cae0d42e93bdf98f68cf67a269941b8de4ededcc48d61fbc2", kill_on_drop: false }`
[INFO] running `Command { std: "docker" "rm" "-f" "ca2ac315e057394cae0d42e93bdf98f68cf67a269941b8de4ededcc48d61fbc2", kill_on_drop: false }`
[INFO] [stdout] ca2ac315e057394cae0d42e93bdf98f68cf67a269941b8de4ededcc48d61fbc2
[INFO] running `Command { std: "docker" "create" "-v" "/var/lib/crater-agent-workspace/builds/worker-73/target:/opt/rustwide/target:rw,Z" "-v" "/var/lib/crater-agent-workspace/builds/worker-73/source:/opt/rustwide/workdir:ro,Z" "-v" "/var/lib/crater-agent-workspace/cargo-home:/opt/rustwide/cargo-home:ro,Z" "-v" "/var/lib/crater-agent-workspace/rustup-home:/opt/rustwide/rustup-home:ro,Z" "-e" "SOURCE_DIR=/opt/rustwide/workdir" "-e" "CARGO_TARGET_DIR=/opt/rustwide/target" "-e" "CARGO_INCREMENTAL=0" "-e" "RUST_BACKTRACE=full" "-e" "RUSTFLAGS=--cap-lints=warn" "-e" "CARGO_HOME=/opt/rustwide/cargo-home" "-e" "RUSTUP_HOME=/opt/rustwide/rustup-home" "-w" "/opt/rustwide/workdir" "-m" "1610612736" "--user" "0:0" "--network" "none" "ghcr.io/rust-lang/crates-build-env/linux@sha256:34b6a614d2c27851fe6cbf88fbd1137609cefab8b10d0615aaeb6fd47975d74e" "/opt/rustwide/cargo-home/bin/cargo" "+1.54.0" "test" "--frozen" "--no-run" "--message-format=json", kill_on_drop: false }`
[INFO] [stdout] 7087cba5a2a33d13f0e1debedbdc6e31a3326835369867774fe425390e871e9b
[INFO] running `Command { std: "docker" "start" "-a" "7087cba5a2a33d13f0e1debedbdc6e31a3326835369867774fe425390e871e9b", kill_on_drop: false }`
[INFO] [stderr]    Compiling rouste v0.2.1 (/opt/rustwide/workdir)
[INFO] [stderr]     Finished test [unoptimized + debuginfo] target(s) in 0.74s
[INFO] running `Command { std: "docker" "inspect" "7087cba5a2a33d13f0e1debedbdc6e31a3326835369867774fe425390e871e9b", kill_on_drop: false }`
[INFO] running `Command { std: "docker" "rm" "-f" "7087cba5a2a33d13f0e1debedbdc6e31a3326835369867774fe425390e871e9b", kill_on_drop: false }`
[INFO] [stdout] 7087cba5a2a33d13f0e1debedbdc6e31a3326835369867774fe425390e871e9b
[INFO] running `Command { std: "docker" "create" "-v" "/var/lib/crater-agent-workspace/builds/worker-73/target:/opt/rustwide/target:rw,Z" "-v" "/var/lib/crater-agent-workspace/builds/worker-73/source:/opt/rustwide/workdir:ro,Z" "-v" "/var/lib/crater-agent-workspace/cargo-home:/opt/rustwide/cargo-home:ro,Z" "-v" "/var/lib/crater-agent-workspace/rustup-home:/opt/rustwide/rustup-home:ro,Z" "-e" "SOURCE_DIR=/opt/rustwide/workdir" "-e" "CARGO_TARGET_DIR=/opt/rustwide/target" "-e" "CARGO_INCREMENTAL=0" "-e" "RUST_BACKTRACE=full" "-e" "RUSTFLAGS=--cap-lints=warn" "-e" "CARGO_HOME=/opt/rustwide/cargo-home" "-e" "RUSTUP_HOME=/opt/rustwide/rustup-home" "-w" "/opt/rustwide/workdir" "-m" "1610612736" "--user" "0:0" "--network" "none" "ghcr.io/rust-lang/crates-build-env/linux@sha256:34b6a614d2c27851fe6cbf88fbd1137609cefab8b10d0615aaeb6fd47975d74e" "/opt/rustwide/cargo-home/bin/cargo" "+1.54.0" "test" "--frozen", kill_on_drop: false }`
[INFO] [stdout] d7298619a148506440a6c5fdb91890b217ea4cd3209fcf97f05195179158c7b8
[INFO] running `Command { std: "docker" "start" "-a" "d7298619a148506440a6c5fdb91890b217ea4cd3209fcf97f05195179158c7b8", kill_on_drop: false }`
[INFO] [stderr]     Finished test [unoptimized + debuginfo] target(s) in 0.31s
[INFO] [stderr]      Running unittests (/opt/rustwide/target/debug/deps/rouste-a8d07d2aa2b5c1a3)
[INFO] [stdout] 
[INFO] [stdout] running 1 test
[INFO] [stdout] test tests::router ... ok
[INFO] [stdout] 
[INFO] [stdout] test result: ok. 1 passed; 0 failed; 0 ignored; 0 measured; 0 filtered out; finished in 0.01s
[INFO] [stdout] 
[INFO] [stderr]    Doc-tests rouste
[INFO] [stdout] 
[INFO] [stdout] running 6 tests
[INFO] [stdout] test src/lib.rs - route (line 55) ... FAILED
[INFO] [stdout] test src/lib.rs - route (line 75) ... FAILED
[INFO] [stdout] test src/lib.rs - route (line 96) ... FAILED
[INFO] [stdout] test src/lib.rs - route (line 81) ... FAILED
[INFO] [stdout] test src/lib.rs - route (line 88) ... FAILED
[INFO] [stdout] test src/lib.rs - (line 15) ... ok
[INFO] [stdout] 
[INFO] [stdout] failures:
[INFO] [stdout] 
[INFO] [stdout] ---- src/lib.rs - route (line 55) stdout ----
[INFO] [stdout] error: expected expression, found `=`
[INFO] [stdout]  --> src/lib.rs:56:10
[INFO] [stdout]   |
[INFO] [stdout] 2 | fn main() { #[allow(non_snake_case)] fn _doctest_main_src_lib_rs_55_0() {
[INFO] [stdout]   |                                                                         - while parsing this struct
[INFO] [stdout] 3 | pattern := path | path ? query_string
[INFO] [stdout]   |          ^ expected expression
[INFO] [stdout] 
[INFO] [stdout] error: struct literal body without path
[INFO] [stdout]   --> src/lib.rs:55:73
[INFO] [stdout]    |
[INFO] [stdout] 2  |   fn main() { #[allow(non_snake_case)] fn _doctest_main_src_lib_rs_55_0() {
[INFO] [stdout]    |  _________________________________________________________________________^
[INFO] [stdout] 3  | | pattern := path | path ? query_string
[INFO] [stdout] 4  | | path := root | root some_segments
[INFO] [stdout] 5  | | root := /
[INFO] [stdout] ...  |
[INFO] [stdout] 9  | | query := ident | (ident: type)
[INFO] [stdout] 10 | | } _doctest_main_src_lib_rs_55_0() }
[INFO] [stdout]    | |_^
[INFO] [stdout]    |
[INFO] [stdout] help: you might have forgotten to add the struct literal inside the block
[INFO] [stdout]    |
[INFO] [stdout] 2  | fn main() { #[allow(non_snake_case)] fn _doctest_main_src_lib_rs_55_0() { SomeStruct {
[INFO] [stdout] 3  | pattern := path | path ? query_string
[INFO] [stdout] 4  | path := root | root some_segments
[INFO] [stdout] 5  | root := /
[INFO] [stdout] 6  | some_segments := segment | segment / some_segments
[INFO] [stdout] 7  | segment := ident | (ident: type)
[INFO] [stdout]  ...
[INFO] [stdout] 
[INFO] [stdout] error: aborting due to 2 previous errors
[INFO] [stdout] 
[INFO] [stdout] Couldn't compile the test.
[INFO] [stdout] ---- src/lib.rs - route (line 75) stdout ----
[INFO] [stdout] error: cannot find macro `route` in this scope
[INFO] [stdout]  --> src/lib.rs:76:1
[INFO] [stdout]   |
[INFO] [stdout] 3 | route!(/ => callback)
[INFO] [stdout]   | ^^^^^
[INFO] [stdout] 
[INFO] [stdout] error: aborting due to previous error
[INFO] [stdout] 
[INFO] [stdout] Couldn't compile the test.
[INFO] [stdout] ---- src/lib.rs - route (line 96) stdout ----
[INFO] [stdout] error: cannot find macro `route` in this scope
[INFO] [stdout]  --> src/lib.rs:97:1
[INFO] [stdout]   |
[INFO] [stdout] 3 | route!(/maps/(lon: f64)/(lat: f64)?show_marker&(color: Color) => callback)
[INFO] [stdout]   | ^^^^^
[INFO] [stdout] 
[INFO] [stdout] error: aborting due to previous error
[INFO] [stdout] 
[INFO] [stdout] Couldn't compile the test.
[INFO] [stdout] ---- src/lib.rs - route (line 81) stdout ----
[INFO] [stdout] error: cannot find macro `route` in this scope
[INFO] [stdout]  --> src/lib.rs:82:1
[INFO] [stdout]   |
[INFO] [stdout] 3 | route!(/help => callback)
[INFO] [stdout]   | ^^^^^
[INFO] [stdout] 
[INFO] [stdout] error: aborting due to previous error
[INFO] [stdout] 
[INFO] [stdout] Couldn't compile the test.
[INFO] [stdout] ---- src/lib.rs - route (line 88) stdout ----
[INFO] [stdout] error: cannot find macro `route` in this scope
[INFO] [stdout]  --> src/lib.rs:89:1
[INFO] [stdout]   |
[INFO] [stdout] 3 | route!(/sum/(a: u32)/(b: u32) => callback)
[INFO] [stdout]   | ^^^^^
[INFO] [stdout] 
[INFO] [stdout] error: aborting due to previous error
[INFO] [stdout] 
[INFO] [stdout] Couldn't compile the test.
[INFO] [stdout] 
[INFO] [stdout] failures:
[INFO] [stdout]     src/lib.rs - route (line 55)
[INFO] [stdout]     src/lib.rs - route (line 75)
[INFO] [stdout]     src/lib.rs - route (line 81)
[INFO] [stdout]     src/lib.rs - route (line 88)
[INFO] [stdout]     src/lib.rs - route (line 96)
[INFO] [stdout] 
[INFO] [stdout] test result: FAILED. 1 passed; 5 failed; 0 ignored; 0 measured; 0 filtered out; finished in 0.39s
[INFO] [stdout] 
[INFO] [stderr] error: test failed, to rerun pass '--doc'
[INFO] running `Command { std: "docker" "inspect" "d7298619a148506440a6c5fdb91890b217ea4cd3209fcf97f05195179158c7b8", kill_on_drop: false }`
[INFO] running `Command { std: "docker" "rm" "-f" "d7298619a148506440a6c5fdb91890b217ea4cd3209fcf97f05195179158c7b8", kill_on_drop: false }`
[INFO] [stdout] d7298619a148506440a6c5fdb91890b217ea4cd3209fcf97f05195179158c7b8
