[INFO] fetching crate rotary 0.29.0-alpha.2...
[INFO] testing rotary-0.29.0-alpha.2 against beta-2021-08-01 for beta-1.55-1
[INFO] extracting crate rotary 0.29.0-alpha.2 into /workspace/builds/worker-29/source
[INFO] validating manifest of crates.io crate rotary 0.29.0-alpha.2 on toolchain beta-2021-08-01
[INFO] running `Command { std: "/workspace/cargo-home/bin/cargo" "+beta-2021-08-01" "metadata" "--manifest-path" "Cargo.toml" "--no-deps", kill_on_drop: false }`
[INFO] started tweaking crates.io crate rotary 0.29.0-alpha.2
[INFO] finished tweaking crates.io crate rotary 0.29.0-alpha.2
[INFO] tweaked toml for crates.io crate rotary 0.29.0-alpha.2 written to /workspace/builds/worker-29/source/Cargo.toml
[INFO] running `Command { std: "/workspace/cargo-home/bin/cargo" "+beta-2021-08-01" "generate-lockfile" "--manifest-path" "Cargo.toml" "-Zno-index-update", kill_on_drop: false }`
[INFO] running `Command { std: "/workspace/cargo-home/bin/cargo" "+beta-2021-08-01" "fetch" "--manifest-path" "Cargo.toml", kill_on_drop: false }`
[INFO] [stderr]  Downloading crates ...
[INFO] [stderr]   Downloaded bittle v0.1.1
[INFO] [stderr]   Downloaded rotary-core v0.2.0-alpha.2
[INFO] running `Command { std: "docker" "create" "-v" "/var/lib/crater-agent-workspace/builds/worker-29/target:/opt/rustwide/target:rw,Z" "-v" "/var/lib/crater-agent-workspace/builds/worker-29/source:/opt/rustwide/workdir:ro,Z" "-v" "/var/lib/crater-agent-workspace/cargo-home:/opt/rustwide/cargo-home:ro,Z" "-v" "/var/lib/crater-agent-workspace/rustup-home:/opt/rustwide/rustup-home:ro,Z" "-e" "SOURCE_DIR=/opt/rustwide/workdir" "-e" "CARGO_TARGET_DIR=/opt/rustwide/target" "-e" "CARGO_HOME=/opt/rustwide/cargo-home" "-e" "RUSTUP_HOME=/opt/rustwide/rustup-home" "-w" "/opt/rustwide/workdir" "-m" "1610612736" "--user" "0:0" "--network" "none" "ghcr.io/rust-lang/crates-build-env/linux@sha256:34b6a614d2c27851fe6cbf88fbd1137609cefab8b10d0615aaeb6fd47975d74e" "/opt/rustwide/cargo-home/bin/cargo" "+beta-2021-08-01" "metadata" "--no-deps" "--format-version=1", kill_on_drop: false }`
[INFO] [stdout] b2a6566fedd37b33d557023d9cf459c995e115735495e7953303c6cd2f1cd4da
[INFO] running `Command { std: "docker" "start" "-a" "b2a6566fedd37b33d557023d9cf459c995e115735495e7953303c6cd2f1cd4da", kill_on_drop: false }`
[INFO] running `Command { std: "docker" "inspect" "b2a6566fedd37b33d557023d9cf459c995e115735495e7953303c6cd2f1cd4da", kill_on_drop: false }`
[INFO] running `Command { std: "docker" "rm" "-f" "b2a6566fedd37b33d557023d9cf459c995e115735495e7953303c6cd2f1cd4da", kill_on_drop: false }`
[INFO] [stdout] b2a6566fedd37b33d557023d9cf459c995e115735495e7953303c6cd2f1cd4da
[INFO] running `Command { std: "docker" "create" "-v" "/var/lib/crater-agent-workspace/builds/worker-29/target:/opt/rustwide/target:rw,Z" "-v" "/var/lib/crater-agent-workspace/builds/worker-29/source:/opt/rustwide/workdir:ro,Z" "-v" "/var/lib/crater-agent-workspace/cargo-home:/opt/rustwide/cargo-home:ro,Z" "-v" "/var/lib/crater-agent-workspace/rustup-home:/opt/rustwide/rustup-home:ro,Z" "-e" "SOURCE_DIR=/opt/rustwide/workdir" "-e" "CARGO_TARGET_DIR=/opt/rustwide/target" "-e" "CARGO_INCREMENTAL=0" "-e" "RUST_BACKTRACE=full" "-e" "RUSTFLAGS=--cap-lints=warn" "-e" "CARGO_HOME=/opt/rustwide/cargo-home" "-e" "RUSTUP_HOME=/opt/rustwide/rustup-home" "-w" "/opt/rustwide/workdir" "-m" "1610612736" "--user" "0:0" "--network" "none" "ghcr.io/rust-lang/crates-build-env/linux@sha256:34b6a614d2c27851fe6cbf88fbd1137609cefab8b10d0615aaeb6fd47975d74e" "/opt/rustwide/cargo-home/bin/cargo" "+beta-2021-08-01" "build" "--frozen" "--message-format=json", kill_on_drop: false }`
[INFO] [stdout] 41f4d4669c694e25fef0cda574cd5fe84a9c1c2519fa679fbacd9d54cfaf88e0
[INFO] running `Command { std: "docker" "start" "-a" "41f4d4669c694e25fef0cda574cd5fe84a9c1c2519fa679fbacd9d54cfaf88e0", kill_on_drop: false }`
[INFO] [stderr]     Blocking waiting for file lock on package cache
[INFO] [stderr]    Compiling rotary-core v0.2.0-alpha.2
[INFO] [stderr]    Compiling rotary v0.29.0-alpha.2 (/opt/rustwide/workdir)
[INFO] [stderr]     Finished dev [unoptimized + debuginfo] target(s) in 1.25s
[INFO] running `Command { std: "docker" "inspect" "41f4d4669c694e25fef0cda574cd5fe84a9c1c2519fa679fbacd9d54cfaf88e0", kill_on_drop: false }`
[INFO] running `Command { std: "docker" "rm" "-f" "41f4d4669c694e25fef0cda574cd5fe84a9c1c2519fa679fbacd9d54cfaf88e0", kill_on_drop: false }`
[INFO] [stdout] 41f4d4669c694e25fef0cda574cd5fe84a9c1c2519fa679fbacd9d54cfaf88e0
[INFO] running `Command { std: "docker" "create" "-v" "/var/lib/crater-agent-workspace/builds/worker-29/target:/opt/rustwide/target:rw,Z" "-v" "/var/lib/crater-agent-workspace/builds/worker-29/source:/opt/rustwide/workdir:ro,Z" "-v" "/var/lib/crater-agent-workspace/cargo-home:/opt/rustwide/cargo-home:ro,Z" "-v" "/var/lib/crater-agent-workspace/rustup-home:/opt/rustwide/rustup-home:ro,Z" "-e" "SOURCE_DIR=/opt/rustwide/workdir" "-e" "CARGO_TARGET_DIR=/opt/rustwide/target" "-e" "CARGO_INCREMENTAL=0" "-e" "RUST_BACKTRACE=full" "-e" "RUSTFLAGS=--cap-lints=warn" "-e" "CARGO_HOME=/opt/rustwide/cargo-home" "-e" "RUSTUP_HOME=/opt/rustwide/rustup-home" "-w" "/opt/rustwide/workdir" "-m" "1610612736" "--user" "0:0" "--network" "none" "ghcr.io/rust-lang/crates-build-env/linux@sha256:34b6a614d2c27851fe6cbf88fbd1137609cefab8b10d0615aaeb6fd47975d74e" "/opt/rustwide/cargo-home/bin/cargo" "+beta-2021-08-01" "test" "--frozen" "--no-run" "--message-format=json", kill_on_drop: false }`
[INFO] [stdout] c3e320f5d0bfb805ae148c419b9bbc60bb541ca2fac3b1225694d73c76544111
[INFO] running `Command { std: "docker" "start" "-a" "c3e320f5d0bfb805ae148c419b9bbc60bb541ca2fac3b1225694d73c76544111", kill_on_drop: false }`
[INFO] [stderr]    Compiling libc v0.2.98
[INFO] [stderr]    Compiling ppv-lite86 v0.2.10
[INFO] [stderr]    Compiling bittle v0.1.1
[INFO] [stderr]    Compiling getrandom v0.2.3
[INFO] [stderr]    Compiling rand_core v0.6.3
[INFO] [stderr]    Compiling rand_chacha v0.3.1
[INFO] [stderr]    Compiling rand v0.8.4
[INFO] [stderr]    Compiling rotary v0.29.0-alpha.2 (/opt/rustwide/workdir)
[INFO] [stderr]     Finished test [unoptimized + debuginfo] target(s) in 13.47s
[INFO] running `Command { std: "docker" "inspect" "c3e320f5d0bfb805ae148c419b9bbc60bb541ca2fac3b1225694d73c76544111", kill_on_drop: false }`
[INFO] running `Command { std: "docker" "rm" "-f" "c3e320f5d0bfb805ae148c419b9bbc60bb541ca2fac3b1225694d73c76544111", kill_on_drop: false }`
[INFO] [stdout] c3e320f5d0bfb805ae148c419b9bbc60bb541ca2fac3b1225694d73c76544111
[INFO] running `Command { std: "docker" "create" "-v" "/var/lib/crater-agent-workspace/builds/worker-29/target:/opt/rustwide/target:rw,Z" "-v" "/var/lib/crater-agent-workspace/builds/worker-29/source:/opt/rustwide/workdir:ro,Z" "-v" "/var/lib/crater-agent-workspace/cargo-home:/opt/rustwide/cargo-home:ro,Z" "-v" "/var/lib/crater-agent-workspace/rustup-home:/opt/rustwide/rustup-home:ro,Z" "-e" "SOURCE_DIR=/opt/rustwide/workdir" "-e" "CARGO_TARGET_DIR=/opt/rustwide/target" "-e" "CARGO_INCREMENTAL=0" "-e" "RUST_BACKTRACE=full" "-e" "RUSTFLAGS=--cap-lints=warn" "-e" "CARGO_HOME=/opt/rustwide/cargo-home" "-e" "RUSTUP_HOME=/opt/rustwide/rustup-home" "-w" "/opt/rustwide/workdir" "-m" "1610612736" "--user" "0:0" "--network" "none" "ghcr.io/rust-lang/crates-build-env/linux@sha256:34b6a614d2c27851fe6cbf88fbd1137609cefab8b10d0615aaeb6fd47975d74e" "/opt/rustwide/cargo-home/bin/cargo" "+beta-2021-08-01" "test" "--frozen", kill_on_drop: false }`
[INFO] [stdout] d042bf563316534283e8d87c8c5e8a72abcaffcae732e63e49e1e4e6f73c5991
[INFO] running `Command { std: "docker" "start" "-a" "d042bf563316534283e8d87c8c5e8a72abcaffcae732e63e49e1e4e6f73c5991", kill_on_drop: false }`
[INFO] [stderr]     Blocking waiting for file lock on package cache
[INFO] [stderr]     Finished test [unoptimized + debuginfo] target(s) in 0.72s
[INFO] [stderr]      Running unittests (/opt/rustwide/target/debug/deps/rotary-17852939cc55f0d8)
[INFO] [stdout] 
[INFO] [stdout] running 38 tests
[INFO] [stdout] test tests::copy_channels::test_copy_channels_dynamic ... ok
[INFO] [stdout] test tests::copy_channels::test_copy_channels_sequential ... ok
[INFO] [stdout] test tests::copy_channels::test_copy_channels_vec_of_vecs ... ok
[INFO] [stdout] test tests::copy_channels::test_copy_channels_interleaved ... ok
[INFO] [stdout] test tests::copy_channels::test_copy_channels_wrap_interleaved ... ok
[INFO] [stdout] test tests::copy_channels::test_copy_channels_wrap_sequential ... ok
[INFO] [stdout] test tests::dynamic::test_drop_empty ... ok
[INFO] [stdout] test tests::dynamic::test_empty ... ok
[INFO] [stdout] test tests::dynamic::test_channels_then_resize ... ok
[INFO] [stdout] test tests::dynamic::test_empty_channels ... ok
[INFO] [stdout] test tests::dynamic::test_enabled_mut ... ok
[INFO] [stdout] test tests::dynamic::test_get_or_default ... ok
[INFO] [stdout] test tests::dynamic::test_into_vecs ... ok
[INFO] [stdout] test tests::dynamic::test_get_mut ... ok
[INFO] [stdout] test tests::dynamic::test_multiple_channel_resizes ... ok
[INFO] [stdout] test tests::dynamic::test_resize_then_channels ... ok
[INFO] [stdout] test tests::dynamic::test_multiple_resizes ... ok
[INFO] [stdout] test tests::dynamic::test_stale_allocation ... ok
[INFO] [stdout] test tests::dynamic::test_resize_topology ... ok
[INFO] [stdout] test tests::interleaved::test_as_interleaved_mut_ptr ... ok
[INFO] [stdout] test tests::interleaved::test_iter ... ok
[INFO] [stdout] test tests::interleaved::test_init ... ok
[INFO] [stdout] test tests::interleaved::test_complicated ... ok
[INFO] [stdout] test tests::interleaved::test_resize ... ok
[INFO] [stdout] test tests::dynamic::test_from_array ... ok
[INFO] [stdout] test tests::interleaved::test_iter_mut ... ok
[INFO] [stdout] test tests::io::test_read_write ... ok
[INFO] [stdout] test tests::io::test_simple_io ... ok
[INFO] [stdout] test tests::sequential::test_drop_empty ... ok
[INFO] [stdout] test tests::sequential::test_channels_then_resize ... ok
[INFO] [stdout] test tests::sequential::test_empty ... ok
[INFO] [stdout] test tests::sequential::test_empty_channels ... ok
[INFO] [stdout] test tests::sequential::test_from_array ... ok
[INFO] [stdout] test tests::sequential::test_multiple_channel_resizes ... ok
[INFO] [stdout] test tests::sequential::test_multiple_resizes ... ok
[INFO] [stdout] test tests::sequential::test_resize_then_channels ... ok
[INFO] [stdout] test tests::sequential::test_stale_allocation ... ok
[INFO] [stdout] test tests::sequential::test_unaligned_resize ... ok
[INFO] [stdout] 
[INFO] [stdout] test result: ok. 38 passed; 0 failed; 0 ignored; 0 measured; 0 filtered out; finished in 0.01s
[INFO] [stdout] 
[INFO] [stderr]    Doc-tests rotary
[INFO] [stderr] warning: lint `broken_intra_doc_links` has been renamed to `rustdoc::broken_intra_doc_links`
[INFO] [stderr]    --> /opt/rustwide/workdir/src/lib.rs:104:23
[INFO] [stderr]     |
[INFO] [stderr] 104 | #![deny(missing_docs, broken_intra_doc_links)]
[INFO] [stderr]     |                       ^^^^^^^^^^^^^^^^^^^^^^ help: use the new name: `rustdoc::broken_intra_doc_links`
[INFO] [stderr]     |
[INFO] [stderr]     = note: `#[warn(renamed_and_removed_lints)]` on by default
[INFO] [stderr] 
[INFO] [stderr] warning: 1 warning emitted
[INFO] [stderr] 
[INFO] [stdout] 
[INFO] [stdout] running 101 tests
[INFO] [stdout] test src/interleaved/channel.rs - interleaved::channel::ChannelMut::into_mut (line 257) - compile fail ... ok
[INFO] [stdout] test src/interleaved.rs - interleaved::Interleaved<T>::iter_mut (line 597) ... FAILED
[INFO] [stdout] test src/dynamic.rs - dynamic::Dynamic<T>::iter (line 233) ... FAILED
[INFO] [stdout] test src/interleaved.rs - interleaved::Interleaved<T>::into_vec (line 233) ... FAILED
[INFO] [stderr] error: test failed, to rerun pass '--doc'
[INFO] [stderr] 
[INFO] [stderr] Caused by:
[INFO] [stderr]   process didn't exit successfully: `rustdoc --edition=2018 --crate-type lib --crate-name rotary --test /opt/rustwide/workdir/src/lib.rs -L dependency=/opt/rustwide/target/debug/deps -L dependency=/opt/rustwide/target/debug/deps --extern bittle=/opt/rustwide/target/debug/deps/libbittle-584d584e3467b738.rlib --extern rand=/opt/rustwide/target/debug/deps/librand-06560e340dc26517.rlib --extern rotary=/opt/rustwide/target/debug/deps/librotary-f09bcdd3943ff31f.rlib --extern rotary_core=/opt/rustwide/target/debug/deps/librotary_core-72f28a6255553317.rlib -C embed-bitcode=no --error-format human` (signal: 9, SIGKILL: kill)
[INFO] running `Command { std: "docker" "inspect" "d042bf563316534283e8d87c8c5e8a72abcaffcae732e63e49e1e4e6f73c5991", kill_on_drop: false }`
[INFO] running `Command { std: "docker" "rm" "-f" "d042bf563316534283e8d87c8c5e8a72abcaffcae732e63e49e1e4e6f73c5991", kill_on_drop: false }`
[INFO] [stdout] d042bf563316534283e8d87c8c5e8a72abcaffcae732e63e49e1e4e6f73c5991
