[INFO] fetching crate rotary-core 0.2.0-alpha.2...
[INFO] testing rotary-core-0.2.0-alpha.2 against beta-2021-08-01 for beta-1.55-1
[INFO] extracting crate rotary-core 0.2.0-alpha.2 into /workspace/builds/worker-78/source
[INFO] validating manifest of crates.io crate rotary-core 0.2.0-alpha.2 on toolchain beta-2021-08-01
[INFO] running `Command { std: "/workspace/cargo-home/bin/cargo" "+beta-2021-08-01" "metadata" "--manifest-path" "Cargo.toml" "--no-deps", kill_on_drop: false }`
[INFO] started tweaking crates.io crate rotary-core 0.2.0-alpha.2
[INFO] finished tweaking crates.io crate rotary-core 0.2.0-alpha.2
[INFO] tweaked toml for crates.io crate rotary-core 0.2.0-alpha.2 written to /workspace/builds/worker-78/source/Cargo.toml
[INFO] running `Command { std: "/workspace/cargo-home/bin/cargo" "+beta-2021-08-01" "generate-lockfile" "--manifest-path" "Cargo.toml" "-Zno-index-update", kill_on_drop: false }`
[INFO] running `Command { std: "/workspace/cargo-home/bin/cargo" "+beta-2021-08-01" "fetch" "--manifest-path" "Cargo.toml", kill_on_drop: false }`
[INFO] [stderr]     Blocking waiting for file lock on package cache
[INFO] running `Command { std: "docker" "create" "-v" "/var/lib/crater-agent-workspace/builds/worker-78/target:/opt/rustwide/target:rw,Z" "-v" "/var/lib/crater-agent-workspace/builds/worker-78/source:/opt/rustwide/workdir:ro,Z" "-v" "/var/lib/crater-agent-workspace/cargo-home:/opt/rustwide/cargo-home:ro,Z" "-v" "/var/lib/crater-agent-workspace/rustup-home:/opt/rustwide/rustup-home:ro,Z" "-e" "SOURCE_DIR=/opt/rustwide/workdir" "-e" "CARGO_TARGET_DIR=/opt/rustwide/target" "-e" "CARGO_HOME=/opt/rustwide/cargo-home" "-e" "RUSTUP_HOME=/opt/rustwide/rustup-home" "-w" "/opt/rustwide/workdir" "-m" "1610612736" "--user" "0:0" "--network" "none" "ghcr.io/rust-lang/crates-build-env/linux@sha256:34b6a614d2c27851fe6cbf88fbd1137609cefab8b10d0615aaeb6fd47975d74e" "/opt/rustwide/cargo-home/bin/cargo" "+beta-2021-08-01" "metadata" "--no-deps" "--format-version=1", kill_on_drop: false }`
[INFO] [stdout] 6d6b051b6a863339b6bef8feed8ee57a310861f526d43255572a8e330d60ac1a
[INFO] running `Command { std: "docker" "start" "-a" "6d6b051b6a863339b6bef8feed8ee57a310861f526d43255572a8e330d60ac1a", kill_on_drop: false }`
[INFO] running `Command { std: "docker" "inspect" "6d6b051b6a863339b6bef8feed8ee57a310861f526d43255572a8e330d60ac1a", kill_on_drop: false }`
[INFO] running `Command { std: "docker" "rm" "-f" "6d6b051b6a863339b6bef8feed8ee57a310861f526d43255572a8e330d60ac1a", kill_on_drop: false }`
[INFO] [stdout] 6d6b051b6a863339b6bef8feed8ee57a310861f526d43255572a8e330d60ac1a
[INFO] running `Command { std: "docker" "create" "-v" "/var/lib/crater-agent-workspace/builds/worker-78/target:/opt/rustwide/target:rw,Z" "-v" "/var/lib/crater-agent-workspace/builds/worker-78/source:/opt/rustwide/workdir:ro,Z" "-v" "/var/lib/crater-agent-workspace/cargo-home:/opt/rustwide/cargo-home:ro,Z" "-v" "/var/lib/crater-agent-workspace/rustup-home:/opt/rustwide/rustup-home:ro,Z" "-e" "SOURCE_DIR=/opt/rustwide/workdir" "-e" "CARGO_TARGET_DIR=/opt/rustwide/target" "-e" "CARGO_INCREMENTAL=0" "-e" "RUST_BACKTRACE=full" "-e" "RUSTFLAGS=--cap-lints=warn" "-e" "CARGO_HOME=/opt/rustwide/cargo-home" "-e" "RUSTUP_HOME=/opt/rustwide/rustup-home" "-w" "/opt/rustwide/workdir" "-m" "1610612736" "--user" "0:0" "--network" "none" "ghcr.io/rust-lang/crates-build-env/linux@sha256:34b6a614d2c27851fe6cbf88fbd1137609cefab8b10d0615aaeb6fd47975d74e" "/opt/rustwide/cargo-home/bin/cargo" "+beta-2021-08-01" "build" "--frozen" "--message-format=json", kill_on_drop: false }`
[INFO] [stdout] a981a5c4f93a0da0dfbe6f1c921864a3aca767e4f2053d46c45364d814628daa
[INFO] running `Command { std: "docker" "start" "-a" "a981a5c4f93a0da0dfbe6f1c921864a3aca767e4f2053d46c45364d814628daa", kill_on_drop: false }`
[INFO] [stderr]    Compiling rotary-core v0.2.0-alpha.2 (/opt/rustwide/workdir)
[INFO] [stderr]     Finished dev [unoptimized + debuginfo] target(s) in 0.93s
[INFO] running `Command { std: "docker" "inspect" "a981a5c4f93a0da0dfbe6f1c921864a3aca767e4f2053d46c45364d814628daa", kill_on_drop: false }`
[INFO] running `Command { std: "docker" "rm" "-f" "a981a5c4f93a0da0dfbe6f1c921864a3aca767e4f2053d46c45364d814628daa", kill_on_drop: false }`
[INFO] [stdout] a981a5c4f93a0da0dfbe6f1c921864a3aca767e4f2053d46c45364d814628daa
[INFO] running `Command { std: "docker" "create" "-v" "/var/lib/crater-agent-workspace/builds/worker-78/target:/opt/rustwide/target:rw,Z" "-v" "/var/lib/crater-agent-workspace/builds/worker-78/source:/opt/rustwide/workdir:ro,Z" "-v" "/var/lib/crater-agent-workspace/cargo-home:/opt/rustwide/cargo-home:ro,Z" "-v" "/var/lib/crater-agent-workspace/rustup-home:/opt/rustwide/rustup-home:ro,Z" "-e" "SOURCE_DIR=/opt/rustwide/workdir" "-e" "CARGO_TARGET_DIR=/opt/rustwide/target" "-e" "CARGO_INCREMENTAL=0" "-e" "RUST_BACKTRACE=full" "-e" "RUSTFLAGS=--cap-lints=warn" "-e" "CARGO_HOME=/opt/rustwide/cargo-home" "-e" "RUSTUP_HOME=/opt/rustwide/rustup-home" "-w" "/opt/rustwide/workdir" "-m" "1610612736" "--user" "0:0" "--network" "none" "ghcr.io/rust-lang/crates-build-env/linux@sha256:34b6a614d2c27851fe6cbf88fbd1137609cefab8b10d0615aaeb6fd47975d74e" "/opt/rustwide/cargo-home/bin/cargo" "+beta-2021-08-01" "test" "--frozen" "--no-run" "--message-format=json", kill_on_drop: false }`
[INFO] [stdout] 0f072df17e117284d8ebe709691a43e0061a58cfaa9e928cf328cae48f2d37d9
[INFO] running `Command { std: "docker" "start" "-a" "0f072df17e117284d8ebe709691a43e0061a58cfaa9e928cf328cae48f2d37d9", kill_on_drop: false }`
[INFO] [stderr]    Compiling rotary-core v0.2.0-alpha.2
[INFO] [stderr]    Compiling rotary v0.29.0-alpha.2
[INFO] [stderr]    Compiling rotary-core v0.2.0-alpha.2 (/opt/rustwide/workdir)
[INFO] [stderr]     Finished test [unoptimized + debuginfo] target(s) in 4.53s
[INFO] running `Command { std: "docker" "inspect" "0f072df17e117284d8ebe709691a43e0061a58cfaa9e928cf328cae48f2d37d9", kill_on_drop: false }`
[INFO] running `Command { std: "docker" "rm" "-f" "0f072df17e117284d8ebe709691a43e0061a58cfaa9e928cf328cae48f2d37d9", kill_on_drop: false }`
[INFO] [stdout] 0f072df17e117284d8ebe709691a43e0061a58cfaa9e928cf328cae48f2d37d9
[INFO] running `Command { std: "docker" "create" "-v" "/var/lib/crater-agent-workspace/builds/worker-78/target:/opt/rustwide/target:rw,Z" "-v" "/var/lib/crater-agent-workspace/builds/worker-78/source:/opt/rustwide/workdir:ro,Z" "-v" "/var/lib/crater-agent-workspace/cargo-home:/opt/rustwide/cargo-home:ro,Z" "-v" "/var/lib/crater-agent-workspace/rustup-home:/opt/rustwide/rustup-home:ro,Z" "-e" "SOURCE_DIR=/opt/rustwide/workdir" "-e" "CARGO_TARGET_DIR=/opt/rustwide/target" "-e" "CARGO_INCREMENTAL=0" "-e" "RUST_BACKTRACE=full" "-e" "RUSTFLAGS=--cap-lints=warn" "-e" "CARGO_HOME=/opt/rustwide/cargo-home" "-e" "RUSTUP_HOME=/opt/rustwide/rustup-home" "-w" "/opt/rustwide/workdir" "-m" "1610612736" "--user" "0:0" "--network" "none" "ghcr.io/rust-lang/crates-build-env/linux@sha256:34b6a614d2c27851fe6cbf88fbd1137609cefab8b10d0615aaeb6fd47975d74e" "/opt/rustwide/cargo-home/bin/cargo" "+beta-2021-08-01" "test" "--frozen", kill_on_drop: false }`
[INFO] [stdout] 5e3a72a09d86d9a1f162c8eb42a6750f3fcef33faecd971b69dce08f75104a10
[INFO] running `Command { std: "docker" "start" "-a" "5e3a72a09d86d9a1f162c8eb42a6750f3fcef33faecd971b69dce08f75104a10", kill_on_drop: false }`
[INFO] [stderr]     Blocking waiting for file lock on package cache
[INFO] [stderr]     Finished test [unoptimized + debuginfo] target(s) in 0.30s
[INFO] [stderr]      Running unittests (/opt/rustwide/target/debug/deps/rotary_core-ce109e66ef185c5a)
[INFO] [stdout] 
[INFO] [stdout] running 0 tests
[INFO] [stdout] 
[INFO] [stdout] test result: ok. 0 passed; 0 failed; 0 ignored; 0 measured; 0 filtered out; finished in 0.00s
[INFO] [stdout] 
[INFO] [stderr]    Doc-tests rotary-core
[INFO] [stderr] warning: lint `broken_intra_doc_links` has been renamed to `rustdoc::broken_intra_doc_links`
[INFO] [stderr]  --> /opt/rustwide/workdir/src/lib.rs:9:23
[INFO] [stderr]   |
[INFO] [stderr] 9 | #![deny(missing_docs, broken_intra_doc_links)]
[INFO] [stderr]   |                       ^^^^^^^^^^^^^^^^^^^^^^ help: use the new name: `rustdoc::broken_intra_doc_links`
[INFO] [stderr]   |
[INFO] [stderr]   = note: `#[warn(renamed_and_removed_lints)]` on by default
[INFO] [stderr] 
[INFO] [stderr] warning: 1 warning emitted
[INFO] [stderr] 
[INFO] [stdout] 
[INFO] [stdout] running 65 tests
[INFO] [stdout] test src/channel.rs - channel::ChannelMut::into_ref (line 619) - compile fail ... ok
[INFO] [stdout] test src/channel.rs - channel::ChannelMut::as_mut (line 699) - compile fail ... ok
[INFO] [stdout] test src/buf/as_interleaved_mut.rs - buf::as_interleaved_mut::AsInterleavedMut::as_interleaved_mut (line 9) ... FAILED
[INFO] [stdout] test src/channel.rs - channel::ChannelMut::copy_from_slice (line 1003) ... FAILED
[INFO] [stdout] test src/channel.rs - channel::ChannelMut::copy_from_iter (line 1057) ... FAILED
[INFO] [stdout] test src/channel.rs - channel::ChannelMut::iter (line 800) ... FAILED
[INFO] [stdout] test src/channel.rs - channel::ChannelMut::chunk (line 963) ... FAILED
[INFO] [stdout] test src/channel.rs - channel::ChannelMut::iter_mut (line 825) ... FAILED
[INFO] [stdout] test src/io.rs - io::WriteBuf::has_remaining_mut (line 152) ... FAILED
[INFO] [stdout] test src/channel.rs - channel::ChannelMut::skip (line 856) ... FAILED
[INFO] [stdout] test src/io.rs - io::WriteBuf::remaining_mut (line 171) ... FAILED
[INFO] [stdout] test src/channel.rs - channel::ChannelMut::linear (line 539) ... FAILED
[INFO] [stdout] test src/io.rs - io::ReadBuf (line 13) ... FAILED
[INFO] [stdout] test src/io.rs - io::WriteBuf::advance_mut (line 185) ... FAILED
[INFO] [stdout] test src/io.rs - io::WriteBuf (line 118) ... FAILED
[INFO] [stdout] test src/channel.rs - channel::ChannelMut::chunks (line 768) ... FAILED
[INFO] [stdout] test src/channel.rs - channel::ChannelMut::copy_from_iter (line 1040) ... FAILED
[INFO] [stdout] test src/buf.rs - buf::Buf::skip (line 129) ... FAILED
[INFO] [stdout] test src/channel.rs - channel::Channel::iter (line 120) ... FAILED
[INFO] [stdout] test src/channel.rs - channel::ChannelMut::copy_from (line 1097) ... FAILED
[INFO] [stdout] test src/channel.rs - channel::Channel::copy_into_iter (line 379) ... FAILED
[INFO] [stdout] test src/channel.rs - channel::ChannelMut::translate_from (line 1133) ... FAILED
[INFO] [stdout] test src/channel.rs - channel::ChannelMut (line 1244) ... FAILED
[INFO] [stdout] test src/buf.rs - buf::Buf::tail (line 165) ... FAILED
[INFO] [stdout] test src/channel.rs - channel::Channel::copy_into_slice (line 339) ... FAILED
[INFO] [stdout] test src/buf.rs - buf::Buf::limit (line 187) ... FAILED
[INFO] [stdout] test src/buf.rs - buf::Buf::chunk (line 212) ... FAILED
[INFO] [stdout] test src/buf.rs - buf::Buf::skip (line 143) ... FAILED
[INFO] [stdout] test src/buf/as_interleaved_mut.rs - buf::as_interleaved_mut::AsInterleavedMut::as_interleaved_mut_ptr (line 46) ... FAILED
[INFO] [stdout] test src/buf/interleaved_buf.rs - buf::interleaved_buf::InterleavedBuf::reserve_frames (line 21) ... FAILED
[INFO] [stdout] test src/channel.rs - channel::Channel::skip (line 185) ... FAILED
[INFO] [stdout] test src/channel.rs - channel::ChannelMut::frames (line 742) ... FAILED
[INFO] [stdout] test src/buf/exact_size_buf.rs - buf::exact_size_buf::ExactSizeBuf::frames (line 26) ... FAILED
[INFO] [stdout] test src/buf/as_interleaved.rs - buf::as_interleaved::AsInterleaved::as_interleaved (line 9) ... FAILED
[INFO] [stdout] test src/channel.rs - channel::Channel::tail (line 216) ... FAILED
[INFO] [stdout] test src/channel.rs - channel::Channel::limit (line 252) ... FAILED
[INFO] [stdout] test src/channel.rs - channel::Channel::as_ref (line 156) ... ok
[INFO] [stdout] test src/buf/interleaved_buf.rs - buf::interleaved_buf::InterleavedBuf::set_topology (line 73) ... FAILED
[INFO] [stdout] test src/channel.rs - channel::ChannelMut::chunk (line 951) ... FAILED
[INFO] [stdout] test src/channel.rs - channel::Channel::chunks (line 307) ... FAILED
[INFO] [stdout] test src/buf.rs - buf::Buf::channels (line 102) ... FAILED
[INFO] [stdout] test src/channel.rs - channel::Channel::frames (line 94) ... FAILED
[INFO] [stdout] test src/channel.rs - channel::ChannelMut::limit (line 920) ... FAILED
[INFO] [stdout] test src/buf.rs - buf::ChannelsMut::copy_channels (line 271) ... FAILED
[INFO] [stdout] test src/channel.rs - channel::Channel::linear (line 46) ... ok
[INFO] [stdout] test src/channel.rs - channel::ChannelMut::tail (line 884) ... FAILED
[INFO] [stdout] test src/channel.rs - channel::ChannelMut::as_ref (line 656) ... ok
[INFO] [stdout] test src/channel.rs - channel::Channel::interleaved (line 74) ... ok
[INFO] [stdout] test src/io.rs - io::ReadBuf::advance (line 77) ... ok
[INFO] [stdout] test src/buf.rs - buf::Buf::frames_hint (line 69) ... ok
[INFO] [stdout] test src/channel.rs - channel::ChannelMut::into_ref (line 602) ... ok
[INFO] [stdout] test src/buf.rs - buf::Buf::frames_hint (line 83) ... ok
[INFO] [stdout] test src/sample.rs - sample::f32 (line 25) ... ok
[INFO] [stdout] test src/channel.rs - channel::ChannelMut::as_mut (line 682) ... ok
[INFO] [stdout] test src/io.rs - io::ReadBuf::has_remaining (line 46) ... ok
[INFO] [stdout] test src/buf.rs - buf::Buf (line 37) ... ok
[INFO] [stdout] test src/buf/interleaved_buf.rs - buf::interleaved_buf::InterleavedBuf::set_topology (line 61) ... ok
[INFO] [stdout] test src/translate.rs - translate::Translate (line 5) ... ok
[INFO] [stdout] test src/channel.rs - channel::ChannelMut::interleaved (line 571) ... ok
[INFO] [stdout] test src/buf/resizable_buf.rs - buf::resizable_buf::ResizableBuf::resize (line 10) ... ok
[INFO] [stdout] test src/buf/resizable_buf.rs - buf::resizable_buf::ResizableBuf::resize_topology (line 33) ... ok
[INFO] [stdout] test src/io.rs - io::ReadBuf::remaining (line 64) ... ok
[INFO] [stdout] test src/buf.rs - buf::Buf (line 49) ... ok
[INFO] [stdout] test src/sample.rs - sample::f64 (line 41) ... ok
[INFO] [stdout] test src/buf/exact_size_buf.rs - buf::exact_size_buf::ExactSizeBuf (line 8) ... ok
[INFO] [stdout] 
[INFO] [stdout] failures:
[INFO] [stdout] 
[INFO] [stdout] ---- src/buf/as_interleaved_mut.rs - buf::as_interleaved_mut::AsInterleavedMut::as_interleaved_mut (line 9) stdout ----
[INFO] [stdout] error[E0599]: no method named `as_interleaved` found for type parameter `B` in the current scope
[INFO] [stdout]   --> src/buf/as_interleaved_mut.rs:26:23
[INFO] [stdout]    |
[INFO] [stdout] 19 |     assert_eq!(buffer.as_interleaved(), &[1, 1, 2, 2, 3, 3, 4, 4]);
[INFO] [stdout]    |                       ^^^^^^^^^^^^^^
[INFO] [stdout]    |
[INFO] [stdout]    = help: items from traits can only be used if the type parameter is bounded by the trait
[INFO] [stdout] help: the following trait defines an item `as_interleaved`, perhaps you need to restrict type parameter `B` with it:
[INFO] [stdout]    |
[INFO] [stdout] 6  | fn test<B: AsInterleaved>(mut buffer: B) where B: Channels<i16> + AsInterleavedMut<i16> {
[INFO] [stdout]    |         ^^^^^^^^^^^^^^^^
[INFO] [stdout] help: there is an associated function with a similar name
[INFO] [stdout]    |
[INFO] [stdout] 19 |     assert_eq!(buffer.as_interleaved_mut(), &[1, 1, 2, 2, 3, 3, 4, 4]);
[INFO] [stdout]    |                       ^^^^^^^^^^^^^^^^^^
[INFO] [stdout] 
[INFO] [stdout] error: aborting due to previous error
[INFO] [stdout] 
[INFO] [stdout] For more information about this error, try `rustc --explain E0599`.
[INFO] [stdout] Couldn't compile the test.
[INFO] [stdout] ---- src/channel.rs - channel::ChannelMut::copy_from_slice (line 1003) stdout ----
[INFO] [stdout] Couldn't compile the test.
[INFO] [stdout] ---- src/channel.rs - channel::ChannelMut::copy_from_iter (line 1057) stdout ----
[INFO] [stdout] Couldn't compile the test.
[INFO] [stdout] ---- src/channel.rs - channel::ChannelMut::iter (line 800) stdout ----
[INFO] [stdout] Couldn't compile the test.
[INFO] [stdout] ---- src/channel.rs - channel::ChannelMut::chunk (line 963) stdout ----
[INFO] [stdout] Couldn't compile the test.
[INFO] [stdout] ---- src/channel.rs - channel::ChannelMut::iter_mut (line 825) stdout ----
[INFO] [stdout] Couldn't compile the test.
[INFO] [stdout] ---- src/io.rs - io::WriteBuf::has_remaining_mut (line 152) stdout ----
[INFO] [stdout] Couldn't compile the test.
[INFO] [stdout] ---- src/channel.rs - channel::ChannelMut::skip (line 856) stdout ----
[INFO] [stdout] Couldn't compile the test.
[INFO] [stdout] ---- src/io.rs - io::WriteBuf::remaining_mut (line 171) stdout ----
[INFO] [stdout] Couldn't compile the test.
[INFO] [stdout] ---- src/channel.rs - channel::ChannelMut::linear (line 539) stdout ----
[INFO] [stdout] Couldn't compile the test.
[INFO] [stdout] ---- src/io.rs - io::ReadBuf (line 13) stdout ----
[INFO] [stdout] Couldn't compile the test.
[INFO] [stdout] ---- src/io.rs - io::WriteBuf::advance_mut (line 185) stdout ----
[INFO] [stdout] Couldn't compile the test.
[INFO] [stdout] ---- src/io.rs - io::WriteBuf (line 118) stdout ----
[INFO] [stdout] Couldn't compile the test.
[INFO] [stdout] ---- src/channel.rs - channel::ChannelMut::chunks (line 768) stdout ----
[INFO] [stdout] Couldn't compile the test.
[INFO] [stdout] ---- src/channel.rs - channel::ChannelMut::copy_from_iter (line 1040) stdout ----
[INFO] [stdout] Couldn't compile the test.
[INFO] [stdout] ---- src/buf.rs - buf::Buf::skip (line 129) stdout ----
[INFO] [stdout] Couldn't compile the test.
[INFO] [stdout] ---- src/channel.rs - channel::Channel::iter (line 120) stdout ----
[INFO] [stdout] Couldn't compile the test.
[INFO] [stdout] ---- src/channel.rs - channel::ChannelMut::copy_from (line 1097) stdout ----
[INFO] [stdout] Couldn't compile the test.
[INFO] [stdout] ---- src/channel.rs - channel::Channel::copy_into_iter (line 379) stdout ----
[INFO] [stdout] Couldn't compile the test.
[INFO] [stdout] ---- src/channel.rs - channel::ChannelMut::translate_from (line 1133) stdout ----
[INFO] [stdout] Couldn't compile the test.
[INFO] [stdout] ---- src/channel.rs - channel::ChannelMut (line 1244) stdout ----
[INFO] [stdout] Couldn't compile the test.
[INFO] [stdout] ---- src/buf.rs - buf::Buf::tail (line 165) stdout ----
[INFO] [stdout] Couldn't compile the test.
[INFO] [stdout] ---- src/channel.rs - channel::Channel::copy_into_slice (line 339) stdout ----
[INFO] [stdout] Couldn't compile the test.
[INFO] [stdout] ---- src/buf.rs - buf::Buf::limit (line 187) stdout ----
[INFO] [stdout] Couldn't compile the test.
[INFO] [stdout] ---- src/buf.rs - buf::Buf::chunk (line 212) stdout ----
[INFO] [stdout] Couldn't compile the test.
[INFO] [stdout] ---- src/buf.rs - buf::Buf::skip (line 143) stdout ----
[INFO] [stdout] Couldn't compile the test.
[INFO] [stdout] ---- src/buf/as_interleaved_mut.rs - buf::as_interleaved_mut::AsInterleavedMut::as_interleaved_mut_ptr (line 46) stdout ----
[INFO] [stdout] Couldn't compile the test.
[INFO] [stdout] ---- src/buf/interleaved_buf.rs - buf::interleaved_buf::InterleavedBuf::reserve_frames (line 21) stdout ----
[INFO] [stdout] Couldn't compile the test.
[INFO] [stdout] ---- src/channel.rs - channel::Channel::skip (line 185) stdout ----
[INFO] [stdout] Couldn't compile the test.
[INFO] [stdout] ---- src/channel.rs - channel::ChannelMut::frames (line 742) stdout ----
[INFO] [stdout] Couldn't compile the test.
[INFO] [stdout] ---- src/buf/exact_size_buf.rs - buf::exact_size_buf::ExactSizeBuf::frames (line 26) stdout ----
[INFO] [stdout] Couldn't compile the test.
[INFO] [stdout] ---- src/buf/as_interleaved.rs - buf::as_interleaved::AsInterleaved::as_interleaved (line 9) stdout ----
[INFO] [stdout] Couldn't compile the test.
[INFO] [stdout] ---- src/channel.rs - channel::Channel::tail (line 216) stdout ----
[INFO] [stdout] Couldn't compile the test.
[INFO] [stdout] ---- src/channel.rs - channel::Channel::limit (line 252) stdout ----
[INFO] [stdout] Couldn't compile the test.
[INFO] [stdout] ---- src/buf/interleaved_buf.rs - buf::interleaved_buf::InterleavedBuf::set_topology (line 73) stdout ----
[INFO] [stdout] Couldn't compile the test.
[INFO] [stdout] ---- src/channel.rs - channel::ChannelMut::chunk (line 951) stdout ----
[INFO] [stdout] Couldn't compile the test.
[INFO] [stdout] ---- src/channel.rs - channel::Channel::chunks (line 307) stdout ----
[INFO] [stdout] Couldn't compile the test.
[INFO] [stdout] ---- src/buf.rs - buf::Buf::channels (line 102) stdout ----
[INFO] [stdout] Couldn't compile the test.
[INFO] [stdout] ---- src/channel.rs - channel::Channel::frames (line 94) stdout ----
[INFO] [stdout] Couldn't compile the test.
[INFO] [stdout] ---- src/channel.rs - channel::ChannelMut::limit (line 920) stdout ----
[INFO] [stdout] Couldn't compile the test.
[INFO] [stdout] ---- src/buf.rs - buf::ChannelsMut::copy_channels (line 271) stdout ----
[INFO] [stdout] Couldn't compile the test.
[INFO] [stdout] ---- src/channel.rs - channel::ChannelMut::tail (line 884) stdout ----
[INFO] [stdout] Couldn't compile the test.
[INFO] [stdout] 
[INFO] [stdout] failures:
[INFO] [stdout]     src/buf.rs - buf::Buf::channels (line 102)
[INFO] [stdout]     src/buf.rs - buf::Buf::chunk (line 212)
[INFO] [stdout]     src/buf.rs - buf::Buf::limit (line 187)
[INFO] [stdout]     src/buf.rs - buf::Buf::skip (line 129)
[INFO] [stdout]     src/buf.rs - buf::Buf::skip (line 143)
[INFO] [stdout]     src/buf.rs - buf::Buf::tail (line 165)
[INFO] [stdout]     src/buf.rs - buf::ChannelsMut::copy_channels (line 271)
[INFO] [stdout]     src/buf/as_interleaved.rs - buf::as_interleaved::AsInterleaved::as_interleaved (line 9)
[INFO] [stdout]     src/buf/as_interleaved_mut.rs - buf::as_interleaved_mut::AsInterleavedMut::as_interleaved_mut (line 9)
[INFO] [stdout]     src/buf/as_interleaved_mut.rs - buf::as_interleaved_mut::AsInterleavedMut::as_interleaved_mut_ptr (line 46)
[INFO] [stdout]     src/buf/exact_size_buf.rs - buf::exact_size_buf::ExactSizeBuf::frames (line 26)
[INFO] [stdout]     src/buf/interleaved_buf.rs - buf::interleaved_buf::InterleavedBuf::reserve_frames (line 21)
[INFO] [stdout]     src/buf/interleaved_buf.rs - buf::interleaved_buf::InterleavedBuf::set_topology (line 73)
[INFO] [stdout]     src/channel.rs - channel::Channel::chunks (line 307)
[INFO] [stdout]     src/channel.rs - channel::Channel::copy_into_iter (line 379)
[INFO] [stdout]     src/channel.rs - channel::Channel::copy_into_slice (line 339)
[INFO] [stdout]     src/channel.rs - channel::Channel::frames (line 94)
[INFO] [stdout]     src/channel.rs - channel::Channel::iter (line 120)
[INFO] [stdout]     src/channel.rs - channel::Channel::limit (line 252)
[INFO] [stdout]     src/channel.rs - channel::Channel::skip (line 185)
[INFO] [stdout]     src/channel.rs - channel::Channel::tail (line 216)
[INFO] [stdout]     src/channel.rs - channel::ChannelMut (line 1244)
[INFO] [stdout]     src/channel.rs - channel::ChannelMut::chunk (line 951)
[INFO] [stdout]     src/channel.rs - channel::ChannelMut::chunk (line 963)
[INFO] [stdout]     src/channel.rs - channel::ChannelMut::chunks (line 768)
[INFO] [stdout]     src/channel.rs - channel::ChannelMut::copy_from (line 1097)
[INFO] [stdout]     src/channel.rs - channel::ChannelMut::copy_from_iter (line 1040)
[INFO] [stdout]     src/channel.rs - channel::ChannelMut::copy_from_iter (line 1057)
[INFO] [stdout]     src/channel.rs - channel::ChannelMut::copy_from_slice (line 1003)
[INFO] [stdout]     src/channel.rs - channel::ChannelMut::frames (line 742)
[INFO] [stdout]     src/channel.rs - channel::ChannelMut::iter (line 800)
[INFO] [stdout]     src/channel.rs - channel::ChannelMut::iter_mut (line 825)
[INFO] [stdout]     src/channel.rs - channel::ChannelMut::limit (line 920)
[INFO] [stdout]     src/channel.rs - channel::ChannelMut::linear (line 539)
[INFO] [stdout]     src/channel.rs - channel::ChannelMut::skip (line 856)
[INFO] [stdout]     src/channel.rs - channel::ChannelMut::tail (line 884)
[INFO] [stdout]     src/channel.rs - channel::ChannelMut::translate_from (line 1133)
[INFO] [stdout]     src/io.rs - io::ReadBuf (line 13)
[INFO] [stdout]     src/io.rs - io::WriteBuf (line 118)
[INFO] [stdout]     src/io.rs - io::WriteBuf::advance_mut (line 185)
[INFO] [stdout]     src/io.rs - io::WriteBuf::has_remaining_mut (line 152)
[INFO] [stdout]     src/io.rs - io::WriteBuf::remaining_mut (line 171)
[INFO] [stdout] 
[INFO] [stdout] test result: FAILED. 23 passed; 42 failed; 0 ignored; 0 measured; 0 filtered out; finished in 2.42s
[INFO] [stdout] 
[INFO] [stderr] error: test failed, to rerun pass '--doc'
[INFO] running `Command { std: "docker" "inspect" "5e3a72a09d86d9a1f162c8eb42a6750f3fcef33faecd971b69dce08f75104a10", kill_on_drop: false }`
[INFO] running `Command { std: "docker" "rm" "-f" "5e3a72a09d86d9a1f162c8eb42a6750f3fcef33faecd971b69dce08f75104a10", kill_on_drop: false }`
[INFO] [stdout] 5e3a72a09d86d9a1f162c8eb42a6750f3fcef33faecd971b69dce08f75104a10
