[INFO] fetching crate roman_encoder 1.1.0...
[INFO] testing roman_encoder-1.1.0 against 1.54.0 for beta-1.55-1
[INFO] extracting crate roman_encoder 1.1.0 into /workspace/builds/worker-61/source
[INFO] validating manifest of crates.io crate roman_encoder 1.1.0 on toolchain 1.54.0
[INFO] running `Command { std: "/workspace/cargo-home/bin/cargo" "+1.54.0" "metadata" "--manifest-path" "Cargo.toml" "--no-deps", kill_on_drop: false }`
[INFO] started tweaking crates.io crate roman_encoder 1.1.0
[INFO] finished tweaking crates.io crate roman_encoder 1.1.0
[INFO] tweaked toml for crates.io crate roman_encoder 1.1.0 written to /workspace/builds/worker-61/source/Cargo.toml
[INFO] running `Command { std: "/workspace/cargo-home/bin/cargo" "+1.54.0" "generate-lockfile" "--manifest-path" "Cargo.toml" "-Zno-index-update", kill_on_drop: false }`
[INFO] running `Command { std: "/workspace/cargo-home/bin/cargo" "+1.54.0" "fetch" "--manifest-path" "Cargo.toml", kill_on_drop: false }`
[INFO] running `Command { std: "docker" "create" "-v" "/var/lib/crater-agent-workspace/builds/worker-61/target:/opt/rustwide/target:rw,Z" "-v" "/var/lib/crater-agent-workspace/builds/worker-61/source:/opt/rustwide/workdir:ro,Z" "-v" "/var/lib/crater-agent-workspace/cargo-home:/opt/rustwide/cargo-home:ro,Z" "-v" "/var/lib/crater-agent-workspace/rustup-home:/opt/rustwide/rustup-home:ro,Z" "-e" "SOURCE_DIR=/opt/rustwide/workdir" "-e" "CARGO_TARGET_DIR=/opt/rustwide/target" "-e" "CARGO_HOME=/opt/rustwide/cargo-home" "-e" "RUSTUP_HOME=/opt/rustwide/rustup-home" "-w" "/opt/rustwide/workdir" "-m" "1610612736" "--user" "0:0" "--network" "none" "ghcr.io/rust-lang/crates-build-env/linux@sha256:34b6a614d2c27851fe6cbf88fbd1137609cefab8b10d0615aaeb6fd47975d74e" "/opt/rustwide/cargo-home/bin/cargo" "+1.54.0" "metadata" "--no-deps" "--format-version=1", kill_on_drop: false }`
[INFO] [stdout] 276a2362ed48a2d758d7756058226546ce06656af05af5f5f902edae41b0a63a
[INFO] running `Command { std: "docker" "start" "-a" "276a2362ed48a2d758d7756058226546ce06656af05af5f5f902edae41b0a63a", kill_on_drop: false }`
[INFO] running `Command { std: "docker" "inspect" "276a2362ed48a2d758d7756058226546ce06656af05af5f5f902edae41b0a63a", kill_on_drop: false }`
[INFO] running `Command { std: "docker" "rm" "-f" "276a2362ed48a2d758d7756058226546ce06656af05af5f5f902edae41b0a63a", kill_on_drop: false }`
[INFO] [stdout] 276a2362ed48a2d758d7756058226546ce06656af05af5f5f902edae41b0a63a
[INFO] running `Command { std: "docker" "create" "-v" "/var/lib/crater-agent-workspace/builds/worker-61/target:/opt/rustwide/target:rw,Z" "-v" "/var/lib/crater-agent-workspace/builds/worker-61/source:/opt/rustwide/workdir:ro,Z" "-v" "/var/lib/crater-agent-workspace/cargo-home:/opt/rustwide/cargo-home:ro,Z" "-v" "/var/lib/crater-agent-workspace/rustup-home:/opt/rustwide/rustup-home:ro,Z" "-e" "SOURCE_DIR=/opt/rustwide/workdir" "-e" "CARGO_TARGET_DIR=/opt/rustwide/target" "-e" "CARGO_INCREMENTAL=0" "-e" "RUST_BACKTRACE=full" "-e" "RUSTFLAGS=--cap-lints=warn" "-e" "CARGO_HOME=/opt/rustwide/cargo-home" "-e" "RUSTUP_HOME=/opt/rustwide/rustup-home" "-w" "/opt/rustwide/workdir" "-m" "1610612736" "--user" "0:0" "--network" "none" "ghcr.io/rust-lang/crates-build-env/linux@sha256:34b6a614d2c27851fe6cbf88fbd1137609cefab8b10d0615aaeb6fd47975d74e" "/opt/rustwide/cargo-home/bin/cargo" "+1.54.0" "build" "--frozen" "--message-format=json", kill_on_drop: false }`
[INFO] [stdout] b882b08e1ad669be797f090c4fe593d316263dd67323f127d1f429c405cafe57
[INFO] running `Command { std: "docker" "start" "-a" "b882b08e1ad669be797f090c4fe593d316263dd67323f127d1f429c405cafe57", kill_on_drop: false }`
[INFO] [stderr]     Blocking waiting for file lock on package cache
[INFO] [stderr]    Compiling roman_encoder v1.1.0 (/opt/rustwide/workdir)
[INFO] [stderr]     Finished dev [unoptimized + debuginfo] target(s) in 1.45s
[INFO] running `Command { std: "docker" "inspect" "b882b08e1ad669be797f090c4fe593d316263dd67323f127d1f429c405cafe57", kill_on_drop: false }`
[INFO] running `Command { std: "docker" "rm" "-f" "b882b08e1ad669be797f090c4fe593d316263dd67323f127d1f429c405cafe57", kill_on_drop: false }`
[INFO] [stdout] b882b08e1ad669be797f090c4fe593d316263dd67323f127d1f429c405cafe57
[INFO] running `Command { std: "docker" "create" "-v" "/var/lib/crater-agent-workspace/builds/worker-61/target:/opt/rustwide/target:rw,Z" "-v" "/var/lib/crater-agent-workspace/builds/worker-61/source:/opt/rustwide/workdir:ro,Z" "-v" "/var/lib/crater-agent-workspace/cargo-home:/opt/rustwide/cargo-home:ro,Z" "-v" "/var/lib/crater-agent-workspace/rustup-home:/opt/rustwide/rustup-home:ro,Z" "-e" "SOURCE_DIR=/opt/rustwide/workdir" "-e" "CARGO_TARGET_DIR=/opt/rustwide/target" "-e" "CARGO_INCREMENTAL=0" "-e" "RUST_BACKTRACE=full" "-e" "RUSTFLAGS=--cap-lints=warn" "-e" "CARGO_HOME=/opt/rustwide/cargo-home" "-e" "RUSTUP_HOME=/opt/rustwide/rustup-home" "-w" "/opt/rustwide/workdir" "-m" "1610612736" "--user" "0:0" "--network" "none" "ghcr.io/rust-lang/crates-build-env/linux@sha256:34b6a614d2c27851fe6cbf88fbd1137609cefab8b10d0615aaeb6fd47975d74e" "/opt/rustwide/cargo-home/bin/cargo" "+1.54.0" "test" "--frozen" "--no-run" "--message-format=json", kill_on_drop: false }`
[INFO] [stdout] 9d50f91f4526eb41851c0950563cc76ae4c209028710bbbe42ff9cb06c3e9251
[INFO] running `Command { std: "docker" "start" "-a" "9d50f91f4526eb41851c0950563cc76ae4c209028710bbbe42ff9cb06c3e9251", kill_on_drop: false }`
[INFO] [stderr]    Compiling roman_encoder v1.1.0 (/opt/rustwide/workdir)
[INFO] [stderr]     Finished test [unoptimized + debuginfo] target(s) in 0.54s
[INFO] running `Command { std: "docker" "inspect" "9d50f91f4526eb41851c0950563cc76ae4c209028710bbbe42ff9cb06c3e9251", kill_on_drop: false }`
[INFO] running `Command { std: "docker" "rm" "-f" "9d50f91f4526eb41851c0950563cc76ae4c209028710bbbe42ff9cb06c3e9251", kill_on_drop: false }`
[INFO] [stdout] 9d50f91f4526eb41851c0950563cc76ae4c209028710bbbe42ff9cb06c3e9251
[INFO] running `Command { std: "docker" "create" "-v" "/var/lib/crater-agent-workspace/builds/worker-61/target:/opt/rustwide/target:rw,Z" "-v" "/var/lib/crater-agent-workspace/builds/worker-61/source:/opt/rustwide/workdir:ro,Z" "-v" "/var/lib/crater-agent-workspace/cargo-home:/opt/rustwide/cargo-home:ro,Z" "-v" "/var/lib/crater-agent-workspace/rustup-home:/opt/rustwide/rustup-home:ro,Z" "-e" "SOURCE_DIR=/opt/rustwide/workdir" "-e" "CARGO_TARGET_DIR=/opt/rustwide/target" "-e" "CARGO_INCREMENTAL=0" "-e" "RUST_BACKTRACE=full" "-e" "RUSTFLAGS=--cap-lints=warn" "-e" "CARGO_HOME=/opt/rustwide/cargo-home" "-e" "RUSTUP_HOME=/opt/rustwide/rustup-home" "-w" "/opt/rustwide/workdir" "-m" "1610612736" "--user" "0:0" "--network" "none" "ghcr.io/rust-lang/crates-build-env/linux@sha256:34b6a614d2c27851fe6cbf88fbd1137609cefab8b10d0615aaeb6fd47975d74e" "/opt/rustwide/cargo-home/bin/cargo" "+1.54.0" "test" "--frozen", kill_on_drop: false }`
[INFO] [stdout] 8946590b25116a3398f639a8fe557fc1331ed9872abdbd2a1be544da859f9012
[INFO] running `Command { std: "docker" "start" "-a" "8946590b25116a3398f639a8fe557fc1331ed9872abdbd2a1be544da859f9012", kill_on_drop: false }`
[INFO] [stderr]     Blocking waiting for file lock on package cache
[INFO] [stderr]     Finished test [unoptimized + debuginfo] target(s) in 0.20s
[INFO] [stderr]      Running unittests (/opt/rustwide/target/debug/deps/roman_encoder-5ab4f73ba3222eb1)
[INFO] [stdout] 
[INFO] [stdout] running 0 tests
[INFO] [stdout] 
[INFO] [stdout] test result: ok. 0 passed; 0 failed; 0 ignored; 0 measured; 0 filtered out; finished in 0.00s
[INFO] [stdout] 
[INFO] [stderr]    Doc-tests roman_encoder
[INFO] [stdout] 
[INFO] [stdout] running 1 test
[INFO] [stdout] test src/lib.rs - roman::Roman::roman (line 5) ... FAILED
[INFO] [stdout] 
[INFO] [stdout] failures:
[INFO] [stdout] 
[INFO] [stdout] ---- src/lib.rs - roman::Roman::roman (line 5) stdout ----
[INFO] [stdout] error[E0599]: no method named `roman` found for reference `&'static str` in the current scope
[INFO] [stdout]  --> src/lib.rs:6:48
[INFO] [stdout]   |
[INFO] [stdout] 3 | println!("Hello, world! : {}", "Hello, world!".roman())
[INFO] [stdout]   |                                                ^^^^^ method not found in `&'static str`
[INFO] [stdout] 
[INFO] [stdout] error: aborting due to previous error
[INFO] [stdout] 
[INFO] [stdout] For more information about this error, try `rustc --explain E0599`.
[INFO] [stdout] Couldn't compile the test.
[INFO] [stdout] 
[INFO] [stdout] failures:
[INFO] [stdout]     src/lib.rs - roman::Roman::roman (line 5)
[INFO] [stdout] 
[INFO] [stdout] test result: FAILED. 0 passed; 1 failed; 0 ignored; 0 measured; 0 filtered out; finished in 0.29s
[INFO] [stdout] 
[INFO] [stderr] error: test failed, to rerun pass '--doc'
[INFO] running `Command { std: "docker" "inspect" "8946590b25116a3398f639a8fe557fc1331ed9872abdbd2a1be544da859f9012", kill_on_drop: false }`
[INFO] running `Command { std: "docker" "rm" "-f" "8946590b25116a3398f639a8fe557fc1331ed9872abdbd2a1be544da859f9012", kill_on_drop: false }`
[INFO] [stdout] 8946590b25116a3398f639a8fe557fc1331ed9872abdbd2a1be544da859f9012
