[INFO] fetching crate rocket_http 0.5.0-rc.1...
[INFO] testing rocket_http-0.5.0-rc.1 against 1.54.0 for beta-1.55-1
[INFO] extracting crate rocket_http 0.5.0-rc.1 into /workspace/builds/worker-25/source
[INFO] validating manifest of crates.io crate rocket_http 0.5.0-rc.1 on toolchain 1.54.0
[INFO] running `Command { std: "/workspace/cargo-home/bin/cargo" "+1.54.0" "metadata" "--manifest-path" "Cargo.toml" "--no-deps", kill_on_drop: false }`
[INFO] started tweaking crates.io crate rocket_http 0.5.0-rc.1
[INFO] finished tweaking crates.io crate rocket_http 0.5.0-rc.1
[INFO] tweaked toml for crates.io crate rocket_http 0.5.0-rc.1 written to /workspace/builds/worker-25/source/Cargo.toml
[INFO] running `Command { std: "/workspace/cargo-home/bin/cargo" "+1.54.0" "generate-lockfile" "--manifest-path" "Cargo.toml" "-Zno-index-update", kill_on_drop: false }`
[INFO] [stderr]     Blocking waiting for file lock on package cache
[INFO] running `Command { std: "/workspace/cargo-home/bin/cargo" "+1.54.0" "fetch" "--manifest-path" "Cargo.toml", kill_on_drop: false }`
[INFO] running `Command { std: "docker" "create" "-v" "/var/lib/crater-agent-workspace/builds/worker-25/target:/opt/rustwide/target:rw,Z" "-v" "/var/lib/crater-agent-workspace/builds/worker-25/source:/opt/rustwide/workdir:ro,Z" "-v" "/var/lib/crater-agent-workspace/cargo-home:/opt/rustwide/cargo-home:ro,Z" "-v" "/var/lib/crater-agent-workspace/rustup-home:/opt/rustwide/rustup-home:ro,Z" "-e" "SOURCE_DIR=/opt/rustwide/workdir" "-e" "CARGO_TARGET_DIR=/opt/rustwide/target" "-e" "CARGO_HOME=/opt/rustwide/cargo-home" "-e" "RUSTUP_HOME=/opt/rustwide/rustup-home" "-w" "/opt/rustwide/workdir" "-m" "1610612736" "--user" "0:0" "--network" "none" "ghcr.io/rust-lang/crates-build-env/linux@sha256:34b6a614d2c27851fe6cbf88fbd1137609cefab8b10d0615aaeb6fd47975d74e" "/opt/rustwide/cargo-home/bin/cargo" "+1.54.0" "metadata" "--no-deps" "--format-version=1", kill_on_drop: false }`
[INFO] [stdout] 8bad53dcd4a54fa357cf27f29e80ba52f06a4b715826a9770a1cb1e8eea61c84
[INFO] running `Command { std: "docker" "start" "-a" "8bad53dcd4a54fa357cf27f29e80ba52f06a4b715826a9770a1cb1e8eea61c84", kill_on_drop: false }`
[INFO] running `Command { std: "docker" "inspect" "8bad53dcd4a54fa357cf27f29e80ba52f06a4b715826a9770a1cb1e8eea61c84", kill_on_drop: false }`
[INFO] running `Command { std: "docker" "rm" "-f" "8bad53dcd4a54fa357cf27f29e80ba52f06a4b715826a9770a1cb1e8eea61c84", kill_on_drop: false }`
[INFO] [stdout] 8bad53dcd4a54fa357cf27f29e80ba52f06a4b715826a9770a1cb1e8eea61c84
[INFO] running `Command { std: "docker" "create" "-v" "/var/lib/crater-agent-workspace/builds/worker-25/target:/opt/rustwide/target:rw,Z" "-v" "/var/lib/crater-agent-workspace/builds/worker-25/source:/opt/rustwide/workdir:ro,Z" "-v" "/var/lib/crater-agent-workspace/cargo-home:/opt/rustwide/cargo-home:ro,Z" "-v" "/var/lib/crater-agent-workspace/rustup-home:/opt/rustwide/rustup-home:ro,Z" "-e" "SOURCE_DIR=/opt/rustwide/workdir" "-e" "CARGO_TARGET_DIR=/opt/rustwide/target" "-e" "CARGO_INCREMENTAL=0" "-e" "RUST_BACKTRACE=full" "-e" "RUSTFLAGS=--cap-lints=warn" "-e" "CARGO_HOME=/opt/rustwide/cargo-home" "-e" "RUSTUP_HOME=/opt/rustwide/rustup-home" "-w" "/opt/rustwide/workdir" "-m" "1610612736" "--user" "0:0" "--network" "none" "ghcr.io/rust-lang/crates-build-env/linux@sha256:34b6a614d2c27851fe6cbf88fbd1137609cefab8b10d0615aaeb6fd47975d74e" "/opt/rustwide/cargo-home/bin/cargo" "+1.54.0" "build" "--frozen" "--message-format=json", kill_on_drop: false }`
[INFO] [stdout] 898d7ee052749d51b45c41d969c8dd5b78fb38147874ee954ebcf3ccdf48c7bc
[INFO] running `Command { std: "docker" "start" "-a" "898d7ee052749d51b45c41d969c8dd5b78fb38147874ee954ebcf3ccdf48c7bc", kill_on_drop: false }`
[INFO] [stderr]    Compiling syn v1.0.74
[INFO] [stderr]    Compiling log v0.4.14
[INFO] [stderr]    Compiling futures-core v0.3.16
[INFO] [stderr]    Compiling pin-project-lite v0.2.7
[INFO] [stderr]    Compiling futures-task v0.3.16
[INFO] [stderr]    Compiling const_fn v0.4.8
[INFO] [stderr]    Compiling hashbrown v0.11.2
[INFO] [stderr]    Compiling httparse v1.4.1
[INFO] [stderr]    Compiling futures-channel v0.3.16
[INFO] [stderr]    Compiling yansi v0.5.0
[INFO] [stderr]    Compiling futures-sink v0.3.16
[INFO] [stderr]    Compiling slab v0.4.4
[INFO] [stderr]    Compiling httpdate v1.0.1
[INFO] [stderr]    Compiling inlinable_string v0.1.14
[INFO] [stderr]    Compiling state v0.5.2
[INFO] [stderr]    Compiling either v1.6.1
[INFO] [stderr]    Compiling mime v0.3.16
[INFO] [stderr]    Compiling standback v0.2.17
[INFO] [stderr]    Compiling proc-macro2-diagnostics v0.9.1
[INFO] [stderr]    Compiling time v0.2.27
[INFO] [stderr]    Compiling cookie v0.15.1
[INFO] [stderr]    Compiling uncased v0.9.6
[INFO] [stderr]    Compiling tokio v1.9.0
[INFO] [stderr]    Compiling indexmap v1.7.0
[INFO] [stderr]    Compiling futures-util v0.3.16
[INFO] [stderr]    Compiling instant v0.1.10
[INFO] [stderr]    Compiling socket2 v0.4.1
[INFO] [stderr]    Compiling stable-pattern v0.1.0
[INFO] [stderr]    Compiling parking_lot_core v0.8.3
[INFO] [stderr]    Compiling tracing v0.1.26
[INFO] [stderr]    Compiling http-body v0.4.2
[INFO] [stderr]    Compiling parking_lot v0.11.1
[INFO] [stderr]    Compiling mio v0.7.13
[INFO] [stderr]    Compiling want v0.3.0
[INFO] [stderr]    Compiling tokio-util v0.6.7
[INFO] [stderr]    Compiling h2 v0.3.3
[INFO] [stderr]    Compiling time-macros-impl v0.1.2
[INFO] [stderr]    Compiling ref-cast-impl v1.0.6
[INFO] [stderr]    Compiling pear_codegen v0.2.3
[INFO] [stderr]    Compiling ref-cast v1.0.6
[INFO] [stderr]    Compiling time-macros v0.1.1
[INFO] [stderr]    Compiling hyper v0.14.11
[INFO] [stderr]    Compiling pear v0.2.3
[INFO] [stderr]    Compiling rocket_http v0.5.0-rc.1 (/opt/rustwide/workdir)
[INFO] [stderr]     Finished dev [unoptimized + debuginfo] target(s) in 21.11s
[INFO] running `Command { std: "docker" "inspect" "898d7ee052749d51b45c41d969c8dd5b78fb38147874ee954ebcf3ccdf48c7bc", kill_on_drop: false }`
[INFO] running `Command { std: "docker" "rm" "-f" "898d7ee052749d51b45c41d969c8dd5b78fb38147874ee954ebcf3ccdf48c7bc", kill_on_drop: false }`
[INFO] [stdout] 898d7ee052749d51b45c41d969c8dd5b78fb38147874ee954ebcf3ccdf48c7bc
[INFO] running `Command { std: "docker" "create" "-v" "/var/lib/crater-agent-workspace/builds/worker-25/target:/opt/rustwide/target:rw,Z" "-v" "/var/lib/crater-agent-workspace/builds/worker-25/source:/opt/rustwide/workdir:ro,Z" "-v" "/var/lib/crater-agent-workspace/cargo-home:/opt/rustwide/cargo-home:ro,Z" "-v" "/var/lib/crater-agent-workspace/rustup-home:/opt/rustwide/rustup-home:ro,Z" "-e" "SOURCE_DIR=/opt/rustwide/workdir" "-e" "CARGO_TARGET_DIR=/opt/rustwide/target" "-e" "CARGO_INCREMENTAL=0" "-e" "RUST_BACKTRACE=full" "-e" "RUSTFLAGS=--cap-lints=warn" "-e" "CARGO_HOME=/opt/rustwide/cargo-home" "-e" "RUSTUP_HOME=/opt/rustwide/rustup-home" "-w" "/opt/rustwide/workdir" "-m" "1610612736" "--user" "0:0" "--network" "none" "ghcr.io/rust-lang/crates-build-env/linux@sha256:34b6a614d2c27851fe6cbf88fbd1137609cefab8b10d0615aaeb6fd47975d74e" "/opt/rustwide/cargo-home/bin/cargo" "+1.54.0" "test" "--frozen" "--no-run" "--message-format=json", kill_on_drop: false }`
[INFO] [stdout] 12b88175d67620348c30385195c2e9cb62527cf6bee7dc2935b159c617a0c479
[INFO] running `Command { std: "docker" "start" "-a" "12b88175d67620348c30385195c2e9cb62527cf6bee7dc2935b159c617a0c479", kill_on_drop: false }`
[INFO] [stderr]    Compiling rocket_http v0.5.0-rc.1 (/opt/rustwide/workdir)
[INFO] [stderr]     Finished test [unoptimized + debuginfo] target(s) in 21.12s
[INFO] running `Command { std: "docker" "inspect" "12b88175d67620348c30385195c2e9cb62527cf6bee7dc2935b159c617a0c479", kill_on_drop: false }`
[INFO] running `Command { std: "docker" "rm" "-f" "12b88175d67620348c30385195c2e9cb62527cf6bee7dc2935b159c617a0c479", kill_on_drop: false }`
[INFO] [stdout] 12b88175d67620348c30385195c2e9cb62527cf6bee7dc2935b159c617a0c479
[INFO] running `Command { std: "docker" "create" "-v" "/var/lib/crater-agent-workspace/builds/worker-25/target:/opt/rustwide/target:rw,Z" "-v" "/var/lib/crater-agent-workspace/builds/worker-25/source:/opt/rustwide/workdir:ro,Z" "-v" "/var/lib/crater-agent-workspace/cargo-home:/opt/rustwide/cargo-home:ro,Z" "-v" "/var/lib/crater-agent-workspace/rustup-home:/opt/rustwide/rustup-home:ro,Z" "-e" "SOURCE_DIR=/opt/rustwide/workdir" "-e" "CARGO_TARGET_DIR=/opt/rustwide/target" "-e" "CARGO_INCREMENTAL=0" "-e" "RUST_BACKTRACE=full" "-e" "RUSTFLAGS=--cap-lints=warn" "-e" "CARGO_HOME=/opt/rustwide/cargo-home" "-e" "RUSTUP_HOME=/opt/rustwide/rustup-home" "-w" "/opt/rustwide/workdir" "-m" "1610612736" "--user" "0:0" "--network" "none" "ghcr.io/rust-lang/crates-build-env/linux@sha256:34b6a614d2c27851fe6cbf88fbd1137609cefab8b10d0615aaeb6fd47975d74e" "/opt/rustwide/cargo-home/bin/cargo" "+1.54.0" "test" "--frozen", kill_on_drop: false }`
[INFO] [stdout] dd3c0fece17e3ea980f826bd404e1455526076b994c67ef55c5086923cfc8e42
[INFO] running `Command { std: "docker" "start" "-a" "dd3c0fece17e3ea980f826bd404e1455526076b994c67ef55c5086923cfc8e42", kill_on_drop: false }`
[INFO] [stderr]     Finished test [unoptimized + debuginfo] target(s) in 0.14s
[INFO] [stderr]      Running unittests (/opt/rustwide/target/debug/deps/rocket_http-bee541cbacacf737)
[INFO] [stdout] 
[INFO] [stdout] running 39 tests
[INFO] [stdout] test header::header::tests::case_insensitive_multiadd ... ok
[INFO] [stdout] test header::header::tests::case_insensitive_add_get ... ok
[INFO] [stdout] test parse::media_type::test::check_does_parse ... ok
[INFO] [stdout] test parse::media_type::test::check_param_eq ... ok
[INFO] [stdout] test parse::accept::test::check_parse_eq ... ok
[INFO] [stdout] test parse::media_type::test::check_parse_eq ... ok
[INFO] [stdout] test parse::uri::tables::tests::check_tables ... ok
[INFO] [stdout] test parse::media_type::test::test_bad_parses ... ok
[INFO] [stdout] test header::accept::test::test_preferred ... ok
[INFO] [stdout] test parse::media_type::test::check_params_do_parse ... ok
[INFO] [stdout] test parse::accept::test::check_does_parse ... ok
[INFO] [stdout] test parse::uri::error::tests::check_display ... ok
[INFO] [stdout] test parse::uri::tests::authority ... ok
[INFO] [stdout] test parse::uri::tests::absolute ... ok
[INFO] [stdout] test raw_str::tests::can_compare ... ok
[INFO] [stdout] test parse::uri::tests::display ... ok
[INFO] [stdout] test uri::fmt::uri_display::uri_display_tests::check_ignorables ... ok
[INFO] [stdout] test parse::uri::tests::bad_parses ... ok
[INFO] [stdout] test uri::fmt::uri_display::uri_display_tests::paths ... ok
[INFO] [stdout] test parse::uri::tests::origin ... ok
[INFO] [stdout] test parse::uri::tests::single_byte ... ok
[INFO] [stdout] test uri::fmt::uri_display::uri_display_tests::uri_display_encoding ... ok
[INFO] [stdout] test uri::origin::tests::multi_segments_match_funky_chars ... ok
[INFO] [stdout] test uri::origin::tests::multi_segments_match ... ok
[INFO] [stdout] test uri::origin::tests::normalized ... ok
[INFO] [stdout] test uri::origin::tests::query_does_not_exist ... ok
[INFO] [stdout] test uri::origin::tests::query_exists ... ok
[INFO] [stdout] test parse::uri::tests::test_parse_issue_924_samples ... ok
[INFO] [stdout] test uri::fmt::uri_display::uri_display_tests::uri_display_encoding_wrapped ... ok
[INFO] [stdout] test parse::uri::tests::reference ... ok
[INFO] [stdout] test uri::origin::tests::send_and_sync ... ok
[INFO] [stdout] test uri::origin::tests::segment_mismatch ... ok
[INFO] [stdout] test uri::origin::tests::segment_count ... ok
[INFO] [stdout] test uri::origin::tests::simple_segment_count ... ok
[INFO] [stdout] test uri::origin::tests::single_segments_match ... ok
[INFO] [stdout] test parse::uri::tests::test_assert_parse_eq - should panic ... ok
[INFO] [stdout] test parse::uri::tests::test_assert_no_parse - should panic ... ok
[INFO] [stdout] test uri::fmt::formatter::prefix_soundness_test::check_consistency ... ok
[INFO] [stdout] test parse::uri::tests::test_assert_parse_eq_consecutive - should panic ... ok
[INFO] [stdout] 
[INFO] [stdout] test result: ok. 39 passed; 0 failed; 0 ignored; 0 measured; 0 filtered out; finished in 0.05s
[INFO] [stdout] 
[INFO] [stderr]    Doc-tests rocket_http
[INFO] [stdout] 
[INFO] [stdout] running 200 tests
[INFO] [stdout] test src/header/accept.rs - header::accept::Accept (line 48) ... FAILED
[INFO] [stdout] test src/header/accept.rs - header::accept::Accept::first (line 178) ... FAILED
[INFO] [stdout] test src/header/accept.rs - header::accept::Accept::new (line 95) ... FAILED
[INFO] [stdout] test src/header/accept.rs - header::accept::QMediaType::weight (line 300) ... FAILED
[INFO] [stdout] test src/header/accept.rs - header::accept::Accept::iter (line 196) ... FAILED
[INFO] [stdout] test src/header/accept.rs - header::accept::QMediaType::weight_or (line 316) ... FAILED
[INFO] [stdout] test src/header/accept.rs - header::accept::Accept::media_types (line 225) ... FAILED
[INFO] [stdout] test src/header/accept.rs - header::accept::Accept::preferred (line 131) ... FAILED
[INFO] [stdout] test src/header/content_type.rs - header::content_type::ContentType (line 23) ... FAILED
[INFO] [stdout] test src/header/accept.rs - header::accept::Accept (line 35) ... FAILED
[INFO] [stdout] test src/header/content_type.rs - header::content_type::ContentType::fmt (line 370) ... FAILED
[INFO] [stdout] test src/header/content_type.rs - header::content_type::ContentType::from_extension (line 300) ... FAILED
[INFO] [stdout] test src/header/content_type.rs - header::content_type::ContentType (line 36) ... FAILED
[INFO] [stdout] test src/header/content_type.rs - header::content_type::ContentType::from_str (line 320) ... FAILED
[INFO] [stdout] test src/header/content_type.rs - header::content_type::ContentType::from_str (line 345) ... FAILED
[INFO] [stdout] test src/header/content_type.rs - header::content_type::ContentType::from_str (line 332) ... FAILED
[INFO] [stdout] test src/header/content_type.rs - header::content_type::ContentType::extension (line 308) ... FAILED
[INFO] [stdout] test src/header/accept.rs - header::accept::QMediaType::media_type (line 335) ... FAILED
[INFO] [stdout] test src/header/content_type.rs - header::content_type::ContentType::new (line 219) ... FAILED
[INFO] [stdout] test src/header/content_type.rs - header::content_type::ContentType::extension (line 295) ... FAILED
[INFO] [stdout] test src/header/content_type.rs - header::content_type::ContentType::from_extension (line 286) ... FAILED
[INFO] [stdout] test src/header/content_type.rs - header::content_type::ContentType::parse_flexible (line 288) ... FAILED
[INFO] [stdout] test src/header/content_type.rs - header::content_type::ContentType::with_params (line 246) ... FAILED
[INFO] [stdout] test src/header/content_type.rs - header::content_type::ContentType::media_type (line 277) ... FAILED
[INFO] [stdout] test src/header/content_type.rs - header::content_type::ContentType::with_params (line 256) ... FAILED
[INFO] [stdout] test src/header/content_type.rs - header::content_type::ContentType::parse_flexible (line 257) ... FAILED
[INFO] [stdout] test src/header/header.rs - header::header::Header::new (line 39) ... FAILED
[INFO] [stdout] test src/header/header.rs - header::header::Header::name (line 131) ... FAILED
[INFO] [stdout] test src/header/content_type.rs - header::content_type::ContentType::parse_flexible (line 271) ... FAILED
[INFO] [stdout] test src/header/header.rs - header::header::Header::new (line 29) ... FAILED
[INFO] [stdout] test src/header/header.rs - header::header::Header::is_valid_value (line 77) ... FAILED
[INFO] [stdout] test src/header/header.rs - header::header::Header::name (line 143) ... FAILED
[INFO] [stdout] test src/header/header.rs - header::header::HeaderMap::len (line 234) ... FAILED
[INFO] [stdout] test src/header/media_type.rs - header::media_type::MediaType (line 31) ... FAILED
[INFO] [stdout] test src/header/media_type.rs - header::media_type::MediaType::new (line 288) ... FAILED
[INFO] [stdout] test src/header/header.rs - header::header::HeaderMap::new (line 200) ... FAILED
[INFO] [stdout] test src/header/header.rs - header::header::HeaderMap::contains (line 215) ... FAILED
[INFO] [stdout] test src/header/header.rs - header::header::HeaderMap::get (line 277) ... FAILED
[INFO] [stdout] test src/header/header.rs - header::header::Header::value (line 162) ... FAILED
[INFO] [stdout] test src/header/header.rs - header::header::HeaderMap::add_all (line 503) ... FAILED
[INFO] [stdout] test src/header/header.rs - header::header::HeaderMap::replace (line 363) ... FAILED
[INFO] [stdout] test src/header/header.rs - header::header::HeaderMap::replace (line 351) ... FAILED
[INFO] [stdout] test src/header/header.rs - header::header::HeaderMap::into_iter (line 646) ... FAILED
[INFO] [stdout] test src/header/header.rs - header::header::HeaderMap::is_empty (line 260) ... FAILED
[INFO] [stdout] test src/header/header.rs - header::header::HeaderMap::get_one (line 307) ... FAILED
[INFO] [stdout] test src/header/header.rs - header::header::HeaderMap::remove (line 535) ... FAILED
[INFO] [stdout] test src/header/header.rs - header::header::HeaderMap::add (line 454) ... FAILED
[INFO] [stdout] test src/header/header.rs - header::header::HeaderMap::remove_all (line 560) ... FAILED
[INFO] [stdout] test src/header/header.rs - header::header::HeaderMap::get_one (line 323) ... FAILED
[INFO] [stdout] test src/header/header.rs - header::header::HeaderMap::iter (line 601) ... FAILED
[INFO] [stdout] test src/header/media_type.rs - header::media_type::MediaType::from_extension (line 457) ... FAILED
[INFO] [stdout] test src/header/media_type.rs - header::media_type::MediaType::extension (line 591) ... FAILED
[INFO] [stdout] test src/header/media_type.rs - header::media_type::MediaType::extension (line 578) ... FAILED
[INFO] [stdout] test src/header/header.rs - header::header::HeaderMap::replace (line 379) ... FAILED
[INFO] [stdout] test src/header/media_type.rs - header::media_type::MediaType::exact_eq (line 488) ... FAILED
[INFO] [stdout] test src/header/media_type.rs - header::media_type::MediaType::parse_flexible (line 428) ... FAILED
[INFO] [stdout] test src/header/header.rs - header::header::HeaderMap::replace_all (line 429) ... FAILED
[INFO] [stdout] test src/method.rs - method::Method::as_str (line 81) ... FAILED
[INFO] [stdout] test src/header/header.rs - header::header::HeaderMap::add_raw (line 477) ... FAILED
[INFO] [stdout] test src/header/media_type.rs - header::media_type::MediaType::parse_flexible (line 442) ... FAILED
[INFO] [stdout] test src/header/media_type.rs - header::media_type::MediaType::sub (line 433) ... FAILED
[INFO] [stdout] test src/header/media_type.rs - header::media_type::MediaType::specificity (line 458) ... FAILED
[INFO] [stdout] test src/header/header.rs - header::header::HeaderMap::replace_raw (line 403) ... FAILED
[INFO] [stdout] test src/header/media_type.rs - header::media_type::MediaType::with_params (line 326) ... FAILED
[INFO] [stdout] test src/header/media_type.rs - header::media_type::MediaType::top (line 414) ... FAILED
[INFO] [stdout] test src/raw_str.rs - raw_str::RawStr::as_str (line 487) ... FAILED
[INFO] [stdout] test src/header/media_type.rs - header::media_type::MediaType::with_params (line 316) ... FAILED
[INFO] [stdout] test src/raw_str.rs - raw_str::RawStr::contains (line 574) ... FAILED
[INFO] [stdout] test src/raw_str.rs - raw_str::RawStr::into_cow_str (line 130) ... FAILED
[INFO] [stdout] test src/raw_str.rs - raw_str::RawStr::as_bytes (line 503) ... FAILED
[INFO] [stdout] test src/raw_str.rs - raw_str::RawStr::is_empty (line 465) ... FAILED
[INFO] [stdout] test src/parse/uri/error.rs - parse::uri::error::Error::index (line 35) ... FAILED
[INFO] [stdout] test src/header/media_type.rs - header::media_type::MediaType::params (line 541) ... FAILED
[INFO] [stdout] test src/raw_str.rs - raw_str::RawStr::as_uncased_str (line 548) ... FAILED
[INFO] [stdout] test src/header/media_type.rs - header::media_type::MediaType::from_extension (line 471) ... FAILED
[INFO] [stdout] test src/header/media_type.rs - header::media_type::MediaType::params (line 529) ... FAILED
[INFO] [stdout] test src/raw_str.rs - raw_str::RawStr::as_ptr (line 530) ... FAILED
[INFO] [stdout] test src/raw_str.rs - raw_str::RawStr::percent_decode (line 161) ... FAILED
[INFO] [stdout] test src/method.rs - method::Method::supports_payload (line 62) ... FAILED
[INFO] [stdout] test src/raw_str.rs - raw_str::RawStr::ends_with (line 629) ... FAILED
[INFO] [stdout] test src/raw_str.rs - raw_str::RawStr::html_escape (line 362) ... FAILED
[INFO] [stdout] test src/raw_str.rs - raw_str::RawStr::html_escape (line 347) ... FAILED
[INFO] [stdout] test src/raw_str.rs - raw_str::RawStr::len (line 449) ... FAILED
[INFO] [stdout] test src/raw_str.rs - raw_str::RawStr::from_cow_str (line 108) ... FAILED
[INFO] [stdout] test src/raw_str.rs - raw_str::RawStr::percent_encode (line 243) ... FAILED
[INFO] [stdout] test src/raw_str.rs - raw_str::RawStr::percent_decode (line 172) ... FAILED
[INFO] [stdout] test src/raw_str.rs - raw_str::RawStr::percent_decode_lossy (line 205) ... FAILED
[INFO] [stdout] test src/raw_str.rs - raw_str::RawStr::starts_with (line 602) ... FAILED
[INFO] [stdout] test src/raw_str.rs - raw_str::RawStrBuf::into_string (line 72) ... FAILED
[INFO] [stdout] test src/raw_str.rs - raw_str::RawStr::percent_encode (line 254) ... FAILED
[INFO] [stdout] test src/raw_str.rs - raw_str::RawStr::percent_decode_lossy (line 194) ... FAILED
[INFO] [stdout] test src/raw_str.rs - raw_str::RawStr::strip_prefix (line 782) ... FAILED
[INFO] [stdout] test src/raw_str.rs - raw_str::RawStr::parse (line 840) ... FAILED
[INFO] [stdout] test src/raw_str.rs - raw_str::RawStr::url_decode (line 278) ... FAILED
[INFO] [stdout] test src/raw_str.rs - raw_str::RawStr::split (line 684) ... FAILED
[INFO] [stdout] test src/raw_str.rs - raw_str::RawStr::new (line 89) ... FAILED
[INFO] [stdout] test src/raw_str.rs - raw_str::RawStr::find (line 657) ... FAILED
[INFO] [stdout] test src/raw_str.rs - raw_str::RawStr::url_decode_lossy (line 316) ... FAILED
[INFO] [stdout] test src/raw_str.rs - raw_str::RawStr::split_at_byte (line 718) ... FAILED
[INFO] [stdout] test src/header/media_type.rs - header::media_type::MediaType::parse_flexible (line 459) ... FAILED
[INFO] [stdout] test src/status.rs - status::Status (line 83) ... FAILED
[INFO] [stdout] test src/raw_str.rs - raw_str::RawStr::strip_suffix (line 808) ... FAILED
[INFO] [stdout] test src/uri/absolute.rs - uri::absolute::Absolute (line 37) ... FAILED
[INFO] [stdout] test src/status.rs - status::Status::reason_lossy (line 272) ... FAILED
[INFO] [stdout] test src/status.rs - status::Status::new (line 274) ... FAILED
[INFO] [stdout] test src/status.rs - status::Status::from_code (line 273) ... FAILED
[INFO] [stdout] test src/status.rs - status::Status::reason (line 283) ... FAILED
[INFO] [stdout] test src/status.rs - status::Status::from_code (line 283) ... FAILED
[INFO] [stdout] test src/raw_str.rs - raw_str::RawStr::url_decode_lossy (line 305) ... FAILED
[INFO] [stdout] test src/status.rs - status::Status (line 52) ... FAILED
[INFO] [stdout] test src/status.rs - status::Status::class (line 270) ... FAILED
[INFO] [stdout] test src/status.rs - status::Status::reason (line 273) ... FAILED
[INFO] [stdout] test src/uri/absolute.rs - uri::absolute::Absolute::set_authority (line 366) ... FAILED
[INFO] [stdout] test src/uri/absolute.rs - uri::absolute::Absolute (line 53) ... FAILED
[INFO] [stdout] test src/uri/absolute.rs - uri::absolute::Absolute::clear_query (line 249) ... FAILED
[INFO] [stdout] test src/uri/absolute.rs - uri::absolute::Absolute::path (line 215) ... FAILED
[INFO] [stdout] test src/uri/absolute.rs - uri::absolute::Absolute::is_normalized (line 270) ... FAILED
[INFO] [stdout] test src/uri/absolute.rs - uri::absolute::Absolute::query (line 232) ... FAILED
[INFO] [stdout] test src/uri/authority.rs - uri::authority::Authority::user_info (line 172) ... FAILED
[INFO] [stdout] test src/uri/absolute.rs - uri::absolute::Absolute::parse_owned (line 151) ... FAILED
[INFO] [stdout] test src/uri/absolute.rs - uri::absolute::Absolute::authority (line 195) ... FAILED
[INFO] [stdout] test src/uri/origin.rs - uri::origin::Origin::clear_query (line 389) ... FAILED
[INFO] [stdout] test src/uri/fmt/formatter.rs - uri::fmt::formatter::Formatter (line 114) ... FAILED
[INFO] [stdout] test src/uri/origin.rs - uri::origin::Origin (line 72) ... FAILED
[INFO] [stdout] test src/uri/authority.rs - uri::authority::Authority::parse_owned (line 145) ... FAILED
[INFO] [stdout] test src/uri/fmt/uri_display.rs - uri::fmt::uri_display::UriDisplay (line 67) ... FAILED
[INFO] [stdout] test src/uri/authority.rs - uri::authority::Authority::host (line 188) ... FAILED
[INFO] [stdout] test src/uri/fmt/formatter.rs - uri::fmt::formatter::Formatter::write_raw (line 184) ... FAILED
[INFO] [stdout] test src/uri/origin.rs - uri::origin::Origin (line 37) ... FAILED
[INFO] [stdout] test src/uri/origin.rs - uri::origin::Origin (line 54) ... FAILED
[INFO] [stdout] test src/uri/absolute.rs - uri::absolute::Absolute::scheme (line 181) ... FAILED
[INFO] [stdout] test src/uri/path_query.rs - uri::path_query::Path::raw (line 73) ... FAILED
[INFO] [stdout] test src/uri/authority.rs - uri::authority::Authority::parse (line 113) ... FAILED
[INFO] [stdout] test src/uri/path_query.rs - uri::path_query::Query::raw (line 195) ... FAILED
[INFO] [stdout] test src/uri/fmt/from_uri_param.rs - uri::fmt::from_uri_param::FromUriParam (line 120) ... FAILED
[INFO] [stdout] test src/uri/fmt/formatter.rs - uri::fmt::formatter::Formatter (line 63) ... FAILED
[INFO] [stdout] test src/uri/fmt/uri_display.rs - uri::fmt::uri_display::Ignorable (line 443) ... FAILED
[INFO] [stdout] test src/uri/origin.rs - uri::origin::Origin::query (line 326) ... FAILED
[INFO] [stdout] test src/uri/authority.rs - uri::authority::Authority::port (line 209) ... FAILED
[INFO] [stdout] test src/uri/fmt/formatter.rs - uri::fmt::formatter::Formatter::write_value (line 240) ... FAILED
[INFO] [stdout] test src/uri/origin.rs - uri::origin::Origin::path (line 308) ... FAILED
[INFO] [stdout] test src/uri/path_query.rs - uri::path_query::Query::raw_segments (line 248) ... FAILED
[INFO] [stdout] test src/uri/path_query.rs - uri::path_query::Path::as_str (line 87) ... FAILED
[INFO] [stdout] test src/uri/fmt/uri_display.rs - uri::fmt::uri_display::UriDisplay (line 91) ... FAILED
[INFO] [stdout] test src/uri/absolute.rs - uri::absolute::Absolute::parse (line 120) ... FAILED
[INFO] [stdout] test src/uri/fmt/uri_display.rs - uri::fmt::uri_display::Ignorable (line 424) ... FAILED
[INFO] [stdout] test src/uri/path_query.rs - uri::path_query::Query::as_str (line 209) ... FAILED
[INFO] [stdout] test src/uri/fmt/formatter.rs - uri::fmt::formatter::Formatter::write_named_value (line 373) ... FAILED
[INFO] [stdout] test src/uri/fmt/from_uri_param.rs - uri::fmt::from_uri_param::FromUriParam (line 150) ... FAILED
[INFO] [stdout] test src/uri/fmt/uri_display.rs - uri::fmt::uri_display::UriDisplay (line 175) ... FAILED
[INFO] [stdout] test src/uri/reference.rs - uri::reference::Reference (line 31) ... FAILED
[INFO] [stdout] test src/uri/fmt/uri_display.rs - uri::fmt::uri_display::UriDisplay (line 59) ... FAILED
[INFO] [stdout] test src/uri/origin.rs - uri::origin::Origin::is_normalized (line 409) ... FAILED
[INFO] [stdout] test src/uri/asterisk.rs - uri::asterisk::Asterisk::parse (line 32) ... FAILED
[INFO] [stdout] test src/header/media_type.rs - header::media_type::MediaType::const_new (line 361) ... FAILED
[INFO] [stdout] test src/uri/origin.rs - uri::origin::Origin::normalize (line 434) ... FAILED
[INFO] [stdout] test src/uri/asterisk.rs - uri::asterisk::Asterisk::parse_owned (line 52) ... FAILED
[INFO] [stdout] test src/uri/segments.rs - uri::segments::Segments::is_empty (line 79) ... FAILED
[INFO] [stdout] test src/uri/fmt/uri_display.rs - uri::fmt::uri_display::UriDisplay (line 38) ... FAILED
[INFO] [stdout] test src/uri/absolute.rs - uri::absolute::Absolute::with_authority (line 388) ... FAILED
[INFO] [stdout] test src/uri/path_query.rs - uri::path_query::Path::raw_segments (line 129) ... FAILED
[INFO] [stdout] test src/uri/origin.rs - uri::origin::Origin::into_normalized (line 463) ... FAILED
[INFO] [stdout] test src/uri/uri.rs - uri::uri::Uri::parse_any (line 110) ... FAILED
[INFO] [stdout] test src/uri/reference.rs - uri::reference::Reference::path (line 251) ... FAILED
[INFO] [stdout] test src/uri/reference.rs - uri::reference::Reference::authority (line 233) ... FAILED
[INFO] [stdout] test src/uri/origin.rs - uri::origin::Origin::parse_owned (line 284) ... FAILED
[INFO] [stdout] test src/uri/fmt/formatter.rs - uri::fmt::formatter::Formatter::refresh (line 276) ... FAILED
[INFO] [stdout] test src/uri/uri.rs - uri::uri::Uri::reference (line 224) ... FAILED
[INFO] [stdout] test src/uri/path_query.rs - uri::path_query::Query::segments (line 291) ... FAILED
[INFO] [stdout] test src/uri/uri.rs - uri::uri::Uri::origin (line 140) ... FAILED
[INFO] [stdout] test src/uri/fmt/from_uri_param.rs - uri::fmt::from_uri_param::FromUriParam (line 41) ... FAILED
[INFO] [stdout] test src/uri/path_query.rs - uri::path_query::Path::segments (line 169) ... FAILED
[INFO] [stdout] test src/uri/reference.rs - uri::reference::Reference::is_normalized (line 309) ... FAILED
[INFO] [stdout] test src/uri/origin.rs - uri::origin::Origin::map_path (line 348) ... FAILED
[INFO] [stdout] test src/uri/origin.rs - uri::origin::Origin::parse (line 236) ... FAILED
[INFO] [stdout] test src/uri/reference.rs - uri::reference::Reference::fragment (line 286) ... FAILED
[INFO] [stdout] test src/uri/segments.rs - uri::segments::Segments (line 16) ... FAILED
[INFO] [stdout] test src/uri/uri.rs - uri::uri::Uri::authority (line 168) ... FAILED
[INFO] [stdout] test src/uri/reference.rs - uri::reference::Reference::query (line 265) ... FAILED
[INFO] [stdout] test src/uri/reference.rs - uri::reference::Reference::parse_owned (line 184) ... FAILED
[INFO] [stdout] test src/uri/fmt/uri_display.rs - uri::fmt::uri_display::UriDisplay (line 233) ... FAILED
[INFO] [stdout] test src/uri/reference.rs - uri::reference::Reference::scheme (line 213) ... FAILED
[INFO] [stdout] test src/uri/absolute.rs - uri::absolute::Absolute::normalize (line 302) ... FAILED
[INFO] [stdout] test src/uri/segments.rs - uri::segments::Segments::prefix_of (line 144) ... FAILED
[INFO] [stdout] test src/uri/segments.rs - uri::segments::Segments::to_path_buf (line 189) ... FAILED
[INFO] [stdout] test src/uri/absolute.rs - uri::absolute::Absolute::into_normalized (line 342) ... FAILED
[INFO] [stdout] test src/uri/uri.rs - uri::uri::Uri::absolute (line 196) ... FAILED
[INFO] [stdout] test src/uri/segments.rs - uri::segments::Segments::len (line 53) ... FAILED
[INFO] [stdout] test src/uri/segments.rs - uri::segments::Segments::get (line 123) ... FAILED
[INFO] [stdout] test src/uri/reference.rs - uri::reference::Reference::parse (line 153) ... FAILED
[INFO] [stdout] test src/uri/segments.rs - uri::segments::Segments::skip (line 99) ... FAILED
[INFO] [stdout] test src/uri/segments.rs - uri::segments::Segments::get (line 238) ... FAILED
[INFO] [stdout] test src/uri/uri.rs - uri::uri::Uri::parse (line 64) ... FAILED
[INFO] [stdout] test src/uri/reference.rs - uri::reference::Reference::into_normalized (line 386) ... FAILED
[INFO] [stdout] test src/uri/reference.rs - uri::reference::Reference::normalize (line 346) ... FAILED
[INFO] [stdout] test src/uri/absolute.rs - uri::absolute::Absolute (line 72) ... ok
[INFO] [stdout] test src/uri/asterisk.rs - uri::asterisk::Asterisk (line 10) ... ok
[INFO] [stdout] test src/uri/authority.rs - uri::authority::Authority (line 28) ... ok
[INFO] [stdout] test src/uri/origin.rs - uri::origin::Origin (line 93) ... ok
[INFO] [stdout] test src/uri/reference.rs - uri::reference::Reference (line 53) ... ok
[INFO] [stdout] 
[INFO] [stdout] failures:
[INFO] [stdout] 
[INFO] [stdout] ---- src/header/accept.rs - header::accept::Accept (line 48) stdout ----
[INFO] [stdout] error[E0463]: can't find crate for `rocket`
[INFO] [stdout]  --> src/header/accept.rs:48:1
[INFO] [stdout]   |
[INFO] [stdout] 2 | extern crate rocket;
[INFO] [stdout]   | ^^^^^^^^^^^^^^^^^^^^ can't find crate
[INFO] [stdout] 
[INFO] [stdout] error: aborting due to previous error
[INFO] [stdout] 
[INFO] [stdout] For more information about this error, try `rustc --explain E0463`.
[INFO] [stdout] Couldn't compile the test.
[INFO] [stdout] ---- src/header/accept.rs - header::accept::Accept::first (line 178) stdout ----
[INFO] [stdout] error[E0463]: can't find crate for `rocket`
[INFO] [stdout]  --> src/header/accept.rs:178:1
[INFO] [stdout]   |
[INFO] [stdout] 2 | extern crate rocket;
[INFO] [stdout]   | ^^^^^^^^^^^^^^^^^^^^ can't find crate
[INFO] [stdout] 
[INFO] [stdout] error: aborting due to previous error
[INFO] [stdout] 
[INFO] [stdout] For more information about this error, try `rustc --explain E0463`.
[INFO] [stdout] Couldn't compile the test.
[INFO] [stdout] ---- src/header/accept.rs - header::accept::Accept::new (line 95) stdout ----
[INFO] [stdout] error[E0463]: can't find crate for `rocket`
[INFO] [stdout]  --> src/header/accept.rs:95:1
[INFO] [stdout]   |
[INFO] [stdout] 2 | extern crate rocket;
[INFO] [stdout]   | ^^^^^^^^^^^^^^^^^^^^ can't find crate
[INFO] [stdout] 
[INFO] [stdout] error: aborting due to previous error
[INFO] [stdout] 
[INFO] [stdout] For more information about this error, try `rustc --explain E0463`.
[INFO] [stdout] Couldn't compile the test.
[INFO] [stdout] ---- src/header/accept.rs - header::accept::QMediaType::weight (line 300) stdout ----
[INFO] [stdout] error[E0463]: can't find crate for `rocket`
[INFO] [stdout]  --> src/header/accept.rs:300:1
[INFO] [stdout]   |
[INFO] [stdout] 2 | extern crate rocket;
[INFO] [stdout]   | ^^^^^^^^^^^^^^^^^^^^ can't find crate
[INFO] [stdout] 
[INFO] [stdout] error: aborting due to previous error
[INFO] [stdout] 
[INFO] [stdout] For more information about this error, try `rustc --explain E0463`.
[INFO] [stdout] Couldn't compile the test.
[INFO] [stdout] ---- src/header/accept.rs - header::accept::Accept::iter (line 196) stdout ----
[INFO] [stdout] error[E0463]: can't find crate for `rocket`
[INFO] [stdout]  --> src/header/accept.rs:196:1
[INFO] [stdout]   |
[INFO] [stdout] 2 | extern crate rocket;
[INFO] [stdout]   | ^^^^^^^^^^^^^^^^^^^^ can't find crate
[INFO] [stdout] 
[INFO] [stdout] error: aborting due to previous error
[INFO] [stdout] 
[INFO] [stdout] For more information about this error, try `rustc --explain E0463`.
[INFO] [stdout] Couldn't compile the test.
[INFO] [stdout] ---- src/header/accept.rs - header::accept::QMediaType::weight_or (line 316) stdout ----
[INFO] [stdout] error[E0463]: can't find crate for `rocket`
[INFO] [stdout]  --> src/header/accept.rs:316:1
[INFO] [stdout]   |
[INFO] [stdout] 2 | extern crate rocket;
[INFO] [stdout]   | ^^^^^^^^^^^^^^^^^^^^ can't find crate
[INFO] [stdout] 
[INFO] [stdout] error: aborting due to previous error
[INFO] [stdout] 
[INFO] [stdout] For more information about this error, try `rustc --explain E0463`.
[INFO] [stdout] Couldn't compile the test.
[INFO] [stdout] ---- src/header/accept.rs - header::accept::Accept::media_types (line 225) stdout ----
[INFO] [stdout] error[E0463]: can't find crate for `rocket`
[INFO] [stdout]  --> src/header/accept.rs:225:1
[INFO] [stdout]   |
[INFO] [stdout] 2 | extern crate rocket;
[INFO] [stdout]   | ^^^^^^^^^^^^^^^^^^^^ can't find crate
[INFO] [stdout] 
[INFO] [stdout] error: aborting due to previous error
[INFO] [stdout] 
[INFO] [stdout] For more information about this error, try `rustc --explain E0463`.
[INFO] [stdout] Couldn't compile the test.
[INFO] [stdout] ---- src/header/accept.rs - header::accept::Accept::preferred (line 131) stdout ----
[INFO] [stdout] error[E0463]: can't find crate for `rocket`
[INFO] [stdout]  --> src/header/accept.rs:131:1
[INFO] [stdout]   |
[INFO] [stdout] 2 | extern crate rocket;
[INFO] [stdout]   | ^^^^^^^^^^^^^^^^^^^^ can't find crate
[INFO] [stdout] 
[INFO] [stdout] error: aborting due to previous error
[INFO] [stdout] 
[INFO] [stdout] For more information about this error, try `rustc --explain E0463`.
[INFO] [stdout] Couldn't compile the test.
[INFO] [stdout] ---- src/header/content_type.rs - header::content_type::ContentType (line 23) stdout ----
[INFO] [stdout] error[E0463]: can't find crate for `rocket`
[INFO] [stdout]  --> src/header/content_type.rs:23:1
[INFO] [stdout]   |
[INFO] [stdout] 2 | extern crate rocket;
[INFO] [stdout]   | ^^^^^^^^^^^^^^^^^^^^ can't find crate
[INFO] [stdout] 
[INFO] [stdout] error: aborting due to previous error
[INFO] [stdout] 
[INFO] [stdout] For more information about this error, try `rustc --explain E0463`.
[INFO] [stdout] Couldn't compile the test.
[INFO] [stdout] ---- src/header/accept.rs - header::accept::Accept (line 35) stdout ----
[INFO] [stdout] error[E0463]: can't find crate for `rocket`
[INFO] [stdout]  --> src/header/accept.rs:35:1
[INFO] [stdout]   |
[INFO] [stdout] 2 | extern crate rocket;
[INFO] [stdout]   | ^^^^^^^^^^^^^^^^^^^^ can't find crate
[INFO] [stdout] 
[INFO] [stdout] error: aborting due to previous error
[INFO] [stdout] 
[INFO] [stdout] For more information about this error, try `rustc --explain E0463`.
[INFO] [stdout] Couldn't compile the test.
[INFO] [stdout] ---- src/header/content_type.rs - header::content_type::ContentType::fmt (line 370) stdout ----
[INFO] [stdout] error[E0463]: can't find crate for `rocket`
[INFO] [stdout]  --> src/header/content_type.rs:370:1
[INFO] [stdout]   |
[INFO] [stdout] 2 | extern crate rocket;
[INFO] [stdout]   | ^^^^^^^^^^^^^^^^^^^^ can't find crate
[INFO] [stdout] 
[INFO] [stdout] error: aborting due to previous error
[INFO] [stdout] 
[INFO] [stdout] For more information about this error, try `rustc --explain E0463`.
[INFO] [stdout] Couldn't compile the test.
[INFO] [stdout] ---- src/header/content_type.rs - header::content_type::ContentType::from_extension (line 300) stdout ----
[INFO] [stdout] error[E0463]: can't find crate for `rocket`
[INFO] [stdout]  --> src/header/content_type.rs:300:1
[INFO] [stdout]   |
[INFO] [stdout] 2 | extern crate rocket;
[INFO] [stdout]   | ^^^^^^^^^^^^^^^^^^^^ can't find crate
[INFO] [stdout] 
[INFO] [stdout] error: aborting due to previous error
[INFO] [stdout] 
[INFO] [stdout] For more information about this error, try `rustc --explain E0463`.
[INFO] [stdout] Couldn't compile the test.
[INFO] [stdout] ---- src/header/content_type.rs - header::content_type::ContentType (line 36) stdout ----
[INFO] [stdout] error[E0463]: can't find crate for `rocket`
[INFO] [stdout]  --> src/header/content_type.rs:36:1
[INFO] [stdout]   |
[INFO] [stdout] 2 | extern crate rocket;
[INFO] [stdout]   | ^^^^^^^^^^^^^^^^^^^^ can't find crate
[INFO] [stdout] 
[INFO] [stdout] error: aborting due to previous error
[INFO] [stdout] 
[INFO] [stdout] For more information about this error, try `rustc --explain E0463`.
[INFO] [stdout] Couldn't compile the test.
[INFO] [stdout] ---- src/header/content_type.rs - header::content_type::ContentType::from_str (line 320) stdout ----
[INFO] [stdout] error[E0463]: can't find crate for `rocket`
[INFO] [stdout]  --> src/header/content_type.rs:320:1
[INFO] [stdout]   |
[INFO] [stdout] 2 | extern crate rocket;
[INFO] [stdout]   | ^^^^^^^^^^^^^^^^^^^^ can't find crate
[INFO] [stdout] 
[INFO] [stdout] error: aborting due to previous error
[INFO] [stdout] 
[INFO] [stdout] For more information about this error, try `rustc --explain E0463`.
[INFO] [stdout] Couldn't compile the test.
[INFO] [stdout] ---- src/header/content_type.rs - header::content_type::ContentType::from_str (line 345) stdout ----
[INFO] [stdout] error[E0463]: can't find crate for `rocket`
[INFO] [stdout]  --> src/header/content_type.rs:345:1
[INFO] [stdout]   |
[INFO] [stdout] 2 | extern crate rocket;
[INFO] [stdout]   | ^^^^^^^^^^^^^^^^^^^^ can't find crate
[INFO] [stdout] 
[INFO] [stdout] error: aborting due to previous error
[INFO] [stdout] 
[INFO] [stdout] For more information about this error, try `rustc --explain E0463`.
[INFO] [stdout] Couldn't compile the test.
[INFO] [stdout] ---- src/header/content_type.rs - header::content_type::ContentType::from_str (line 332) stdout ----
[INFO] [stdout] error[E0463]: can't find crate for `rocket`
[INFO] [stdout]  --> src/header/content_type.rs:332:1
[INFO] [stdout]   |
[INFO] [stdout] 2 | extern crate rocket;
[INFO] [stdout]   | ^^^^^^^^^^^^^^^^^^^^ can't find crate
[INFO] [stdout] 
[INFO] [stdout] error: aborting due to previous error
[INFO] [stdout] 
[INFO] [stdout] For more information about this error, try `rustc --explain E0463`.
[INFO] [stdout] Couldn't compile the test.
[INFO] [stdout] ---- src/header/content_type.rs - header::content_type::ContentType::extension (line 308) stdout ----
[INFO] [stdout] error[E0463]: can't find crate for `rocket`
[INFO] [stdout]  --> src/header/content_type.rs:308:1
[INFO] [stdout]   |
[INFO] [stdout] 2 | extern crate rocket;
[INFO] [stdout]   | ^^^^^^^^^^^^^^^^^^^^ can't find crate
[INFO] [stdout] 
[INFO] [stdout] error: aborting due to previous error
[INFO] [stdout] 
[INFO] [stdout] For more information about this error, try `rustc --explain E0463`.
[INFO] [stdout] Couldn't compile the test.
[INFO] [stdout] ---- src/header/accept.rs - header::accept::QMediaType::media_type (line 335) stdout ----
[INFO] [stdout] error[E0463]: can't find crate for `rocket`
[INFO] [stdout]  --> src/header/accept.rs:335:1
[INFO] [stdout]   |
[INFO] [stdout] 2 | extern crate rocket;
[INFO] [stdout]   | ^^^^^^^^^^^^^^^^^^^^ can't find crate
[INFO] [stdout] 
[INFO] [stdout] error: aborting due to previous error
[INFO] [stdout] 
[INFO] [stdout] For more information about this error, try `rustc --explain E0463`.
[INFO] [stdout] Couldn't compile the test.
[INFO] [stdout] ---- src/header/content_type.rs - header::content_type::ContentType::new (line 219) stdout ----
[INFO] [stdout] error[E0463]: can't find crate for `rocket`
[INFO] [stdout]  --> src/header/content_type.rs:219:1
[INFO] [stdout]   |
[INFO] [stdout] 2 | extern crate rocket;
[INFO] [stdout]   | ^^^^^^^^^^^^^^^^^^^^ can't find crate
[INFO] [stdout] 
[INFO] [stdout] error: aborting due to previous error
[INFO] [stdout] 
[INFO] [stdout] For more information about this error, try `rustc --explain E0463`.
[INFO] [stdout] Couldn't compile the test.
[INFO] [stdout] ---- src/header/content_type.rs - header::content_type::ContentType::extension (line 295) stdout ----
[INFO] [stdout] error[E0463]: can't find crate for `rocket`
[INFO] [stdout]  --> src/header/content_type.rs:295:1
[INFO] [stdout]   |
[INFO] [stdout] 2 | extern crate rocket;
[INFO] [stdout]   | ^^^^^^^^^^^^^^^^^^^^ can't find crate
[INFO] [stdout] 
[INFO] [stdout] error: aborting due to previous error
[INFO] [stdout] 
[INFO] [stdout] For more information about this error, try `rustc --explain E0463`.
[INFO] [stdout] Couldn't compile the test.
[INFO] [stdout] ---- src/header/content_type.rs - header::content_type::ContentType::from_extension (line 286) stdout ----
[INFO] [stdout] error[E0463]: can't find crate for `rocket`
[INFO] [stdout]  --> src/header/content_type.rs:286:1
[INFO] [stdout]   |
[INFO] [stdout] 2 | extern crate rocket;
[INFO] [stdout]   | ^^^^^^^^^^^^^^^^^^^^ can't find crate
[INFO] [stdout] 
[INFO] [stdout] error: aborting due to previous error
[INFO] [stdout] 
[INFO] [stdout] For more information about this error, try `rustc --explain E0463`.
[INFO] [stdout] Couldn't compile the test.
[INFO] [stdout] ---- src/header/content_type.rs - header::content_type::ContentType::parse_flexible (line 288) stdout ----
[INFO] [stdout] error[E0463]: can't find crate for `rocket`
[INFO] [stdout]  --> src/header/content_type.rs:288:1
[INFO] [stdout]   |
[INFO] [stdout] 2 | extern crate rocket;
[INFO] [stdout]   | ^^^^^^^^^^^^^^^^^^^^ can't find crate
[INFO] [stdout] 
[INFO] [stdout] error: aborting due to previous error
[INFO] [stdout] 
[INFO] [stdout] For more information about this error, try `rustc --explain E0463`.
[INFO] [stdout] Couldn't compile the test.
[INFO] [stdout] ---- src/header/content_type.rs - header::content_type::ContentType::with_params (line 246) stdout ----
[INFO] [stdout] error[E0463]: can't find crate for `rocket`
[INFO] [stdout]  --> src/header/content_type.rs:246:1
[INFO] [stdout]   |
[INFO] [stdout] 2 | extern crate rocket;
[INFO] [stdout]   | ^^^^^^^^^^^^^^^^^^^^ can't find crate
[INFO] [stdout] 
[INFO] [stdout] error: aborting due to previous error
[INFO] [stdout] 
[INFO] [stdout] For more information about this error, try `rustc --explain E0463`.
[INFO] [stdout] Couldn't compile the test.
[INFO] [stdout] ---- src/header/content_type.rs - header::content_type::ContentType::media_type (line 277) stdout ----
[INFO] [stdout] error[E0463]: can't find crate for `rocket`
[INFO] [stdout]  --> src/header/content_type.rs:277:1
[INFO] [stdout]   |
[INFO] [stdout] 2 | extern crate rocket;
[INFO] [stdout]   | ^^^^^^^^^^^^^^^^^^^^ can't find crate
[INFO] [stdout] 
[INFO] [stdout] error: aborting due to previous error
[INFO] [stdout] 
[INFO] [stdout] For more information about this error, try `rustc --explain E0463`.
[INFO] [stdout] Couldn't compile the test.
[INFO] [stdout] ---- src/header/content_type.rs - header::content_type::ContentType::with_params (line 256) stdout ----
[INFO] [stdout] error[E0463]: can't find crate for `rocket`
[INFO] [stdout]  --> src/header/content_type.rs:256:1
[INFO] [stdout]   |
[INFO] [stdout] 2 | extern crate rocket;
[INFO] [stdout]   | ^^^^^^^^^^^^^^^^^^^^ can't find crate
[INFO] [stdout] 
[INFO] [stdout] error: aborting due to previous error
[INFO] [stdout] 
[INFO] [stdout] For more information about this error, try `rustc --explain E0463`.
[INFO] [stdout] Couldn't compile the test.
[INFO] [stdout] ---- src/header/content_type.rs - header::content_type::ContentType::parse_flexible (line 257) stdout ----
[INFO] [stdout] error[E0463]: can't find crate for `rocket`
[INFO] [stdout]  --> src/header/content_type.rs:257:1
[INFO] [stdout]   |
[INFO] [stdout] 2 | extern crate rocket;
[INFO] [stdout]   | ^^^^^^^^^^^^^^^^^^^^ can't find crate
[INFO] [stdout] 
[INFO] [stdout] error: aborting due to previous error
[INFO] [stdout] 
[INFO] [stdout] For more information about this error, try `rustc --explain E0463`.
[INFO] [stdout] Couldn't compile the test.
[INFO] [stdout] ---- src/header/header.rs - header::header::Header::new (line 39) stdout ----
[INFO] [stdout] error[E0463]: can't find crate for `rocket`
[INFO] [stdout]  --> src/header/header.rs:39:1
[INFO] [stdout]   |
[INFO] [stdout] 2 | extern crate rocket;
[INFO] [stdout]   | ^^^^^^^^^^^^^^^^^^^^ can't find crate
[INFO] [stdout] 
[INFO] [stdout] error: aborting due to previous error
[INFO] [stdout] 
[INFO] [stdout] For more information about this error, try `rustc --explain E0463`.
[INFO] [stdout] Couldn't compile the test.
[INFO] [stdout] ---- src/header/header.rs - header::header::Header::name (line 131) stdout ----
[INFO] [stdout] error[E0463]: can't find crate for `rocket`
[INFO] [stdout]  --> src/header/header.rs:131:1
[INFO] [stdout]   |
[INFO] [stdout] 2 | extern crate rocket;
[INFO] [stdout]   | ^^^^^^^^^^^^^^^^^^^^ can't find crate
[INFO] [stdout] 
[INFO] [stdout] error: aborting due to previous error
[INFO] [stdout] 
[INFO] [stdout] For more information about this error, try `rustc --explain E0463`.
[INFO] [stdout] Couldn't compile the test.
[INFO] [stdout] ---- src/header/content_type.rs - header::content_type::ContentType::parse_flexible (line 271) stdout ----
[INFO] [stdout] error[E0463]: can't find crate for `rocket`
[INFO] [stdout]  --> src/header/content_type.rs:271:1
[INFO] [stdout]   |
[INFO] [stdout] 2 | extern crate rocket;
[INFO] [stdout]   | ^^^^^^^^^^^^^^^^^^^^ can't find crate
[INFO] [stdout] 
[INFO] [stdout] error: aborting due to previous error
[INFO] [stdout] 
[INFO] [stdout] For more information about this error, try `rustc --explain E0463`.
[INFO] [stdout] Couldn't compile the test.
[INFO] [stdout] ---- src/header/header.rs - header::header::Header::new (line 29) stdout ----
[INFO] [stdout] error[E0463]: can't find crate for `rocket`
[INFO] [stdout]  --> src/header/header.rs:29:1
[INFO] [stdout]   |
[INFO] [stdout] 2 | extern crate rocket;
[INFO] [stdout]   | ^^^^^^^^^^^^^^^^^^^^ can't find crate
[INFO] [stdout] 
[INFO] [stdout] error: aborting due to previous error
[INFO] [stdout] 
[INFO] [stdout] For more information about this error, try `rustc --explain E0463`.
[INFO] [stdout] Couldn't compile the test.
[INFO] [stdout] ---- src/header/header.rs - header::header::Header::is_valid_value (line 77) stdout ----
[INFO] [stdout] error[E0463]: can't find crate for `rocket`
[INFO] [stdout]  --> src/header/header.rs:77:1
[INFO] [stdout]   |
[INFO] [stdout] 2 | extern crate rocket;
[INFO] [stdout]   | ^^^^^^^^^^^^^^^^^^^^ can't find crate
[INFO] [stdout] 
[INFO] [stdout] error: aborting due to previous error
[INFO] [stdout] 
[INFO] [stdout] For more information about this error, try `rustc --explain E0463`.
[INFO] [stdout] Couldn't compile the test.
[INFO] [stdout] ---- src/header/header.rs - header::header::Header::name (line 143) stdout ----
[INFO] [stdout] error[E0463]: can't find crate for `rocket`
[INFO] [stdout]  --> src/header/header.rs:143:1
[INFO] [stdout]   |
[INFO] [stdout] 2 | extern crate rocket;
[INFO] [stdout]   | ^^^^^^^^^^^^^^^^^^^^ can't find crate
[INFO] [stdout] 
[INFO] [stdout] error: aborting due to previous error
[INFO] [stdout] 
[INFO] [stdout] For more information about this error, try `rustc --explain E0463`.
[INFO] [stdout] Couldn't compile the test.
[INFO] [stdout] ---- src/header/header.rs - header::header::HeaderMap::len (line 234) stdout ----
[INFO] [stdout] error[E0463]: can't find crate for `rocket`
[INFO] [stdout]  --> src/header/header.rs:234:1
[INFO] [stdout]   |
[INFO] [stdout] 2 | extern crate rocket;
[INFO] [stdout]   | ^^^^^^^^^^^^^^^^^^^^ can't find crate
[INFO] [stdout] 
[INFO] [stdout] error: aborting due to previous error
[INFO] [stdout] 
[INFO] [stdout] For more information about this error, try `rustc --explain E0463`.
[INFO] [stdout] Couldn't compile the test.
[INFO] [stdout] ---- src/header/media_type.rs - header::media_type::MediaType (line 31) stdout ----
[INFO] [stdout] error[E0463]: can't find crate for `rocket`
[INFO] [stdout]  --> src/header/media_type.rs:31:1
[INFO] [stdout]   |
[INFO] [stdout] 2 | extern crate rocket;
[INFO] [stdout]   | ^^^^^^^^^^^^^^^^^^^^ can't find crate
[INFO] [stdout] 
[INFO] [stdout] error: aborting due to previous error
[INFO] [stdout] 
[INFO] [stdout] For more information about this error, try `rustc --explain E0463`.
[INFO] [stdout] Couldn't compile the test.
[INFO] [stdout] ---- src/header/media_type.rs - header::media_type::MediaType::new (line 288) stdout ----
[INFO] [stdout] error[E0463]: can't find crate for `rocket`
[INFO] [stdout]  --> src/header/media_type.rs:288:1
[INFO] [stdout]   |
[INFO] [stdout] 2 | extern crate rocket;
[INFO] [stdout]   | ^^^^^^^^^^^^^^^^^^^^ can't find crate
[INFO] [stdout] 
[INFO] [stdout] error: aborting due to previous error
[INFO] [stdout] 
[INFO] [stdout] For more information about this error, try `rustc --explain E0463`.
[INFO] [stdout] Couldn't compile the test.
[INFO] [stdout] ---- src/header/header.rs - header::header::HeaderMap::new (line 200) stdout ----
[INFO] [stdout] error[E0463]: can't find crate for `rocket`
[INFO] [stdout]  --> src/header/header.rs:200:1
[INFO] [stdout]   |
[INFO] [stdout] 2 | extern crate rocket;
[INFO] [stdout]   | ^^^^^^^^^^^^^^^^^^^^ can't find crate
[INFO] [stdout] 
[INFO] [stdout] error: aborting due to previous error
[INFO] [stdout] 
[INFO] [stdout] For more information about this error, try `rustc --explain E0463`.
[INFO] [stdout] Couldn't compile the test.
[INFO] [stdout] ---- src/header/header.rs - header::header::HeaderMap::contains (line 215) stdout ----
[INFO] [stdout] error[E0463]: can't find crate for `rocket`
[INFO] [stdout]  --> src/header/header.rs:215:1
[INFO] [stdout]   |
[INFO] [stdout] 2 | extern crate rocket;
[INFO] [stdout]   | ^^^^^^^^^^^^^^^^^^^^ can't find crate
[INFO] [stdout] 
[INFO] [stdout] error: aborting due to previous error
[INFO] [stdout] 
[INFO] [stdout] For more information about this error, try `rustc --explain E0463`.
[INFO] [stdout] Couldn't compile the test.
[INFO] [stdout] ---- src/header/header.rs - header::header::HeaderMap::get (line 277) stdout ----
[INFO] [stdout] error[E0463]: can't find crate for `rocket`
[INFO] [stdout]  --> src/header/header.rs:277:1
[INFO] [stdout]   |
[INFO] [stdout] 2 | extern crate rocket;
[INFO] [stdout]   | ^^^^^^^^^^^^^^^^^^^^ can't find crate
[INFO] [stdout] 
[INFO] [stdout] error: aborting due to previous error
[INFO] [stdout] 
[INFO] [stdout] For more information about this error, try `rustc --explain E0463`.
[INFO] [stdout] Couldn't compile the test.
[INFO] [stdout] ---- src/header/header.rs - header::header::Header::value (line 162) stdout ----
[INFO] [stdout] error[E0463]: can't find crate for `rocket`
[INFO] [stdout]  --> src/header/header.rs:162:1
[INFO] [stdout]   |
[INFO] [stdout] 2 | extern crate rocket;
[INFO] [stdout]   | ^^^^^^^^^^^^^^^^^^^^ can't find crate
[INFO] [stdout] 
[INFO] [stdout] error: aborting due to previous error
[INFO] [stdout] 
[INFO] [stdout] For more information about this error, try `rustc --explain E0463`.
[INFO] [stdout] Couldn't compile the test.
[INFO] [stdout] ---- src/header/header.rs - header::header::HeaderMap::add_all (line 503) stdout ----
[INFO] [stdout] error[E0463]: can't find crate for `rocket`
[INFO] [stdout]  --> src/header/header.rs:503:1
[INFO] [stdout]   |
[INFO] [stdout] 2 | extern crate rocket;
[INFO] [stdout]   | ^^^^^^^^^^^^^^^^^^^^ can't find crate
[INFO] [stdout] 
[INFO] [stdout] error: aborting due to previous error
[INFO] [stdout] 
[INFO] [stdout] For more information about this error, try `rustc --explain E0463`.
[INFO] [stdout] Couldn't compile the test.
[INFO] [stdout] ---- src/header/header.rs - header::header::HeaderMap::replace (line 363) stdout ----
[INFO] [stdout] error[E0463]: can't find crate for `rocket`
[INFO] [stdout]  --> src/header/header.rs:363:1
[INFO] [stdout]   |
[INFO] [stdout] 2 | extern crate rocket;
[INFO] [stdout]   | ^^^^^^^^^^^^^^^^^^^^ can't find crate
[INFO] [stdout] 
[INFO] [stdout] error: aborting due to previous error
[INFO] [stdout] 
[INFO] [stdout] For more information about this error, try `rustc --explain E0463`.
[INFO] [stdout] Couldn't compile the test.
[INFO] [stdout] ---- src/header/header.rs - header::header::HeaderMap::replace (line 351) stdout ----
[INFO] [stdout] error[E0463]: can't find crate for `rocket`
[INFO] [stdout]  --> src/header/header.rs:351:1
[INFO] [stdout]   |
[INFO] [stdout] 2 | extern crate rocket;
[INFO] [stdout]   | ^^^^^^^^^^^^^^^^^^^^ can't find crate
[INFO] [stdout] 
[INFO] [stdout] error: aborting due to previous error
[INFO] [stdout] 
[INFO] [stdout] For more information about this error, try `rustc --explain E0463`.
[INFO] [stdout] Couldn't compile the test.
[INFO] [stdout] ---- src/header/header.rs - header::header::HeaderMap::into_iter (line 646) stdout ----
[INFO] [stdout] error[E0463]: can't find crate for `rocket`
[INFO] [stdout]  --> src/header/header.rs:646:1
[INFO] [stdout]   |
[INFO] [stdout] 2 | extern crate rocket;
[INFO] [stdout]   | ^^^^^^^^^^^^^^^^^^^^ can't find crate
[INFO] [stdout] 
[INFO] [stdout] error: aborting due to previous error
[INFO] [stdout] 
[INFO] [stdout] For more information about this error, try `rustc --explain E0463`.
[INFO] [stdout] Couldn't compile the test.
[INFO] [stdout] ---- src/header/header.rs - header::header::HeaderMap::is_empty (line 260) stdout ----
[INFO] [stdout] error[E0463]: can't find crate for `rocket`
[INFO] [stdout]  --> src/header/header.rs:260:1
[INFO] [stdout]   |
[INFO] [stdout] 2 | extern crate rocket;
[INFO] [stdout]   | ^^^^^^^^^^^^^^^^^^^^ can't find crate
[INFO] [stdout] 
[INFO] [stdout] error: aborting due to previous error
[INFO] [stdout] 
[INFO] [stdout] For more information about this error, try `rustc --explain E0463`.
[INFO] [stdout] Couldn't compile the test.
[INFO] [stdout] ---- src/header/header.rs - header::header::HeaderMap::get_one (line 307) stdout ----
[INFO] [stdout] error[E0463]: can't find crate for `rocket`
[INFO] [stdout]  --> src/header/header.rs:307:1
[INFO] [stdout]   |
[INFO] [stdout] 2 | extern crate rocket;
[INFO] [stdout]   | ^^^^^^^^^^^^^^^^^^^^ can't find crate
[INFO] [stdout] 
[INFO] [stdout] error: aborting due to previous error
[INFO] [stdout] 
[INFO] [stdout] For more information about this error, try `rustc --explain E0463`.
[INFO] [stdout] Couldn't compile the test.
[INFO] [stdout] ---- src/header/header.rs - header::header::HeaderMap::remove (line 535) stdout ----
[INFO] [stdout] error[E0463]: can't find crate for `rocket`
[INFO] [stdout]  --> src/header/header.rs:535:1
[INFO] [stdout]   |
[INFO] [stdout] 2 | extern crate rocket;
[INFO] [stdout]   | ^^^^^^^^^^^^^^^^^^^^ can't find crate
[INFO] [stdout] 
[INFO] [stdout] error: aborting due to previous error
[INFO] [stdout] 
[INFO] [stdout] For more information about this error, try `rustc --explain E0463`.
[INFO] [stdout] Couldn't compile the test.
[INFO] [stdout] ---- src/header/header.rs - header::header::HeaderMap::add (line 454) stdout ----
[INFO] [stdout] error[E0463]: can't find crate for `rocket`
[INFO] [stdout]  --> src/header/header.rs:454:1
[INFO] [stdout]   |
[INFO] [stdout] 2 | extern crate rocket;
[INFO] [stdout]   | ^^^^^^^^^^^^^^^^^^^^ can't find crate
[INFO] [stdout] 
[INFO] [stdout] error: aborting due to previous error
[INFO] [stdout] 
[INFO] [stdout] For more information about this error, try `rustc --explain E0463`.
[INFO] [stdout] Couldn't compile the test.
[INFO] [stdout] ---- src/header/header.rs - header::header::HeaderMap::remove_all (line 560) stdout ----
[INFO] [stdout] error[E0463]: can't find crate for `rocket`
[INFO] [stdout]  --> src/header/header.rs:560:1
[INFO] [stdout]   |
[INFO] [stdout] 2 | extern crate rocket;
[INFO] [stdout]   | ^^^^^^^^^^^^^^^^^^^^ can't find crate
[INFO] [stdout] 
[INFO] [stdout] error: aborting due to previous error
[INFO] [stdout] 
[INFO] [stdout] For more information about this error, try `rustc --explain E0463`.
[INFO] [stdout] Couldn't compile the test.
[INFO] [stdout] ---- src/header/header.rs - header::header::HeaderMap::get_one (line 323) stdout ----
[INFO] [stdout] error[E0463]: can't find crate for `rocket`
[INFO] [stdout]  --> src/header/header.rs:323:1
[INFO] [stdout]   |
[INFO] [stdout] 2 | extern crate rocket;
[INFO] [stdout]   | ^^^^^^^^^^^^^^^^^^^^ can't find crate
[INFO] [stdout] 
[INFO] [stdout] error: aborting due to previous error
[INFO] [stdout] 
[INFO] [stdout] For more information about this error, try `rustc --explain E0463`.
[INFO] [stdout] Couldn't compile the test.
[INFO] [stdout] ---- src/header/header.rs - header::header::HeaderMap::iter (line 601) stdout ----
[INFO] [stdout] error[E0463]: can't find crate for `rocket`
[INFO] [stdout]  --> src/header/header.rs:601:1
[INFO] [stdout]   |
[INFO] [stdout] 2 | extern crate rocket;
[INFO] [stdout]   | ^^^^^^^^^^^^^^^^^^^^ can't find crate
[INFO] [stdout] 
[INFO] [stdout] error: aborting due to previous error
[INFO] [stdout] 
[INFO] [stdout] For more information about this error, try `rustc --explain E0463`.
[INFO] [stdout] Couldn't compile the test.
[INFO] [stdout] ---- src/header/media_type.rs - header::media_type::MediaType::from_extension (line 457) stdout ----
[INFO] [stdout] error[E0463]: can't find crate for `rocket`
[INFO] [stdout]  --> src/header/media_type.rs:457:1
[INFO] [stdout]   |
[INFO] [stdout] 2 | extern crate rocket;
[INFO] [stdout]   | ^^^^^^^^^^^^^^^^^^^^ can't find crate
[INFO] [stdout] 
[INFO] [stdout] error: aborting due to previous error
[INFO] [stdout] 
[INFO] [stdout] For more information about this error, try `rustc --explain E0463`.
[INFO] [stdout] Couldn't compile the test.
[INFO] [stdout] ---- src/header/media_type.rs - header::media_type::MediaType::extension (line 591) stdout ----
[INFO] [stdout] error[E0463]: can't find crate for `rocket`
[INFO] [stdout]  --> src/header/media_type.rs:591:1
[INFO] [stdout]   |
[INFO] [stdout] 2 | extern crate rocket;
[INFO] [stdout]   | ^^^^^^^^^^^^^^^^^^^^ can't find crate
[INFO] [stdout] 
[INFO] [stdout] error: aborting due to previous error
[INFO] [stdout] 
[INFO] [stdout] For more information about this error, try `rustc --explain E0463`.
[INFO] [stdout] Couldn't compile the test.
[INFO] [stdout] ---- src/header/media_type.rs - header::media_type::MediaType::extension (line 578) stdout ----
[INFO] [stdout] error[E0463]: can't find crate for `rocket`
[INFO] [stdout]  --> src/header/media_type.rs:578:1
[INFO] [stdout]   |
[INFO] [stdout] 2 | extern crate rocket;
[INFO] [stdout]   | ^^^^^^^^^^^^^^^^^^^^ can't find crate
[INFO] [stdout] 
[INFO] [stdout] error: aborting due to previous error
[INFO] [stdout] 
[INFO] [stdout] For more information about this error, try `rustc --explain E0463`.
[INFO] [stdout] Couldn't compile the test.
[INFO] [stdout] ---- src/header/header.rs - header::header::HeaderMap::replace (line 379) stdout ----
[INFO] [stdout] error[E0463]: can't find crate for `rocket`
[INFO] [stdout]  --> src/header/header.rs:379:1
[INFO] [stdout]   |
[INFO] [stdout] 2 | extern crate rocket;
[INFO] [stdout]   | ^^^^^^^^^^^^^^^^^^^^ can't find crate
[INFO] [stdout] 
[INFO] [stdout] error: aborting due to previous error
[INFO] [stdout] 
[INFO] [stdout] For more information about this error, try `rustc --explain E0463`.
[INFO] [stdout] Couldn't compile the test.
[INFO] [stdout] ---- src/header/media_type.rs - header::media_type::MediaType::exact_eq (line 488) stdout ----
[INFO] [stdout] error[E0463]: can't find crate for `rocket`
[INFO] [stdout]  --> src/header/media_type.rs:488:1
[INFO] [stdout]   |
[INFO] [stdout] 2 | extern crate rocket;
[INFO] [stdout]   | ^^^^^^^^^^^^^^^^^^^^ can't find crate
[INFO] [stdout] 
[INFO] [stdout] error: aborting due to previous error
[INFO] [stdout] 
[INFO] [stdout] For more information about this error, try `rustc --explain E0463`.
[INFO] [stdout] Couldn't compile the test.
[INFO] [stdout] ---- src/header/media_type.rs - header::media_type::MediaType::parse_flexible (line 428) stdout ----
[INFO] [stdout] error[E0463]: can't find crate for `rocket`
[INFO] [stdout]  --> src/header/media_type.rs:428:1
[INFO] [stdout]   |
[INFO] [stdout] 2 | extern crate rocket;
[INFO] [stdout]   | ^^^^^^^^^^^^^^^^^^^^ can't find crate
[INFO] [stdout] 
[INFO] [stdout] error: aborting due to previous error
[INFO] [stdout] 
[INFO] [stdout] For more information about this error, try `rustc --explain E0463`.
[INFO] [stdout] Couldn't compile the test.
[INFO] [stdout] ---- src/header/header.rs - header::header::HeaderMap::replace_all (line 429) stdout ----
[INFO] [stdout] error[E0463]: can't find crate for `rocket`
[INFO] [stdout]  --> src/header/header.rs:429:1
[INFO] [stdout]   |
[INFO] [stdout] 2 | extern crate rocket;
[INFO] [stdout]   | ^^^^^^^^^^^^^^^^^^^^ can't find crate
[INFO] [stdout] 
[INFO] [stdout] error: aborting due to previous error
[INFO] [stdout] 
[INFO] [stdout] For more information about this error, try `rustc --explain E0463`.
[INFO] [stdout] Couldn't compile the test.
[INFO] [stdout] ---- src/method.rs - method::Method::as_str (line 81) stdout ----
[INFO] [stdout] error[E0463]: can't find crate for `rocket`
[INFO] [stdout]  --> src/method.rs:81:1
[INFO] [stdout]   |
[INFO] [stdout] 2 | extern crate rocket;
[INFO] [stdout]   | ^^^^^^^^^^^^^^^^^^^^ can't find crate
[INFO] [stdout] 
[INFO] [stdout] error: aborting due to previous error
[INFO] [stdout] 
[INFO] [stdout] For more information about this error, try `rustc --explain E0463`.
[INFO] [stdout] Couldn't compile the test.
[INFO] [stdout] ---- src/header/header.rs - header::header::HeaderMap::add_raw (line 477) stdout ----
[INFO] [stdout] error[E0463]: can't find crate for `rocket`
[INFO] [stdout]  --> src/header/header.rs:477:1
[INFO] [stdout]   |
[INFO] [stdout] 2 | extern crate rocket;
[INFO] [stdout]   | ^^^^^^^^^^^^^^^^^^^^ can't find crate
[INFO] [stdout] 
[INFO] [stdout] error: aborting due to previous error
[INFO] [stdout] 
[INFO] [stdout] For more information about this error, try `rustc --explain E0463`.
[INFO] [stdout] Couldn't compile the test.
[INFO] [stdout] ---- src/header/media_type.rs - header::media_type::MediaType::parse_flexible (line 442) stdout ----
[INFO] [stdout] error[E0463]: can't find crate for `rocket`
[INFO] [stdout]  --> src/header/media_type.rs:442:1
[INFO] [stdout]   |
[INFO] [stdout] 2 | extern crate rocket;
[INFO] [stdout]   | ^^^^^^^^^^^^^^^^^^^^ can't find crate
[INFO] [stdout] 
[INFO] [stdout] error: aborting due to previous error
[INFO] [stdout] 
[INFO] [stdout] For more information about this error, try `rustc --explain E0463`.
[INFO] [stdout] Couldn't compile the test.
[INFO] [stdout] ---- src/header/media_type.rs - header::media_type::MediaType::sub (line 433) stdout ----
[INFO] [stdout] error[E0463]: can't find crate for `rocket`
[INFO] [stdout]  --> src/header/media_type.rs:433:1
[INFO] [stdout]   |
[INFO] [stdout] 2 | extern crate rocket;
[INFO] [stdout]   | ^^^^^^^^^^^^^^^^^^^^ can't find crate
[INFO] [stdout] 
[INFO] [stdout] error: aborting due to previous error
[INFO] [stdout] 
[INFO] [stdout] For more information about this error, try `rustc --explain E0463`.
[INFO] [stdout] Couldn't compile the test.
[INFO] [stdout] ---- src/header/media_type.rs - header::media_type::MediaType::specificity (line 458) stdout ----
[INFO] [stdout] error[E0463]: can't find crate for `rocket`
[INFO] [stdout]  --> src/header/media_type.rs:458:1
[INFO] [stdout]   |
[INFO] [stdout] 2 | extern crate rocket;
[INFO] [stdout]   | ^^^^^^^^^^^^^^^^^^^^ can't find crate
[INFO] [stdout] 
[INFO] [stdout] error: aborting due to previous error
[INFO] [stdout] 
[INFO] [stdout] For more information about this error, try `rustc --explain E0463`.
[INFO] [stdout] Couldn't compile the test.
[INFO] [stdout] ---- src/header/header.rs - header::header::HeaderMap::replace_raw (line 403) stdout ----
[INFO] [stdout] error[E0463]: can't find crate for `rocket`
[INFO] [stdout]  --> src/header/header.rs:403:1
[INFO] [stdout]   |
[INFO] [stdout] 2 | extern crate rocket;
[INFO] [stdout]   | ^^^^^^^^^^^^^^^^^^^^ can't find crate
[INFO] [stdout] 
[INFO] [stdout] error: aborting due to previous error
[INFO] [stdout] 
[INFO] [stdout] For more information about this error, try `rustc --explain E0463`.
[INFO] [stdout] Couldn't compile the test.
[INFO] [stdout] ---- src/header/media_type.rs - header::media_type::MediaType::with_params (line 326) stdout ----
[INFO] [stdout] error[E0463]: can't find crate for `rocket`
[INFO] [stdout]  --> src/header/media_type.rs:326:1
[INFO] [stdout]   |
[INFO] [stdout] 2 | extern crate rocket;
[INFO] [stdout]   | ^^^^^^^^^^^^^^^^^^^^ can't find crate
[INFO] [stdout] 
[INFO] [stdout] error: aborting due to previous error
[INFO] [stdout] 
[INFO] [stdout] For more information about this error, try `rustc --explain E0463`.
[INFO] [stdout] Couldn't compile the test.
[INFO] [stdout] ---- src/header/media_type.rs - header::media_type::MediaType::top (line 414) stdout ----
[INFO] [stdout] error[E0463]: can't find crate for `rocket`
[INFO] [stdout]  --> src/header/media_type.rs:414:1
[INFO] [stdout]   |
[INFO] [stdout] 2 | extern crate rocket;
[INFO] [stdout]   | ^^^^^^^^^^^^^^^^^^^^ can't find crate
[INFO] [stdout] 
[INFO] [stdout] error: aborting due to previous error
[INFO] [stdout] 
[INFO] [stdout] For more information about this error, try `rustc --explain E0463`.
[INFO] [stdout] Couldn't compile the test.
[INFO] [stdout] ---- src/raw_str.rs - raw_str::RawStr::as_str (line 487) stdout ----
[INFO] [stdout] error[E0463]: can't find crate for `rocket`
[INFO] [stdout]  --> src/raw_str.rs:487:1
[INFO] [stdout]   |
[INFO] [stdout] 2 | extern crate rocket;
[INFO] [stdout]   | ^^^^^^^^^^^^^^^^^^^^ can't find crate
[INFO] [stdout] 
[INFO] [stdout] error: aborting due to previous error
[INFO] [stdout] 
[INFO] [stdout] For more information about this error, try `rustc --explain E0463`.
[INFO] [stdout] Couldn't compile the test.
[INFO] [stdout] ---- src/header/media_type.rs - header::media_type::MediaType::with_params (line 316) stdout ----
[INFO] [stdout] error[E0463]: can't find crate for `rocket`
[INFO] [stdout]  --> src/header/media_type.rs:316:1
[INFO] [stdout]   |
[INFO] [stdout] 2 | extern crate rocket;
[INFO] [stdout]   | ^^^^^^^^^^^^^^^^^^^^ can't find crate
[INFO] [stdout] 
[INFO] [stdout] error: aborting due to previous error
[INFO] [stdout] 
[INFO] [stdout] For more information about this error, try `rustc --explain E0463`.
[INFO] [stdout] Couldn't compile the test.
[INFO] [stdout] ---- src/raw_str.rs - raw_str::RawStr::contains (line 574) stdout ----
[INFO] [stdout] error[E0463]: can't find crate for `rocket`
[INFO] [stdout]  --> src/raw_str.rs:574:1
[INFO] [stdout]   |
[INFO] [stdout] 2 | extern crate rocket;
[INFO] [stdout]   | ^^^^^^^^^^^^^^^^^^^^ can't find crate
[INFO] [stdout] 
[INFO] [stdout] error: aborting due to previous error
[INFO] [stdout] 
[INFO] [stdout] For more information about this error, try `rustc --explain E0463`.
[INFO] [stdout] Couldn't compile the test.
[INFO] [stdout] ---- src/raw_str.rs - raw_str::RawStr::into_cow_str (line 130) stdout ----
[INFO] [stdout] error[E0463]: can't find crate for `rocket`
[INFO] [stdout]  --> src/raw_str.rs:130:1
[INFO] [stdout]   |
[INFO] [stdout] 2 | extern crate rocket;
[INFO] [stdout]   | ^^^^^^^^^^^^^^^^^^^^ can't find crate
[INFO] [stdout] 
[INFO] [stdout] error: aborting due to previous error
[INFO] [stdout] 
[INFO] [stdout] For more information about this error, try `rustc --explain E0463`.
[INFO] [stdout] Couldn't compile the test.
[INFO] [stdout] ---- src/raw_str.rs - raw_str::RawStr::as_bytes (line 503) stdout ----
[INFO] [stdout] error[E0463]: can't find crate for `rocket`
[INFO] [stdout]  --> src/raw_str.rs:503:1
[INFO] [stdout]   |
[INFO] [stdout] 2 | extern crate rocket;
[INFO] [stdout]   | ^^^^^^^^^^^^^^^^^^^^ can't find crate
[INFO] [stdout] 
[INFO] [stdout] error: aborting due to previous error
[INFO] [stdout] 
[INFO] [stdout] For more information about this error, try `rustc --explain E0463`.
[INFO] [stdout] Couldn't compile the test.
[INFO] [stdout] ---- src/raw_str.rs - raw_str::RawStr::is_empty (line 465) stdout ----
[INFO] [stdout] error[E0463]: can't find crate for `rocket`
[INFO] [stdout]  --> src/raw_str.rs:465:1
[INFO] [stdout]   |
[INFO] [stdout] 2 | extern crate rocket;
[INFO] [stdout]   | ^^^^^^^^^^^^^^^^^^^^ can't find crate
[INFO] [stdout] 
[INFO] [stdout] error: aborting due to previous error
[INFO] [stdout] 
[INFO] [stdout] For more information about this error, try `rustc --explain E0463`.
[INFO] [stdout] Couldn't compile the test.
[INFO] [stdout] ---- src/parse/uri/error.rs - parse::uri::error::Error::index (line 35) stdout ----
[INFO] [stdout] error[E0463]: can't find crate for `rocket`
[INFO] [stdout]  --> src/parse/uri/error.rs:35:1
[INFO] [stdout]   |
[INFO] [stdout] 2 | extern crate rocket;
[INFO] [stdout]   | ^^^^^^^^^^^^^^^^^^^^ can't find crate
[INFO] [stdout] 
[INFO] [stdout] error: aborting due to previous error
[INFO] [stdout] 
[INFO] [stdout] For more information about this error, try `rustc --explain E0463`.
[INFO] [stdout] Couldn't compile the test.
[INFO] [stdout] ---- src/header/media_type.rs - header::media_type::MediaType::params (line 541) stdout ----
[INFO] [stdout] error[E0463]: can't find crate for `rocket`
[INFO] [stdout]  --> src/header/media_type.rs:541:1
[INFO] [stdout]   |
[INFO] [stdout] 2 | extern crate rocket;
[INFO] [stdout]   | ^^^^^^^^^^^^^^^^^^^^ can't find crate
[INFO] [stdout] 
[INFO] [stdout] error: aborting due to previous error
[INFO] [stdout] 
[INFO] [stdout] For more information about this error, try `rustc --explain E0463`.
[INFO] [stdout] Couldn't compile the test.
[INFO] [stdout] ---- src/raw_str.rs - raw_str::RawStr::as_uncased_str (line 548) stdout ----
[INFO] [stdout] error[E0463]: can't find crate for `rocket`
[INFO] [stdout]  --> src/raw_str.rs:548:1
[INFO] [stdout]   |
[INFO] [stdout] 2 | extern crate rocket;
[INFO] [stdout]   | ^^^^^^^^^^^^^^^^^^^^ can't find crate
[INFO] [stdout] 
[INFO] [stdout] error: aborting due to previous error
[INFO] [stdout] 
[INFO] [stdout] For more information about this error, try `rustc --explain E0463`.
[INFO] [stdout] Couldn't compile the test.
[INFO] [stdout] ---- src/header/media_type.rs - header::media_type::MediaType::from_extension (line 471) stdout ----
[INFO] [stdout] error[E0463]: can't find crate for `rocket`
[INFO] [stdout]  --> src/header/media_type.rs:471:1
[INFO] [stdout]   |
[INFO] [stdout] 2 | extern crate rocket;
[INFO] [stdout]   | ^^^^^^^^^^^^^^^^^^^^ can't find crate
[INFO] [stdout] 
[INFO] [stdout] error: aborting due to previous error
[INFO] [stdout] 
[INFO] [stdout] For more information about this error, try `rustc --explain E0463`.
[INFO] [stdout] Couldn't compile the test.
[INFO] [stdout] ---- src/header/media_type.rs - header::media_type::MediaType::params (line 529) stdout ----
[INFO] [stdout] error[E0463]: can't find crate for `rocket`
[INFO] [stdout]  --> src/header/media_type.rs:529:1
[INFO] [stdout]   |
[INFO] [stdout] 2 | extern crate rocket;
[INFO] [stdout]   | ^^^^^^^^^^^^^^^^^^^^ can't find crate
[INFO] [stdout] 
[INFO] [stdout] error: aborting due to previous error
[INFO] [stdout] 
[INFO] [stdout] For more information about this error, try `rustc --explain E0463`.
[INFO] [stdout] Couldn't compile the test.
[INFO] [stdout] ---- src/raw_str.rs - raw_str::RawStr::as_ptr (line 530) stdout ----
[INFO] [stdout] error[E0463]: can't find crate for `rocket`
[INFO] [stdout]  --> src/raw_str.rs:530:1
[INFO] [stdout]   |
[INFO] [stdout] 2 | extern crate rocket;
[INFO] [stdout]   | ^^^^^^^^^^^^^^^^^^^^ can't find crate
[INFO] [stdout] 
[INFO] [stdout] error: aborting due to previous error
[INFO] [stdout] 
[INFO] [stdout] For more information about this error, try `rustc --explain E0463`.
[INFO] [stdout] Couldn't compile the test.
[INFO] [stdout] ---- src/raw_str.rs - raw_str::RawStr::percent_decode (line 161) stdout ----
[INFO] [stdout] error[E0463]: can't find crate for `rocket`
[INFO] [stdout]  --> src/raw_str.rs:161:1
[INFO] [stdout]   |
[INFO] [stdout] 2 | extern crate rocket;
[INFO] [stdout]   | ^^^^^^^^^^^^^^^^^^^^ can't find crate
[INFO] [stdout] 
[INFO] [stdout] error: aborting due to previous error
[INFO] [stdout] 
[INFO] [stdout] For more information about this error, try `rustc --explain E0463`.
[INFO] [stdout] Couldn't compile the test.
[INFO] [stdout] ---- src/method.rs - method::Method::supports_payload (line 62) stdout ----
[INFO] [stdout] error[E0463]: can't find crate for `rocket`
[INFO] [stdout]  --> src/method.rs:62:1
[INFO] [stdout]   |
[INFO] [stdout] 2 | extern crate rocket;
[INFO] [stdout]   | ^^^^^^^^^^^^^^^^^^^^ can't find crate
[INFO] [stdout] 
[INFO] [stdout] error: aborting due to previous error
[INFO] [stdout] 
[INFO] [stdout] For more information about this error, try `rustc --explain E0463`.
[INFO] [stdout] Couldn't compile the test.
[INFO] [stdout] ---- src/raw_str.rs - raw_str::RawStr::ends_with (line 629) stdout ----
[INFO] [stdout] error[E0463]: can't find crate for `rocket`
[INFO] [stdout]  --> src/raw_str.rs:629:1
[INFO] [stdout]   |
[INFO] [stdout] 2 | extern crate rocket;
[INFO] [stdout]   | ^^^^^^^^^^^^^^^^^^^^ can't find crate
[INFO] [stdout] 
[INFO] [stdout] error: aborting due to previous error
[INFO] [stdout] 
[INFO] [stdout] For more information about this error, try `rustc --explain E0463`.
[INFO] [stdout] Couldn't compile the test.
[INFO] [stdout] ---- src/raw_str.rs - raw_str::RawStr::html_escape (line 362) stdout ----
[INFO] [stdout] error[E0463]: can't find crate for `rocket`
[INFO] [stdout]  --> src/raw_str.rs:362:1
[INFO] [stdout]   |
[INFO] [stdout] 2 | extern crate rocket;
[INFO] [stdout]   | ^^^^^^^^^^^^^^^^^^^^ can't find crate
[INFO] [stdout] 
[INFO] [stdout] error: aborting due to previous error
[INFO] [stdout] 
[INFO] [stdout] For more information about this error, try `rustc --explain E0463`.
[INFO] [stdout] Couldn't compile the test.
[INFO] [stdout] ---- src/raw_str.rs - raw_str::RawStr::html_escape (line 347) stdout ----
[INFO] [stdout] error[E0463]: can't find crate for `rocket`
[INFO] [stdout]  --> src/raw_str.rs:347:1
[INFO] [stdout]   |
[INFO] [stdout] 2 | extern crate rocket;
[INFO] [stdout]   | ^^^^^^^^^^^^^^^^^^^^ can't find crate
[INFO] [stdout] 
[INFO] [stdout] error: aborting due to previous error
[INFO] [stdout] 
[INFO] [stdout] For more information about this error, try `rustc --explain E0463`.
[INFO] [stdout] Couldn't compile the test.
[INFO] [stdout] ---- src/raw_str.rs - raw_str::RawStr::len (line 449) stdout ----
[INFO] [stdout] error[E0463]: can't find crate for `rocket`
[INFO] [stdout]  --> src/raw_str.rs:449:1
[INFO] [stdout]   |
[INFO] [stdout] 2 | extern crate rocket;
[INFO] [stdout]   | ^^^^^^^^^^^^^^^^^^^^ can't find crate
[INFO] [stdout] 
[INFO] [stdout] error: aborting due to previous error
[INFO] [stdout] 
[INFO] [stdout] For more information about this error, try `rustc --explain E0463`.
[INFO] [stdout] Couldn't compile the test.
[INFO] [stdout] ---- src/raw_str.rs - raw_str::RawStr::from_cow_str (line 108) stdout ----
[INFO] [stdout] error[E0463]: can't find crate for `rocket`
[INFO] [stdout]  --> src/raw_str.rs:108:1
[INFO] [stdout]   |
[INFO] [stdout] 2 | extern crate rocket;
[INFO] [stdout]   | ^^^^^^^^^^^^^^^^^^^^ can't find crate
[INFO] [stdout] 
[INFO] [stdout] error: aborting due to previous error
[INFO] [stdout] 
[INFO] [stdout] For more information about this error, try `rustc --explain E0463`.
[INFO] [stdout] Couldn't compile the test.
[INFO] [stdout] ---- src/raw_str.rs - raw_str::RawStr::percent_encode (line 243) stdout ----
[INFO] [stdout] error[E0463]: can't find crate for `rocket`
[INFO] [stdout]  --> src/raw_str.rs:243:1
[INFO] [stdout]   |
[INFO] [stdout] 2 | extern crate rocket;
[INFO] [stdout]   | ^^^^^^^^^^^^^^^^^^^^ can't find crate
[INFO] [stdout] 
[INFO] [stdout] error: aborting due to previous error
[INFO] [stdout] 
[INFO] [stdout] For more information about this error, try `rustc --explain E0463`.
[INFO] [stdout] Couldn't compile the test.
[INFO] [stdout] ---- src/raw_str.rs - raw_str::RawStr::percent_decode (line 172) stdout ----
[INFO] [stdout] error[E0463]: can't find crate for `rocket`
[INFO] [stdout]  --> src/raw_str.rs:172:1
[INFO] [stdout]   |
[INFO] [stdout] 2 | extern crate rocket;
[INFO] [stdout]   | ^^^^^^^^^^^^^^^^^^^^ can't find crate
[INFO] [stdout] 
[INFO] [stdout] error: aborting due to previous error
[INFO] [stdout] 
[INFO] [stdout] For more information about this error, try `rustc --explain E0463`.
[INFO] [stdout] Couldn't compile the test.
[INFO] [stdout] ---- src/raw_str.rs - raw_str::RawStr::percent_decode_lossy (line 205) stdout ----
[INFO] [stdout] error[E0463]: can't find crate for `rocket`
[INFO] [stdout]  --> src/raw_str.rs:205:1
[INFO] [stdout]   |
[INFO] [stdout] 2 | extern crate rocket;
[INFO] [stdout]   | ^^^^^^^^^^^^^^^^^^^^ can't find crate
[INFO] [stdout] 
[INFO] [stdout] error: aborting due to previous error
[INFO] [stdout] 
[INFO] [stdout] For more information about this error, try `rustc --explain E0463`.
[INFO] [stdout] Couldn't compile the test.
[INFO] [stdout] ---- src/raw_str.rs - raw_str::RawStr::starts_with (line 602) stdout ----
[INFO] [stdout] error[E0463]: can't find crate for `rocket`
[INFO] [stdout]  --> src/raw_str.rs:602:1
[INFO] [stdout]   |
[INFO] [stdout] 2 | extern crate rocket;
[INFO] [stdout]   | ^^^^^^^^^^^^^^^^^^^^ can't find crate
[INFO] [stdout] 
[INFO] [stdout] error: aborting due to previous error
[INFO] [stdout] 
[INFO] [stdout] For more information about this error, try `rustc --explain E0463`.
[INFO] [stdout] Couldn't compile the test.
[INFO] [stdout] ---- src/raw_str.rs - raw_str::RawStrBuf::into_string (line 72) stdout ----
[INFO] [stdout] error[E0463]: can't find crate for `rocket`
[INFO] [stdout]  --> src/raw_str.rs:72:1
[INFO] [stdout]   |
[INFO] [stdout] 2 | extern crate rocket;
[INFO] [stdout]   | ^^^^^^^^^^^^^^^^^^^^ can't find crate
[INFO] [stdout] 
[INFO] [stdout] error: aborting due to previous error
[INFO] [stdout] 
[INFO] [stdout] For more information about this error, try `rustc --explain E0463`.
[INFO] [stdout] Couldn't compile the test.
[INFO] [stdout] ---- src/raw_str.rs - raw_str::RawStr::percent_encode (line 254) stdout ----
[INFO] [stdout] error[E0463]: can't find crate for `rocket`
[INFO] [stdout]  --> src/raw_str.rs:254:1
[INFO] [stdout]   |
[INFO] [stdout] 2 | extern crate rocket;
[INFO] [stdout]   | ^^^^^^^^^^^^^^^^^^^^ can't find crate
[INFO] [stdout] 
[INFO] [stdout] error: aborting due to previous error
[INFO] [stdout] 
[INFO] [stdout] For more information about this error, try `rustc --explain E0463`.
[INFO] [stdout] Couldn't compile the test.
[INFO] [stdout] ---- src/raw_str.rs - raw_str::RawStr::percent_decode_lossy (line 194) stdout ----
[INFO] [stdout] error[E0463]: can't find crate for `rocket`
[INFO] [stdout]  --> src/raw_str.rs:194:1
[INFO] [stdout]   |
[INFO] [stdout] 2 | extern crate rocket;
[INFO] [stdout]   | ^^^^^^^^^^^^^^^^^^^^ can't find crate
[INFO] [stdout] 
[INFO] [stdout] error: aborting due to previous error
[INFO] [stdout] 
[INFO] [stdout] For more information about this error, try `rustc --explain E0463`.
[INFO] [stdout] Couldn't compile the test.
[INFO] [stdout] ---- src/raw_str.rs - raw_str::RawStr::strip_prefix (line 782) stdout ----
[INFO] [stdout] error[E0463]: can't find crate for `rocket`
[INFO] [stdout]  --> src/raw_str.rs:782:1
[INFO] [stdout]   |
[INFO] [stdout] 2 | extern crate rocket;
[INFO] [stdout]   | ^^^^^^^^^^^^^^^^^^^^ can't find crate
[INFO] [stdout] 
[INFO] [stdout] error: aborting due to previous error
[INFO] [stdout] 
[INFO] [stdout] For more information about this error, try `rustc --explain E0463`.
[INFO] [stdout] Couldn't compile the test.
[INFO] [stdout] ---- src/raw_str.rs - raw_str::RawStr::parse (line 840) stdout ----
[INFO] [stdout] error[E0463]: can't find crate for `rocket`
[INFO] [stdout]  --> src/raw_str.rs:840:1
[INFO] [stdout]   |
[INFO] [stdout] 2 | extern crate rocket;
[INFO] [stdout]   | ^^^^^^^^^^^^^^^^^^^^ can't find crate
[INFO] [stdout] 
[INFO] [stdout] error: aborting due to previous error
[INFO] [stdout] 
[INFO] [stdout] For more information about this error, try `rustc --explain E0463`.
[INFO] [stdout] Couldn't compile the test.
[INFO] [stdout] ---- src/raw_str.rs - raw_str::RawStr::url_decode (line 278) stdout ----
[INFO] [stdout] error[E0463]: can't find crate for `rocket`
[INFO] [stdout]  --> src/raw_str.rs:278:1
[INFO] [stdout]   |
[INFO] [stdout] 2 | extern crate rocket;
[INFO] [stdout]   | ^^^^^^^^^^^^^^^^^^^^ can't find crate
[INFO] [stdout] 
[INFO] [stdout] error: aborting due to previous error
[INFO] [stdout] 
[INFO] [stdout] For more information about this error, try `rustc --explain E0463`.
[INFO] [stdout] Couldn't compile the test.
[INFO] [stdout] ---- src/raw_str.rs - raw_str::RawStr::split (line 684) stdout ----
[INFO] [stdout] error[E0463]: can't find crate for `rocket`
[INFO] [stdout]  --> src/raw_str.rs:684:1
[INFO] [stdout]   |
[INFO] [stdout] 2 | extern crate rocket;
[INFO] [stdout]   | ^^^^^^^^^^^^^^^^^^^^ can't find crate
[INFO] [stdout] 
[INFO] [stdout] error: aborting due to previous error
[INFO] [stdout] 
[INFO] [stdout] For more information about this error, try `rustc --explain E0463`.
[INFO] [stdout] Couldn't compile the test.
[INFO] [stdout] ---- src/raw_str.rs - raw_str::RawStr::new (line 89) stdout ----
[INFO] [stdout] error[E0463]: can't find crate for `rocket`
[INFO] [stdout]  --> src/raw_str.rs:89:1
[INFO] [stdout]   |
[INFO] [stdout] 2 | extern crate rocket;
[INFO] [stdout]   | ^^^^^^^^^^^^^^^^^^^^ can't find crate
[INFO] [stdout] 
[INFO] [stdout] error: aborting due to previous error
[INFO] [stdout] 
[INFO] [stdout] For more information about this error, try `rustc --explain E0463`.
[INFO] [stdout] Couldn't compile the test.
[INFO] [stdout] ---- src/raw_str.rs - raw_str::RawStr::find (line 657) stdout ----
[INFO] [stdout] error[E0463]: can't find crate for `rocket`
[INFO] [stdout]  --> src/raw_str.rs:657:1
[INFO] [stdout]   |
[INFO] [stdout] 2 | extern crate rocket;
[INFO] [stdout]   | ^^^^^^^^^^^^^^^^^^^^ can't find crate
[INFO] [stdout] 
[INFO] [stdout] error: aborting due to previous error
[INFO] [stdout] 
[INFO] [stdout] For more information about this error, try `rustc --explain E0463`.
[INFO] [stdout] Couldn't compile the test.
[INFO] [stdout] ---- src/raw_str.rs - raw_str::RawStr::url_decode_lossy (line 316) stdout ----
[INFO] [stdout] error[E0463]: can't find crate for `rocket`
[INFO] [stdout]  --> src/raw_str.rs:316:1
[INFO] [stdout]   |
[INFO] [stdout] 2 | extern crate rocket;
[INFO] [stdout]   | ^^^^^^^^^^^^^^^^^^^^ can't find crate
[INFO] [stdout] 
[INFO] [stdout] error: aborting due to previous error
[INFO] [stdout] 
[INFO] [stdout] For more information about this error, try `rustc --explain E0463`.
[INFO] [stdout] Couldn't compile the test.
[INFO] [stdout] ---- src/raw_str.rs - raw_str::RawStr::split_at_byte (line 718) stdout ----
[INFO] [stdout] error[E0463]: can't find crate for `rocket`
[INFO] [stdout]  --> src/raw_str.rs:718:1
[INFO] [stdout]   |
[INFO] [stdout] 2 | extern crate rocket;
[INFO] [stdout]   | ^^^^^^^^^^^^^^^^^^^^ can't find crate
[INFO] [stdout] 
[INFO] [stdout] error: aborting due to previous error
[INFO] [stdout] 
[INFO] [stdout] For more information about this error, try `rustc --explain E0463`.
[INFO] [stdout] Couldn't compile the test.
[INFO] [stdout] ---- src/header/media_type.rs - header::media_type::MediaType::parse_flexible (line 459) stdout ----
[INFO] [stdout] error[E0463]: can't find crate for `rocket`
[INFO] [stdout]  --> src/header/media_type.rs:459:1
[INFO] [stdout]   |
[INFO] [stdout] 2 | extern crate rocket;
[INFO] [stdout]   | ^^^^^^^^^^^^^^^^^^^^ can't find crate
[INFO] [stdout] 
[INFO] [stdout] error: aborting due to previous error
[INFO] [stdout] 
[INFO] [stdout] For more information about this error, try `rustc --explain E0463`.
[INFO] [stdout] Couldn't compile the test.
[INFO] [stdout] ---- src/status.rs - status::Status (line 83) stdout ----
[INFO] [stdout] error[E0463]: can't find crate for `rocket`
[INFO] [stdout]  --> src/status.rs:83:1
[INFO] [stdout]   |
[INFO] [stdout] 2 | extern crate rocket;
[INFO] [stdout]   | ^^^^^^^^^^^^^^^^^^^^ can't find crate
[INFO] [stdout] 
[INFO] [stdout] error: aborting due to previous error
[INFO] [stdout] 
[INFO] [stdout] For more information about this error, try `rustc --explain E0463`.
[INFO] [stdout] Couldn't compile the test.
[INFO] [stdout] ---- src/raw_str.rs - raw_str::RawStr::strip_suffix (line 808) stdout ----
[INFO] [stdout] error[E0463]: can't find crate for `rocket`
[INFO] [stdout]  --> src/raw_str.rs:808:1
[INFO] [stdout]   |
[INFO] [stdout] 2 | extern crate rocket;
[INFO] [stdout]   | ^^^^^^^^^^^^^^^^^^^^ can't find crate
[INFO] [stdout] 
[INFO] [stdout] error: aborting due to previous error
[INFO] [stdout] 
[INFO] [stdout] For more information about this error, try `rustc --explain E0463`.
[INFO] [stdout] Couldn't compile the test.
[INFO] [stdout] ---- src/uri/absolute.rs - uri::absolute::Absolute (line 37) stdout ----
[INFO] [stdout] error[E0463]: can't find crate for `rocket`
[INFO] [stdout]  --> src/uri/absolute.rs:37:1
[INFO] [stdout]   |
[INFO] [stdout] 2 | extern crate rocket;
[INFO] [stdout]   | ^^^^^^^^^^^^^^^^^^^^ can't find crate
[INFO] [stdout] 
[INFO] [stdout] error: aborting due to previous error
[INFO] [stdout] 
[INFO] [stdout] For more information about this error, try `rustc --explain E0463`.
[INFO] [stdout] Couldn't compile the test.
[INFO] [stdout] ---- src/status.rs - status::Status::reason_lossy (line 272) stdout ----
[INFO] [stdout] error[E0463]: can't find crate for `rocket`
[INFO] [stdout]  --> src/status.rs:272:1
[INFO] [stdout]   |
[INFO] [stdout] 2 | extern crate rocket;
[INFO] [stdout]   | ^^^^^^^^^^^^^^^^^^^^ can't find crate
[INFO] [stdout] 
[INFO] [stdout] error: aborting due to previous error
[INFO] [stdout] 
[INFO] [stdout] For more information about this error, try `rustc --explain E0463`.
[INFO] [stdout] Couldn't compile the test.
[INFO] [stdout] ---- src/status.rs - status::Status::new (line 274) stdout ----
[INFO] [stdout] error[E0463]: can't find crate for `rocket`
[INFO] [stdout]  --> src/status.rs:274:1
[INFO] [stdout]   |
[INFO] [stdout] 2 | extern crate rocket;
[INFO] [stdout]   | ^^^^^^^^^^^^^^^^^^^^ can't find crate
[INFO] [stdout] 
[INFO] [stdout] error: aborting due to previous error
[INFO] [stdout] 
[INFO] [stdout] For more information about this error, try `rustc --explain E0463`.
[INFO] [stdout] Couldn't compile the test.
[INFO] [stdout] ---- src/status.rs - status::Status::from_code (line 273) stdout ----
[INFO] [stdout] error[E0463]: can't find crate for `rocket`
[INFO] [stdout]  --> src/status.rs:273:1
[INFO] [stdout]   |
[INFO] [stdout] 2 | extern crate rocket;
[INFO] [stdout]   | ^^^^^^^^^^^^^^^^^^^^ can't find crate
[INFO] [stdout] 
[INFO] [stdout] error: aborting due to previous error
[INFO] [stdout] 
[INFO] [stdout] For more information about this error, try `rustc --explain E0463`.
[INFO] [stdout] Couldn't compile the test.
[INFO] [stdout] ---- src/status.rs - status::Status::reason (line 283) stdout ----
[INFO] [stdout] error[E0463]: can't find crate for `rocket`
[INFO] [stdout]  --> src/status.rs:283:1
[INFO] [stdout]   |
[INFO] [stdout] 2 | extern crate rocket;
[INFO] [stdout]   | ^^^^^^^^^^^^^^^^^^^^ can't find crate
[INFO] [stdout] 
[INFO] [stdout] error: aborting due to previous error
[INFO] [stdout] 
[INFO] [stdout] For more information about this error, try `rustc --explain E0463`.
[INFO] [stdout] Couldn't compile the test.
[INFO] [stdout] ---- src/status.rs - status::Status::from_code (line 283) stdout ----
[INFO] [stdout] error[E0463]: can't find crate for `rocket`
[INFO] [stdout]  --> src/status.rs:283:1
[INFO] [stdout]   |
[INFO] [stdout] 2 | extern crate rocket;
[INFO] [stdout]   | ^^^^^^^^^^^^^^^^^^^^ can't find crate
[INFO] [stdout] 
[INFO] [stdout] error: aborting due to previous error
[INFO] [stdout] 
[INFO] [stdout] For more information about this error, try `rustc --explain E0463`.
[INFO] [stdout] Couldn't compile the test.
[INFO] [stdout] ---- src/raw_str.rs - raw_str::RawStr::url_decode_lossy (line 305) stdout ----
[INFO] [stdout] error[E0463]: can't find crate for `rocket`
[INFO] [stdout]  --> src/raw_str.rs:305:1
[INFO] [stdout]   |
[INFO] [stdout] 2 | extern crate rocket;
[INFO] [stdout]   | ^^^^^^^^^^^^^^^^^^^^ can't find crate
[INFO] [stdout] 
[INFO] [stdout] error: aborting due to previous error
[INFO] [stdout] 
[INFO] [stdout] For more information about this error, try `rustc --explain E0463`.
[INFO] [stdout] Couldn't compile the test.
[INFO] [stdout] ---- src/status.rs - status::Status (line 52) stdout ----
[INFO] [stdout] error[E0463]: can't find crate for `rocket`
[INFO] [stdout]  --> src/status.rs:52:1
[INFO] [stdout]   |
[INFO] [stdout] 2 | extern crate rocket;
[INFO] [stdout]   | ^^^^^^^^^^^^^^^^^^^^ can't find crate
[INFO] [stdout] 
[INFO] [stdout] error: aborting due to previous error
[INFO] [stdout] 
[INFO] [stdout] For more information about this error, try `rustc --explain E0463`.
[INFO] [stdout] Couldn't compile the test.
[INFO] [stdout] ---- src/status.rs - status::Status::class (line 270) stdout ----
[INFO] [stdout] error[E0463]: can't find crate for `rocket`
[INFO] [stdout]  --> src/status.rs:270:1
[INFO] [stdout]   |
[INFO] [stdout] 2 | extern crate rocket;
[INFO] [stdout]   | ^^^^^^^^^^^^^^^^^^^^ can't find crate
[INFO] [stdout] 
[INFO] [stdout] error: aborting due to previous error
[INFO] [stdout] 
[INFO] [stdout] For more information about this error, try `rustc --explain E0463`.
[INFO] [stdout] Couldn't compile the test.
[INFO] [stdout] ---- src/status.rs - status::Status::reason (line 273) stdout ----
[INFO] [stdout] error[E0463]: can't find crate for `rocket`
[INFO] [stdout]  --> src/status.rs:273:1
[INFO] [stdout]   |
[INFO] [stdout] 2 | extern crate rocket;
[INFO] [stdout]   | ^^^^^^^^^^^^^^^^^^^^ can't find crate
[INFO] [stdout] 
[INFO] [stdout] error: aborting due to previous error
[INFO] [stdout] 
[INFO] [stdout] For more information about this error, try `rustc --explain E0463`.
[INFO] [stdout] Couldn't compile the test.
[INFO] [stdout] ---- src/uri/absolute.rs - uri::absolute::Absolute::set_authority (line 366) stdout ----
[INFO] [stdout] error[E0463]: can't find crate for `rocket`
[INFO] [stdout]  --> src/uri/absolute.rs:366:14
[INFO] [stdout]   |
[INFO] [stdout] 2 | #[macro_use] extern crate rocket;
[INFO] [stdout]   |              ^^^^^^^^^^^^^^^^^^^^ can't find crate
[INFO] [stdout] 
[INFO] [stdout] error: aborting due to previous error
[INFO] [stdout] 
[INFO] [stdout] For more information about this error, try `rustc --explain E0463`.
[INFO] [stdout] Couldn't compile the test.
[INFO] [stdout] ---- src/uri/absolute.rs - uri::absolute::Absolute (line 53) stdout ----
[INFO] [stdout] error[E0463]: can't find crate for `rocket`
[INFO] [stdout]  --> src/uri/absolute.rs:53:1
[INFO] [stdout]   |
[INFO] [stdout] 2 | extern crate rocket;
[INFO] [stdout]   | ^^^^^^^^^^^^^^^^^^^^ can't find crate
[INFO] [stdout] 
[INFO] [stdout] error: aborting due to previous error
[INFO] [stdout] 
[INFO] [stdout] For more information about this error, try `rustc --explain E0463`.
[INFO] [stdout] Couldn't compile the test.
[INFO] [stdout] ---- src/uri/absolute.rs - uri::absolute::Absolute::clear_query (line 249) stdout ----
[INFO] [stdout] error[E0463]: can't find crate for `rocket`
[INFO] [stdout]  --> src/uri/absolute.rs:249:14
[INFO] [stdout]   |
[INFO] [stdout] 2 | #[macro_use] extern crate rocket;
[INFO] [stdout]   |              ^^^^^^^^^^^^^^^^^^^^ can't find crate
[INFO] [stdout] 
[INFO] [stdout] error: aborting due to previous error
[INFO] [stdout] 
[INFO] [stdout] For more information about this error, try `rustc --explain E0463`.
[INFO] [stdout] Couldn't compile the test.
[INFO] [stdout] ---- src/uri/absolute.rs - uri::absolute::Absolute::path (line 215) stdout ----
[INFO] [stdout] error[E0463]: can't find crate for `rocket`
[INFO] [stdout]  --> src/uri/absolute.rs:215:14
[INFO] [stdout]   |
[INFO] [stdout] 2 | #[macro_use] extern crate rocket;
[INFO] [stdout]   |              ^^^^^^^^^^^^^^^^^^^^ can't find crate
[INFO] [stdout] 
[INFO] [stdout] error: aborting due to previous error
[INFO] [stdout] 
[INFO] [stdout] For more information about this error, try `rustc --explain E0463`.
[INFO] [stdout] Couldn't compile the test.
[INFO] [stdout] ---- src/uri/absolute.rs - uri::absolute::Absolute::is_normalized (line 270) stdout ----
[INFO] [stdout] error[E0463]: can't find crate for `rocket`
[INFO] [stdout]  --> src/uri/absolute.rs:270:14
[INFO] [stdout]   |
[INFO] [stdout] 2 | #[macro_use] extern crate rocket;
[INFO] [stdout]   |              ^^^^^^^^^^^^^^^^^^^^ can't find crate
[INFO] [stdout] 
[INFO] [stdout] error: aborting due to previous error
[INFO] [stdout] 
[INFO] [stdout] For more information about this error, try `rustc --explain E0463`.
[INFO] [stdout] Couldn't compile the test.
[INFO] [stdout] ---- src/uri/absolute.rs - uri::absolute::Absolute::query (line 232) stdout ----
[INFO] [stdout] error[E0463]: can't find crate for `rocket`
[INFO] [stdout]  --> src/uri/absolute.rs:232:14
[INFO] [stdout]   |
[INFO] [stdout] 2 | #[macro_use] extern crate rocket;
[INFO] [stdout]   |              ^^^^^^^^^^^^^^^^^^^^ can't find crate
[INFO] [stdout] 
[INFO] [stdout] error: aborting due to previous error
[INFO] [stdout] 
[INFO] [stdout] For more information about this error, try `rustc --explain E0463`.
[INFO] [stdout] Couldn't compile the test.
[INFO] [stdout] ---- src/uri/authority.rs - uri::authority::Authority::user_info (line 172) stdout ----
[INFO] [stdout] error[E0463]: can't find crate for `rocket`
[INFO] [stdout]  --> src/uri/authority.rs:172:14
[INFO] [stdout]   |
[INFO] [stdout] 2 | #[macro_use] extern crate rocket;
[INFO] [stdout]   |              ^^^^^^^^^^^^^^^^^^^^ can't find crate
[INFO] [stdout] 
[INFO] [stdout] error: aborting due to previous error
[INFO] [stdout] 
[INFO] [stdout] For more information about this error, try `rustc --explain E0463`.
[INFO] [stdout] Couldn't compile the test.
[INFO] [stdout] ---- src/uri/absolute.rs - uri::absolute::Absolute::parse_owned (line 151) stdout ----
[INFO] [stdout] error[E0463]: can't find crate for `rocket`
[INFO] [stdout]  --> src/uri/absolute.rs:151:1
[INFO] [stdout]   |
[INFO] [stdout] 2 | extern crate rocket;
[INFO] [stdout]   | ^^^^^^^^^^^^^^^^^^^^ can't find crate
[INFO] [stdout] 
[INFO] [stdout] error: aborting due to previous error
[INFO] [stdout] 
[INFO] [stdout] For more information about this error, try `rustc --explain E0463`.
[INFO] [stdout] Couldn't compile the test.
[INFO] [stdout] ---- src/uri/absolute.rs - uri::absolute::Absolute::authority (line 195) stdout ----
[INFO] [stdout] error[E0463]: can't find crate for `rocket`
[INFO] [stdout]  --> src/uri/absolute.rs:195:14
[INFO] [stdout]   |
[INFO] [stdout] 2 | #[macro_use] extern crate rocket;
[INFO] [stdout]   |              ^^^^^^^^^^^^^^^^^^^^ can't find crate
[INFO] [stdout] 
[INFO] [stdout] error: aborting due to previous error
[INFO] [stdout] 
[INFO] [stdout] For more information about this error, try `rustc --explain E0463`.
[INFO] [stdout] Couldn't compile the test.
[INFO] [stdout] ---- src/uri/origin.rs - uri::origin::Origin::clear_query (line 389) stdout ----
[INFO] [stdout] error[E0463]: can't find crate for `rocket`
[INFO] [stdout]  --> src/uri/origin.rs:389:14
[INFO] [stdout]   |
[INFO] [stdout] 2 | #[macro_use] extern crate rocket;
[INFO] [stdout]   |              ^^^^^^^^^^^^^^^^^^^^ can't find crate
[INFO] [stdout] 
[INFO] [stdout] error: aborting due to previous error
[INFO] [stdout] 
[INFO] [stdout] For more information about this error, try `rustc --explain E0463`.
[INFO] [stdout] Couldn't compile the test.
[INFO] [stdout] ---- src/uri/fmt/formatter.rs - uri::fmt::formatter::Formatter (line 114) stdout ----
[INFO] [stdout] error[E0463]: can't find crate for `rocket`
[INFO] [stdout]  --> src/uri/fmt/formatter.rs:114:14
[INFO] [stdout]   |
[INFO] [stdout] 2 | #[macro_use] extern crate rocket;
[INFO] [stdout]   |              ^^^^^^^^^^^^^^^^^^^^ can't find crate
[INFO] [stdout] 
[INFO] [stdout] error: aborting due to previous error
[INFO] [stdout] 
[INFO] [stdout] For more information about this error, try `rustc --explain E0463`.
[INFO] [stdout] Couldn't compile the test.
[INFO] [stdout] ---- src/uri/origin.rs - uri::origin::Origin (line 72) stdout ----
[INFO] [stdout] error[E0463]: can't find crate for `rocket`
[INFO] [stdout]  --> src/uri/origin.rs:72:1
[INFO] [stdout]   |
[INFO] [stdout] 2 | extern crate rocket;
[INFO] [stdout]   | ^^^^^^^^^^^^^^^^^^^^ can't find crate
[INFO] [stdout] 
[INFO] [stdout] error: aborting due to previous error
[INFO] [stdout] 
[INFO] [stdout] For more information about this error, try `rustc --explain E0463`.
[INFO] [stdout] Couldn't compile the test.
[INFO] [stdout] ---- src/uri/authority.rs - uri::authority::Authority::parse_owned (line 145) stdout ----
[INFO] [stdout] error[E0463]: can't find crate for `rocket`
[INFO] [stdout]  --> src/uri/authority.rs:145:1
[INFO] [stdout]   |
[INFO] [stdout] 2 | extern crate rocket;
[INFO] [stdout]   | ^^^^^^^^^^^^^^^^^^^^ can't find crate
[INFO] [stdout] 
[INFO] [stdout] error: aborting due to previous error
[INFO] [stdout] 
[INFO] [stdout] For more information about this error, try `rustc --explain E0463`.
[INFO] [stdout] Couldn't compile the test.
[INFO] [stdout] ---- src/uri/fmt/uri_display.rs - uri::fmt::uri_display::UriDisplay (line 67) stdout ----
[INFO] [stdout] error[E0463]: can't find crate for `rocket`
[INFO] [stdout]  --> src/uri/fmt/uri_display.rs:67:14
[INFO] [stdout]   |
[INFO] [stdout] 2 | #[macro_use] extern crate rocket;
[INFO] [stdout]   |              ^^^^^^^^^^^^^^^^^^^^ can't find crate
[INFO] [stdout] 
[INFO] [stdout] error: aborting due to previous error
[INFO] [stdout] 
[INFO] [stdout] For more information about this error, try `rustc --explain E0463`.
[INFO] [stdout] Couldn't compile the test.
[INFO] [stdout] ---- src/uri/authority.rs - uri::authority::Authority::host (line 188) stdout ----
[INFO] [stdout] error[E0463]: can't find crate for `rocket`
[INFO] [stdout]  --> src/uri/authority.rs:188:14
[INFO] [stdout]   |
[INFO] [stdout] 2 | #[macro_use] extern crate rocket;
[INFO] [stdout]   |              ^^^^^^^^^^^^^^^^^^^^ can't find crate
[INFO] [stdout] 
[INFO] [stdout] error: aborting due to previous error
[INFO] [stdout] 
[INFO] [stdout] For more information about this error, try `rustc --explain E0463`.
[INFO] [stdout] Couldn't compile the test.
[INFO] [stdout] ---- src/uri/fmt/formatter.rs - uri::fmt::formatter::Formatter::write_raw (line 184) stdout ----
[INFO] [stdout] error[E0463]: can't find crate for `rocket`
[INFO] [stdout]  --> src/uri/fmt/formatter.rs:184:1
[INFO] [stdout]   |
[INFO] [stdout] 2 | extern crate rocket;
[INFO] [stdout]   | ^^^^^^^^^^^^^^^^^^^^ can't find crate
[INFO] [stdout] 
[INFO] [stdout] error: aborting due to previous error
[INFO] [stdout] 
[INFO] [stdout] For more information about this error, try `rustc --explain E0463`.
[INFO] [stdout] Couldn't compile the test.
[INFO] [stdout] ---- src/uri/origin.rs - uri::origin::Origin (line 37) stdout ----
[INFO] [stdout] error[E0463]: can't find crate for `rocket`
[INFO] [stdout]  --> src/uri/origin.rs:37:1
[INFO] [stdout]   |
[INFO] [stdout] 2 | extern crate rocket;
[INFO] [stdout]   | ^^^^^^^^^^^^^^^^^^^^ can't find crate
[INFO] [stdout] 
[INFO] [stdout] error: aborting due to previous error
[INFO] [stdout] 
[INFO] [stdout] For more information about this error, try `rustc --explain E0463`.
[INFO] [stdout] Couldn't compile the test.
[INFO] [stdout] ---- src/uri/origin.rs - uri::origin::Origin (line 54) stdout ----
[INFO] [stdout] error[E0463]: can't find crate for `rocket`
[INFO] [stdout]  --> src/uri/origin.rs:54:1
[INFO] [stdout]   |
[INFO] [stdout] 2 | extern crate rocket;
[INFO] [stdout]   | ^^^^^^^^^^^^^^^^^^^^ can't find crate
[INFO] [stdout] 
[INFO] [stdout] error: aborting due to previous error
[INFO] [stdout] 
[INFO] [stdout] For more information about this error, try `rustc --explain E0463`.
[INFO] [stdout] Couldn't compile the test.
[INFO] [stdout] ---- src/uri/absolute.rs - uri::absolute::Absolute::scheme (line 181) stdout ----
[INFO] [stdout] error[E0463]: can't find crate for `rocket`
[INFO] [stdout]  --> src/uri/absolute.rs:181:14
[INFO] [stdout]   |
[INFO] [stdout] 2 | #[macro_use] extern crate rocket;
[INFO] [stdout]   |              ^^^^^^^^^^^^^^^^^^^^ can't find crate
[INFO] [stdout] 
[INFO] [stdout] error: aborting due to previous error
[INFO] [stdout] 
[INFO] [stdout] For more information about this error, try `rustc --explain E0463`.
[INFO] [stdout] Couldn't compile the test.
[INFO] [stdout] ---- src/uri/path_query.rs - uri::path_query::Path::raw (line 73) stdout ----
[INFO] [stdout] error[E0463]: can't find crate for `rocket`
[INFO] [stdout]  --> src/uri/path_query.rs:73:14
[INFO] [stdout]   |
[INFO] [stdout] 2 | #[macro_use] extern crate rocket;
[INFO] [stdout]   |              ^^^^^^^^^^^^^^^^^^^^ can't find crate
[INFO] [stdout] 
[INFO] [stdout] error: aborting due to previous error
[INFO] [stdout] 
[INFO] [stdout] For more information about this error, try `rustc --explain E0463`.
[INFO] [stdout] Couldn't compile the test.
[INFO] [stdout] ---- src/uri/authority.rs - uri::authority::Authority::parse (line 113) stdout ----
[INFO] [stdout] error[E0463]: can't find crate for `rocket`
[INFO] [stdout]  --> src/uri/authority.rs:113:14
[INFO] [stdout]   |
[INFO] [stdout] 2 | #[macro_use] extern crate rocket;
[INFO] [stdout]   |              ^^^^^^^^^^^^^^^^^^^^ can't find crate
[INFO] [stdout] 
[INFO] [stdout] error: aborting due to previous error
[INFO] [stdout] 
[INFO] [stdout] For more information about this error, try `rustc --explain E0463`.
[INFO] [stdout] Couldn't compile the test.
[INFO] [stdout] ---- src/uri/path_query.rs - uri::path_query::Query::raw (line 195) stdout ----
[INFO] [stdout] error[E0463]: can't find crate for `rocket`
[INFO] [stdout]  --> src/uri/path_query.rs:195:14
[INFO] [stdout]   |
[INFO] [stdout] 2 | #[macro_use] extern crate rocket;
[INFO] [stdout]   |              ^^^^^^^^^^^^^^^^^^^^ can't find crate
[INFO] [stdout] 
[INFO] [stdout] error: aborting due to previous error
[INFO] [stdout] 
[INFO] [stdout] For more information about this error, try `rustc --explain E0463`.
[INFO] [stdout] Couldn't compile the test.
[INFO] [stdout] ---- src/uri/fmt/from_uri_param.rs - uri::fmt::from_uri_param::FromUriParam (line 120) stdout ----
[INFO] [stdout] error[E0463]: can't find crate for `rocket`
[INFO] [stdout]  --> src/uri/fmt/from_uri_param.rs:120:14
[INFO] [stdout]   |
[INFO] [stdout] 2 | #[macro_use] extern crate rocket;
[INFO] [stdout]   |              ^^^^^^^^^^^^^^^^^^^^ can't find crate
[INFO] [stdout] 
[INFO] [stdout] error: aborting due to previous error
[INFO] [stdout] 
[INFO] [stdout] For more information about this error, try `rustc --explain E0463`.
[INFO] [stdout] Couldn't compile the test.
[INFO] [stdout] ---- src/uri/fmt/formatter.rs - uri::fmt::formatter::Formatter (line 63) stdout ----
[INFO] [stdout] error[E0463]: can't find crate for `rocket`
[INFO] [stdout]  --> src/uri/fmt/formatter.rs:63:1
[INFO] [stdout]   |
[INFO] [stdout] 2 | extern crate rocket;
[INFO] [stdout]   | ^^^^^^^^^^^^^^^^^^^^ can't find crate
[INFO] [stdout] 
[INFO] [stdout] error: aborting due to previous error
[INFO] [stdout] 
[INFO] [stdout] For more information about this error, try `rustc --explain E0463`.
[INFO] [stdout] Couldn't compile the test.
[INFO] [stdout] ---- src/uri/fmt/uri_display.rs - uri::fmt::uri_display::Ignorable (line 443) stdout ----
[INFO] [stdout] error[E0463]: can't find crate for `rocket`
[INFO] [stdout]  --> src/uri/fmt/uri_display.rs:443:14
[INFO] [stdout]   |
[INFO] [stdout] 2 | #[macro_use] extern crate rocket;
[INFO] [stdout]   |              ^^^^^^^^^^^^^^^^^^^^ can't find crate
[INFO] [stdout] 
[INFO] [stdout] error: aborting due to previous error
[INFO] [stdout] 
[INFO] [stdout] For more information about this error, try `rustc --explain E0463`.
[INFO] [stdout] Couldn't compile the test.
[INFO] [stdout] ---- src/uri/origin.rs - uri::origin::Origin::query (line 326) stdout ----
[INFO] [stdout] error[E0463]: can't find crate for `rocket`
[INFO] [stdout]  --> src/uri/origin.rs:326:14
[INFO] [stdout]   |
[INFO] [stdout] 2 | #[macro_use] extern crate rocket;
[INFO] [stdout]   |              ^^^^^^^^^^^^^^^^^^^^ can't find crate
[INFO] [stdout] 
[INFO] [stdout] error: aborting due to previous error
[INFO] [stdout] 
[INFO] [stdout] For more information about this error, try `rustc --explain E0463`.
[INFO] [stdout] Couldn't compile the test.
[INFO] [stdout] ---- src/uri/authority.rs - uri::authority::Authority::port (line 209) stdout ----
[INFO] [stdout] error[E0463]: can't find crate for `rocket`
[INFO] [stdout]  --> src/uri/authority.rs:209:14
[INFO] [stdout]   |
[INFO] [stdout] 2 | #[macro_use] extern crate rocket;
[INFO] [stdout]   |              ^^^^^^^^^^^^^^^^^^^^ can't find crate
[INFO] [stdout] 
[INFO] [stdout] error: aborting due to previous error
[INFO] [stdout] 
[INFO] [stdout] For more information about this error, try `rustc --explain E0463`.
[INFO] [stdout] Couldn't compile the test.
[INFO] [stdout] ---- src/uri/fmt/formatter.rs - uri::fmt::formatter::Formatter::write_value (line 240) stdout ----
[INFO] [stdout] error[E0463]: can't find crate for `rocket`
[INFO] [stdout]  --> src/uri/fmt/formatter.rs:240:1
[INFO] [stdout]   |
[INFO] [stdout] 2 | extern crate rocket;
[INFO] [stdout]   | ^^^^^^^^^^^^^^^^^^^^ can't find crate
[INFO] [stdout] 
[INFO] [stdout] error: aborting due to previous error
[INFO] [stdout] 
[INFO] [stdout] For more information about this error, try `rustc --explain E0463`.
[INFO] [stdout] Couldn't compile the test.
[INFO] [stdout] ---- src/uri/origin.rs - uri::origin::Origin::path (line 308) stdout ----
[INFO] [stdout] error[E0463]: can't find crate for `rocket`
[INFO] [stdout]  --> src/uri/origin.rs:308:14
[INFO] [stdout]   |
[INFO] [stdout] 2 | #[macro_use] extern crate rocket;
[INFO] [stdout]   |              ^^^^^^^^^^^^^^^^^^^^ can't find crate
[INFO] [stdout] 
[INFO] [stdout] error: aborting due to previous error
[INFO] [stdout] 
[INFO] [stdout] For more information about this error, try `rustc --explain E0463`.
[INFO] [stdout] Couldn't compile the test.
[INFO] [stdout] ---- src/uri/path_query.rs - uri::path_query::Query::raw_segments (line 248) stdout ----
[INFO] [stdout] error[E0463]: can't find crate for `rocket`
[INFO] [stdout]  --> src/uri/path_query.rs:248:14
[INFO] [stdout]   |
[INFO] [stdout] 2 | #[macro_use] extern crate rocket;
[INFO] [stdout]   |              ^^^^^^^^^^^^^^^^^^^^ can't find crate
[INFO] [stdout] 
[INFO] [stdout] error: aborting due to previous error
[INFO] [stdout] 
[INFO] [stdout] For more information about this error, try `rustc --explain E0463`.
[INFO] [stdout] Couldn't compile the test.
[INFO] [stdout] ---- src/uri/path_query.rs - uri::path_query::Path::as_str (line 87) stdout ----
[INFO] [stdout] error[E0463]: can't find crate for `rocket`
[INFO] [stdout]  --> src/uri/path_query.rs:87:14
[INFO] [stdout]   |
[INFO] [stdout] 2 | #[macro_use] extern crate rocket;
[INFO] [stdout]   |              ^^^^^^^^^^^^^^^^^^^^ can't find crate
[INFO] [stdout] 
[INFO] [stdout] error: aborting due to previous error
[INFO] [stdout] 
[INFO] [stdout] For more information about this error, try `rustc --explain E0463`.
[INFO] [stdout] Couldn't compile the test.
[INFO] [stdout] ---- src/uri/fmt/uri_display.rs - uri::fmt::uri_display::UriDisplay (line 91) stdout ----
[INFO] [stdout] error[E0463]: can't find crate for `rocket`
[INFO] [stdout]  --> src/uri/fmt/uri_display.rs:91:1
[INFO] [stdout]   |
[INFO] [stdout] 2 | extern crate rocket;
[INFO] [stdout]   | ^^^^^^^^^^^^^^^^^^^^ can't find crate
[INFO] [stdout] 
[INFO] [stdout] error: aborting due to previous error
[INFO] [stdout] 
[INFO] [stdout] For more information about this error, try `rustc --explain E0463`.
[INFO] [stdout] Couldn't compile the test.
[INFO] [stdout] ---- src/uri/absolute.rs - uri::absolute::Absolute::parse (line 120) stdout ----
[INFO] [stdout] error[E0463]: can't find crate for `rocket`
[INFO] [stdout]  --> src/uri/absolute.rs:120:14
[INFO] [stdout]   |
[INFO] [stdout] 2 | #[macro_use] extern crate rocket;
[INFO] [stdout]   |              ^^^^^^^^^^^^^^^^^^^^ can't find crate
[INFO] [stdout] 
[INFO] [stdout] error: aborting due to previous error
[INFO] [stdout] 
[INFO] [stdout] For more information about this error, try `rustc --explain E0463`.
[INFO] [stdout] Couldn't compile the test.
[INFO] [stdout] ---- src/uri/fmt/uri_display.rs - uri::fmt::uri_display::Ignorable (line 424) stdout ----
[INFO] [stdout] error[E0463]: can't find crate for `rocket`
[INFO] [stdout]  --> src/uri/fmt/uri_display.rs:424:14
[INFO] [stdout]   |
[INFO] [stdout] 2 | #[macro_use] extern crate rocket;
[INFO] [stdout]   |              ^^^^^^^^^^^^^^^^^^^^ can't find crate
[INFO] [stdout] 
[INFO] [stdout] error: aborting due to previous error
[INFO] [stdout] 
[INFO] [stdout] For more information about this error, try `rustc --explain E0463`.
[INFO] [stdout] Couldn't compile the test.
[INFO] [stdout] ---- src/uri/path_query.rs - uri::path_query::Query::as_str (line 209) stdout ----
[INFO] [stdout] error[E0463]: can't find crate for `rocket`
[INFO] [stdout]  --> src/uri/path_query.rs:209:14
[INFO] [stdout]   |
[INFO] [stdout] 2 | #[macro_use] extern crate rocket;
[INFO] [stdout]   |              ^^^^^^^^^^^^^^^^^^^^ can't find crate
[INFO] [stdout] 
[INFO] [stdout] error: aborting due to previous error
[INFO] [stdout] 
[INFO] [stdout] For more information about this error, try `rustc --explain E0463`.
[INFO] [stdout] Couldn't compile the test.
[INFO] [stdout] ---- src/uri/fmt/formatter.rs - uri::fmt::formatter::Formatter::write_named_value (line 373) stdout ----
[INFO] [stdout] error[E0463]: can't find crate for `rocket`
[INFO] [stdout]  --> src/uri/fmt/formatter.rs:373:1
[INFO] [stdout]   |
[INFO] [stdout] 2 | extern crate rocket;
[INFO] [stdout]   | ^^^^^^^^^^^^^^^^^^^^ can't find crate
[INFO] [stdout] 
[INFO] [stdout] error: aborting due to previous error
[INFO] [stdout] 
[INFO] [stdout] For more information about this error, try `rustc --explain E0463`.
[INFO] [stdout] Couldn't compile the test.
[INFO] [stdout] ---- src/uri/fmt/from_uri_param.rs - uri::fmt::from_uri_param::FromUriParam (line 150) stdout ----
[INFO] [stdout] error[E0463]: can't find crate for `rocket`
[INFO] [stdout]  --> src/uri/fmt/from_uri_param.rs:150:14
[INFO] [stdout]   |
[INFO] [stdout] 2 | #[macro_use] extern crate rocket;
[INFO] [stdout]   |              ^^^^^^^^^^^^^^^^^^^^ can't find crate
[INFO] [stdout] 
[INFO] [stdout] error: aborting due to previous error
[INFO] [stdout] 
[INFO] [stdout] For more information about this error, try `rustc --explain E0463`.
[INFO] [stdout] Couldn't compile the test.
[INFO] [stdout] ---- src/uri/fmt/uri_display.rs - uri::fmt::uri_display::UriDisplay (line 175) stdout ----
[INFO] [stdout] error[E0463]: can't find crate for `rocket`
[INFO] [stdout]  --> src/uri/fmt/uri_display.rs:175:14
[INFO] [stdout]   |
[INFO] [stdout] 2 | #[macro_use] extern crate rocket;
[INFO] [stdout]   |              ^^^^^^^^^^^^^^^^^^^^ can't find crate
[INFO] [stdout] 
[INFO] [stdout] error: aborting due to previous error
[INFO] [stdout] 
[INFO] [stdout] For more information about this error, try `rustc --explain E0463`.
[INFO] [stdout] Couldn't compile the test.
[INFO] [stdout] ---- src/uri/reference.rs - uri::reference::Reference (line 31) stdout ----
[INFO] [stdout] error[E0463]: can't find crate for `rocket`
[INFO] [stdout]  --> src/uri/reference.rs:31:14
[INFO] [stdout]   |
[INFO] [stdout] 2 | #[macro_use] extern crate rocket;
[INFO] [stdout]   |              ^^^^^^^^^^^^^^^^^^^^ can't find crate
[INFO] [stdout] 
[INFO] [stdout] error: aborting due to previous error
[INFO] [stdout] 
[INFO] [stdout] For more information about this error, try `rustc --explain E0463`.
[INFO] [stdout] Couldn't compile the test.
[INFO] [stdout] ---- src/uri/fmt/uri_display.rs - uri::fmt::uri_display::UriDisplay (line 59) stdout ----
[INFO] [stdout] error[E0463]: can't find crate for `rocket`
[INFO] [stdout]  --> src/uri/fmt/uri_display.rs:59:14
[INFO] [stdout]   |
[INFO] [stdout] 2 | #[macro_use] extern crate rocket;
[INFO] [stdout]   |              ^^^^^^^^^^^^^^^^^^^^ can't find crate
[INFO] [stdout] 
[INFO] [stdout] error: aborting due to previous error
[INFO] [stdout] 
[INFO] [stdout] For more information about this error, try `rustc --explain E0463`.
[INFO] [stdout] Couldn't compile the test.
[INFO] [stdout] ---- src/uri/origin.rs - uri::origin::Origin::is_normalized (line 409) stdout ----
[INFO] [stdout] error[E0463]: can't find crate for `rocket`
[INFO] [stdout]  --> src/uri/origin.rs:409:14
[INFO] [stdout]   |
[INFO] [stdout] 2 | #[macro_use] extern crate rocket;
[INFO] [stdout]   |              ^^^^^^^^^^^^^^^^^^^^ can't find crate
[INFO] [stdout] 
[INFO] [stdout] error: aborting due to previous error
[INFO] [stdout] 
[INFO] [stdout] For more information about this error, try `rustc --explain E0463`.
[INFO] [stdout] Couldn't compile the test.
[INFO] [stdout] ---- src/uri/asterisk.rs - uri::asterisk::Asterisk::parse (line 32) stdout ----
[INFO] [stdout] error[E0463]: can't find crate for `rocket`
[INFO] [stdout]  --> src/uri/asterisk.rs:32:14
[INFO] [stdout]   |
[INFO] [stdout] 2 | #[macro_use] extern crate rocket;
[INFO] [stdout]   |              ^^^^^^^^^^^^^^^^^^^^ can't find crate
[INFO] [stdout] 
[INFO] [stdout] error: aborting due to previous error
[INFO] [stdout] 
[INFO] [stdout] For more information about this error, try `rustc --explain E0463`.
[INFO] [stdout] Couldn't compile the test.
[INFO] [stdout] ---- src/header/media_type.rs - header::media_type::MediaType::const_new (line 361) stdout ----
[INFO] [stdout] error[E0433]: failed to resolve: use of undeclared crate or module `rocket`
[INFO] [stdout]  --> src/header/media_type.rs:362:5
[INFO] [stdout]   |
[INFO] [stdout] 3 | use rocket::http::MediaType;
[INFO] [stdout]   |     ^^^^^^ use of undeclared crate or module `rocket`
[INFO] [stdout] 
[INFO] [stdout] error[E0433]: failed to resolve: use of undeclared type `MediaType`
[INFO] [stdout]  --> src/header/media_type.rs:364:14
[INFO] [stdout]   |
[INFO] [stdout] 5 | let custom = MediaType::const_new("application", "x-person", &[]);
[INFO] [stdout]   |              ^^^^^^^^^ not found in this scope
[INFO] [stdout]   |
[INFO] [stdout] help: consider importing this struct
[INFO] [stdout]   |
[INFO] [stdout] 2 | use rocket_http::MediaType;
[INFO] [stdout]   |
[INFO] [stdout] 
[INFO] [stdout] error: aborting due to 2 previous errors
[INFO] [stdout] 
[INFO] [stdout] For more information about this error, try `rustc --explain E0433`.
[INFO] [stdout] Couldn't compile the test.
[INFO] [stdout] ---- src/uri/origin.rs - uri::origin::Origin::normalize (line 434) stdout ----
[INFO] [stdout] error[E0463]: can't find crate for `rocket`
[INFO] [stdout]  --> src/uri/origin.rs:434:1
[INFO] [stdout]   |
[INFO] [stdout] 2 | extern crate rocket;
[INFO] [stdout]   | ^^^^^^^^^^^^^^^^^^^^ can't find crate
[INFO] [stdout] 
[INFO] [stdout] error: aborting due to previous error
[INFO] [stdout] 
[INFO] [stdout] For more information about this error, try `rustc --explain E0463`.
[INFO] [stdout] Couldn't compile the test.
[INFO] [stdout] ---- src/uri/asterisk.rs - uri::asterisk::Asterisk::parse_owned (line 52) stdout ----
[INFO] [stdout] error[E0463]: can't find crate for `rocket`
[INFO] [stdout]  --> src/uri/asterisk.rs:52:14
[INFO] [stdout]   |
[INFO] [stdout] 2 | #[macro_use] extern crate rocket;
[INFO] [stdout]   |              ^^^^^^^^^^^^^^^^^^^^ can't find crate
[INFO] [stdout] 
[INFO] [stdout] error: aborting due to previous error
[INFO] [stdout] 
[INFO] [stdout] For more information about this error, try `rustc --explain E0463`.
[INFO] [stdout] Couldn't compile the test.
[INFO] [stdout] ---- src/uri/segments.rs - uri::segments::Segments::is_empty (line 79) stdout ----
[INFO] [stdout] error[E0463]: can't find crate for `rocket`
[INFO] [stdout]  --> src/uri/segments.rs:79:14
[INFO] [stdout]   |
[INFO] [stdout] 2 | #[macro_use] extern crate rocket;
[INFO] [stdout]   |              ^^^^^^^^^^^^^^^^^^^^ can't find crate
[INFO] [stdout] 
[INFO] [stdout] error: aborting due to previous error
[INFO] [stdout] 
[INFO] [stdout] For more information about this error, try `rustc --explain E0463`.
[INFO] [stdout] Couldn't compile the test.
[INFO] [stdout] ---- src/uri/fmt/uri_display.rs - uri::fmt::uri_display::UriDisplay (line 38) stdout ----
[INFO] [stdout] error[E0463]: can't find crate for `rocket`
[INFO] [stdout]  --> src/uri/fmt/uri_display.rs:38:1
[INFO] [stdout]   |
[INFO] [stdout] 2 | extern crate rocket;
[INFO] [stdout]   | ^^^^^^^^^^^^^^^^^^^^ can't find crate
[INFO] [stdout] 
[INFO] [stdout] error: aborting due to previous error
[INFO] [stdout] 
[INFO] [stdout] For more information about this error, try `rustc --explain E0463`.
[INFO] [stdout] Couldn't compile the test.
[INFO] [stdout] ---- src/uri/absolute.rs - uri::absolute::Absolute::with_authority (line 388) stdout ----
[INFO] [stdout] error[E0463]: can't find crate for `rocket`
[INFO] [stdout]  --> src/uri/absolute.rs:388:14
[INFO] [stdout]   |
[INFO] [stdout] 2 | #[macro_use] extern crate rocket;
[INFO] [stdout]   |              ^^^^^^^^^^^^^^^^^^^^ can't find crate
[INFO] [stdout] 
[INFO] [stdout] error: aborting due to previous error
[INFO] [stdout] 
[INFO] [stdout] For more information about this error, try `rustc --explain E0463`.
[INFO] [stdout] Couldn't compile the test.
[INFO] [stdout] ---- src/uri/path_query.rs - uri::path_query::Path::raw_segments (line 129) stdout ----
[INFO] [stdout] error[E0463]: can't find crate for `rocket`
[INFO] [stdout]  --> src/uri/path_query.rs:129:14
[INFO] [stdout]   |
[INFO] [stdout] 2 | #[macro_use] extern crate rocket;
[INFO] [stdout]   |              ^^^^^^^^^^^^^^^^^^^^ can't find crate
[INFO] [stdout] 
[INFO] [stdout] error: aborting due to previous error
[INFO] [stdout] 
[INFO] [stdout] For more information about this error, try `rustc --explain E0463`.
[INFO] [stdout] Couldn't compile the test.
[INFO] [stdout] ---- src/uri/origin.rs - uri::origin::Origin::into_normalized (line 463) stdout ----
[INFO] [stdout] error[E0463]: can't find crate for `rocket`
[INFO] [stdout]  --> src/uri/origin.rs:463:1
[INFO] [stdout]   |
[INFO] [stdout] 2 | extern crate rocket;
[INFO] [stdout]   | ^^^^^^^^^^^^^^^^^^^^ can't find crate
[INFO] [stdout] 
[INFO] [stdout] error: aborting due to previous error
[INFO] [stdout] 
[INFO] [stdout] For more information about this error, try `rustc --explain E0463`.
[INFO] [stdout] Couldn't compile the test.
[INFO] [stdout] ---- src/uri/uri.rs - uri::uri::Uri::parse_any (line 110) stdout ----
[INFO] [stdout] error[E0463]: can't find crate for `rocket`
[INFO] [stdout]  --> src/uri/uri.rs:110:14
[INFO] [stdout]   |
[INFO] [stdout] 2 | #[macro_use] extern crate rocket;
[INFO] [stdout]   |              ^^^^^^^^^^^^^^^^^^^^ can't find crate
[INFO] [stdout] 
[INFO] [stdout] error: aborting due to previous error
[INFO] [stdout] 
[INFO] [stdout] For more information about this error, try `rustc --explain E0463`.
[INFO] [stdout] Couldn't compile the test.
[INFO] [stdout] ---- src/uri/reference.rs - uri::reference::Reference::path (line 251) stdout ----
[INFO] [stdout] error[E0463]: can't find crate for `rocket`
[INFO] [stdout]  --> src/uri/reference.rs:251:14
[INFO] [stdout]   |
[INFO] [stdout] 2 | #[macro_use] extern crate rocket;
[INFO] [stdout]   |              ^^^^^^^^^^^^^^^^^^^^ can't find crate
[INFO] [stdout] 
[INFO] [stdout] error: aborting due to previous error
[INFO] [stdout] 
[INFO] [stdout] For more information about this error, try `rustc --explain E0463`.
[INFO] [stdout] Couldn't compile the test.
[INFO] [stdout] ---- src/uri/reference.rs - uri::reference::Reference::authority (line 233) stdout ----
[INFO] [stdout] error[E0463]: can't find crate for `rocket`
[INFO] [stdout]  --> src/uri/reference.rs:233:14
[INFO] [stdout]   |
[INFO] [stdout] 2 | #[macro_use] extern crate rocket;
[INFO] [stdout]   |              ^^^^^^^^^^^^^^^^^^^^ can't find crate
[INFO] [stdout] 
[INFO] [stdout] error: aborting due to previous error
[INFO] [stdout] 
[INFO] [stdout] For more information about this error, try `rustc --explain E0463`.
[INFO] [stdout] Couldn't compile the test.
[INFO] [stdout] ---- src/uri/origin.rs - uri::origin::Origin::parse_owned (line 284) stdout ----
[INFO] [stdout] error[E0463]: can't find crate for `rocket`
[INFO] [stdout]  --> src/uri/origin.rs:284:1
[INFO] [stdout]   |
[INFO] [stdout] 2 | extern crate rocket;
[INFO] [stdout]   | ^^^^^^^^^^^^^^^^^^^^ can't find crate
[INFO] [stdout] 
[INFO] [stdout] error: aborting due to previous error
[INFO] [stdout] 
[INFO] [stdout] For more information about this error, try `rustc --explain E0463`.
[INFO] [stdout] Couldn't compile the test.
[INFO] [stdout] ---- src/uri/fmt/formatter.rs - uri::fmt::formatter::Formatter::refresh (line 276) stdout ----
[INFO] [stdout] error[E0463]: can't find crate for `rocket`
[INFO] [stdout]  --> src/uri/fmt/formatter.rs:276:14
[INFO] [stdout]   |
[INFO] [stdout] 2 | #[macro_use] extern crate rocket;
[INFO] [stdout]   |              ^^^^^^^^^^^^^^^^^^^^ can't find crate
[INFO] [stdout] 
[INFO] [stdout] error: aborting due to previous error
[INFO] [stdout] 
[INFO] [stdout] For more information about this error, try `rustc --explain E0463`.
[INFO] [stdout] Couldn't compile the test.
[INFO] [stdout] ---- src/uri/uri.rs - uri::uri::Uri::reference (line 224) stdout ----
[INFO] [stdout] error[E0463]: can't find crate for `rocket`
[INFO] [stdout]  --> src/uri/uri.rs:224:14
[INFO] [stdout]   |
[INFO] [stdout] 2 | #[macro_use] extern crate rocket;
[INFO] [stdout]   |              ^^^^^^^^^^^^^^^^^^^^ can't find crate
[INFO] [stdout] 
[INFO] [stdout] error: aborting due to previous error
[INFO] [stdout] 
[INFO] [stdout] For more information about this error, try `rustc --explain E0463`.
[INFO] [stdout] Couldn't compile the test.
[INFO] [stdout] ---- src/uri/path_query.rs - uri::path_query::Query::segments (line 291) stdout ----
[INFO] [stdout] error[E0463]: can't find crate for `rocket`
[INFO] [stdout]  --> src/uri/path_query.rs:291:14
[INFO] [stdout]   |
[INFO] [stdout] 2 | #[macro_use] extern crate rocket;
[INFO] [stdout]   |              ^^^^^^^^^^^^^^^^^^^^ can't find crate
[INFO] [stdout] 
[INFO] [stdout] error: aborting due to previous error
[INFO] [stdout] 
[INFO] [stdout] For more information about this error, try `rustc --explain E0463`.
[INFO] [stdout] Couldn't compile the test.
[INFO] [stdout] ---- src/uri/uri.rs - uri::uri::Uri::origin (line 140) stdout ----
[INFO] [stdout] error[E0463]: can't find crate for `rocket`
[INFO] [stdout]  --> src/uri/uri.rs:140:14
[INFO] [stdout]   |
[INFO] [stdout] 2 | #[macro_use] extern crate rocket;
[INFO] [stdout]   |              ^^^^^^^^^^^^^^^^^^^^ can't find crate
[INFO] [stdout] 
[INFO] [stdout] error: aborting due to previous error
[INFO] [stdout] 
[INFO] [stdout] For more information about this error, try `rustc --explain E0463`.
[INFO] [stdout] Couldn't compile the test.
[INFO] [stdout] ---- src/uri/fmt/from_uri_param.rs - uri::fmt::from_uri_param::FromUriParam (line 41) stdout ----
[INFO] [stdout] error[E0463]: can't find crate for `rocket`
[INFO] [stdout]  --> src/uri/fmt/from_uri_param.rs:41:1
[INFO] [stdout]   |
[INFO] [stdout] 2 | extern crate rocket;
[INFO] [stdout]   | ^^^^^^^^^^^^^^^^^^^^ can't find crate
[INFO] [stdout] 
[INFO] [stdout] error: aborting due to previous error
[INFO] [stdout] 
[INFO] [stdout] For more information about this error, try `rustc --explain E0463`.
[INFO] [stdout] Couldn't compile the test.
[INFO] [stdout] ---- src/uri/path_query.rs - uri::path_query::Path::segments (line 169) stdout ----
[INFO] [stdout] error[E0463]: can't find crate for `rocket`
[INFO] [stdout]  --> src/uri/path_query.rs:169:14
[INFO] [stdout]   |
[INFO] [stdout] 2 | #[macro_use] extern crate rocket;
[INFO] [stdout]   |              ^^^^^^^^^^^^^^^^^^^^ can't find crate
[INFO] [stdout] 
[INFO] [stdout] error: aborting due to previous error
[INFO] [stdout] 
[INFO] [stdout] For more information about this error, try `rustc --explain E0463`.
[INFO] [stdout] Couldn't compile the test.
[INFO] [stdout] ---- src/uri/reference.rs - uri::reference::Reference::is_normalized (line 309) stdout ----
[INFO] [stdout] error[E0463]: can't find crate for `rocket`
[INFO] [stdout]  --> src/uri/reference.rs:309:14
[INFO] [stdout]   |
[INFO] [stdout] 2 | #[macro_use] extern crate rocket;
[INFO] [stdout]   |              ^^^^^^^^^^^^^^^^^^^^ can't find crate
[INFO] [stdout] 
[INFO] [stdout] error: aborting due to previous error
[INFO] [stdout] 
[INFO] [stdout] For more information about this error, try `rustc --explain E0463`.
[INFO] [stdout] Couldn't compile the test.
[INFO] [stdout] ---- src/uri/origin.rs - uri::origin::Origin::map_path (line 348) stdout ----
[INFO] [stdout] error[E0463]: can't find crate for `rocket`
[INFO] [stdout]  --> src/uri/origin.rs:348:14
[INFO] [stdout]   |
[INFO] [stdout] 2 | #[macro_use] extern crate rocket;
[INFO] [stdout]   |              ^^^^^^^^^^^^^^^^^^^^ can't find crate
[INFO] [stdout] 
[INFO] [stdout] error: aborting due to previous error
[INFO] [stdout] 
[INFO] [stdout] For more information about this error, try `rustc --explain E0463`.
[INFO] [stdout] Couldn't compile the test.
[INFO] [stdout] ---- src/uri/origin.rs - uri::origin::Origin::parse (line 236) stdout ----
[INFO] [stdout] error[E0463]: can't find crate for `rocket`
[INFO] [stdout]  --> src/uri/origin.rs:236:14
[INFO] [stdout]   |
[INFO] [stdout] 2 | #[macro_use] extern crate rocket;
[INFO] [stdout]   |              ^^^^^^^^^^^^^^^^^^^^ can't find crate
[INFO] [stdout] 
[INFO] [stdout] error: aborting due to previous error
[INFO] [stdout] 
[INFO] [stdout] For more information about this error, try `rustc --explain E0463`.
[INFO] [stdout] Couldn't compile the test.
[INFO] [stdout] ---- src/uri/reference.rs - uri::reference::Reference::fragment (line 286) stdout ----
[INFO] [stdout] error[E0463]: can't find crate for `rocket`
[INFO] [stdout]  --> src/uri/reference.rs:286:14
[INFO] [stdout]   |
[INFO] [stdout] 2 | #[macro_use] extern crate rocket;
[INFO] [stdout]   |              ^^^^^^^^^^^^^^^^^^^^ can't find crate
[INFO] [stdout] 
[INFO] [stdout] error: aborting due to previous error
[INFO] [stdout] 
[INFO] [stdout] For more information about this error, try `rustc --explain E0463`.
[INFO] [stdout] Couldn't compile the test.
[INFO] [stdout] ---- src/uri/segments.rs - uri::segments::Segments (line 16) stdout ----
[INFO] [stdout] error[E0463]: can't find crate for `rocket`
[INFO] [stdout]  --> src/uri/segments.rs:16:1
[INFO] [stdout]   |
[INFO] [stdout] 2 | extern crate rocket;
[INFO] [stdout]   | ^^^^^^^^^^^^^^^^^^^^ can't find crate
[INFO] [stdout] 
[INFO] [stdout] error: aborting due to previous error
[INFO] [stdout] 
[INFO] [stdout] For more information about this error, try `rustc --explain E0463`.
[INFO] [stdout] Couldn't compile the test.
[INFO] [stdout] ---- src/uri/uri.rs - uri::uri::Uri::authority (line 168) stdout ----
[INFO] [stdout] error[E0463]: can't find crate for `rocket`
[INFO] [stdout]  --> src/uri/uri.rs:168:14
[INFO] [stdout]   |
[INFO] [stdout] 2 | #[macro_use] extern crate rocket;
[INFO] [stdout]   |              ^^^^^^^^^^^^^^^^^^^^ can't find crate
[INFO] [stdout] 
[INFO] [stdout] error: aborting due to previous error
[INFO] [stdout] 
[INFO] [stdout] For more information about this error, try `rustc --explain E0463`.
[INFO] [stdout] Couldn't compile the test.
[INFO] [stdout] ---- src/uri/reference.rs - uri::reference::Reference::query (line 265) stdout ----
[INFO] [stdout] error[E0463]: can't find crate for `rocket`
[INFO] [stdout]  --> src/uri/reference.rs:265:14
[INFO] [stdout]   |
[INFO] [stdout] 2 | #[macro_use] extern crate rocket;
[INFO] [stdout]   |              ^^^^^^^^^^^^^^^^^^^^ can't find crate
[INFO] [stdout] 
[INFO] [stdout] error: aborting due to previous error
[INFO] [stdout] 
[INFO] [stdout] For more information about this error, try `rustc --explain E0463`.
[INFO] [stdout] Couldn't compile the test.
[INFO] [stdout] ---- src/uri/reference.rs - uri::reference::Reference::parse_owned (line 184) stdout ----
[INFO] [stdout] error[E0463]: can't find crate for `rocket`
[INFO] [stdout]  --> src/uri/reference.rs:184:1
[INFO] [stdout]   |
[INFO] [stdout] 2 | extern crate rocket;
[INFO] [stdout]   | ^^^^^^^^^^^^^^^^^^^^ can't find crate
[INFO] [stdout] 
[INFO] [stdout] error: aborting due to previous error
[INFO] [stdout] 
[INFO] [stdout] For more information about this error, try `rustc --explain E0463`.
[INFO] [stdout] Couldn't compile the test.
[INFO] [stdout] ---- src/uri/fmt/uri_display.rs - uri::fmt::uri_display::UriDisplay (line 233) stdout ----
[INFO] [stdout] error[E0463]: can't find crate for `rocket`
[INFO] [stdout]  --> src/uri/fmt/uri_display.rs:233:14
[INFO] [stdout]   |
[INFO] [stdout] 2 | #[macro_use] extern crate rocket;
[INFO] [stdout]   |              ^^^^^^^^^^^^^^^^^^^^ can't find crate
[INFO] [stdout] 
[INFO] [stdout] error: aborting due to previous error
[INFO] [stdout] 
[INFO] [stdout] For more information about this error, try `rustc --explain E0463`.
[INFO] [stdout] Couldn't compile the test.
[INFO] [stdout] ---- src/uri/reference.rs - uri::reference::Reference::scheme (line 213) stdout ----
[INFO] [stdout] error[E0463]: can't find crate for `rocket`
[INFO] [stdout]  --> src/uri/reference.rs:213:14
[INFO] [stdout]   |
[INFO] [stdout] 2 | #[macro_use] extern crate rocket;
[INFO] [stdout]   |              ^^^^^^^^^^^^^^^^^^^^ can't find crate
[INFO] [stdout] 
[INFO] [stdout] error: aborting due to previous error
[INFO] [stdout] 
[INFO] [stdout] For more information about this error, try `rustc --explain E0463`.
[INFO] [stdout] Couldn't compile the test.
[INFO] [stdout] ---- src/uri/absolute.rs - uri::absolute::Absolute::normalize (line 302) stdout ----
[INFO] [stdout] error[E0433]: failed to resolve: use of undeclared crate or module `rocket`
[INFO] [stdout]  --> src/uri/absolute.rs:303:5
[INFO] [stdout]   |
[INFO] [stdout] 3 | use rocket::http::uri::Absolute;
[INFO] [stdout]   |     ^^^^^^ use of undeclared crate or module `rocket`
[INFO] [stdout] 
[INFO] [stdout] error[E0433]: failed to resolve: use of undeclared type `Absolute`
[INFO] [stdout]  --> src/uri/absolute.rs:305:15
[INFO] [stdout]   |
[INFO] [stdout] 5 | let mut uri = Absolute::parse("git://rocket.rs/").unwrap();
[INFO] [stdout]   |               ^^^^^^^^ not found in this scope
[INFO] [stdout]   |
[INFO] [stdout] help: consider importing this struct
[INFO] [stdout]   |
[INFO] [stdout] 2 | use rocket_http::uri::Absolute;
[INFO] [stdout]   |
[INFO] [stdout] 
[INFO] [stdout] error[E0433]: failed to resolve: use of undeclared type `Absolute`
[INFO] [stdout]   --> src/uri/absolute.rs:310:15
[INFO] [stdout]    |
[INFO] [stdout] 10 | let mut uri = Absolute::parse("http:/foo//bar").unwrap();
[INFO] [stdout]    |               ^^^^^^^^ not found in this scope
[INFO] [stdout]    |
[INFO] [stdout] help: consider importing this struct
[INFO] [stdout]    |
[INFO] [stdout] 2  | use rocket_http::uri::Absolute;
[INFO] [stdout]    |
[INFO] [stdout] 
[INFO] [stdout] error[E0433]: failed to resolve: use of undeclared type `Absolute`
[INFO] [stdout]   --> src/uri/absolute.rs:315:15
[INFO] [stdout]    |
[INFO] [stdout] 15 | let mut uri = Absolute::parse("foo:bar?baz&&bop").unwrap();
[INFO] [stdout]    |               ^^^^^^^^ not found in this scope
[INFO] [stdout]    |
[INFO] [stdout] help: consider importing this struct
[INFO] [stdout]    |
[INFO] [stdout] 2  | use rocket_http::uri::Absolute;
[INFO] [stdout]    |
[INFO] [stdout] 
[INFO] [stdout] error: aborting due to 4 previous errors
[INFO] [stdout] 
[INFO] [stdout] For more information about this error, try `rustc --explain E0433`.
[INFO] [stdout] Couldn't compile the test.
[INFO] [stdout] ---- src/uri/segments.rs - uri::segments::Segments::prefix_of (line 144) stdout ----
[INFO] [stdout] error[E0463]: can't find crate for `rocket`
[INFO] [stdout]  --> src/uri/segments.rs:144:14
[INFO] [stdout]   |
[INFO] [stdout] 2 | #[macro_use] extern crate rocket;
[INFO] [stdout]   |              ^^^^^^^^^^^^^^^^^^^^ can't find crate
[INFO] [stdout] 
[INFO] [stdout] error: aborting due to previous error
[INFO] [stdout] 
[INFO] [stdout] For more information about this error, try `rustc --explain E0463`.
[INFO] [stdout] Couldn't compile the test.
[INFO] [stdout] ---- src/uri/segments.rs - uri::segments::Segments::to_path_buf (line 189) stdout ----
[INFO] [stdout] error[E0463]: can't find crate for `rocket`
[INFO] [stdout]  --> src/uri/segments.rs:189:14
[INFO] [stdout]   |
[INFO] [stdout] 2 | #[macro_use] extern crate rocket;
[INFO] [stdout]   |              ^^^^^^^^^^^^^^^^^^^^ can't find crate
[INFO] [stdout] 
[INFO] [stdout] error: aborting due to previous error
[INFO] [stdout] 
[INFO] [stdout] For more information about this error, try `rustc --explain E0463`.
[INFO] [stdout] Couldn't compile the test.
[INFO] [stdout] ---- src/uri/absolute.rs - uri::absolute::Absolute::into_normalized (line 342) stdout ----
[INFO] [stdout] error[E0433]: failed to resolve: use of undeclared crate or module `rocket`
[INFO] [stdout]  --> src/uri/absolute.rs:343:5
[INFO] [stdout]   |
[INFO] [stdout] 3 | use rocket::http::uri::Absolute;
[INFO] [stdout]   |     ^^^^^^ use of undeclared crate or module `rocket`
[INFO] [stdout] 
[INFO] [stdout] error[E0433]: failed to resolve: use of undeclared type `Absolute`
[INFO] [stdout]  --> src/uri/absolute.rs:345:15
[INFO] [stdout]   |
[INFO] [stdout] 5 | let mut uri = Absolute::parse("git://rocket.rs/").unwrap();
[INFO] [stdout]   |               ^^^^^^^^ not found in this scope
[INFO] [stdout]   |
[INFO] [stdout] help: consider importing this struct
[INFO] [stdout]   |
[INFO] [stdout] 2 | use rocket_http::uri::Absolute;
[INFO] [stdout]   |
[INFO] [stdout] 
[INFO] [stdout] error[E0433]: failed to resolve: use of undeclared type `Absolute`
[INFO] [stdout]  --> src/uri/absolute.rs:349:15
[INFO] [stdout]   |
[INFO] [stdout] 9 | let mut uri = Absolute::parse("http:/foo//bar").unwrap();
[INFO] [stdout]   |               ^^^^^^^^ not found in this scope
[INFO] [stdout]   |
[INFO] [stdout] help: consider importing this struct
[INFO] [stdout]   |
[INFO] [stdout] 2 | use rocket_http::uri::Absolute;
[INFO] [stdout]   |
[INFO] [stdout] 
[INFO] [stdout] error[E0433]: failed to resolve: use of undeclared type `Absolute`
[INFO] [stdout]   --> src/uri/absolute.rs:353:15
[INFO] [stdout]    |
[INFO] [stdout] 13 | let mut uri = Absolute::parse("foo:bar?baz&&bop").unwrap();
[INFO] [stdout]    |               ^^^^^^^^ not found in this scope
[INFO] [stdout]    |
[INFO] [stdout] help: consider importing this struct
[INFO] [stdout]    |
[INFO] [stdout] 2  | use rocket_http::uri::Absolute;
[INFO] [stdout]    |
[INFO] [stdout] 
[INFO] [stdout] error: aborting due to 4 previous errors
[INFO] [stdout] 
[INFO] [stdout] For more information about this error, try `rustc --explain E0433`.
[INFO] [stdout] Couldn't compile the test.
[INFO] [stdout] ---- src/uri/uri.rs - uri::uri::Uri::absolute (line 196) stdout ----
[INFO] [stdout] error[E0463]: can't find crate for `rocket`
[INFO] [stdout]  --> src/uri/uri.rs:196:14
[INFO] [stdout]   |
[INFO] [stdout] 2 | #[macro_use] extern crate rocket;
[INFO] [stdout]   |              ^^^^^^^^^^^^^^^^^^^^ can't find crate
[INFO] [stdout] 
[INFO] [stdout] error: aborting due to previous error
[INFO] [stdout] 
[INFO] [stdout] For more information about this error, try `rustc --explain E0463`.
[INFO] [stdout] Couldn't compile the test.
[INFO] [stdout] ---- src/uri/segments.rs - uri::segments::Segments::len (line 53) stdout ----
[INFO] [stdout] error[E0463]: can't find crate for `rocket`
[INFO] [stdout]  --> src/uri/segments.rs:53:14
[INFO] [stdout]   |
[INFO] [stdout] 2 | #[macro_use] extern crate rocket;
[INFO] [stdout]   |              ^^^^^^^^^^^^^^^^^^^^ can't find crate
[INFO] [stdout] 
[INFO] [stdout] error: aborting due to previous error
[INFO] [stdout] 
[INFO] [stdout] For more information about this error, try `rustc --explain E0463`.
[INFO] [stdout] Couldn't compile the test.
[INFO] [stdout] ---- src/uri/segments.rs - uri::segments::Segments::get (line 123) stdout ----
[INFO] [stdout] error[E0463]: can't find crate for `rocket`
[INFO] [stdout]  --> src/uri/segments.rs:123:14
[INFO] [stdout]   |
[INFO] [stdout] 2 | #[macro_use] extern crate rocket;
[INFO] [stdout]   |              ^^^^^^^^^^^^^^^^^^^^ can't find crate
[INFO] [stdout] 
[INFO] [stdout] error: aborting due to previous error
[INFO] [stdout] 
[INFO] [stdout] For more information about this error, try `rustc --explain E0463`.
[INFO] [stdout] Couldn't compile the test.
[INFO] [stdout] ---- src/uri/reference.rs - uri::reference::Reference::parse (line 153) stdout ----
[INFO] [stdout] error[E0463]: can't find crate for `rocket`
[INFO] [stdout]  --> src/uri/reference.rs:153:14
[INFO] [stdout]   |
[INFO] [stdout] 2 | #[macro_use] extern crate rocket;
[INFO] [stdout]   |              ^^^^^^^^^^^^^^^^^^^^ can't find crate
[INFO] [stdout] 
[INFO] [stdout] error: aborting due to previous error
[INFO] [stdout] 
[INFO] [stdout] For more information about this error, try `rustc --explain E0463`.
[INFO] [stdout] Couldn't compile the test.
[INFO] [stdout] ---- src/uri/segments.rs - uri::segments::Segments::skip (line 99) stdout ----
[INFO] [stdout] error[E0463]: can't find crate for `rocket`
[INFO] [stdout]  --> src/uri/segments.rs:99:14
[INFO] [stdout]   |
[INFO] [stdout] 2 | #[macro_use] extern crate rocket;
[INFO] [stdout]   |              ^^^^^^^^^^^^^^^^^^^^ can't find crate
[INFO] [stdout] 
[INFO] [stdout] error: aborting due to previous error
[INFO] [stdout] 
[INFO] [stdout] For more information about this error, try `rustc --explain E0463`.
[INFO] [stdout] Couldn't compile the test.
[INFO] [stdout] ---- src/uri/segments.rs - uri::segments::Segments::get (line 238) stdout ----
[INFO] [stdout] error[E0463]: can't find crate for `rocket`
[INFO] [stdout]  --> src/uri/segments.rs:238:14
[INFO] [stdout]   |
[INFO] [stdout] 2 | #[macro_use] extern crate rocket;
[INFO] [stdout]   |              ^^^^^^^^^^^^^^^^^^^^ can't find crate
[INFO] [stdout] 
[INFO] [stdout] error: aborting due to previous error
[INFO] [stdout] 
[INFO] [stdout] For more information about this error, try `rustc --explain E0463`.
[INFO] [stdout] Couldn't compile the test.
[INFO] [stdout] ---- src/uri/uri.rs - uri::uri::Uri::parse (line 64) stdout ----
[INFO] [stdout] error[E0463]: can't find crate for `rocket`
[INFO] [stdout]  --> src/uri/uri.rs:64:14
[INFO] [stdout]   |
[INFO] [stdout] 2 | #[macro_use] extern crate rocket;
[INFO] [stdout]   |              ^^^^^^^^^^^^^^^^^^^^ can't find crate
[INFO] [stdout] 
[INFO] [stdout] error: aborting due to previous error
[INFO] [stdout] 
[INFO] [stdout] For more information about this error, try `rustc --explain E0463`.
[INFO] [stdout] Couldn't compile the test.
[INFO] [stdout] ---- src/uri/reference.rs - uri::reference::Reference::into_normalized (line 386) stdout ----
[INFO] [stdout] error[E0433]: failed to resolve: use of undeclared crate or module `rocket`
[INFO] [stdout]  --> src/uri/reference.rs:387:5
[INFO] [stdout]   |
[INFO] [stdout] 3 | use rocket::http::uri::Reference;
[INFO] [stdout]   |     ^^^^^^ use of undeclared crate or module `rocket`
[INFO] [stdout] 
[INFO] [stdout] error[E0433]: failed to resolve: use of undeclared type `Reference`
[INFO] [stdout]  --> src/uri/reference.rs:389:15
[INFO] [stdout]   |
[INFO] [stdout] 5 | let mut uri = Reference::parse("git://rocket.rs/").unwrap();
[INFO] [stdout]   |               ^^^^^^^^^ not found in this scope
[INFO] [stdout]   |
[INFO] [stdout] help: consider importing this struct
[INFO] [stdout]   |
[INFO] [stdout] 2 | use rocket_http::uri::Reference;
[INFO] [stdout]   |
[INFO] [stdout] 
[INFO] [stdout] error[E0433]: failed to resolve: use of undeclared type `Reference`
[INFO] [stdout]  --> src/uri/reference.rs:393:15
[INFO] [stdout]   |
[INFO] [stdout] 9 | let mut uri = Reference::parse("http:/foo//bar?baz&&#cat").unwrap();
[INFO] [stdout]   |               ^^^^^^^^^ not found in this scope
[INFO] [stdout]   |
[INFO] [stdout] help: consider importing this struct
[INFO] [stdout]   |
[INFO] [stdout] 2 | use rocket_http::uri::Reference;
[INFO] [stdout]   |
[INFO] [stdout] 
[INFO] [stdout] error[E0433]: failed to resolve: use of undeclared type `Reference`
[INFO] [stdout]   --> src/uri/reference.rs:397:15
[INFO] [stdout]    |
[INFO] [stdout] 13 | let mut uri = Reference::parse("foo:bar?baz&&bop").unwrap();
[INFO] [stdout]    |               ^^^^^^^^^ not found in this scope
[INFO] [stdout]    |
[INFO] [stdout] help: consider importing this struct
[INFO] [stdout]    |
[INFO] [stdout] 2  | use rocket_http::uri::Reference;
[INFO] [stdout]    |
[INFO] [stdout] 
[INFO] [stdout] error: aborting due to 4 previous errors
[INFO] [stdout] 
[INFO] [stdout] For more information about this error, try `rustc --explain E0433`.
[INFO] [stdout] Couldn't compile the test.
[INFO] [stdout] ---- src/uri/reference.rs - uri::reference::Reference::normalize (line 346) stdout ----
[INFO] [stdout] error[E0433]: failed to resolve: use of undeclared crate or module `rocket`
[INFO] [stdout]  --> src/uri/reference.rs:347:5
[INFO] [stdout]   |
[INFO] [stdout] 3 | use rocket::http::uri::Reference;
[INFO] [stdout]   |     ^^^^^^ use of undeclared crate or module `rocket`
[INFO] [stdout] 
[INFO] [stdout] error[E0433]: failed to resolve: use of undeclared type `Reference`
[INFO] [stdout]  --> src/uri/reference.rs:349:15
[INFO] [stdout]   |
[INFO] [stdout] 5 | let mut uri = Reference::parse("git://rocket.rs/").unwrap();
[INFO] [stdout]   |               ^^^^^^^^^ not found in this scope
[INFO] [stdout]   |
[INFO] [stdout] help: consider importing this struct
[INFO] [stdout]   |
[INFO] [stdout] 2 | use rocket_http::uri::Reference;
[INFO] [stdout]   |
[INFO] [stdout] 
[INFO] [stdout] error[E0433]: failed to resolve: use of undeclared type `Reference`
[INFO] [stdout]   --> src/uri/reference.rs:354:15
[INFO] [stdout]    |
[INFO] [stdout] 10 | let mut uri = Reference::parse("http:/foo//bar?baz&&#cat").unwrap();
[INFO] [stdout]    |               ^^^^^^^^^ not found in this scope
[INFO] [stdout]    |
[INFO] [stdout] help: consider importing this struct
[INFO] [stdout]    |
[INFO] [stdout] 2  | use rocket_http::uri::Reference;
[INFO] [stdout]    |
[INFO] [stdout] 
[INFO] [stdout] error[E0433]: failed to resolve: use of undeclared type `Reference`
[INFO] [stdout]   --> src/uri/reference.rs:359:15
[INFO] [stdout]    |
[INFO] [stdout] 15 | let mut uri = Reference::parse("foo:bar?baz&&bop").unwrap();
[INFO] [stdout]    |               ^^^^^^^^^ not found in this scope
[INFO] [stdout]    |
[INFO] [stdout] help: consider importing this struct
[INFO] [stdout]    |
[INFO] [stdout] 2  | use rocket_http::uri::Reference;
[INFO] [stdout]    |
[INFO] [stdout] 
[INFO] [stdout] error: aborting due to 4 previous errors
[INFO] [stdout] 
[INFO] [stdout] For more information about this error, try `rustc --explain E0433`.
[INFO] [stdout] Couldn't compile the test.
[INFO] [stdout] 
[INFO] [stdout] failures:
[INFO] [stdout]     src/header/accept.rs - header::accept::Accept (line 35)
[INFO] [stdout]     src/header/accept.rs - header::accept::Accept (line 48)
[INFO] [stdout]     src/header/accept.rs - header::accept::Accept::first (line 178)
[INFO] [stdout]     src/header/accept.rs - header::accept::Accept::iter (line 196)
[INFO] [stdout]     src/header/accept.rs - header::accept::Accept::media_types (line 225)
[INFO] [stdout]     src/header/accept.rs - header::accept::Accept::new (line 95)
[INFO] [stdout]     src/header/accept.rs - header::accept::Accept::preferred (line 131)
[INFO] [stdout]     src/header/accept.rs - header::accept::QMediaType::media_type (line 335)
[INFO] [stdout]     src/header/accept.rs - header::accept::QMediaType::weight (line 300)
[INFO] [stdout]     src/header/accept.rs - header::accept::QMediaType::weight_or (line 316)
[INFO] [stdout]     src/header/content_type.rs - header::content_type::ContentType (line 23)
[INFO] [stdout]     src/header/content_type.rs - header::content_type::ContentType (line 36)
[INFO] [stdout]     src/header/content_type.rs - header::content_type::ContentType::extension (line 295)
[INFO] [stdout]     src/header/content_type.rs - header::content_type::ContentType::extension (line 308)
[INFO] [stdout]     src/header/content_type.rs - header::content_type::ContentType::fmt (line 370)
[INFO] [stdout]     src/header/content_type.rs - header::content_type::ContentType::from_extension (line 286)
[INFO] [stdout]     src/header/content_type.rs - header::content_type::ContentType::from_extension (line 300)
[INFO] [stdout]     src/header/content_type.rs - header::content_type::ContentType::from_str (line 320)
[INFO] [stdout]     src/header/content_type.rs - header::content_type::ContentType::from_str (line 332)
[INFO] [stdout]     src/header/content_type.rs - header::content_type::ContentType::from_str (line 345)
[INFO] [stdout]     src/header/content_type.rs - header::content_type::ContentType::media_type (line 277)
[INFO] [stdout]     src/header/content_type.rs - header::content_type::ContentType::new (line 219)
[INFO] [stdout]     src/header/content_type.rs - header::content_type::ContentType::parse_flexible (line 257)
[INFO] [stdout]     src/header/content_type.rs - header::content_type::ContentType::parse_flexible (line 271)
[INFO] [stdout]     src/header/content_type.rs - header::content_type::ContentType::parse_flexible (line 288)
[INFO] [stdout]     src/header/content_type.rs - header::content_type::ContentType::with_params (line 246)
[INFO] [stdout]     src/header/content_type.rs - header::content_type::ContentType::with_params (line 256)
[INFO] [stdout]     src/header/header.rs - header::header::Header::is_valid_value (line 77)
[INFO] [stdout]     src/header/header.rs - header::header::Header::name (line 131)
[INFO] [stdout]     src/header/header.rs - header::header::Header::name (line 143)
[INFO] [stdout]     src/header/header.rs - header::header::Header::new (line 29)
[INFO] [stdout]     src/header/header.rs - header::header::Header::new (line 39)
[INFO] [stdout]     src/header/header.rs - header::header::Header::value (line 162)
[INFO] [stdout]     src/header/header.rs - header::header::HeaderMap::add (line 454)
[INFO] [stdout]     src/header/header.rs - header::header::HeaderMap::add_all (line 503)
[INFO] [stdout]     src/header/header.rs - header::header::HeaderMap::add_raw (line 477)
[INFO] [stdout]     src/header/header.rs - header::header::HeaderMap::contains (line 215)
[INFO] [stdout]     src/header/header.rs - header::header::HeaderMap::get (line 277)
[INFO] [stdout]     src/header/header.rs - header::header::HeaderMap::get_one (line 307)
[INFO] [stdout]     src/header/header.rs - header::header::HeaderMap::get_one (line 323)
[INFO] [stdout]     src/header/header.rs - header::header::HeaderMap::into_iter (line 646)
[INFO] [stdout]     src/header/header.rs - header::header::HeaderMap::is_empty (line 260)
[INFO] [stdout]     src/header/header.rs - header::header::HeaderMap::iter (line 601)
[INFO] [stdout]     src/header/header.rs - header::header::HeaderMap::len (line 234)
[INFO] [stdout]     src/header/header.rs - header::header::HeaderMap::new (line 200)
[INFO] [stdout]     src/header/header.rs - header::header::HeaderMap::remove (line 535)
[INFO] [stdout]     src/header/header.rs - header::header::HeaderMap::remove_all (line 560)
[INFO] [stdout]     src/header/header.rs - header::header::HeaderMap::replace (line 351)
[INFO] [stdout]     src/header/header.rs - header::header::HeaderMap::replace (line 363)
[INFO] [stdout]     src/header/header.rs - header::header::HeaderMap::replace (line 379)
[INFO] [stdout]     src/header/header.rs - header::header::HeaderMap::replace_all (line 429)
[INFO] [stdout]     src/header/header.rs - header::header::HeaderMap::replace_raw (line 403)
[INFO] [stdout]     src/header/media_type.rs - header::media_type::MediaType (line 31)
[INFO] [stdout]     src/header/media_type.rs - header::media_type::MediaType::const_new (line 361)
[INFO] [stdout]     src/header/media_type.rs - header::media_type::MediaType::exact_eq (line 488)
[INFO] [stdout]     src/header/media_type.rs - header::media_type::MediaType::extension (line 578)
[INFO] [stdout]     src/header/media_type.rs - header::media_type::MediaType::extension (line 591)
[INFO] [stdout]     src/header/media_type.rs - header::media_type::MediaType::from_extension (line 457)
[INFO] [stdout]     src/header/media_type.rs - header::media_type::MediaType::from_extension (line 471)
[INFO] [stdout]     src/header/media_type.rs - header::media_type::MediaType::new (line 288)
[INFO] [stdout]     src/header/media_type.rs - header::media_type::MediaType::params (line 529)
[INFO] [stdout]     src/header/media_type.rs - header::media_type::MediaType::params (line 541)
[INFO] [stdout]     src/header/media_type.rs - header::media_type::MediaType::parse_flexible (line 428)
[INFO] [stdout]     src/header/media_type.rs - header::media_type::MediaType::parse_flexible (line 442)
[INFO] [stdout]     src/header/media_type.rs - header::media_type::MediaType::parse_flexible (line 459)
[INFO] [stdout]     src/header/media_type.rs - header::media_type::MediaType::specificity (line 458)
[INFO] [stdout]     src/header/media_type.rs - header::media_type::MediaType::sub (line 433)
[INFO] [stdout]     src/header/media_type.rs - header::media_type::MediaType::top (line 414)
[INFO] [stdout]     src/header/media_type.rs - header::media_type::MediaType::with_params (line 316)
[INFO] [stdout]     src/header/media_type.rs - header::media_type::MediaType::with_params (line 326)
[INFO] [stdout]     src/method.rs - method::Method::as_str (line 81)
[INFO] [stdout]     src/method.rs - method::Method::supports_payload (line 62)
[INFO] [stdout]     src/parse/uri/error.rs - parse::uri::error::Error::index (line 35)
[INFO] [stdout]     src/raw_str.rs - raw_str::RawStr::as_bytes (line 503)
[INFO] [stdout]     src/raw_str.rs - raw_str::RawStr::as_ptr (line 530)
[INFO] [stdout]     src/raw_str.rs - raw_str::RawStr::as_str (line 487)
[INFO] [stdout]     src/raw_str.rs - raw_str::RawStr::as_uncased_str (line 548)
[INFO] [stdout]     src/raw_str.rs - raw_str::RawStr::contains (line 574)
[INFO] [stdout]     src/raw_str.rs - raw_str::RawStr::ends_with (line 629)
[INFO] [stdout]     src/raw_str.rs - raw_str::RawStr::find (line 657)
[INFO] [stdout]     src/raw_str.rs - raw_str::RawStr::from_cow_str (line 108)
[INFO] [stdout]     src/raw_str.rs - raw_str::RawStr::html_escape (line 347)
[INFO] [stdout]     src/raw_str.rs - raw_str::RawStr::html_escape (line 362)
[INFO] [stdout]     src/raw_str.rs - raw_str::RawStr::into_cow_str (line 130)
[INFO] [stdout]     src/raw_str.rs - raw_str::RawStr::is_empty (line 465)
[INFO] [stdout]     src/raw_str.rs - raw_str::RawStr::len (line 449)
[INFO] [stdout]     src/raw_str.rs - raw_str::RawStr::new (line 89)
[INFO] [stdout]     src/raw_str.rs - raw_str::RawStr::parse (line 840)
[INFO] [stdout]     src/raw_str.rs - raw_str::RawStr::percent_decode (line 161)
[INFO] [stdout]     src/raw_str.rs - raw_str::RawStr::percent_decode (line 172)
[INFO] [stdout]     src/raw_str.rs - raw_str::RawStr::percent_decode_lossy (line 194)
[INFO] [stdout]     src/raw_str.rs - raw_str::RawStr::percent_decode_lossy (line 205)
[INFO] [stdout]     src/raw_str.rs - raw_str::RawStr::percent_encode (line 243)
[INFO] [stdout]     src/raw_str.rs - raw_str::RawStr::percent_encode (line 254)
[INFO] [stdout]     src/raw_str.rs - raw_str::RawStr::split (line 684)
[INFO] [stdout]     src/raw_str.rs - raw_str::RawStr::split_at_byte (line 718)
[INFO] [stdout]     src/raw_str.rs - raw_str::RawStr::starts_with (line 602)
[INFO] [stdout]     src/raw_str.rs - raw_str::RawStr::strip_prefix (line 782)
[INFO] [stdout]     src/raw_str.rs - raw_str::RawStr::strip_suffix (line 808)
[INFO] [stdout]     src/raw_str.rs - raw_str::RawStr::url_decode (line 278)
[INFO] [stdout]     src/raw_str.rs - raw_str::RawStr::url_decode_lossy (line 305)
[INFO] [stdout]     src/raw_str.rs - raw_str::RawStr::url_decode_lossy (line 316)
[INFO] [stdout]     src/raw_str.rs - raw_str::RawStrBuf::into_string (line 72)
[INFO] [stdout]     src/status.rs - status::Status (line 52)
[INFO] [stdout]     src/status.rs - status::Status (line 83)
[INFO] [stdout]     src/status.rs - status::Status::class (line 270)
[INFO] [stdout]     src/status.rs - status::Status::from_code (line 273)
[INFO] [stdout]     src/status.rs - status::Status::from_code (line 283)
[INFO] [stdout]     src/status.rs - status::Status::new (line 274)
[INFO] [stdout]     src/status.rs - status::Status::reason (line 273)
[INFO] [stdout]     src/status.rs - status::Status::reason (line 283)
[INFO] [stdout]     src/status.rs - status::Status::reason_lossy (line 272)
[INFO] [stdout]     src/uri/absolute.rs - uri::absolute::Absolute (line 37)
[INFO] [stdout]     src/uri/absolute.rs - uri::absolute::Absolute (line 53)
[INFO] [stdout]     src/uri/absolute.rs - uri::absolute::Absolute::authority (line 195)
[INFO] [stdout]     src/uri/absolute.rs - uri::absolute::Absolute::clear_query (line 249)
[INFO] [stdout]     src/uri/absolute.rs - uri::absolute::Absolute::into_normalized (line 342)
[INFO] [stdout]     src/uri/absolute.rs - uri::absolute::Absolute::is_normalized (line 270)
[INFO] [stdout]     src/uri/absolute.rs - uri::absolute::Absolute::normalize (line 302)
[INFO] [stdout]     src/uri/absolute.rs - uri::absolute::Absolute::parse (line 120)
[INFO] [stdout]     src/uri/absolute.rs - uri::absolute::Absolute::parse_owned (line 151)
[INFO] [stdout]     src/uri/absolute.rs - uri::absolute::Absolute::path (line 215)
[INFO] [stdout]     src/uri/absolute.rs - uri::absolute::Absolute::query (line 232)
[INFO] [stdout]     src/uri/absolute.rs - uri::absolute::Absolute::scheme (line 181)
[INFO] [stdout]     src/uri/absolute.rs - uri::absolute::Absolute::set_authority (line 366)
[INFO] [stdout]     src/uri/absolute.rs - uri::absolute::Absolute::with_authority (line 388)
[INFO] [stdout]     src/uri/asterisk.rs - uri::asterisk::Asterisk::parse (line 32)
[INFO] [stdout]     src/uri/asterisk.rs - uri::asterisk::Asterisk::parse_owned (line 52)
[INFO] [stdout]     src/uri/authority.rs - uri::authority::Authority::host (line 188)
[INFO] [stdout]     src/uri/authority.rs - uri::authority::Authority::parse (line 113)
[INFO] [stdout]     src/uri/authority.rs - uri::authority::Authority::parse_owned (line 145)
[INFO] [stdout]     src/uri/authority.rs - uri::authority::Authority::port (line 209)
[INFO] [stdout]     src/uri/authority.rs - uri::authority::Authority::user_info (line 172)
[INFO] [stdout]     src/uri/fmt/formatter.rs - uri::fmt::formatter::Formatter (line 114)
[INFO] [stdout]     src/uri/fmt/formatter.rs - uri::fmt::formatter::Formatter (line 63)
[INFO] [stdout]     src/uri/fmt/formatter.rs - uri::fmt::formatter::Formatter::refresh (line 276)
[INFO] [stdout]     src/uri/fmt/formatter.rs - uri::fmt::formatter::Formatter::write_named_value (line 373)
[INFO] [stdout]     src/uri/fmt/formatter.rs - uri::fmt::formatter::Formatter::write_raw (line 184)
[INFO] [stdout]     src/uri/fmt/formatter.rs - uri::fmt::formatter::Formatter::write_value (line 240)
[INFO] [stdout]     src/uri/fmt/from_uri_param.rs - uri::fmt::from_uri_param::FromUriParam (line 120)
[INFO] [stdout]     src/uri/fmt/from_uri_param.rs - uri::fmt::from_uri_param::FromUriParam (line 150)
[INFO] [stdout]     src/uri/fmt/from_uri_param.rs - uri::fmt::from_uri_param::FromUriParam (line 41)
[INFO] [stdout]     src/uri/fmt/uri_display.rs - uri::fmt::uri_display::Ignorable (line 424)
[INFO] [stdout]     src/uri/fmt/uri_display.rs - uri::fmt::uri_display::Ignorable (line 443)
[INFO] [stdout]     src/uri/fmt/uri_display.rs - uri::fmt::uri_display::UriDisplay (line 175)
[INFO] [stdout]     src/uri/fmt/uri_display.rs - uri::fmt::uri_display::UriDisplay (line 233)
[INFO] [stdout]     src/uri/fmt/uri_display.rs - uri::fmt::uri_display::UriDisplay (line 38)
[INFO] [stdout]     src/uri/fmt/uri_display.rs - uri::fmt::uri_display::UriDisplay (line 59)
[INFO] [stdout]     src/uri/fmt/uri_display.rs - uri::fmt::uri_display::UriDisplay (line 67)
[INFO] [stdout]     src/uri/fmt/uri_display.rs - uri::fmt::uri_display::UriDisplay (line 91)
[INFO] [stdout]     src/uri/origin.rs - uri::origin::Origin (line 37)
[INFO] [stdout]     src/uri/origin.rs - uri::origin::Origin (line 54)
[INFO] [stdout]     src/uri/origin.rs - uri::origin::Origin (line 72)
[INFO] [stdout]     src/uri/origin.rs - uri::origin::Origin::clear_query (line 389)
[INFO] [stdout]     src/uri/origin.rs - uri::origin::Origin::into_normalized (line 463)
[INFO] [stdout]     src/uri/origin.rs - uri::origin::Origin::is_normalized (line 409)
[INFO] [stdout]     src/uri/origin.rs - uri::origin::Origin::map_path (line 348)
[INFO] [stdout]     src/uri/origin.rs - uri::origin::Origin::normalize (line 434)
[INFO] [stdout]     src/uri/origin.rs - uri::origin::Origin::parse (line 236)
[INFO] [stdout]     src/uri/origin.rs - uri::origin::Origin::parse_owned (line 284)
[INFO] [stdout]     src/uri/origin.rs - uri::origin::Origin::path (line 308)
[INFO] [stdout]     src/uri/origin.rs - uri::origin::Origin::query (line 326)
[INFO] [stdout]     src/uri/path_query.rs - uri::path_query::Path::as_str (line 87)
[INFO] [stdout]     src/uri/path_query.rs - uri::path_query::Path::raw (line 73)
[INFO] [stdout]     src/uri/path_query.rs - uri::path_query::Path::raw_segments (line 129)
[INFO] [stdout]     src/uri/path_query.rs - uri::path_query::Path::segments (line 169)
[INFO] [stdout]     src/uri/path_query.rs - uri::path_query::Query::as_str (line 209)
[INFO] [stdout]     src/uri/path_query.rs - uri::path_query::Query::raw (line 195)
[INFO] [stdout]     src/uri/path_query.rs - uri::path_query::Query::raw_segments (line 248)
[INFO] [stdout]     src/uri/path_query.rs - uri::path_query::Query::segments (line 291)
[INFO] [stdout]     src/uri/reference.rs - uri::reference::Reference (line 31)
[INFO] [stdout]     src/uri/reference.rs - uri::reference::Reference::authority (line 233)
[INFO] [stdout]     src/uri/reference.rs - uri::reference::Reference::fragment (line 286)
[INFO] [stdout]     src/uri/reference.rs - uri::reference::Reference::into_normalized (line 386)
[INFO] [stdout]     src/uri/reference.rs - uri::reference::Reference::is_normalized (line 309)
[INFO] [stdout]     src/uri/reference.rs - uri::reference::Reference::normalize (line 346)
[INFO] [stdout]     src/uri/reference.rs - uri::reference::Reference::parse (line 153)
[INFO] [stdout]     src/uri/reference.rs - uri::reference::Reference::parse_owned (line 184)
[INFO] [stdout]     src/uri/reference.rs - uri::reference::Reference::path (line 251)
[INFO] [stdout]     src/uri/reference.rs - uri::reference::Reference::query (line 265)
[INFO] [stdout]     src/uri/reference.rs - uri::reference::Reference::scheme (line 213)
[INFO] [stdout]     src/uri/segments.rs - uri::segments::Segments (line 16)
[INFO] [stdout]     src/uri/segments.rs - uri::segments::Segments::get (line 123)
[INFO] [stdout]     src/uri/segments.rs - uri::segments::Segments::get (line 238)
[INFO] [stdout]     src/uri/segments.rs - uri::segments::Segments::is_empty (line 79)
[INFO] [stdout]     src/uri/segments.rs - uri::segments::Segments::len (line 53)
[INFO] [stdout]     src/uri/segments.rs - uri::segments::Segments::prefix_of (line 144)
[INFO] [stdout]     src/uri/segments.rs - uri::segments::Segments::skip (line 99)
[INFO] [stdout]     src/uri/segments.rs - uri::segments::Segments::to_path_buf (line 189)
[INFO] [stdout]     src/uri/uri.rs - uri::uri::Uri::absolute (line 196)
[INFO] [stdout]     src/uri/uri.rs - uri::uri::Uri::authority (line 168)
[INFO] [stdout]     src/uri/uri.rs - uri::uri::Uri::origin (line 140)
[INFO] [stdout]     src/uri/uri.rs - uri::uri::Uri::parse (line 64)
[INFO] [stdout]     src/uri/uri.rs - uri::uri::Uri::parse_any (line 110)
[INFO] [stdout]     src/uri/uri.rs - uri::uri::Uri::reference (line 224)
[INFO] [stdout] 
[INFO] [stdout] test result: FAILED. 5 passed; 195 failed; 0 ignored; 0 measured; 0 filtered out; finished in 0.47s
[INFO] [stdout] 
[INFO] [stderr] error: test failed, to rerun pass '--doc'
[INFO] running `Command { std: "docker" "inspect" "dd3c0fece17e3ea980f826bd404e1455526076b994c67ef55c5086923cfc8e42", kill_on_drop: false }`
[INFO] running `Command { std: "docker" "rm" "-f" "dd3c0fece17e3ea980f826bd404e1455526076b994c67ef55c5086923cfc8e42", kill_on_drop: false }`
[INFO] [stdout] dd3c0fece17e3ea980f826bd404e1455526076b994c67ef55c5086923cfc8e42
