[INFO] fetching crate robotstxt-with-cache 0.4.0...
[INFO] testing robotstxt-with-cache-0.4.0 against 1.54.0 for beta-1.55-1
[INFO] extracting crate robotstxt-with-cache 0.4.0 into /workspace/builds/worker-68/source
[INFO] validating manifest of crates.io crate robotstxt-with-cache 0.4.0 on toolchain 1.54.0
[INFO] running `Command { std: "/workspace/cargo-home/bin/cargo" "+1.54.0" "metadata" "--manifest-path" "Cargo.toml" "--no-deps", kill_on_drop: false }`
[INFO] started tweaking crates.io crate robotstxt-with-cache 0.4.0
[INFO] finished tweaking crates.io crate robotstxt-with-cache 0.4.0
[INFO] tweaked toml for crates.io crate robotstxt-with-cache 0.4.0 written to /workspace/builds/worker-68/source/Cargo.toml
[INFO] crate crates.io crate robotstxt-with-cache 0.4.0 already has a lockfile, it will not be regenerated
[INFO] running `Command { std: "/workspace/cargo-home/bin/cargo" "+1.54.0" "fetch" "--manifest-path" "Cargo.toml", kill_on_drop: false }`
[INFO] [stderr]     Blocking waiting for file lock on package cache
[INFO] [stderr]     Blocking waiting for file lock on package cache
[INFO] running `Command { std: "docker" "create" "-v" "/var/lib/crater-agent-workspace/builds/worker-68/target:/opt/rustwide/target:rw,Z" "-v" "/var/lib/crater-agent-workspace/builds/worker-68/source:/opt/rustwide/workdir:ro,Z" "-v" "/var/lib/crater-agent-workspace/cargo-home:/opt/rustwide/cargo-home:ro,Z" "-v" "/var/lib/crater-agent-workspace/rustup-home:/opt/rustwide/rustup-home:ro,Z" "-e" "SOURCE_DIR=/opt/rustwide/workdir" "-e" "CARGO_TARGET_DIR=/opt/rustwide/target" "-e" "CARGO_HOME=/opt/rustwide/cargo-home" "-e" "RUSTUP_HOME=/opt/rustwide/rustup-home" "-w" "/opt/rustwide/workdir" "-m" "1610612736" "--user" "0:0" "--network" "none" "ghcr.io/rust-lang/crates-build-env/linux@sha256:34b6a614d2c27851fe6cbf88fbd1137609cefab8b10d0615aaeb6fd47975d74e" "/opt/rustwide/cargo-home/bin/cargo" "+1.54.0" "metadata" "--no-deps" "--format-version=1", kill_on_drop: false }`
[INFO] [stdout] 473de9f74958c52db32e26ef6f31327dcdec0d61049bf43cc0f24c03ea76d337
[INFO] running `Command { std: "docker" "start" "-a" "473de9f74958c52db32e26ef6f31327dcdec0d61049bf43cc0f24c03ea76d337", kill_on_drop: false }`
[INFO] running `Command { std: "docker" "inspect" "473de9f74958c52db32e26ef6f31327dcdec0d61049bf43cc0f24c03ea76d337", kill_on_drop: false }`
[INFO] running `Command { std: "docker" "rm" "-f" "473de9f74958c52db32e26ef6f31327dcdec0d61049bf43cc0f24c03ea76d337", kill_on_drop: false }`
[INFO] [stdout] 473de9f74958c52db32e26ef6f31327dcdec0d61049bf43cc0f24c03ea76d337
[INFO] running `Command { std: "docker" "create" "-v" "/var/lib/crater-agent-workspace/builds/worker-68/target:/opt/rustwide/target:rw,Z" "-v" "/var/lib/crater-agent-workspace/builds/worker-68/source:/opt/rustwide/workdir:ro,Z" "-v" "/var/lib/crater-agent-workspace/cargo-home:/opt/rustwide/cargo-home:ro,Z" "-v" "/var/lib/crater-agent-workspace/rustup-home:/opt/rustwide/rustup-home:ro,Z" "-e" "SOURCE_DIR=/opt/rustwide/workdir" "-e" "CARGO_TARGET_DIR=/opt/rustwide/target" "-e" "CARGO_INCREMENTAL=0" "-e" "RUST_BACKTRACE=full" "-e" "RUSTFLAGS=--cap-lints=warn" "-e" "CARGO_HOME=/opt/rustwide/cargo-home" "-e" "RUSTUP_HOME=/opt/rustwide/rustup-home" "-w" "/opt/rustwide/workdir" "-m" "1610612736" "--user" "0:0" "--network" "none" "ghcr.io/rust-lang/crates-build-env/linux@sha256:34b6a614d2c27851fe6cbf88fbd1137609cefab8b10d0615aaeb6fd47975d74e" "/opt/rustwide/cargo-home/bin/cargo" "+1.54.0" "build" "--frozen" "--message-format=json", kill_on_drop: false }`
[INFO] [stdout] 588bc310247afca2b4370ce5ebb2c01d17cf9043bc379589b2d11f7976d2ccfc
[INFO] running `Command { std: "docker" "start" "-a" "588bc310247afca2b4370ce5ebb2c01d17cf9043bc379589b2d11f7976d2ccfc", kill_on_drop: false }`
[INFO] [stderr]    Compiling robotstxt-with-cache v0.4.0 (/opt/rustwide/workdir)
[INFO] [stderr]     Finished dev [unoptimized + debuginfo] target(s) in 1.49s
[INFO] running `Command { std: "docker" "inspect" "588bc310247afca2b4370ce5ebb2c01d17cf9043bc379589b2d11f7976d2ccfc", kill_on_drop: false }`
[INFO] running `Command { std: "docker" "rm" "-f" "588bc310247afca2b4370ce5ebb2c01d17cf9043bc379589b2d11f7976d2ccfc", kill_on_drop: false }`
[INFO] [stdout] 588bc310247afca2b4370ce5ebb2c01d17cf9043bc379589b2d11f7976d2ccfc
[INFO] running `Command { std: "docker" "create" "-v" "/var/lib/crater-agent-workspace/builds/worker-68/target:/opt/rustwide/target:rw,Z" "-v" "/var/lib/crater-agent-workspace/builds/worker-68/source:/opt/rustwide/workdir:ro,Z" "-v" "/var/lib/crater-agent-workspace/cargo-home:/opt/rustwide/cargo-home:ro,Z" "-v" "/var/lib/crater-agent-workspace/rustup-home:/opt/rustwide/rustup-home:ro,Z" "-e" "SOURCE_DIR=/opt/rustwide/workdir" "-e" "CARGO_TARGET_DIR=/opt/rustwide/target" "-e" "CARGO_INCREMENTAL=0" "-e" "RUST_BACKTRACE=full" "-e" "RUSTFLAGS=--cap-lints=warn" "-e" "CARGO_HOME=/opt/rustwide/cargo-home" "-e" "RUSTUP_HOME=/opt/rustwide/rustup-home" "-w" "/opt/rustwide/workdir" "-m" "1610612736" "--user" "0:0" "--network" "none" "ghcr.io/rust-lang/crates-build-env/linux@sha256:34b6a614d2c27851fe6cbf88fbd1137609cefab8b10d0615aaeb6fd47975d74e" "/opt/rustwide/cargo-home/bin/cargo" "+1.54.0" "test" "--frozen" "--no-run" "--message-format=json", kill_on_drop: false }`
[INFO] [stdout] b8de7deca2fbf5bac8957576f66b1557f2f3b9fc151586ad7bd2ebaf2005022e
[INFO] running `Command { std: "docker" "start" "-a" "b8de7deca2fbf5bac8957576f66b1557f2f3b9fc151586ad7bd2ebaf2005022e", kill_on_drop: false }`
[INFO] [stderr]    Compiling robotstxt-with-cache v0.4.0 (/opt/rustwide/workdir)
[INFO] [stderr]     Finished test [unoptimized + debuginfo] target(s) in 0.91s
[INFO] running `Command { std: "docker" "inspect" "b8de7deca2fbf5bac8957576f66b1557f2f3b9fc151586ad7bd2ebaf2005022e", kill_on_drop: false }`
[INFO] running `Command { std: "docker" "rm" "-f" "b8de7deca2fbf5bac8957576f66b1557f2f3b9fc151586ad7bd2ebaf2005022e", kill_on_drop: false }`
[INFO] [stdout] b8de7deca2fbf5bac8957576f66b1557f2f3b9fc151586ad7bd2ebaf2005022e
[INFO] running `Command { std: "docker" "create" "-v" "/var/lib/crater-agent-workspace/builds/worker-68/target:/opt/rustwide/target:rw,Z" "-v" "/var/lib/crater-agent-workspace/builds/worker-68/source:/opt/rustwide/workdir:ro,Z" "-v" "/var/lib/crater-agent-workspace/cargo-home:/opt/rustwide/cargo-home:ro,Z" "-v" "/var/lib/crater-agent-workspace/rustup-home:/opt/rustwide/rustup-home:ro,Z" "-e" "SOURCE_DIR=/opt/rustwide/workdir" "-e" "CARGO_TARGET_DIR=/opt/rustwide/target" "-e" "CARGO_INCREMENTAL=0" "-e" "RUST_BACKTRACE=full" "-e" "RUSTFLAGS=--cap-lints=warn" "-e" "CARGO_HOME=/opt/rustwide/cargo-home" "-e" "RUSTUP_HOME=/opt/rustwide/rustup-home" "-w" "/opt/rustwide/workdir" "-m" "1610612736" "--user" "0:0" "--network" "none" "ghcr.io/rust-lang/crates-build-env/linux@sha256:34b6a614d2c27851fe6cbf88fbd1137609cefab8b10d0615aaeb6fd47975d74e" "/opt/rustwide/cargo-home/bin/cargo" "+1.54.0" "test" "--frozen", kill_on_drop: false }`
[INFO] [stdout] bee17b4b3bed1118746225ba3564421759d92baf6bad5c7ce20fbbddf4b50ffa
[INFO] running `Command { std: "docker" "start" "-a" "bee17b4b3bed1118746225ba3564421759d92baf6bad5c7ce20fbbddf4b50ffa", kill_on_drop: false }`
[INFO] [stderr]     Blocking waiting for file lock on package cache
[INFO] [stderr]     Finished test [unoptimized + debuginfo] target(s) in 0.12s
[INFO] [stderr]      Running unittests (/opt/rustwide/target/debug/deps/robotstxt_with_cache-5baa6710c3e6062b)
[INFO] [stdout] 
[INFO] [stdout] running 8 tests
[INFO] [stdout] test parser::tests::test_parse_key_value ... ok
[INFO] [stdout] test tests::test_utf8_byte_order_mark_is_skipped ... ok
[INFO] [stdout] test parser::tests::test_escape_pattern ... ok
[INFO] [stdout] test tests::test_blank_line_case ... ok
[INFO] [stdout] test matcher::test::test_extract_user_agent ... ok
[INFO] [stderr]      Running unittests (/opt/rustwide/target/debug/deps/robotstxt_with_cache-87b161b58051fc79)
[INFO] [stdout] test tests::test_unknown_robotstxt_case ... ok
[INFO] [stderr]    Doc-tests robotstxt-with-cache
[INFO] [stdout] test tests::test_non_standard_line_example_sitemap ... ok
[INFO] [stdout] test tests::test_lines_numbers_are_counted_correctly ... ok
[INFO] [stdout] 
[INFO] [stdout] test result: ok. 8 passed; 0 failed; 0 ignored; 0 measured; 0 filtered out; finished in 0.02s
[INFO] [stdout] 
[INFO] [stdout] 
[INFO] [stdout] running 0 tests
[INFO] [stdout] 
[INFO] [stdout] test result: ok. 0 passed; 0 failed; 0 ignored; 0 measured; 0 filtered out; finished in 0.00s
[INFO] [stdout] 
[INFO] [stdout] 
[INFO] [stdout] running 3 tests
[INFO] [stdout] test src/lib.rs - (line 24) ... FAILED
[INFO] [stdout] test src/lib.rs - get_path_params_query (line 58) ... FAILED
[INFO] [stdout] test src/matcher.rs - matcher::RobotsMatchStrategy::matches (line 109) ... FAILED
[INFO] [stdout] 
[INFO] [stdout] failures:
[INFO] [stdout] 
[INFO] [stdout] ---- src/lib.rs - (line 24) stdout ----
[INFO] [stdout] error[E0432]: unresolved import `robotstxt`
[INFO] [stdout]  --> src/lib.rs:25:5
[INFO] [stdout]   |
[INFO] [stdout] 3 | use robotstxt::DefaultMatcher;
[INFO] [stdout]   |     ^^^^^^^^^ use of undeclared crate or module `robotstxt`
[INFO] [stdout] 
[INFO] [stdout] error: aborting due to previous error
[INFO] [stdout] 
[INFO] [stdout] For more information about this error, try `rustc --explain E0432`.
[INFO] [stdout] Couldn't compile the test.
[INFO] [stdout] ---- src/lib.rs - get_path_params_query (line 58) stdout ----
[INFO] [stdout] error[E0432]: unresolved import `robotstxt`
[INFO] [stdout]  --> src/lib.rs:59:5
[INFO] [stdout]   |
[INFO] [stdout] 3 | use robotstxt::get_path_params_query;
[INFO] [stdout]   |     ^^^^^^^^^ use of undeclared crate or module `robotstxt`
[INFO] [stdout] 
[INFO] [stdout] error: aborting due to previous error
[INFO] [stdout] 
[INFO] [stdout] For more information about this error, try `rustc --explain E0432`.
[INFO] [stdout] Couldn't compile the test.
[INFO] [stdout] ---- src/matcher.rs - matcher::RobotsMatchStrategy::matches (line 109) stdout ----
[INFO] [stdout] error[E0433]: failed to resolve: use of undeclared crate or module `robotstxt`
[INFO] [stdout]  --> src/matcher.rs:110:5
[INFO] [stdout]   |
[INFO] [stdout] 3 | use robotstxt::matcher::{LongestMatchRobotsMatchStrategy, RobotsMatchStrategy};
[INFO] [stdout]   |     ^^^^^^^^^ use of undeclared crate or module `robotstxt`
[INFO] [stdout] 
[INFO] [stdout] error[E0412]: cannot find type `LongestMatchRobotsMatchStrategy` in this scope
[INFO] [stdout]  --> src/matcher.rs:112:15
[INFO] [stdout]   |
[INFO] [stdout] 5 | type Target = LongestMatchRobotsMatchStrategy;
[INFO] [stdout]   |               ^^^^^^^^^^^^^^^^^^^^^^^^^^^^^^^ not found in this scope
[INFO] [stdout]   |
[INFO] [stdout] help: consider importing this struct
[INFO] [stdout]   |
[INFO] [stdout] 2 | use robotstxt_with_cache::matcher::LongestMatchRobotsMatchStrategy;
[INFO] [stdout]   |
[INFO] [stdout] 
[INFO] [stdout] error: aborting due to 2 previous errors
[INFO] [stdout] 
[INFO] [stdout] Some errors have detailed explanations: E0412, E0433.
[INFO] [stdout] For more information about an error, try `rustc --explain E0412`.
[INFO] [stdout] Couldn't compile the test.
[INFO] [stdout] 
[INFO] [stdout] failures:
[INFO] [stdout]     src/lib.rs - (line 24)
[INFO] [stdout]     src/lib.rs - get_path_params_query (line 58)
[INFO] [stdout]     src/matcher.rs - matcher::RobotsMatchStrategy::matches (line 109)
[INFO] [stdout] 
[INFO] [stdout] test result: FAILED. 0 passed; 3 failed; 0 ignored; 0 measured; 0 filtered out; finished in 0.25s
[INFO] [stdout] 
[INFO] [stderr] error: test failed, to rerun pass '--doc'
[INFO] running `Command { std: "docker" "inspect" "bee17b4b3bed1118746225ba3564421759d92baf6bad5c7ce20fbbddf4b50ffa", kill_on_drop: false }`
[INFO] running `Command { std: "docker" "rm" "-f" "bee17b4b3bed1118746225ba3564421759d92baf6bad5c7ce20fbbddf4b50ffa", kill_on_drop: false }`
[INFO] [stdout] bee17b4b3bed1118746225ba3564421759d92baf6bad5c7ce20fbbddf4b50ffa
