[INFO] fetching crate roaring 0.7.0...
[INFO] testing roaring-0.7.0 against 1.54.0 for beta-1.55-1
[INFO] extracting crate roaring 0.7.0 into /workspace/builds/worker-95/source
[INFO] validating manifest of crates.io crate roaring 0.7.0 on toolchain 1.54.0
[INFO] running `Command { std: "/workspace/cargo-home/bin/cargo" "+1.54.0" "metadata" "--manifest-path" "Cargo.toml" "--no-deps", kill_on_drop: false }`
[INFO] started tweaking crates.io crate roaring 0.7.0
[INFO] finished tweaking crates.io crate roaring 0.7.0
[INFO] tweaked toml for crates.io crate roaring 0.7.0 written to /workspace/builds/worker-95/source/Cargo.toml
[INFO] running `Command { std: "/workspace/cargo-home/bin/cargo" "+1.54.0" "generate-lockfile" "--manifest-path" "Cargo.toml" "-Zno-index-update", kill_on_drop: false }`
[INFO] [stderr]     Blocking waiting for file lock on package cache
[INFO] running `Command { std: "/workspace/cargo-home/bin/cargo" "+1.54.0" "fetch" "--manifest-path" "Cargo.toml", kill_on_drop: false }`
[INFO] [stderr]     Blocking waiting for file lock on package cache
[INFO] [stderr]     Blocking waiting for file lock on package cache
[INFO] running `Command { std: "docker" "create" "-v" "/var/lib/crater-agent-workspace/builds/worker-95/target:/opt/rustwide/target:rw,Z" "-v" "/var/lib/crater-agent-workspace/builds/worker-95/source:/opt/rustwide/workdir:ro,Z" "-v" "/var/lib/crater-agent-workspace/cargo-home:/opt/rustwide/cargo-home:ro,Z" "-v" "/var/lib/crater-agent-workspace/rustup-home:/opt/rustwide/rustup-home:ro,Z" "-e" "SOURCE_DIR=/opt/rustwide/workdir" "-e" "CARGO_TARGET_DIR=/opt/rustwide/target" "-e" "CARGO_HOME=/opt/rustwide/cargo-home" "-e" "RUSTUP_HOME=/opt/rustwide/rustup-home" "-w" "/opt/rustwide/workdir" "-m" "1610612736" "--user" "0:0" "--network" "none" "ghcr.io/rust-lang/crates-build-env/linux@sha256:34b6a614d2c27851fe6cbf88fbd1137609cefab8b10d0615aaeb6fd47975d74e" "/opt/rustwide/cargo-home/bin/cargo" "+1.54.0" "metadata" "--no-deps" "--format-version=1", kill_on_drop: false }`
[INFO] [stdout] c278e66f1789cf1a7f095ff5f19de8861636dc14f7f5b07a3e2d6a044b7e3352
[INFO] running `Command { std: "docker" "start" "-a" "c278e66f1789cf1a7f095ff5f19de8861636dc14f7f5b07a3e2d6a044b7e3352", kill_on_drop: false }`
[INFO] running `Command { std: "docker" "inspect" "c278e66f1789cf1a7f095ff5f19de8861636dc14f7f5b07a3e2d6a044b7e3352", kill_on_drop: false }`
[INFO] running `Command { std: "docker" "rm" "-f" "c278e66f1789cf1a7f095ff5f19de8861636dc14f7f5b07a3e2d6a044b7e3352", kill_on_drop: false }`
[INFO] [stdout] c278e66f1789cf1a7f095ff5f19de8861636dc14f7f5b07a3e2d6a044b7e3352
[INFO] running `Command { std: "docker" "create" "-v" "/var/lib/crater-agent-workspace/builds/worker-95/target:/opt/rustwide/target:rw,Z" "-v" "/var/lib/crater-agent-workspace/builds/worker-95/source:/opt/rustwide/workdir:ro,Z" "-v" "/var/lib/crater-agent-workspace/cargo-home:/opt/rustwide/cargo-home:ro,Z" "-v" "/var/lib/crater-agent-workspace/rustup-home:/opt/rustwide/rustup-home:ro,Z" "-e" "SOURCE_DIR=/opt/rustwide/workdir" "-e" "CARGO_TARGET_DIR=/opt/rustwide/target" "-e" "CARGO_INCREMENTAL=0" "-e" "RUST_BACKTRACE=full" "-e" "RUSTFLAGS=--cap-lints=warn" "-e" "CARGO_HOME=/opt/rustwide/cargo-home" "-e" "RUSTUP_HOME=/opt/rustwide/rustup-home" "-w" "/opt/rustwide/workdir" "-m" "1610612736" "--user" "0:0" "--network" "none" "ghcr.io/rust-lang/crates-build-env/linux@sha256:34b6a614d2c27851fe6cbf88fbd1137609cefab8b10d0615aaeb6fd47975d74e" "/opt/rustwide/cargo-home/bin/cargo" "+1.54.0" "build" "--frozen" "--message-format=json", kill_on_drop: false }`
[INFO] [stdout] 4613f8d328af81c9009a5e0e31f71af698f33428273e07fd9e1c27d5d5745af3
[INFO] running `Command { std: "docker" "start" "-a" "4613f8d328af81c9009a5e0e31f71af698f33428273e07fd9e1c27d5d5745af3", kill_on_drop: false }`
[INFO] [stderr]    Compiling bytemuck v1.7.2
[INFO] [stderr]    Compiling retain_mut v0.1.3
[INFO] [stderr]    Compiling roaring v0.7.0 (/opt/rustwide/workdir)
[INFO] [stderr]     Finished dev [unoptimized + debuginfo] target(s) in 3.74s
[INFO] running `Command { std: "docker" "inspect" "4613f8d328af81c9009a5e0e31f71af698f33428273e07fd9e1c27d5d5745af3", kill_on_drop: false }`
[INFO] running `Command { std: "docker" "rm" "-f" "4613f8d328af81c9009a5e0e31f71af698f33428273e07fd9e1c27d5d5745af3", kill_on_drop: false }`
[INFO] [stdout] 4613f8d328af81c9009a5e0e31f71af698f33428273e07fd9e1c27d5d5745af3
[INFO] running `Command { std: "docker" "create" "-v" "/var/lib/crater-agent-workspace/builds/worker-95/target:/opt/rustwide/target:rw,Z" "-v" "/var/lib/crater-agent-workspace/builds/worker-95/source:/opt/rustwide/workdir:ro,Z" "-v" "/var/lib/crater-agent-workspace/cargo-home:/opt/rustwide/cargo-home:ro,Z" "-v" "/var/lib/crater-agent-workspace/rustup-home:/opt/rustwide/rustup-home:ro,Z" "-e" "SOURCE_DIR=/opt/rustwide/workdir" "-e" "CARGO_TARGET_DIR=/opt/rustwide/target" "-e" "CARGO_INCREMENTAL=0" "-e" "RUST_BACKTRACE=full" "-e" "RUSTFLAGS=--cap-lints=warn" "-e" "CARGO_HOME=/opt/rustwide/cargo-home" "-e" "RUSTUP_HOME=/opt/rustwide/rustup-home" "-w" "/opt/rustwide/workdir" "-m" "1610612736" "--user" "0:0" "--network" "none" "ghcr.io/rust-lang/crates-build-env/linux@sha256:34b6a614d2c27851fe6cbf88fbd1137609cefab8b10d0615aaeb6fd47975d74e" "/opt/rustwide/cargo-home/bin/cargo" "+1.54.0" "test" "--frozen" "--no-run" "--message-format=json", kill_on_drop: false }`
[INFO] [stdout] 777aa41fe9375e883c6a725516462d101720bbb3adc2348a95726f2a133e1920
[INFO] running `Command { std: "docker" "start" "-a" "777aa41fe9375e883c6a725516462d101720bbb3adc2348a95726f2a133e1920", kill_on_drop: false }`
[INFO] [stderr]     Blocking waiting for file lock on package cache
[INFO] [stderr]    Compiling libc v0.2.98
[INFO] [stderr]    Compiling crossbeam-utils v0.8.5
[INFO] [stderr]    Compiling serde v1.0.127
[INFO] [stderr]    Compiling semver v1.0.4
[INFO] [stderr]    Compiling getrandom v0.1.16
[INFO] [stderr]    Compiling crossbeam-epoch v0.9.5
[INFO] [stderr]    Compiling syn v1.0.74
[INFO] [stderr]    Compiling rayon-core v1.9.1
[INFO] [stderr]    Compiling regex-syntax v0.6.25
[INFO] [stderr]    Compiling serde_json v1.0.66
[INFO] [stderr]    Compiling either v1.6.1
[INFO] [stderr]    Compiling itoa v0.4.7
[INFO] [stderr]    Compiling log v0.4.14
[INFO] [stderr]    Compiling plotters-backend v0.3.2
[INFO] [stderr]    Compiling ppv-lite86 v0.2.10
[INFO] [stderr]    Compiling regex-automata v0.1.10
[INFO] [stderr]    Compiling same-file v1.0.6
[INFO] [stderr]    Compiling half v1.7.1
[INFO] [stderr]    Compiling oorandom v11.1.3
[INFO] [stderr]    Compiling memoffset v0.6.4
[INFO] [stderr]    Compiling num-traits v0.2.14
[INFO] [stderr]    Compiling rayon v1.5.1
[INFO] [stderr]    Compiling ryu v1.0.5
[INFO] [stderr]    Compiling textwrap v0.11.0
[INFO] [stderr]    Compiling aho-corasick v0.7.18
[INFO] [stderr]    Compiling csv-core v0.1.10
[INFO] [stderr]    Compiling walkdir v2.3.2
[INFO] [stderr]    Compiling itertools v0.10.1
[INFO] [stderr]    Compiling plotters-svg v0.3.1
[INFO] [stderr]    Compiling clap v2.33.3
[INFO] [stderr]    Compiling crossbeam-channel v0.5.1
[INFO] [stderr]    Compiling rustc_version v0.4.0
[INFO] [stderr]    Compiling crossbeam-deque v0.8.1
[INFO] [stderr]    Compiling num_cpus v1.13.0
[INFO] [stderr]    Compiling atty v0.2.14
[INFO] [stderr]    Compiling cast v0.2.7
[INFO] [stderr]    Compiling rand_core v0.5.1
[INFO] [stderr]    Compiling rand_chacha v0.2.2
[INFO] [stderr]    Compiling plotters v0.3.1
[INFO] [stderr]    Compiling rand v0.7.3
[INFO] [stderr]    Compiling criterion-plot v0.4.4
[INFO] [stderr]    Compiling regex v1.5.4
[INFO] [stderr]    Compiling env_logger v0.7.1
[INFO] [stderr]    Compiling quickcheck v0.9.2
[INFO] [stderr]    Compiling bstr v0.2.16
[INFO] [stderr]    Compiling serde_cbor v0.11.1
[INFO] [stderr]    Compiling csv v1.1.6
[INFO] [stderr]    Compiling tinytemplate v1.2.1
[INFO] [stderr]    Compiling serde_derive v1.0.127
[INFO] [stderr]    Compiling quickcheck_macros v0.9.1
[INFO] [stderr]    Compiling criterion v0.3.5
[INFO] [stderr]    Compiling roaring v0.7.0 (/opt/rustwide/workdir)
[INFO] [stderr]     Finished test [unoptimized + debuginfo] target(s) in 33.88s
[INFO] running `Command { std: "docker" "inspect" "777aa41fe9375e883c6a725516462d101720bbb3adc2348a95726f2a133e1920", kill_on_drop: false }`
[INFO] running `Command { std: "docker" "rm" "-f" "777aa41fe9375e883c6a725516462d101720bbb3adc2348a95726f2a133e1920", kill_on_drop: false }`
[INFO] [stdout] 777aa41fe9375e883c6a725516462d101720bbb3adc2348a95726f2a133e1920
[INFO] running `Command { std: "docker" "create" "-v" "/var/lib/crater-agent-workspace/builds/worker-95/target:/opt/rustwide/target:rw,Z" "-v" "/var/lib/crater-agent-workspace/builds/worker-95/source:/opt/rustwide/workdir:ro,Z" "-v" "/var/lib/crater-agent-workspace/cargo-home:/opt/rustwide/cargo-home:ro,Z" "-v" "/var/lib/crater-agent-workspace/rustup-home:/opt/rustwide/rustup-home:ro,Z" "-e" "SOURCE_DIR=/opt/rustwide/workdir" "-e" "CARGO_TARGET_DIR=/opt/rustwide/target" "-e" "CARGO_INCREMENTAL=0" "-e" "RUST_BACKTRACE=full" "-e" "RUSTFLAGS=--cap-lints=warn" "-e" "CARGO_HOME=/opt/rustwide/cargo-home" "-e" "RUSTUP_HOME=/opt/rustwide/rustup-home" "-w" "/opt/rustwide/workdir" "-m" "1610612736" "--user" "0:0" "--network" "none" "ghcr.io/rust-lang/crates-build-env/linux@sha256:34b6a614d2c27851fe6cbf88fbd1137609cefab8b10d0615aaeb6fd47975d74e" "/opt/rustwide/cargo-home/bin/cargo" "+1.54.0" "test" "--frozen", kill_on_drop: false }`
[INFO] [stdout] ebf218bccf322667f677d277cf06668960517a4a77327f12a18d75aa255e3ba2
[INFO] running `Command { std: "docker" "start" "-a" "ebf218bccf322667f677d277cf06668960517a4a77327f12a18d75aa255e3ba2", kill_on_drop: false }`
[INFO] [stderr]     Blocking waiting for file lock on package cache
[INFO] [stderr]     Blocking waiting for file lock on package cache
[INFO] [stderr]     Finished test [unoptimized + debuginfo] target(s) in 0.47s
[INFO] [stderr]      Running unittests (/opt/rustwide/target/debug/deps/roaring-6ae38ac958b14a6f)
[INFO] [stdout] 
[INFO] [stdout] running 18 tests
[INFO] [stdout] test bitmap::inherent::tests::test_insert_range_pre_populated ... ok
[INFO] [stdout] test bitmap::store::tests::test_array_insert_invalid_range ... ok
[INFO] [stdout] test bitmap::inherent::tests::test_insert_range_same_container ... ok
[INFO] [stdout] test bitmap::store::tests::test_array_insert_range ... ok
[INFO] [stdout] test bitmap::store::tests::test_array_insert_range_full_overlap ... ok
[INFO] [stdout] test bitmap::store::tests::test_array_insert_range_left_overlap ... ok
[INFO] [stdout] test bitmap::store::tests::test_bitmap_insert_range_left_overlap ... ok
[INFO] [stdout] test bitmap::store::tests::test_bitmap_insert_range ... ok
[INFO] [stdout] test bitmap::store::tests::test_bitmap_insert_range_right_overlap ... ok
[INFO] [stdout] test bitmap::store::tests::test_bitmap_insert_invalid_range ... ok
[INFO] [stdout] test bitmap::util::test::test_join_u32 ... ok
[INFO] [stdout] test bitmap::util::test::test_split_u32 ... ok
[INFO] [stdout] test treemap::util::test::test_join_u64 ... ok
[INFO] [stdout] test treemap::util::test::test_split_u64 ... ok
[INFO] [stdout] test bitmap::store::tests::test_array_insert_range_right_overlap ... ok
[INFO] [stdout] test bitmap::store::tests::test_bitmap_insert_range_full_overlap ... ok
[INFO] [stdout] test bitmap::store::tests::test_bitmap_insert_same_key_overlap ... ok
[INFO] [stdout] test bitmap::inherent::tests::insert_range ... ok
[INFO] [stdout] 
[INFO] [stdout] test result: ok. 18 passed; 0 failed; 0 ignored; 0 measured; 0 filtered out; finished in 0.02s
[INFO] [stdout] 
[INFO] [stderr]      Running tests/clone.rs (/opt/rustwide/target/debug/deps/clone-fbd5f533670415d1)
[INFO] [stdout] 
[INFO] [stdout] running 4 tests
[INFO] [stdout] test array ... ok
[INFO] [stdout] test bitmap ... ok
[INFO] [stdout] test arrays ... ok
[INFO] [stdout] test bitmaps ... ok
[INFO] [stdout] 
[INFO] [stdout] test result: ok. 4 passed; 0 failed; 0 ignored; 0 measured; 0 filtered out; finished in 0.02s
[INFO] [stdout] 
[INFO] [stderr]      Running tests/difference_with.rs (/opt/rustwide/target/debug/deps/difference_with-020ac7eaaa5c84e8)
[INFO] [stdout] 
[INFO] [stdout] running 10 tests
[INFO] [stdout] test no_difference ... ok
[INFO] [stdout] test array ... ok
[INFO] [stdout] test array_and_bitmap ... ok
[INFO] [stdout] test bitmap_and_array_to_array ... ok
[INFO] [stdout] test bitmap_to_array ... ok
[INFO] [stdout] test arrays_removing_one_whole_container ... ok
[INFO] [stdout] test bitmap_and_array_to_bitmap ... ok
[INFO] [stdout] test bitmap_to_bitmap ... ok
[INFO] [stdout] test arrays ... ok
[INFO] [stdout] test bitmaps ... ok
[INFO] [stdout] 
[INFO] [stdout] test result: ok. 10 passed; 0 failed; 0 ignored; 0 measured; 0 filtered out; finished in 0.04s
[INFO] [stdout] 
[INFO] [stderr]      Running tests/intersect_with.rs (/opt/rustwide/target/debug/deps/intersect_with-7b27ecccba7de9c4)
[INFO] [stdout] 
[INFO] [stdout] running 8 tests
[INFO] [stdout] test array ... ok
[INFO] [stdout] test no_intersection ... ok
[INFO] [stdout] test array_and_bitmap ... ok
[INFO] [stdout] test bitmap_and_array ... ok
[INFO] [stdout] test arrays ... ok
[INFO] [stdout] test bitmap_to_array ... ok
[INFO] [stdout] test bitmap_to_bitmap ... ok
[INFO] [stdout] test bitmaps ... ok
[INFO] [stdout] 
[INFO] [stdout] test result: ok. 8 passed; 0 failed; 0 ignored; 0 measured; 0 filtered out; finished in 0.04s
[INFO] [stdout] 
[INFO] [stderr]      Running tests/is_disjoint.rs (/opt/rustwide/target/debug/deps/is_disjoint-224703f0aaf80157)
[INFO] [stdout] 
[INFO] [stdout] running 8 tests
[INFO] [stdout] test array ... ok
[INFO] [stdout] test arrays ... ok
[INFO] [stdout] test arrays_not ... ok
[INFO] [stdout] test bitmap ... ok
[INFO] [stdout] test bitmap_not ... ok
[INFO] [stdout] test array_not ... ok
[INFO] [stdout] test bitmaps_not ... ok
[INFO] [stdout] test bitmaps ... ok
[INFO] [stdout] 
[INFO] [stdout] test result: ok. 8 passed; 0 failed; 0 ignored; 0 measured; 0 filtered out; finished in 0.02s
[INFO] [stdout] 
[INFO] [stderr]      Running tests/is_subset.rs (/opt/rustwide/target/debug/deps/is_subset-ca1891f0547f9eea)
[INFO] [stdout] 
[INFO] [stdout] running 11 tests
[INFO] [stdout] test array ... ok
[INFO] [stdout] test array_not ... ok
[INFO] [stdout] test array_bitmap_not ... ok
[INFO] [stdout] test arrays ... ok
[INFO] [stdout] test bitmap_array ... ok
[INFO] [stdout] test arrays_not ... ok
[INFO] [stdout] test bitmap_array_not ... ok
[INFO] [stdout] test bitmap ... ok
[INFO] [stdout] test bitmap_not ... ok
[INFO] [stdout] test bitmaps_not ... ok
[INFO] [stdout] test bitmaps ... ok
[INFO] [stdout] 
[INFO] [stdout] test result: ok. 11 passed; 0 failed; 0 ignored; 0 measured; 0 filtered out; finished in 0.40s
[INFO] [stdout] 
[INFO] [stderr]      Running tests/iter.rs (/opt/rustwide/target/debug/deps/iter-4dda98d9703ba812)
[INFO] [stdout] 
[INFO] [stdout] running 4 tests
[INFO] [stdout] test array ... ok
[INFO] [stdout] test arrays ... ok
[INFO] [stdout] test bitmap ... ok
[INFO] [stdout] test bitmaps ... ok
[INFO] [stdout] 
[INFO] [stdout] test result: ok. 4 passed; 0 failed; 0 ignored; 0 measured; 0 filtered out; finished in 0.08s
[INFO] [stdout] 
[INFO] [stderr]      Running tests/lib.rs (/opt/rustwide/target/debug/deps/lib-4c3f35f8c2e8e3b4)
[INFO] [stdout] 
[INFO] [stdout] running 6 tests
[INFO] [stdout] test smoke ... ok
[INFO] [stdout] test remove_range_array ... ok
[INFO] [stdout] test to_array ... ok
[INFO] [stdout] test to_bitmap ... ok
[INFO] [stdout] test remove_range_bitmap ... ok
[INFO] [stdout] test remove_range ... ok
[INFO] [stdout] 
[INFO] [stdout] test result: ok. 6 passed; 0 failed; 0 ignored; 0 measured; 0 filtered out; finished in 2.15s
[INFO] [stdout] 
[INFO] [stderr]      Running tests/ops.rs (/opt/rustwide/target/debug/deps/ops-0e5899752d924ab1)
[INFO] [stdout] 
[INFO] [stdout] running 4 tests
[INFO] [stderr]      Running tests/push.rs (/opt/rustwide/target/debug/deps/push-1b0dee24b0c3a884)
[INFO] [stdout] test and ... ok
[INFO] [stdout] test or ... ok
[INFO] [stdout] test sub ... ok
[INFO] [stdout] test xor ... ok
[INFO] [stdout] 
[INFO] [stdout] test result: ok. 4 passed; 0 failed; 0 ignored; 0 measured; 0 filtered out; finished in 0.00s
[INFO] [stdout] 
[INFO] [stdout] 
[INFO] [stdout] running 2 tests
[INFO] [stdout] test append ... ok
[INFO] [stdout] test append_tree ... ok
[INFO] [stdout] 
[INFO] [stdout] test result: ok. 2 passed; 0 failed; 0 ignored; 0 measured; 0 filtered out; finished in 5.17s
[INFO] [stdout] 
[INFO] [stderr]      Running tests/serialization.rs (/opt/rustwide/target/debug/deps/serialization-6d510a2d28f2952c)
[INFO] [stdout] 
[INFO] [stdout] running 13 tests
[INFO] [stdout] test test_empty ... ok
[INFO] [stdout] test test_array ... ok
[INFO] [stdout] test test_one ... ok
[INFO] [stdout] test test_array_boundary ... ok
[INFO] [stdout] test test_bitmap_boundary ... ok
[INFO] [stdout] test test_bitmaps ... ok
[INFO] [stdout] test test_bitmap ... ok
[INFO] [stdout] test test_arrays ... ok
[INFO] [stdout] test test_mixed ... ok
[INFO] [stdout] test test_strange ... ok
[INFO] [stdout] test test_deserialize_from_provided_data ... ok
[INFO] [stdout] test test_serialize_into_provided_data ... ok
[INFO] [stdout] test test_bitmap_high16bits ... ok
[INFO] [stdout] 
[INFO] [stdout] test result: ok. 13 passed; 0 failed; 0 ignored; 0 measured; 0 filtered out; finished in 0.52s
[INFO] [stdout] 
[INFO] [stderr]      Running tests/size_hint.rs (/opt/rustwide/target/debug/deps/size_hint-38c137beaeaa8adb)
[INFO] [stdout] 
[INFO] [stdout] running 4 tests
[INFO] [stdout] test array ... ok
[INFO] [stdout] test arrays ... ok
[INFO] [stdout] test bitmap ... ok
[INFO] [stdout] test bitmaps ... ok
[INFO] [stdout] 
[INFO] [stdout] test result: ok. 4 passed; 0 failed; 0 ignored; 0 measured; 0 filtered out; finished in 0.07s
[INFO] [stdout] 
[INFO] [stderr]      Running tests/symmetric_difference_with.rs (/opt/rustwide/target/debug/deps/symmetric_difference_with-6aae7edb76b84ae0)
[INFO] [stdout] 
[INFO] [stdout] running 9 tests
[INFO] [stdout] test array ... ok
[INFO] [stdout] test arrays ... ok
[INFO] [stdout] test array_and_bitmap ... ok
[INFO] [stdout] test no_symmetric_difference ... ok
[INFO] [stdout] test bitmap_and_array_to_array ... ok
[INFO] [stdout] test bitmap_to_bitmap ... ok
[INFO] [stdout] test bitmap_and_array_to_bitmap ... ok
[INFO] [stdout] test bitmap_to_array ... ok
[INFO] [stdout] test bitmaps ... ok
[INFO] [stdout] 
[INFO] [stdout] test result: ok. 9 passed; 0 failed; 0 ignored; 0 measured; 0 filtered out; finished in 0.10s
[INFO] [stdout] 
[INFO] [stderr]      Running tests/treemap_clone.rs (/opt/rustwide/target/debug/deps/treemap_clone-d6261997d29dc6d5)
[INFO] [stdout] 
[INFO] [stdout] running 4 tests
[INFO] [stdout] test array ... ok
[INFO] [stdout] test arrays ... ok
[INFO] [stdout] test bitmap ... ok
[INFO] [stderr]      Running tests/treemap_difference_with.rs (/opt/rustwide/target/debug/deps/treemap_difference_with-0b0eda621807e4e5)
[INFO] [stdout] test bitmaps ... ok
[INFO] [stdout] 
[INFO] [stdout] test result: ok. 4 passed; 0 failed; 0 ignored; 0 measured; 0 filtered out; finished in 0.05s
[INFO] [stdout] 
[INFO] [stdout] 
[INFO] [stdout] running 10 tests
[INFO] [stdout] test array ... ok
[INFO] [stdout] test no_difference ... ok
[INFO] [stdout] test arrays_removing_one_whole_container ... ok
[INFO] [stdout] test arrays ... ok
[INFO] [stdout] test bitmap_to_array ... ok
[INFO] [stdout] test array_and_bitmap ... ok
[INFO] [stdout] test bitmap_and_array_to_array ... ok
[INFO] [stdout] test bitmap_to_bitmap ... ok
[INFO] [stdout] test bitmap_and_array_to_bitmap ... ok
[INFO] [stdout] test bitmaps ... ok
[INFO] [stdout] 
[INFO] [stdout] test result: ok. 10 passed; 0 failed; 0 ignored; 0 measured; 0 filtered out; finished in 0.17s
[INFO] [stdout] 
[INFO] [stderr]      Running tests/treemap_intersect_with.rs (/opt/rustwide/target/debug/deps/treemap_intersect_with-249ef8ec8418a7d7)
[INFO] [stdout] 
[INFO] [stdout] running 8 tests
[INFO] [stdout] test no_intersection ... ok
[INFO] [stdout] test array ... ok
[INFO] [stdout] test array_and_bitmap ... ok
[INFO] [stdout] test arrays ... ok
[INFO] [stdout] test bitmap_and_array ... ok
[INFO] [stdout] test bitmap_to_bitmap ... ok
[INFO] [stdout] test bitmap_to_array ... ok
[INFO] [stderr]      Running tests/treemap_is_disjoint.rs (/opt/rustwide/target/debug/deps/treemap_is_disjoint-7058d78f04015948)
[INFO] [stdout] test bitmaps ... ok
[INFO] [stdout] 
[INFO] [stdout] test result: ok. 8 passed; 0 failed; 0 ignored; 0 measured; 0 filtered out; finished in 0.14s
[INFO] [stdout] 
[INFO] [stdout] 
[INFO] [stdout] running 8 tests
[INFO] [stdout] test array ... ok
[INFO] [stdout] test arrays_not ... ok
[INFO] [stdout] test array_not ... ok
[INFO] [stdout] test arrays ... ok
[INFO] [stdout] test bitmap_not ... ok
[INFO] [stdout] test bitmap ... ok
[INFO] [stdout] test bitmaps_not ... ok
[INFO] [stderr]      Running tests/treemap_is_subset.rs (/opt/rustwide/target/debug/deps/treemap_is_subset-421257bd275e1cbe)
[INFO] [stdout] test bitmaps ... ok
[INFO] [stdout] 
[INFO] [stdout] test result: ok. 8 passed; 0 failed; 0 ignored; 0 measured; 0 filtered out; finished in 0.10s
[INFO] [stdout] 
[INFO] [stdout] 
[INFO] [stdout] running 11 tests
[INFO] [stdout] test array ... ok
[INFO] [stdout] test array_not ... ok
[INFO] [stdout] test arrays_not ... ok
[INFO] [stdout] test array_bitmap_not ... ok
[INFO] [stdout] test bitmap_array_not ... ok
[INFO] [stdout] test arrays ... ok
[INFO] [stdout] test bitmap_not ... ok
[INFO] [stdout] test bitmap ... ok
[INFO] [stdout] test bitmap_array ... ok
[INFO] [stdout] test bitmaps_not ... ok
[INFO] [stderr]      Running tests/treemap_iter.rs (/opt/rustwide/target/debug/deps/treemap_iter-cbcac9b5b0c02a68)
[INFO] [stdout] test bitmaps ... ok
[INFO] [stdout] 
[INFO] [stdout] test result: ok. 11 passed; 0 failed; 0 ignored; 0 measured; 0 filtered out; finished in 0.94s
[INFO] [stdout] 
[INFO] [stdout] 
[INFO] [stdout] running 5 tests
[INFO] [stdout] test array ... ok
[INFO] [stdout] test arrays ... ok
[INFO] [stdout] test bitmap ... ok
[INFO] [stdout] test bitmaps_iterator ... ok
[INFO] [stdout] test bitmaps ... ok
[INFO] [stdout] 
[INFO] [stdout] test result: ok. 5 passed; 0 failed; 0 ignored; 0 measured; 0 filtered out; finished in 0.18s
[INFO] [stdout] 
[INFO] [stdout] 
[INFO] [stdout] running 6 tests
[INFO] [stderr]      Running tests/treemap_lib.rs (/opt/rustwide/target/debug/deps/treemap_lib-59686b730ff5c9b3)
[INFO] [stdout] test test_min ... ok
[INFO] [stdout] test test_max ... ok
[INFO] [stdout] test smoke ... ok
[INFO] [stdout] test to_array ... ok
[INFO] [stdout] test to_bitmap ... ok
[INFO] [stderr]      Running tests/treemap_ops.rs (/opt/rustwide/target/debug/deps/treemap_ops-f3aca00e694935c6)
[INFO] [stdout] test remove_range ... ok
[INFO] [stdout] 
[INFO] [stdout] test result: ok. 6 passed; 0 failed; 0 ignored; 0 measured; 0 filtered out; finished in 4.81s
[INFO] [stdout] 
[INFO] [stdout] 
[INFO] [stdout] running 4 tests
[INFO] [stdout] test or ... ok
[INFO] [stdout] test sub ... ok
[INFO] [stdout] test and ... ok
[INFO] [stdout] test xor ... ok
[INFO] [stdout] 
[INFO] [stdout] test result: ok. 4 passed; 0 failed; 0 ignored; 0 measured; 0 filtered out; finished in 0.01s
[INFO] [stdout] 
[INFO] [stderr]      Running tests/treemap_serialization.rs (/opt/rustwide/target/debug/deps/treemap_serialization-2d18808c17829da7)
[INFO] [stdout] 
[INFO] [stdout] running 4 tests
[INFO] [stdout] test empty ... ok
[INFO] [stdout] test basic ... ok
[INFO] [stdout] test basic_2 ... ok
[INFO] [stdout] test basic_3 ... ok
[INFO] [stdout] 
[INFO] [stdout] test result: ok. 4 passed; 0 failed; 0 ignored; 0 measured; 0 filtered out; finished in 0.17s
[INFO] [stdout] 
[INFO] [stderr]      Running tests/treemap_size_hint.rs (/opt/rustwide/target/debug/deps/treemap_size_hint-5d0ef35bbc7fb110)
[INFO] [stdout] 
[INFO] [stdout] running 4 tests
[INFO] [stdout] test array ... ok
[INFO] [stdout] test arrays ... ok
[INFO] [stdout] test bitmap ... ok
[INFO] [stdout] test bitmaps ... ok
[INFO] [stdout] 
[INFO] [stdout] test result: ok. 4 passed; 0 failed; 0 ignored; 0 measured; 0 filtered out; finished in 0.06s
[INFO] [stdout] 
[INFO] [stderr]      Running tests/treemap_symmetric_difference_with.rs (/opt/rustwide/target/debug/deps/treemap_symmetric_difference_with-a1d849ab2a38895b)
[INFO] [stdout] 
[INFO] [stdout] running 9 tests
[INFO] [stdout] test no_symmetric_difference ... ok
[INFO] [stdout] test array ... ok
[INFO] [stdout] test array_and_bitmap ... ok
[INFO] [stdout] test bitmap_and_array_to_array ... ok
[INFO] [stdout] test arrays ... ok
[INFO] [stdout] test bitmap_and_array_to_bitmap ... ok
[INFO] [stdout] test bitmap_to_array ... ok
[INFO] [stdout] test bitmap_to_bitmap ... ok
[INFO] [stderr]      Running tests/treemap_union_with.rs (/opt/rustwide/target/debug/deps/treemap_union_with-daa6507046c59ce8)
[INFO] [stdout] test bitmaps ... ok
[INFO] [stdout] 
[INFO] [stdout] test result: ok. 9 passed; 0 failed; 0 ignored; 0 measured; 0 filtered out; finished in 0.17s
[INFO] [stdout] 
[INFO] [stdout] 
[INFO] [stdout] running 7 tests
[INFO] [stdout] test array_to_array ... ok
[INFO] [stdout] test array_to_bitmap ... ok
[INFO] [stdout] test arrays ... ok
[INFO] [stdout] test array_and_bitmap ... ok
[INFO] [stdout] test bitmap_and_array ... ok
[INFO] [stdout] test bitmap ... ok
[INFO] [stderr]      Running tests/union_with.rs (/opt/rustwide/target/debug/deps/union_with-584252f21414f2aa)
[INFO] [stdout] test bitmaps ... ok
[INFO] [stdout] 
[INFO] [stdout] test result: ok. 7 passed; 0 failed; 0 ignored; 0 measured; 0 filtered out; finished in 0.16s
[INFO] [stdout] 
[INFO] [stdout] 
[INFO] [stdout] running 7 tests
[INFO] [stdout] test array_to_array ... ok
[INFO] [stdout] test array_and_bitmap ... ok
[INFO] [stdout] test arrays ... ok
[INFO] [stdout] test array_to_bitmap ... ok
[INFO] [stdout] test bitmap_and_array ... ok
[INFO] [stdout] test bitmap ... ok
[INFO] [stderr]    Doc-tests roaring
[INFO] [stdout] test bitmaps ... ok
[INFO] [stdout] 
[INFO] [stdout] test result: ok. 7 passed; 0 failed; 0 ignored; 0 measured; 0 filtered out; finished in 0.08s
[INFO] [stdout] 
[INFO] [stdout] 
[INFO] [stdout] running 61 tests
[INFO] [stdout] test src/bitmap/inherent.rs - bitmap::inherent::RoaringBitmap::remove_range (line 213) ... ok
[INFO] [stdout] test src/bitmap/inherent.rs - bitmap::inherent::RoaringBitmap::new (line 12) ... ok
[INFO] [stdout] test src/treemap/cmp.rs - treemap::cmp::RoaringTreemap::is_superset (line 86) ... ok
[INFO] [stdout] test src/treemap/serialization.rs - treemap::serialization::RoaringTreemap::serialize_into (line 33) ... FAILED
[INFO] [stdout] test src/bitmap/ops.rs - bitmap::ops::RoaringBitmap::symmetric_difference_with (line 126) ... FAILED
[INFO] [stdout] test src/bitmap/ops.rs - bitmap::ops::RoaringBitmap::intersect_with (line 52) ... FAILED
[INFO] [stdout] test src/bitmap/serialization.rs - bitmap::serialization::RoaringBitmap::serialized_size (line 20) ... FAILED
[INFO] [stdout] test src/bitmap/ops.rs - bitmap::ops::RoaringBitmap::difference_with (line 89) ... FAILED
[INFO] [stdout] test src/treemap/serialization.rs - treemap::serialization::RoaringTreemap::serialized_size (line 12) ... FAILED
[INFO] [stdout] test src/treemap/iter.rs - treemap::iter::RoaringTreemap::from_sorted_iter (line 231) ... FAILED
[INFO] [stdout] test src/treemap/serialization.rs - treemap::serialization::RoaringTreemap::deserialize_from (line 59) ... FAILED
[INFO] [stdout] test src/bitmap/iter.rs - bitmap::iter::RoaringBitmap::iter (line 89) ... FAILED
[INFO] [stdout] test src/treemap/ops.rs - treemap::ops::RoaringTreemap::intersect_with (line 63) ... FAILED
[INFO] [stdout] test src/bitmap/serialization.rs - bitmap::serialization::RoaringBitmap::deserialize_from (line 109) ... FAILED
[INFO] [stdout] test src/treemap/inherent.rs - treemap::inherent::RoaringTreemap::contains (line 159) ... FAILED
[INFO] [stdout] test src/treemap/ops.rs - treemap::ops::RoaringTreemap::difference_with (line 86) ... FAILED
[INFO] [stdout] test src/treemap/inherent.rs - treemap::inherent::RoaringTreemap::clear (line 180) ... FAILED
[INFO] [stdout] test src/treemap/inherent.rs - treemap::inherent::RoaringTreemap::remove_range (line 107) ... FAILED
[INFO] [stdout] test src/treemap/ops.rs - treemap::ops::RoaringTreemap::difference_with (line 100) ... FAILED
[INFO] [stdout] test src/treemap/iter.rs - treemap::iter::RoaringTreemap::iter (line 134) ... FAILED
[INFO] [stdout] test src/treemap/inherent.rs - treemap::inherent::RoaringTreemap::max (line 256) ... FAILED
[INFO] [stdout] test src/treemap/inherent.rs - treemap::inherent::RoaringTreemap::min (line 235) ... FAILED
[INFO] [stderr] error: test failed, to rerun pass '--doc'
[INFO] [stderr] 
[INFO] [stderr] Caused by:
[INFO] [stderr]   process didn't exit successfully: `rustdoc --edition=2018 --crate-type lib --crate-name roaring --test /opt/rustwide/workdir/src/lib.rs -L dependency=/opt/rustwide/target/debug/deps -L dependency=/opt/rustwide/target/debug/deps --extern bytemuck=/opt/rustwide/target/debug/deps/libbytemuck-35d13d3367f85f85.rlib --extern byteorder=/opt/rustwide/target/debug/deps/libbyteorder-0c03c404070d92e6.rlib --extern criterion=/opt/rustwide/target/debug/deps/libcriterion-118705cc6d5aca8f.rlib --extern quickcheck=/opt/rustwide/target/debug/deps/libquickcheck-446a865c02dfdd47.rlib --extern quickcheck_macros=/opt/rustwide/target/debug/deps/libquickcheck_macros-d859ff7f828b66c6.so --extern retain_mut=/opt/rustwide/target/debug/deps/libretain_mut-a24ce7bdb6214c01.rlib --extern roaring=/opt/rustwide/target/debug/deps/libroaring-c9c8fc2177a51887.rlib -C embed-bitcode=no --error-format human` (signal: 9, SIGKILL: kill)
[INFO] running `Command { std: "docker" "inspect" "ebf218bccf322667f677d277cf06668960517a4a77327f12a18d75aa255e3ba2", kill_on_drop: false }`
[INFO] running `Command { std: "docker" "rm" "-f" "ebf218bccf322667f677d277cf06668960517a4a77327f12a18d75aa255e3ba2", kill_on_drop: false }`
[INFO] [stdout] ebf218bccf322667f677d277cf06668960517a4a77327f12a18d75aa255e3ba2
