[INFO] fetching crate roadmap 0.2.0...
[INFO] testing roadmap-0.2.0 against beta-2021-08-01 for beta-1.55-1
[INFO] extracting crate roadmap 0.2.0 into /workspace/builds/worker-64/source
[INFO] validating manifest of crates.io crate roadmap 0.2.0 on toolchain beta-2021-08-01
[INFO] running `Command { std: "/workspace/cargo-home/bin/cargo" "+beta-2021-08-01" "metadata" "--manifest-path" "Cargo.toml" "--no-deps", kill_on_drop: false }`
[INFO] started tweaking crates.io crate roadmap 0.2.0
[INFO] finished tweaking crates.io crate roadmap 0.2.0
[INFO] tweaked toml for crates.io crate roadmap 0.2.0 written to /workspace/builds/worker-64/source/Cargo.toml
[INFO] crate crates.io crate roadmap 0.2.0 already has a lockfile, it will not be regenerated
[INFO] running `Command { std: "/workspace/cargo-home/bin/cargo" "+beta-2021-08-01" "fetch" "--manifest-path" "Cargo.toml", kill_on_drop: false }`
[INFO] [stderr]     Blocking waiting for file lock on package cache
[INFO] [stderr]     Blocking waiting for file lock on package cache
[INFO] [stderr]  Downloading crates ...
[INFO] [stderr]   Downloaded proc-macro2 v1.0.5
[INFO] [stderr]   Downloaded structopt-derive v0.3.2
[INFO] [stderr]   Downloaded structopt v0.3.2
[INFO] running `Command { std: "docker" "create" "-v" "/var/lib/crater-agent-workspace/builds/worker-64/target:/opt/rustwide/target:rw,Z" "-v" "/var/lib/crater-agent-workspace/builds/worker-64/source:/opt/rustwide/workdir:ro,Z" "-v" "/var/lib/crater-agent-workspace/cargo-home:/opt/rustwide/cargo-home:ro,Z" "-v" "/var/lib/crater-agent-workspace/rustup-home:/opt/rustwide/rustup-home:ro,Z" "-e" "SOURCE_DIR=/opt/rustwide/workdir" "-e" "CARGO_TARGET_DIR=/opt/rustwide/target" "-e" "CARGO_HOME=/opt/rustwide/cargo-home" "-e" "RUSTUP_HOME=/opt/rustwide/rustup-home" "-w" "/opt/rustwide/workdir" "-m" "1610612736" "--user" "0:0" "--network" "none" "ghcr.io/rust-lang/crates-build-env/linux@sha256:34b6a614d2c27851fe6cbf88fbd1137609cefab8b10d0615aaeb6fd47975d74e" "/opt/rustwide/cargo-home/bin/cargo" "+beta-2021-08-01" "metadata" "--no-deps" "--format-version=1", kill_on_drop: false }`
[INFO] [stdout] ff6119478316a716207486720b69555de10edd048feceb6bd02d5126b99c7f59
[INFO] running `Command { std: "docker" "start" "-a" "ff6119478316a716207486720b69555de10edd048feceb6bd02d5126b99c7f59", kill_on_drop: false }`
[INFO] running `Command { std: "docker" "inspect" "ff6119478316a716207486720b69555de10edd048feceb6bd02d5126b99c7f59", kill_on_drop: false }`
[INFO] running `Command { std: "docker" "rm" "-f" "ff6119478316a716207486720b69555de10edd048feceb6bd02d5126b99c7f59", kill_on_drop: false }`
[INFO] [stdout] ff6119478316a716207486720b69555de10edd048feceb6bd02d5126b99c7f59
[INFO] running `Command { std: "docker" "create" "-v" "/var/lib/crater-agent-workspace/builds/worker-64/target:/opt/rustwide/target:rw,Z" "-v" "/var/lib/crater-agent-workspace/builds/worker-64/source:/opt/rustwide/workdir:ro,Z" "-v" "/var/lib/crater-agent-workspace/cargo-home:/opt/rustwide/cargo-home:ro,Z" "-v" "/var/lib/crater-agent-workspace/rustup-home:/opt/rustwide/rustup-home:ro,Z" "-e" "SOURCE_DIR=/opt/rustwide/workdir" "-e" "CARGO_TARGET_DIR=/opt/rustwide/target" "-e" "CARGO_INCREMENTAL=0" "-e" "RUST_BACKTRACE=full" "-e" "RUSTFLAGS=--cap-lints=warn" "-e" "CARGO_HOME=/opt/rustwide/cargo-home" "-e" "RUSTUP_HOME=/opt/rustwide/rustup-home" "-w" "/opt/rustwide/workdir" "-m" "1610612736" "--user" "0:0" "--network" "none" "ghcr.io/rust-lang/crates-build-env/linux@sha256:34b6a614d2c27851fe6cbf88fbd1137609cefab8b10d0615aaeb6fd47975d74e" "/opt/rustwide/cargo-home/bin/cargo" "+beta-2021-08-01" "build" "--frozen" "--message-format=json", kill_on_drop: false }`
[INFO] [stdout] f838ff03825c50b16c793dbb394a789cb79a381412b7db46f8ef23c7d15494bb
[INFO] running `Command { std: "docker" "start" "-a" "f838ff03825c50b16c793dbb394a789cb79a381412b7db46f8ef23c7d15494bb", kill_on_drop: false }`
[INFO] [stderr]     Blocking waiting for file lock on package cache
[INFO] [stderr]    Compiling proc-macro2 v1.0.5
[INFO] [stderr]    Compiling unicode-xid v0.2.0
[INFO] [stderr]    Compiling syn v1.0.11
[INFO] [stderr]    Compiling libc v0.2.62
[INFO] [stderr]    Compiling bitflags v1.2.0
[INFO] [stderr]    Compiling serde v1.0.101
[INFO] [stderr]    Compiling unicode-segmentation v1.3.0
[INFO] [stderr]    Compiling unicode-width v0.1.6
[INFO] [stderr]    Compiling anyhow v1.0.27
[INFO] [stderr]    Compiling vec_map v0.8.1
[INFO] [stderr]    Compiling strsim v0.8.0
[INFO] [stderr]    Compiling linked-hash-map v0.5.2
[INFO] [stderr]    Compiling dtoa v0.4.4
[INFO] [stderr]    Compiling textwrap v0.11.0
[INFO] [stderr]    Compiling yaml-rust v0.4.3
[INFO] [stderr]    Compiling heck v0.3.1
[INFO] [stderr]    Compiling atty v0.2.13
[INFO] [stderr]    Compiling clap v2.33.0
[INFO] [stderr]    Compiling quote v1.0.2
[INFO] [stderr]    Compiling serde_yaml v0.8.11
[INFO] [stderr]    Compiling proc-macro-error v0.2.6
[INFO] [stderr]    Compiling thiserror-impl v1.0.11
[INFO] [stderr]    Compiling structopt-derive v0.3.2
[INFO] [stderr]    Compiling thiserror v1.0.11
[INFO] [stderr]    Compiling structopt v0.3.2
[INFO] [stderr]    Compiling roadmap v0.2.0 (/opt/rustwide/workdir)
[INFO] [stderr]     Finished dev [unoptimized + debuginfo] target(s) in 14.53s
[INFO] running `Command { std: "docker" "inspect" "f838ff03825c50b16c793dbb394a789cb79a381412b7db46f8ef23c7d15494bb", kill_on_drop: false }`
[INFO] running `Command { std: "docker" "rm" "-f" "f838ff03825c50b16c793dbb394a789cb79a381412b7db46f8ef23c7d15494bb", kill_on_drop: false }`
[INFO] [stdout] f838ff03825c50b16c793dbb394a789cb79a381412b7db46f8ef23c7d15494bb
[INFO] running `Command { std: "docker" "create" "-v" "/var/lib/crater-agent-workspace/builds/worker-64/target:/opt/rustwide/target:rw,Z" "-v" "/var/lib/crater-agent-workspace/builds/worker-64/source:/opt/rustwide/workdir:ro,Z" "-v" "/var/lib/crater-agent-workspace/cargo-home:/opt/rustwide/cargo-home:ro,Z" "-v" "/var/lib/crater-agent-workspace/rustup-home:/opt/rustwide/rustup-home:ro,Z" "-e" "SOURCE_DIR=/opt/rustwide/workdir" "-e" "CARGO_TARGET_DIR=/opt/rustwide/target" "-e" "CARGO_INCREMENTAL=0" "-e" "RUST_BACKTRACE=full" "-e" "RUSTFLAGS=--cap-lints=warn" "-e" "CARGO_HOME=/opt/rustwide/cargo-home" "-e" "RUSTUP_HOME=/opt/rustwide/rustup-home" "-w" "/opt/rustwide/workdir" "-m" "1610612736" "--user" "0:0" "--network" "none" "ghcr.io/rust-lang/crates-build-env/linux@sha256:34b6a614d2c27851fe6cbf88fbd1137609cefab8b10d0615aaeb6fd47975d74e" "/opt/rustwide/cargo-home/bin/cargo" "+beta-2021-08-01" "test" "--frozen" "--no-run" "--message-format=json", kill_on_drop: false }`
[INFO] [stdout] 6b743d4dc2899157a73be95a77eebf1183dfb2eadb0a35d491425dc1a3f60409
[INFO] running `Command { std: "docker" "start" "-a" "6b743d4dc2899157a73be95a77eebf1183dfb2eadb0a35d491425dc1a3f60409", kill_on_drop: false }`
[INFO] [stderr]     Blocking waiting for file lock on package cache
[INFO] [stderr]    Compiling roadmap v0.2.0 (/opt/rustwide/workdir)
[INFO] [stderr]     Finished test [unoptimized + debuginfo] target(s) in 4.57s
[INFO] running `Command { std: "docker" "inspect" "6b743d4dc2899157a73be95a77eebf1183dfb2eadb0a35d491425dc1a3f60409", kill_on_drop: false }`
[INFO] running `Command { std: "docker" "rm" "-f" "6b743d4dc2899157a73be95a77eebf1183dfb2eadb0a35d491425dc1a3f60409", kill_on_drop: false }`
[INFO] [stdout] 6b743d4dc2899157a73be95a77eebf1183dfb2eadb0a35d491425dc1a3f60409
[INFO] running `Command { std: "docker" "create" "-v" "/var/lib/crater-agent-workspace/builds/worker-64/target:/opt/rustwide/target:rw,Z" "-v" "/var/lib/crater-agent-workspace/builds/worker-64/source:/opt/rustwide/workdir:ro,Z" "-v" "/var/lib/crater-agent-workspace/cargo-home:/opt/rustwide/cargo-home:ro,Z" "-v" "/var/lib/crater-agent-workspace/rustup-home:/opt/rustwide/rustup-home:ro,Z" "-e" "SOURCE_DIR=/opt/rustwide/workdir" "-e" "CARGO_TARGET_DIR=/opt/rustwide/target" "-e" "CARGO_INCREMENTAL=0" "-e" "RUST_BACKTRACE=full" "-e" "RUSTFLAGS=--cap-lints=warn" "-e" "CARGO_HOME=/opt/rustwide/cargo-home" "-e" "RUSTUP_HOME=/opt/rustwide/rustup-home" "-w" "/opt/rustwide/workdir" "-m" "1610612736" "--user" "0:0" "--network" "none" "ghcr.io/rust-lang/crates-build-env/linux@sha256:34b6a614d2c27851fe6cbf88fbd1137609cefab8b10d0615aaeb6fd47975d74e" "/opt/rustwide/cargo-home/bin/cargo" "+beta-2021-08-01" "test" "--frozen", kill_on_drop: false }`
[INFO] [stdout] aa1e4970c512e1886c82eec295f5526855babf4dca96c23aa1a9f4eac28244b2
[INFO] running `Command { std: "docker" "start" "-a" "aa1e4970c512e1886c82eec295f5526855babf4dca96c23aa1a9f4eac28244b2", kill_on_drop: false }`
[INFO] [stdout] 
[INFO] [stderr]     Finished test [unoptimized + debuginfo] target(s) in 0.06s
[INFO] [stdout] running 17 tests
[INFO] [stderr]      Running unittests (/opt/rustwide/target/debug/deps/roadmap-84fd158dd6721a78)
[INFO] [stdout] test map::tests::new_roadmap ... ok
[INFO] [stderr] error: test failed, to rerun pass '--lib'
[INFO] [stdout] test map::tests::empty_dot ... ok
[INFO] [stdout] test map::tests::get_step_from_roadmap ... ok
[INFO] [stdout] test parser::tests::yaml_is_empty ... ok
[INFO] [stdout] test map::tests::add_step_to_roadmap ... ok
[INFO] [stdout] test map::tests::simple_dot ... ok
[INFO] [stdout] test parser::tests::yaml_is_list ... ok
[INFO] [stdout] test parser::tests::yaml_map_entries_not_maps ... ok
[INFO] [stdout] test status::test::sad_from_text ... ok
[INFO] [stdout] test step::tests::new_step ... ok
[INFO] [stdout] test step::tests::add_step_dependency ... ok
[INFO] [stdout] test status::test::happy_from_text ... ok
[INFO] [stdout] test parser::tests::yaml_happy ... FAILED
[INFO] [stdout] test map::tests::set_missing_goal_status ... FAILED
[INFO] [stdout] test step::tests::set_status ... ok
[INFO] [stdout] test parser::tests::yaml_unknown_status ... FAILED
[INFO] [stdout] test parser::tests::yaml_unknown_dep ... FAILED
[INFO] [stdout] 
[INFO] [stdout] failures:
[INFO] [stdout] 
[INFO] [stdout] ---- parser::tests::yaml_happy stdout ----
[INFO] [stdout] thread 'parser::tests::yaml_happy' panicked at 'attempted to leave type `linked_hash_map::Node<value::Value, value::Value>` uninitialized, which is invalid', /rustc/53fd98ca776cb875bc9e5514f56b52eb74f9e7a9/library/core/src/mem/mod.rs:663:9
[INFO] [stdout] stack backtrace:
[INFO] [stdout]    0:     0x5646ee834e50 - std::backtrace_rs::backtrace::libunwind::trace::hff4d1766e93f64f1
[INFO] [stdout]                                at /rustc/53fd98ca776cb875bc9e5514f56b52eb74f9e7a9/library/std/src/../../backtrace/src/backtrace/libunwind.rs:90:5
[INFO] [stdout]    1:     0x5646ee834e50 - std::backtrace_rs::backtrace::trace_unsynchronized::h56bbc8eb78770bcb
[INFO] [stdout]                                at /rustc/53fd98ca776cb875bc9e5514f56b52eb74f9e7a9/library/std/src/../../backtrace/src/backtrace/mod.rs:66:5
[INFO] [stdout]    2:     0x5646ee834e50 - std::sys_common::backtrace::_print_fmt::h5c8e75464faca780
[INFO] [stdout]                                at /rustc/53fd98ca776cb875bc9e5514f56b52eb74f9e7a9/library/std/src/sys_common/backtrace.rs:67:5
[INFO] [stdout]    3:     0x5646ee834e50 - <std::sys_common::backtrace::_print::DisplayBacktrace as core::fmt::Display>::fmt::h48b88277def8b362
[INFO] [stdout]                                at /rustc/53fd98ca776cb875bc9e5514f56b52eb74f9e7a9/library/std/src/sys_common/backtrace.rs:46:22
[INFO] [stdout]    4:     0x5646ee858b5c - core::fmt::write::h3381b3176fe2b3d3
[INFO] [stdout]                                at /rustc/53fd98ca776cb875bc9e5514f56b52eb74f9e7a9/library/core/src/fmt/mod.rs:1115:17
[INFO] [stdout]    5:     0x5646ee831db5 - std::io::Write::write_fmt::h5f34a676f60246b5
[INFO] [stdout]                                at /rustc/53fd98ca776cb875bc9e5514f56b52eb74f9e7a9/library/std/src/io/mod.rs:1665:15
[INFO] [stdout]    6:     0x5646ee836fcb - std::sys_common::backtrace::_print::ha537687d6c17dd0d
[INFO] [stdout]                                at /rustc/53fd98ca776cb875bc9e5514f56b52eb74f9e7a9/library/std/src/sys_common/backtrace.rs:49:5
[INFO] [stdout]    7:     0x5646ee836fcb - std::sys_common::backtrace::print::h61376ae57d131d72
[INFO] [stdout]                                at /rustc/53fd98ca776cb875bc9e5514f56b52eb74f9e7a9/library/std/src/sys_common/backtrace.rs:36:9
[INFO] [stdout]    8:     0x5646ee836fcb - std::panicking::default_hook::{{closure}}::h0f7208c0b9644a54
[INFO] [stdout]                                at /rustc/53fd98ca776cb875bc9e5514f56b52eb74f9e7a9/library/std/src/panicking.rs:208:50
[INFO] [stdout]    9:     0x5646ee836adc - std::panicking::default_hook::hdac7fc06578c14ce
[INFO] [stdout]                                at /rustc/53fd98ca776cb875bc9e5514f56b52eb74f9e7a9/library/std/src/panicking.rs:222:9
[INFO] [stdout]   10:     0x5646ee837694 - std::panicking::rust_panic_with_hook::h72b21c283da3d1ef
[INFO] [stdout]                                at /rustc/53fd98ca776cb875bc9e5514f56b52eb74f9e7a9/library/std/src/panicking.rs:622:17
[INFO] [stdout]   11:     0x5646ee837147 - std::panicking::begin_panic_handler::{{closure}}::he5778f1729cff84a
[INFO] [stdout]                                at /rustc/53fd98ca776cb875bc9e5514f56b52eb74f9e7a9/library/std/src/panicking.rs:517:13
[INFO] [stdout]   12:     0x5646ee83532c - std::sys_common::backtrace::__rust_end_short_backtrace::h2d11ca8b453b4b1d
[INFO] [stdout]                                at /rustc/53fd98ca776cb875bc9e5514f56b52eb74f9e7a9/library/std/src/sys_common/backtrace.rs:141:18
[INFO] [stdout]   13:     0x5646ee8370d9 - rust_begin_unwind
[INFO] [stdout]                                at /rustc/53fd98ca776cb875bc9e5514f56b52eb74f9e7a9/library/std/src/panicking.rs:515:5
[INFO] [stdout]   14:     0x5646ee7623b1 - core::panicking::panic_fmt::hf9de31d4acbce4db
[INFO] [stdout]                                at /rustc/53fd98ca776cb875bc9e5514f56b52eb74f9e7a9/library/core/src/panicking.rs:92:14
[INFO] [stdout]   15:     0x5646ee7622fd - core::panicking::panic::h8a6bc58a21c6c095
[INFO] [stdout]                                at /rustc/53fd98ca776cb875bc9e5514f56b52eb74f9e7a9/library/core/src/panicking.rs:50:5
[INFO] [stdout]   16:     0x5646ee7de7da - core::mem::uninitialized::hd4c69fdcbf9d6cb2
[INFO] [stdout]                                at /rustc/53fd98ca776cb875bc9e5514f56b52eb74f9e7a9/library/core/src/mem/mod.rs:663:9
[INFO] [stdout]   17:     0x5646ee7de7da - linked_hash_map::LinkedHashMap<K,V,S>::ensure_guard_node::hfd54dcd7583b522c
[INFO] [stdout]                                at /opt/rustwide/cargo-home/registry/src/github.com-1ecc6299db9ec823/linked-hash-map-0.5.2/src/lib.rs:174:52
[INFO] [stdout]   18:     0x5646ee7dea7c - linked_hash_map::LinkedHashMap<K,V,S>::insert::h5bbff6db4a9fe682
[INFO] [stdout]                                at /opt/rustwide/cargo-home/registry/src/github.com-1ecc6299db9ec823/linked-hash-map-0.5.2/src/lib.rs:304:9
[INFO] [stdout]   19:     0x5646ee786aad - serde_yaml::mapping::Mapping::insert::hc91559d37e058981
[INFO] [stdout]                                at /opt/rustwide/cargo-home/registry/src/github.com-1ecc6299db9ec823/serde_yaml-0.8.11/src/mapping.rs:53:9
[INFO] [stdout]   20:     0x5646ee788bc7 - <serde_yaml::value::de::<impl serde::de::Deserialize for serde_yaml::value::Value>::deserialize::ValueVisitor as serde::de::Visitor>::visit_map::h356007dc257394c0
[INFO] [stdout]                                at /opt/rustwide/cargo-home/registry/src/github.com-1ecc6299db9ec823/serde_yaml-0.8.11/src/value/de.rs:107:21
[INFO] [stdout]   21:     0x5646ee7798a6 - serde_yaml::de::Deserializer::visit_mapping::{{closure}}::hf9d9df90ca028781
[INFO] [stdout]                                at /opt/rustwide/cargo-home/registry/src/github.com-1ecc6299db9ec823/serde_yaml-0.8.11/src/de.rs:175:25
[INFO] [stdout]   22:     0x5646ee77a09e - serde_yaml::de::Deserializer::recursion_check::h96f68761ea6c631c
[INFO] [stdout]                                at /opt/rustwide/cargo-home/registry/src/github.com-1ecc6299db9ec823/serde_yaml-0.8.11/src/de.rs:239:22
[INFO] [stdout]   23:     0x5646ee77949b - serde_yaml::de::Deserializer::visit_mapping::heddf67d47901031a
[INFO] [stdout]                                at /opt/rustwide/cargo-home/registry/src/github.com-1ecc6299db9ec823/serde_yaml-0.8.11/src/de.rs:169:28
[INFO] [stdout]   24:     0x5646ee77dae3 - <&mut serde_yaml::de::Deserializer as serde::de::Deserializer>::deserialize_any::h053d6a519cc6dec1
[INFO] [stdout]                                at /opt/rustwide/cargo-home/registry/src/github.com-1ecc6299db9ec823/serde_yaml-0.8.11/src/de.rs:657:36
[INFO] [stdout]   25:     0x5646ee76eb36 - serde_yaml::value::de::<impl serde::de::Deserialize for serde_yaml::value::Value>::deserialize::h6a79775393aad18f
[INFO] [stdout]                                at /opt/rustwide/cargo-home/registry/src/github.com-1ecc6299db9ec823/serde_yaml-0.8.11/src/value/de.rs:114:9
[INFO] [stdout]   26:     0x5646ee78acf5 - <core::marker::PhantomData<T> as serde::de::DeserializeSeed>::deserialize::h2c057bf0d6453232
[INFO] [stdout]                                at /opt/rustwide/cargo-home/registry/src/github.com-1ecc6299db9ec823/serde-1.0.101/src/de/mod.rs:786:9
[INFO] [stdout]   27:     0x5646ee77d5c7 - <serde_yaml::de::MapAccess as serde::de::MapAccess>::next_value_seed::h28f746fdf1f03ed7
[INFO] [stdout]                                at /opt/rustwide/cargo-home/registry/src/github.com-1ecc6299db9ec823/serde_yaml-0.8.11/src/de.rs:365:9
[INFO] [stdout]   28:     0x5646ee77cbe7 - serde::de::MapAccess::next_entry_seed::hc6f80753ec484827
[INFO] [stdout]                                at /opt/rustwide/cargo-home/registry/src/github.com-1ecc6299db9ec823/serde-1.0.101/src/de/mod.rs:1813:34
[INFO] [stdout]   29:     0x5646ee77c636 - serde::de::MapAccess::next_entry::h64156a7d8ceb1124
[INFO] [stdout]                                at /opt/rustwide/cargo-home/registry/src/github.com-1ecc6299db9ec823/serde-1.0.101/src/de/mod.rs:1861:9
[INFO] [stdout]   30:     0x5646ee77c579 - <&mut A as serde::de::MapAccess>::next_entry::h214a7a862b7ec8c4
[INFO] [stdout]                                at /opt/rustwide/cargo-home/registry/src/github.com-1ecc6299db9ec823/serde-1.0.101/src/de/mod.rs:1912:9
[INFO] [stdout]   31:     0x5646ee76eccc - <serde::de::impls::<impl serde::de::Deserialize for std::collections::hash::map::HashMap<K,V,S>>::deserialize::MapVisitor<K,V,S> as serde::de::Visitor>::visit_map::hf0d37d5e647ae3cb
[INFO] [stdout]                                at /opt/rustwide/cargo-home/registry/src/github.com-1ecc6299db9ec823/serde-1.0.101/src/de/impls.rs:1222:61
[INFO] [stdout]   32:     0x5646ee779756 - serde_yaml::de::Deserializer::visit_mapping::{{closure}}::h922113ae6de16d97
[INFO] [stdout]                                at /opt/rustwide/cargo-home/registry/src/github.com-1ecc6299db9ec823/serde_yaml-0.8.11/src/de.rs:175:25
[INFO] [stdout]   33:     0x5646ee779ebe - serde_yaml::de::Deserializer::recursion_check::h5d2e3cbbe8f9141f
[INFO] [stdout]                                at /opt/rustwide/cargo-home/registry/src/github.com-1ecc6299db9ec823/serde_yaml-0.8.11/src/de.rs:239:22
[INFO] [stdout]   34:     0x5646ee77925b - serde_yaml::de::Deserializer::visit_mapping::h23950998c10d3cea
[INFO] [stdout]                                at /opt/rustwide/cargo-home/registry/src/github.com-1ecc6299db9ec823/serde_yaml-0.8.11/src/de.rs:169:28
[INFO] [stdout]   35:     0x5646ee77df1d - <&mut serde_yaml::de::Deserializer as serde::de::Deserializer>::deserialize_map::h8e78d7b887c3da01
[INFO] [stdout]                                at /opt/rustwide/cargo-home/registry/src/github.com-1ecc6299db9ec823/serde_yaml-0.8.11/src/de.rs:902:36
[INFO] [stdout]   36:     0x5646ee76fdb5 - serde::de::impls::<impl serde::de::Deserialize for std::collections::hash::map::HashMap<K,V,S>>::deserialize::ha4ad3602f1a2e369
[INFO] [stdout]                                at /opt/rustwide/cargo-home/registry/src/github.com-1ecc6299db9ec823/serde-1.0.101/src/de/impls.rs:1231:17
[INFO] [stdout]   37:     0x5646ee78ad15 - <core::marker::PhantomData<T> as serde::de::DeserializeSeed>::deserialize::ha7db0981d277dc41
[INFO] [stdout]                                at /opt/rustwide/cargo-home/registry/src/github.com-1ecc6299db9ec823/serde-1.0.101/src/de/mod.rs:786:9
[INFO] [stdout]   38:     0x5646ee77ad6f - serde_yaml::de::from_str_seed::h2ecb7ccf5a687cc4
[INFO] [stdout]                                at /opt/rustwide/cargo-home/registry/src/github.com-1ecc6299db9ec823/serde_yaml-0.8.11/src/de.rs:1042:17
[INFO] [stdout]   39:     0x5646ee77c53a - serde_yaml::de::from_str::h391213c6050b4ebf
[INFO] [stdout]                                at /opt/rustwide/cargo-home/registry/src/github.com-1ecc6299db9ec823/serde_yaml-0.8.11/src/de.rs:1012:5
[INFO] [stdout]   40:     0x5646ee78ae0c - roadmap::parser::from_yaml::hf1f8660188bfe766
[INFO] [stdout]                                at /opt/rustwide/workdir/src/parser.rs:14:51
[INFO] [stdout]   41:     0x5646ee76cad0 - roadmap::parser::tests::yaml_happy::h6e3ea6c16f6ede08
[INFO] [stdout]                                at /opt/rustwide/workdir/src/parser.rs:142:23
[INFO] [stdout]   42:     0x5646ee76ca9a - roadmap::parser::tests::yaml_happy::{{closure}}::h9b13bec6c3523aa7
[INFO] [stdout]                                at /opt/rustwide/workdir/src/parser.rs:141:5
[INFO] [stdout]   43:     0x5646ee78924e - core::ops::function::FnOnce::call_once::h4b24da2c146aaf23
[INFO] [stdout]                                at /rustc/53fd98ca776cb875bc9e5514f56b52eb74f9e7a9/library/core/src/ops/function.rs:227:5
[INFO] [stdout]   44:     0x5646ee7bf2f3 - core::ops::function::FnOnce::call_once::hbb52c4519d3137b0
[INFO] [stdout]                                at /rustc/53fd98ca776cb875bc9e5514f56b52eb74f9e7a9/library/core/src/ops/function.rs:227:5
[INFO] [stdout]   45:     0x5646ee7bf2f3 - test::__rust_begin_short_backtrace::h86fe3a2a5a5121af
[INFO] [stdout]                                at /rustc/53fd98ca776cb875bc9e5514f56b52eb74f9e7a9/library/test/src/lib.rs:578:5
[INFO] [stdout]   46:     0x5646ee7bdda8 - <alloc::boxed::Box<F,A> as core::ops::function::FnOnce<Args>>::call_once::hfd956bc3d57399be
[INFO] [stdout]                                at /rustc/53fd98ca776cb875bc9e5514f56b52eb74f9e7a9/library/alloc/src/boxed.rs:1572:9
[INFO] [stdout]   47:     0x5646ee7bdda8 - <std::panic::AssertUnwindSafe<F> as core::ops::function::FnOnce<()>>::call_once::h40dc93e0ddb5938a
[INFO] [stdout]                                at /rustc/53fd98ca776cb875bc9e5514f56b52eb74f9e7a9/library/std/src/panic.rs:347:9
[INFO] [stdout]   48:     0x5646ee7bdda8 - std::panicking::try::do_call::h90d07750cb47c562
[INFO] [stdout]                                at /rustc/53fd98ca776cb875bc9e5514f56b52eb74f9e7a9/library/std/src/panicking.rs:401:40
[INFO] [stdout]   49:     0x5646ee7bdda8 - std::panicking::try::h063c84733ad2a629
[INFO] [stdout]                                at /rustc/53fd98ca776cb875bc9e5514f56b52eb74f9e7a9/library/std/src/panicking.rs:365:19
[INFO] [stdout]   50:     0x5646ee7bdda8 - std::panic::catch_unwind::h0c464836a84e7c08
[INFO] [stdout]                                at /rustc/53fd98ca776cb875bc9e5514f56b52eb74f9e7a9/library/std/src/panic.rs:434:14
[INFO] [stdout]   51:     0x5646ee7bdda8 - test::run_test_in_process::h5cb06ef620b157fc
[INFO] [stdout]                                at /rustc/53fd98ca776cb875bc9e5514f56b52eb74f9e7a9/library/test/src/lib.rs:601:18
[INFO] [stdout]   52:     0x5646ee7bdda8 - test::run_test::run_test_inner::{{closure}}::h76f677f4b93f9828
[INFO] [stdout]                                at /rustc/53fd98ca776cb875bc9e5514f56b52eb74f9e7a9/library/test/src/lib.rs:493:39
[INFO] [stdout]   53:     0x5646ee78c53d - test::run_test::run_test_inner::{{closure}}::h366d01fe04f4d67a
[INFO] [stdout]                                at /rustc/53fd98ca776cb875bc9e5514f56b52eb74f9e7a9/library/test/src/lib.rs:520:37
[INFO] [stdout]   54:     0x5646ee78c53d - std::sys_common::backtrace::__rust_begin_short_backtrace::h7dfa0de4eb395af2
[INFO] [stdout]                                at /rustc/53fd98ca776cb875bc9e5514f56b52eb74f9e7a9/library/std/src/sys_common/backtrace.rs:125:18
[INFO] [stdout]   55:     0x5646ee790d08 - std::thread::Builder::spawn_unchecked::{{closure}}::{{closure}}::hf0a74bb58798037f
[INFO] [stdout]                                at /rustc/53fd98ca776cb875bc9e5514f56b52eb74f9e7a9/library/std/src/thread/mod.rs:476:17
[INFO] [stdout]   56:     0x5646ee790d08 - <std::panic::AssertUnwindSafe<F> as core::ops::function::FnOnce<()>>::call_once::hb024e854818586ac
[INFO] [stdout]                                at /rustc/53fd98ca776cb875bc9e5514f56b52eb74f9e7a9/library/std/src/panic.rs:347:9
[INFO] [stdout]   57:     0x5646ee790d08 - std::panicking::try::do_call::hb2dd9f1d0d48e41d
[INFO] [stdout]                                at /rustc/53fd98ca776cb875bc9e5514f56b52eb74f9e7a9/library/std/src/panicking.rs:401:40
[INFO] [stdout]   58:     0x5646ee790d08 - std::panicking::try::h4717ae7bac8b2bf3
[INFO] [stdout]                                at /rustc/53fd98ca776cb875bc9e5514f56b52eb74f9e7a9/library/std/src/panicking.rs:365:19
[INFO] [stdout]   59:     0x5646ee790d08 - std::panic::catch_unwind::h0dc8a061326ce8d8
[INFO] [stdout]                                at /rustc/53fd98ca776cb875bc9e5514f56b52eb74f9e7a9/library/std/src/panic.rs:434:14
[INFO] [stdout]   60:     0x5646ee790d08 - std::thread::Builder::spawn_unchecked::{{closure}}::haa369e2d6fd00aa1
[INFO] [stdout]                                at /rustc/53fd98ca776cb875bc9e5514f56b52eb74f9e7a9/library/std/src/thread/mod.rs:475:30
[INFO] [stdout]   61:     0x5646ee790d08 - core::ops::function::FnOnce::call_once{{vtable.shim}}::h36dcf3de8b056f17
[INFO] [stdout]                                at /rustc/53fd98ca776cb875bc9e5514f56b52eb74f9e7a9/library/core/src/ops/function.rs:227:5
[INFO] [stdout]   62:     0x5646ee83c207 - <alloc::boxed::Box<F,A> as core::ops::function::FnOnce<Args>>::call_once::h65c29e4642be2358
[INFO] [stdout]                                at /rustc/53fd98ca776cb875bc9e5514f56b52eb74f9e7a9/library/alloc/src/boxed.rs:1572:9
[INFO] [stdout]   63:     0x5646ee83c207 - <alloc::boxed::Box<F,A> as core::ops::function::FnOnce<Args>>::call_once::hd0f8f7fbbd9fffbf
[INFO] [stdout]                                at /rustc/53fd98ca776cb875bc9e5514f56b52eb74f9e7a9/library/alloc/src/boxed.rs:1572:9
[INFO] [stdout]   64:     0x5646ee83c207 - std::sys::unix::thread::Thread::new::thread_start::h2fd22fee3ca77b65
[INFO] [stdout]                                at /rustc/53fd98ca776cb875bc9e5514f56b52eb74f9e7a9/library/std/src/sys/unix/thread.rs:74:17
[INFO] [stdout]   65:     0x7f67f51ee609 - start_thread
[INFO] [stdout]   66:     0x7f67f4fc0293 - clone
[INFO] [stdout]   67:                0x0 - <unknown>
[INFO] [stdout] 
[INFO] [stdout] ---- map::tests::set_missing_goal_status stdout ----
[INFO] [stdout] thread 'map::tests::set_missing_goal_status' panicked at 'attempted to leave type `linked_hash_map::Node<value::Value, value::Value>` uninitialized, which is invalid', /rustc/53fd98ca776cb875bc9e5514f56b52eb74f9e7a9/library/core/src/mem/mod.rs:663:9
[INFO] [stdout] stack backtrace:
[INFO] [stdout]    0:     0x5646ee834e50 - std::backtrace_rs::backtrace::libunwind::trace::hff4d1766e93f64f1
[INFO] [stdout]                                at /rustc/53fd98ca776cb875bc9e5514f56b52eb74f9e7a9/library/std/src/../../backtrace/src/backtrace/libunwind.rs:90:5
[INFO] [stdout]    1:     0x5646ee834e50 - std::backtrace_rs::backtrace::trace_unsynchronized::h56bbc8eb78770bcb
[INFO] [stdout]                                at /rustc/53fd98ca776cb875bc9e5514f56b52eb74f9e7a9/library/std/src/../../backtrace/src/backtrace/mod.rs:66:5
[INFO] [stdout]    2:     0x5646ee834e50 - std::sys_common::backtrace::_print_fmt::h5c8e75464faca780
[INFO] [stdout]                                at /rustc/53fd98ca776cb875bc9e5514f56b52eb74f9e7a9/library/std/src/sys_common/backtrace.rs:67:5
[INFO] [stdout]    3:     0x5646ee834e50 - <std::sys_common::backtrace::_print::DisplayBacktrace as core::fmt::Display>::fmt::h48b88277def8b362
[INFO] [stdout]                                at /rustc/53fd98ca776cb875bc9e5514f56b52eb74f9e7a9/library/std/src/sys_common/backtrace.rs:46:22
[INFO] [stdout]    4:     0x5646ee858b5c - core::fmt::write::h3381b3176fe2b3d3
[INFO] [stdout]                                at /rustc/53fd98ca776cb875bc9e5514f56b52eb74f9e7a9/library/core/src/fmt/mod.rs:1115:17
[INFO] [stdout]    5:     0x5646ee831db5 - std::io::Write::write_fmt::h5f34a676f60246b5
[INFO] [stdout]                                at /rustc/53fd98ca776cb875bc9e5514f56b52eb74f9e7a9/library/std/src/io/mod.rs:1665:15
[INFO] [stdout]    6:     0x5646ee836fcb - std::sys_common::backtrace::_print::ha537687d6c17dd0d
[INFO] [stdout]                                at /rustc/53fd98ca776cb875bc9e5514f56b52eb74f9e7a9/library/std/src/sys_common/backtrace.rs:49:5
[INFO] [stdout]    7:     0x5646ee836fcb - std::sys_common::backtrace::print::h61376ae57d131d72
[INFO] [stdout]                                at /rustc/53fd98ca776cb875bc9e5514f56b52eb74f9e7a9/library/std/src/sys_common/backtrace.rs:36:9
[INFO] [stdout]    8:     0x5646ee836fcb - std::panicking::default_hook::{{closure}}::h0f7208c0b9644a54
[INFO] [stdout]                                at /rustc/53fd98ca776cb875bc9e5514f56b52eb74f9e7a9/library/std/src/panicking.rs:208:50
[INFO] [stdout]    9:     0x5646ee836adc - std::panicking::default_hook::hdac7fc06578c14ce
[INFO] [stdout]                                at /rustc/53fd98ca776cb875bc9e5514f56b52eb74f9e7a9/library/std/src/panicking.rs:222:9
[INFO] [stdout]   10:     0x5646ee837694 - std::panicking::rust_panic_with_hook::h72b21c283da3d1ef
[INFO] [stdout]                                at /rustc/53fd98ca776cb875bc9e5514f56b52eb74f9e7a9/library/std/src/panicking.rs:622:17
[INFO] [stdout]   11:     0x5646ee837147 - std::panicking::begin_panic_handler::{{closure}}::he5778f1729cff84a
[INFO] [stdout]                                at /rustc/53fd98ca776cb875bc9e5514f56b52eb74f9e7a9/library/std/src/panicking.rs:517:13
[INFO] [stdout]   12:     0x5646ee83532c - std::sys_common::backtrace::__rust_end_short_backtrace::h2d11ca8b453b4b1d
[INFO] [stdout]                                at /rustc/53fd98ca776cb875bc9e5514f56b52eb74f9e7a9/library/std/src/sys_common/backtrace.rs:141:18
[INFO] [stdout]   13:     0x5646ee8370d9 - rust_begin_unwind
[INFO] [stdout]                                at /rustc/53fd98ca776cb875bc9e5514f56b52eb74f9e7a9/library/std/src/panicking.rs:515:5
[INFO] [stdout]   14:     0x5646ee7623b1 - core::panicking::panic_fmt::hf9de31d4acbce4db
[INFO] [stdout]                                at /rustc/53fd98ca776cb875bc9e5514f56b52eb74f9e7a9/library/core/src/panicking.rs:92:14
[INFO] [stdout]   15:     0x5646ee7622fd - core::panicking::panic::h8a6bc58a21c6c095
[INFO] [stdout]                                at /rustc/53fd98ca776cb875bc9e5514f56b52eb74f9e7a9/library/core/src/panicking.rs:50:5
[INFO] [stdout]   16:     0x5646ee7de7da - core::mem::uninitialized::hd4c69fdcbf9d6cb2
[INFO] [stdout]                                at /rustc/53fd98ca776cb875bc9e5514f56b52eb74f9e7a9/library/core/src/mem/mod.rs:663:9
[INFO] [stdout]   17:     0x5646ee7de7da - linked_hash_map::LinkedHashMap<K,V,S>::ensure_guard_node::hfd54dcd7583b522c
[INFO] [stdout]                                at /opt/rustwide/cargo-home/registry/src/github.com-1ecc6299db9ec823/linked-hash-map-0.5.2/src/lib.rs:174:52
[INFO] [stdout]   18:     0x5646ee7dea7c - linked_hash_map::LinkedHashMap<K,V,S>::insert::h5bbff6db4a9fe682
[INFO] [stdout]                                at /opt/rustwide/cargo-home/registry/src/github.com-1ecc6299db9ec823/linked-hash-map-0.5.2/src/lib.rs:304:9
[INFO] [stdout]   19:     0x5646ee786aad - serde_yaml::mapping::Mapping::insert::hc91559d37e058981
[INFO] [stdout]                                at /opt/rustwide/cargo-home/registry/src/github.com-1ecc6299db9ec823/serde_yaml-0.8.11/src/mapping.rs:53:9
[INFO] [stdout]   20:     0x5646ee788bc7 - <serde_yaml::value::de::<impl serde::de::Deserialize for serde_yaml::value::Value>::deserialize::ValueVisitor as serde::de::Visitor>::visit_map::h356007dc257394c0
[INFO] [stdout]                                at /opt/rustwide/cargo-home/registry/src/github.com-1ecc6299db9ec823/serde_yaml-0.8.11/src/value/de.rs:107:21
[INFO] [stdout]   21:     0x5646ee7798a6 - serde_yaml::de::Deserializer::visit_mapping::{{closure}}::hf9d9df90ca028781
[INFO] [stdout]                                at /opt/rustwide/cargo-home/registry/src/github.com-1ecc6299db9ec823/serde_yaml-0.8.11/src/de.rs:175:25
[INFO] [stdout]   22:     0x5646ee77a09e - serde_yaml::de::Deserializer::recursion_check::h96f68761ea6c631c
[INFO] [stdout]                                at /opt/rustwide/cargo-home/registry/src/github.com-1ecc6299db9ec823/serde_yaml-0.8.11/src/de.rs:239:22
[INFO] [stdout]   23:     0x5646ee77949b - serde_yaml::de::Deserializer::visit_mapping::heddf67d47901031a
[INFO] [stdout]                                at /opt/rustwide/cargo-home/registry/src/github.com-1ecc6299db9ec823/serde_yaml-0.8.11/src/de.rs:169:28
[INFO] [stdout]   24:     0x5646ee77dae3 - <&mut serde_yaml::de::Deserializer as serde::de::Deserializer>::deserialize_any::h053d6a519cc6dec1
[INFO] [stdout]                                at /opt/rustwide/cargo-home/registry/src/github.com-1ecc6299db9ec823/serde_yaml-0.8.11/src/de.rs:657:36
[INFO] [stdout]   25:     0x5646ee76eb36 - serde_yaml::value::de::<impl serde::de::Deserialize for serde_yaml::value::Value>::deserialize::h6a79775393aad18f
[INFO] [stdout]                                at /opt/rustwide/cargo-home/registry/src/github.com-1ecc6299db9ec823/serde_yaml-0.8.11/src/value/de.rs:114:9
[INFO] [stdout]   26:     0x5646ee78acf5 - <core::marker::PhantomData<T> as serde::de::DeserializeSeed>::deserialize::h2c057bf0d6453232
[INFO] [stdout]                                at /opt/rustwide/cargo-home/registry/src/github.com-1ecc6299db9ec823/serde-1.0.101/src/de/mod.rs:786:9
[INFO] [stdout]   27:     0x5646ee77d5c7 - <serde_yaml::de::MapAccess as serde::de::MapAccess>::next_value_seed::h28f746fdf1f03ed7
[INFO] [stdout]                                at /opt/rustwide/cargo-home/registry/src/github.com-1ecc6299db9ec823/serde_yaml-0.8.11/src/de.rs:365:9
[INFO] [stdout]   28:     0x5646ee77cbe7 - serde::de::MapAccess::next_entry_seed::hc6f80753ec484827
[INFO] [stdout]                                at /opt/rustwide/cargo-home/registry/src/github.com-1ecc6299db9ec823/serde-1.0.101/src/de/mod.rs:1813:34
[INFO] [stdout]   29:     0x5646ee77c636 - serde::de::MapAccess::next_entry::h64156a7d8ceb1124
[INFO] [stdout]                                at /opt/rustwide/cargo-home/registry/src/github.com-1ecc6299db9ec823/serde-1.0.101/src/de/mod.rs:1861:9
[INFO] [stdout]   30:     0x5646ee77c579 - <&mut A as serde::de::MapAccess>::next_entry::h214a7a862b7ec8c4
[INFO] [stdout]                                at /opt/rustwide/cargo-home/registry/src/github.com-1ecc6299db9ec823/serde-1.0.101/src/de/mod.rs:1912:9
[INFO] [stdout]   31:     0x5646ee76eccc - <serde::de::impls::<impl serde::de::Deserialize for std::collections::hash::map::HashMap<K,V,S>>::deserialize::MapVisitor<K,V,S> as serde::de::Visitor>::visit_map::hf0d37d5e647ae3cb
[INFO] [stdout]                                at /opt/rustwide/cargo-home/registry/src/github.com-1ecc6299db9ec823/serde-1.0.101/src/de/impls.rs:1222:61
[INFO] [stdout]   32:     0x5646ee779756 - serde_yaml::de::Deserializer::visit_mapping::{{closure}}::h922113ae6de16d97
[INFO] [stdout]                                at /opt/rustwide/cargo-home/registry/src/github.com-1ecc6299db9ec823/serde_yaml-0.8.11/src/de.rs:175:25
[INFO] [stdout]   33:     0x5646ee779ebe - serde_yaml::de::Deserializer::recursion_check::h5d2e3cbbe8f9141f
[INFO] [stdout]                                at /opt/rustwide/cargo-home/registry/src/github.com-1ecc6299db9ec823/serde_yaml-0.8.11/src/de.rs:239:22
[INFO] [stdout]   34:     0x5646ee77925b - serde_yaml::de::Deserializer::visit_mapping::h23950998c10d3cea
[INFO] [stdout]                                at /opt/rustwide/cargo-home/registry/src/github.com-1ecc6299db9ec823/serde_yaml-0.8.11/src/de.rs:169:28
[INFO] [stdout]   35:     0x5646ee77df1d - <&mut serde_yaml::de::Deserializer as serde::de::Deserializer>::deserialize_map::h8e78d7b887c3da01
[INFO] [stdout]                                at /opt/rustwide/cargo-home/registry/src/github.com-1ecc6299db9ec823/serde_yaml-0.8.11/src/de.rs:902:36
[INFO] [stdout]   36:     0x5646ee76fdb5 - serde::de::impls::<impl serde::de::Deserialize for std::collections::hash::map::HashMap<K,V,S>>::deserialize::ha4ad3602f1a2e369
[INFO] [stdout]                                at /opt/rustwide/cargo-home/registry/src/github.com-1ecc6299db9ec823/serde-1.0.101/src/de/impls.rs:1231:17
[INFO] [stdout]   37:     0x5646ee78ad15 - <core::marker::PhantomData<T> as serde::de::DeserializeSeed>::deserialize::ha7db0981d277dc41
[INFO] [stdout]                                at /opt/rustwide/cargo-home/registry/src/github.com-1ecc6299db9ec823/serde-1.0.101/src/de/mod.rs:786:9
[INFO] [stdout]   38:     0x5646ee77ad6f - serde_yaml::de::from_str_seed::h2ecb7ccf5a687cc4
[INFO] [stdout]                                at /opt/rustwide/cargo-home/registry/src/github.com-1ecc6299db9ec823/serde_yaml-0.8.11/src/de.rs:1042:17
[INFO] [stdout]   39:     0x5646ee77c53a - serde_yaml::de::from_str::h391213c6050b4ebf
[INFO] [stdout]                                at /opt/rustwide/cargo-home/registry/src/github.com-1ecc6299db9ec823/serde_yaml-0.8.11/src/de.rs:1012:5
[INFO] [stdout]   40:     0x5646ee78ae0c - roadmap::parser::from_yaml::hf1f8660188bfe766
[INFO] [stdout]                                at /opt/rustwide/workdir/src/parser.rs:14:51
[INFO] [stdout]   41:     0x5646ee773d00 - roadmap::map::tests::set_missing_goal_status::h6b1de2e88f08aab3
[INFO] [stdout]                                at /opt/rustwide/workdir/src/map.rs:250:21
[INFO] [stdout]   42:     0x5646ee773cca - roadmap::map::tests::set_missing_goal_status::{{closure}}::h8752847096bba787
[INFO] [stdout]                                at /opt/rustwide/workdir/src/map.rs:249:5
[INFO] [stdout]   43:     0x5646ee78911e - core::ops::function::FnOnce::call_once::h1226dad1fede99d9
[INFO] [stdout]                                at /rustc/53fd98ca776cb875bc9e5514f56b52eb74f9e7a9/library/core/src/ops/function.rs:227:5
[INFO] [stdout]   44:     0x5646ee7bf2f3 - core::ops::function::FnOnce::call_once::hbb52c4519d3137b0
[INFO] [stdout]                                at /rustc/53fd98ca776cb875bc9e5514f56b52eb74f9e7a9/library/core/src/ops/function.rs:227:5
[INFO] [stdout]   45:     0x5646ee7bf2f3 - test::__rust_begin_short_backtrace::h86fe3a2a5a5121af
[INFO] [stdout]                                at /rustc/53fd98ca776cb875bc9e5514f56b52eb74f9e7a9/library/test/src/lib.rs:578:5
[INFO] [stdout]   46:     0x5646ee7bdda8 - <alloc::boxed::Box<F,A> as core::ops::function::FnOnce<Args>>::call_once::hfd956bc3d57399be
[INFO] [stdout]                                at /rustc/53fd98ca776cb875bc9e5514f56b52eb74f9e7a9/library/alloc/src/boxed.rs:1572:9
[INFO] [stdout]   47:     0x5646ee7bdda8 - <std::panic::AssertUnwindSafe<F> as core::ops::function::FnOnce<()>>::call_once::h40dc93e0ddb5938a
[INFO] [stdout]                                at /rustc/53fd98ca776cb875bc9e5514f56b52eb74f9e7a9/library/std/src/panic.rs:347:9
[INFO] [stdout]   48:     0x5646ee7bdda8 - std::panicking::try::do_call::h90d07750cb47c562
[INFO] [stdout]                                at /rustc/53fd98ca776cb875bc9e5514f56b52eb74f9e7a9/library/std/src/panicking.rs:401:40
[INFO] [stdout]   49:     0x5646ee7bdda8 - std::panicking::try::h063c84733ad2a629
[INFO] [stdout]                                at /rustc/53fd98ca776cb875bc9e5514f56b52eb74f9e7a9/library/std/src/panicking.rs:365:19
[INFO] [stdout]   50:     0x5646ee7bdda8 - std::panic::catch_unwind::h0c464836a84e7c08
[INFO] [stdout]                                at /rustc/53fd98ca776cb875bc9e5514f56b52eb74f9e7a9/library/std/src/panic.rs:434:14
[INFO] [stdout]   51:     0x5646ee7bdda8 - test::run_test_in_process::h5cb06ef620b157fc
[INFO] [stdout]                                at /rustc/53fd98ca776cb875bc9e5514f56b52eb74f9e7a9/library/test/src/lib.rs:601:18
[INFO] [stdout]   52:     0x5646ee7bdda8 - test::run_test::run_test_inner::{{closure}}::h76f677f4b93f9828
[INFO] [stdout]                                at /rustc/53fd98ca776cb875bc9e5514f56b52eb74f9e7a9/library/test/src/lib.rs:493:39
[INFO] [stdout]   53:     0x5646ee78c53d - test::run_test::run_test_inner::{{closure}}::h366d01fe04f4d67a
[INFO] [stdout]                                at /rustc/53fd98ca776cb875bc9e5514f56b52eb74f9e7a9/library/test/src/lib.rs:520:37
[INFO] [stdout]   54:     0x5646ee78c53d - std::sys_common::backtrace::__rust_begin_short_backtrace::h7dfa0de4eb395af2
[INFO] [stdout]                                at /rustc/53fd98ca776cb875bc9e5514f56b52eb74f9e7a9/library/std/src/sys_common/backtrace.rs:125:18
[INFO] [stdout]   55:     0x5646ee790d08 - std::thread::Builder::spawn_unchecked::{{closure}}::{{closure}}::hf0a74bb58798037f
[INFO] [stdout]                                at /rustc/53fd98ca776cb875bc9e5514f56b52eb74f9e7a9/library/std/src/thread/mod.rs:476:17
[INFO] [stdout]   56:     0x5646ee790d08 - <std::panic::AssertUnwindSafe<F> as core::ops::function::FnOnce<()>>::call_once::hb024e854818586ac
[INFO] [stdout]                                at /rustc/53fd98ca776cb875bc9e5514f56b52eb74f9e7a9/library/std/src/panic.rs:347:9
[INFO] [stdout]   57:     0x5646ee790d08 - std::panicking::try::do_call::hb2dd9f1d0d48e41d
[INFO] [stdout]                                at /rustc/53fd98ca776cb875bc9e5514f56b52eb74f9e7a9/library/std/src/panicking.rs:401:40
[INFO] [stdout]   58:     0x5646ee790d08 - std::panicking::try::h4717ae7bac8b2bf3
[INFO] [stdout]                                at /rustc/53fd98ca776cb875bc9e5514f56b52eb74f9e7a9/library/std/src/panicking.rs:365:19
[INFO] [stdout]   59:     0x5646ee790d08 - std::panic::catch_unwind::h0dc8a061326ce8d8
[INFO] [stdout]                                at /rustc/53fd98ca776cb875bc9e5514f56b52eb74f9e7a9/library/std/src/panic.rs:434:14
[INFO] [stdout]   60:     0x5646ee790d08 - std::thread::Builder::spawn_unchecked::{{closure}}::haa369e2d6fd00aa1
[INFO] [stdout]                                at /rustc/53fd98ca776cb875bc9e5514f56b52eb74f9e7a9/library/std/src/thread/mod.rs:475:30
[INFO] [stdout]   61:     0x5646ee790d08 - core::ops::function::FnOnce::call_once{{vtable.shim}}::h36dcf3de8b056f17
[INFO] [stdout]                                at /rustc/53fd98ca776cb875bc9e5514f56b52eb74f9e7a9/library/core/src/ops/function.rs:227:5
[INFO] [stdout]   62:     0x5646ee83c207 - <alloc::boxed::Box<F,A> as core::ops::function::FnOnce<Args>>::call_once::h65c29e4642be2358
[INFO] [stdout]                                at /rustc/53fd98ca776cb875bc9e5514f56b52eb74f9e7a9/library/alloc/src/boxed.rs:1572:9
[INFO] [stdout]   63:     0x5646ee83c207 - <alloc::boxed::Box<F,A> as core::ops::function::FnOnce<Args>>::call_once::hd0f8f7fbbd9fffbf
[INFO] [stdout]                                at /rustc/53fd98ca776cb875bc9e5514f56b52eb74f9e7a9/library/alloc/src/boxed.rs:1572:9
[INFO] [stdout]   64:     0x5646ee83c207 - std::sys::unix::thread::Thread::new::thread_start::h2fd22fee3ca77b65
[INFO] [stdout]                                at /rustc/53fd98ca776cb875bc9e5514f56b52eb74f9e7a9/library/std/src/sys/unix/thread.rs:74:17
[INFO] [stdout]   65:     0x7f67f51ee609 - start_thread
[INFO] [stdout]   66:     0x7f67f4fc0293 - clone
[INFO] [stdout]   67:                0x0 - <unknown>
[INFO] [stdout] 
[INFO] [stdout] ---- parser::tests::yaml_unknown_status stdout ----
[INFO] [stdout] thread 'parser::tests::yaml_unknown_status' panicked at 'attempted to leave type `linked_hash_map::Node<value::Value, value::Value>` uninitialized, which is invalid', /rustc/53fd98ca776cb875bc9e5514f56b52eb74f9e7a9/library/core/src/mem/mod.rs:663:9
[INFO] [stdout] stack backtrace:
[INFO] [stdout]    0:     0x5646ee834e50 - std::backtrace_rs::backtrace::libunwind::trace::hff4d1766e93f64f1
[INFO] [stdout]                                at /rustc/53fd98ca776cb875bc9e5514f56b52eb74f9e7a9/library/std/src/../../backtrace/src/backtrace/libunwind.rs:90:5
[INFO] [stdout]    1:     0x5646ee834e50 - std::backtrace_rs::backtrace::trace_unsynchronized::h56bbc8eb78770bcb
[INFO] [stdout]                                at /rustc/53fd98ca776cb875bc9e5514f56b52eb74f9e7a9/library/std/src/../../backtrace/src/backtrace/mod.rs:66:5
[INFO] [stdout]    2:     0x5646ee834e50 - std::sys_common::backtrace::_print_fmt::h5c8e75464faca780
[INFO] [stdout]                                at /rustc/53fd98ca776cb875bc9e5514f56b52eb74f9e7a9/library/std/src/sys_common/backtrace.rs:67:5
[INFO] [stdout]    3:     0x5646ee834e50 - <std::sys_common::backtrace::_print::DisplayBacktrace as core::fmt::Display>::fmt::h48b88277def8b362
[INFO] [stdout]                                at /rustc/53fd98ca776cb875bc9e5514f56b52eb74f9e7a9/library/std/src/sys_common/backtrace.rs:46:22
[INFO] [stdout]    4:     0x5646ee858b5c - core::fmt::write::h3381b3176fe2b3d3
[INFO] [stdout]                                at /rustc/53fd98ca776cb875bc9e5514f56b52eb74f9e7a9/library/core/src/fmt/mod.rs:1115:17
[INFO] [stdout]    5:     0x5646ee831db5 - std::io::Write::write_fmt::h5f34a676f60246b5
[INFO] [stdout]                                at /rustc/53fd98ca776cb875bc9e5514f56b52eb74f9e7a9/library/std/src/io/mod.rs:1665:15
[INFO] [stdout]    6:     0x5646ee836fcb - std::sys_common::backtrace::_print::ha537687d6c17dd0d
[INFO] [stdout]                                at /rustc/53fd98ca776cb875bc9e5514f56b52eb74f9e7a9/library/std/src/sys_common/backtrace.rs:49:5
[INFO] [stdout]    7:     0x5646ee836fcb - std::sys_common::backtrace::print::h61376ae57d131d72
[INFO] [stdout]                                at /rustc/53fd98ca776cb875bc9e5514f56b52eb74f9e7a9/library/std/src/sys_common/backtrace.rs:36:9
[INFO] [stdout]    8:     0x5646ee836fcb - std::panicking::default_hook::{{closure}}::h0f7208c0b9644a54
[INFO] [stdout]                                at /rustc/53fd98ca776cb875bc9e5514f56b52eb74f9e7a9/library/std/src/panicking.rs:208:50
[INFO] [stdout]    9:     0x5646ee836adc - std::panicking::default_hook::hdac7fc06578c14ce
[INFO] [stdout]                                at /rustc/53fd98ca776cb875bc9e5514f56b52eb74f9e7a9/library/std/src/panicking.rs:222:9
[INFO] [stdout]   10:     0x5646ee837694 - std::panicking::rust_panic_with_hook::h72b21c283da3d1ef
[INFO] [stdout]                                at /rustc/53fd98ca776cb875bc9e5514f56b52eb74f9e7a9/library/std/src/panicking.rs:622:17
[INFO] [stdout]   11:     0x5646ee837147 - std::panicking::begin_panic_handler::{{closure}}::he5778f1729cff84a
[INFO] [stdout]                                at /rustc/53fd98ca776cb875bc9e5514f56b52eb74f9e7a9/library/std/src/panicking.rs:517:13
[INFO] [stdout]   12:     0x5646ee83532c - std::sys_common::backtrace::__rust_end_short_backtrace::h2d11ca8b453b4b1d
[INFO] [stdout]                                at /rustc/53fd98ca776cb875bc9e5514f56b52eb74f9e7a9/library/std/src/sys_common/backtrace.rs:141:18
[INFO] [stdout]   13:     0x5646ee8370d9 - rust_begin_unwind
[INFO] [stdout]                                at /rustc/53fd98ca776cb875bc9e5514f56b52eb74f9e7a9/library/std/src/panicking.rs:515:5
[INFO] [stdout]   14:     0x5646ee7623b1 - core::panicking::panic_fmt::hf9de31d4acbce4db
[INFO] [stdout]                                at /rustc/53fd98ca776cb875bc9e5514f56b52eb74f9e7a9/library/core/src/panicking.rs:92:14
[INFO] [stdout]   15:     0x5646ee7622fd - core::panicking::panic::h8a6bc58a21c6c095
[INFO] [stdout]                                at /rustc/53fd98ca776cb875bc9e5514f56b52eb74f9e7a9/library/core/src/panicking.rs:50:5
[INFO] [stdout]   16:     0x5646ee7de7da - core::mem::uninitialized::hd4c69fdcbf9d6cb2
[INFO] [stdout]                                at /rustc/53fd98ca776cb875bc9e5514f56b52eb74f9e7a9/library/core/src/mem/mod.rs:663:9
[INFO] [stdout]   17:     0x5646ee7de7da - linked_hash_map::LinkedHashMap<K,V,S>::ensure_guard_node::hfd54dcd7583b522c
[INFO] [stdout]                                at /opt/rustwide/cargo-home/registry/src/github.com-1ecc6299db9ec823/linked-hash-map-0.5.2/src/lib.rs:174:52
[INFO] [stdout]   18:     0x5646ee7dea7c - linked_hash_map::LinkedHashMap<K,V,S>::insert::h5bbff6db4a9fe682
[INFO] [stdout]                                at /opt/rustwide/cargo-home/registry/src/github.com-1ecc6299db9ec823/linked-hash-map-0.5.2/src/lib.rs:304:9
[INFO] [stdout]   19:     0x5646ee786aad - serde_yaml::mapping::Mapping::insert::hc91559d37e058981
[INFO] [stdout]                                at /opt/rustwide/cargo-home/registry/src/github.com-1ecc6299db9ec823/serde_yaml-0.8.11/src/mapping.rs:53:9
[INFO] [stdout]   20:     0x5646ee788bc7 - <serde_yaml::value::de::<impl serde::de::Deserialize for serde_yaml::value::Value>::deserialize::ValueVisitor as serde::de::Visitor>::visit_map::h356007dc257394c0
[INFO] [stdout]                                at /opt/rustwide/cargo-home/registry/src/github.com-1ecc6299db9ec823/serde_yaml-0.8.11/src/value/de.rs:107:21
[INFO] [stdout]   21:     0x5646ee7798a6 - serde_yaml::de::Deserializer::visit_mapping::{{closure}}::hf9d9df90ca028781
[INFO] [stdout]                                at /opt/rustwide/cargo-home/registry/src/github.com-1ecc6299db9ec823/serde_yaml-0.8.11/src/de.rs:175:25
[INFO] [stdout]   22:     0x5646ee77a09e - serde_yaml::de::Deserializer::recursion_check::h96f68761ea6c631c
[INFO] [stdout]                                at /opt/rustwide/cargo-home/registry/src/github.com-1ecc6299db9ec823/serde_yaml-0.8.11/src/de.rs:239:22
[INFO] [stdout]   23:     0x5646ee77949b - serde_yaml::de::Deserializer::visit_mapping::heddf67d47901031a
[INFO] [stdout]                                at /opt/rustwide/cargo-home/registry/src/github.com-1ecc6299db9ec823/serde_yaml-0.8.11/src/de.rs:169:28
[INFO] [stdout]   24:     0x5646ee77dae3 - <&mut serde_yaml::de::Deserializer as serde::de::Deserializer>::deserialize_any::h053d6a519cc6dec1
[INFO] [stdout]                                at /opt/rustwide/cargo-home/registry/src/github.com-1ecc6299db9ec823/serde_yaml-0.8.11/src/de.rs:657:36
[INFO] [stdout]   25:     0x5646ee76eb36 - serde_yaml::value::de::<impl serde::de::Deserialize for serde_yaml::value::Value>::deserialize::h6a79775393aad18f
[INFO] [stdout]                                at /opt/rustwide/cargo-home/registry/src/github.com-1ecc6299db9ec823/serde_yaml-0.8.11/src/value/de.rs:114:9
[INFO] [stdout]   26:     0x5646ee78acf5 - <core::marker::PhantomData<T> as serde::de::DeserializeSeed>::deserialize::h2c057bf0d6453232
[INFO] [stdout]                                at /opt/rustwide/cargo-home/registry/src/github.com-1ecc6299db9ec823/serde-1.0.101/src/de/mod.rs:786:9
[INFO] [stdout]   27:     0x5646ee77d5c7 - <serde_yaml::de::MapAccess as serde::de::MapAccess>::next_value_seed::h28f746fdf1f03ed7
[INFO] [stdout]                                at /opt/rustwide/cargo-home/registry/src/github.com-1ecc6299db9ec823/serde_yaml-0.8.11/src/de.rs:365:9
[INFO] [stdout]   28:     0x5646ee77cbe7 - serde::de::MapAccess::next_entry_seed::hc6f80753ec484827
[INFO] [stdout]                                at /opt/rustwide/cargo-home/registry/src/github.com-1ecc6299db9ec823/serde-1.0.101/src/de/mod.rs:1813:34
[INFO] [stdout]   29:     0x5646ee77c636 - serde::de::MapAccess::next_entry::h64156a7d8ceb1124
[INFO] [stdout]                                at /opt/rustwide/cargo-home/registry/src/github.com-1ecc6299db9ec823/serde-1.0.101/src/de/mod.rs:1861:9
[INFO] [stdout]   30:     0x5646ee77c579 - <&mut A as serde::de::MapAccess>::next_entry::h214a7a862b7ec8c4
[INFO] [stdout]                                at /opt/rustwide/cargo-home/registry/src/github.com-1ecc6299db9ec823/serde-1.0.101/src/de/mod.rs:1912:9
[INFO] [stdout]   31:     0x5646ee76eccc - <serde::de::impls::<impl serde::de::Deserialize for std::collections::hash::map::HashMap<K,V,S>>::deserialize::MapVisitor<K,V,S> as serde::de::Visitor>::visit_map::hf0d37d5e647ae3cb
[INFO] [stdout]                                at /opt/rustwide/cargo-home/registry/src/github.com-1ecc6299db9ec823/serde-1.0.101/src/de/impls.rs:1222:61
[INFO] [stdout]   32:     0x5646ee779756 - serde_yaml::de::Deserializer::visit_mapping::{{closure}}::h922113ae6de16d97
[INFO] [stdout]                                at /opt/rustwide/cargo-home/registry/src/github.com-1ecc6299db9ec823/serde_yaml-0.8.11/src/de.rs:175:25
[INFO] [stdout]   33:     0x5646ee779ebe - serde_yaml::de::Deserializer::recursion_check::h5d2e3cbbe8f9141f
[INFO] [stdout]                                at /opt/rustwide/cargo-home/registry/src/github.com-1ecc6299db9ec823/serde_yaml-0.8.11/src/de.rs:239:22
[INFO] [stdout]   34:     0x5646ee77925b - serde_yaml::de::Deserializer::visit_mapping::h23950998c10d3cea
[INFO] [stdout]                                at /opt/rustwide/cargo-home/registry/src/github.com-1ecc6299db9ec823/serde_yaml-0.8.11/src/de.rs:169:28
[INFO] [stdout]   35:     0x5646ee77df1d - <&mut serde_yaml::de::Deserializer as serde::de::Deserializer>::deserialize_map::h8e78d7b887c3da01
[INFO] [stdout]                                at /opt/rustwide/cargo-home/registry/src/github.com-1ecc6299db9ec823/serde_yaml-0.8.11/src/de.rs:902:36
[INFO] [stdout]   36:     0x5646ee76fdb5 - serde::de::impls::<impl serde::de::Deserialize for std::collections::hash::map::HashMap<K,V,S>>::deserialize::ha4ad3602f1a2e369
[INFO] [stdout]                                at /opt/rustwide/cargo-home/registry/src/github.com-1ecc6299db9ec823/serde-1.0.101/src/de/impls.rs:1231:17
[INFO] [stdout]   37:     0x5646ee78ad15 - <core::marker::PhantomData<T> as serde::de::DeserializeSeed>::deserialize::ha7db0981d277dc41
[INFO] [stdout]                                at /opt/rustwide/cargo-home/registry/src/github.com-1ecc6299db9ec823/serde-1.0.101/src/de/mod.rs:786:9
[INFO] [stdout]   38:     0x5646ee77ad6f - serde_yaml::de::from_str_seed::h2ecb7ccf5a687cc4
[INFO] [stdout]                                at /opt/rustwide/cargo-home/registry/src/github.com-1ecc6299db9ec823/serde_yaml-0.8.11/src/de.rs:1042:17
[INFO] [stdout]   39:     0x5646ee77c53a - serde_yaml::de::from_str::h391213c6050b4ebf
[INFO] [stdout]                                at /opt/rustwide/cargo-home/registry/src/github.com-1ecc6299db9ec823/serde_yaml-0.8.11/src/de.rs:1012:5
[INFO] [stdout]   40:     0x5646ee78ae0c - roadmap::parser::from_yaml::hf1f8660188bfe766
[INFO] [stdout]                                at /opt/rustwide/workdir/src/parser.rs:14:51
[INFO] [stdout]   41:     0x5646ee76ca2a - roadmap::parser::tests::yaml_unknown_status::h701eecf427f3b876
[INFO] [stdout]                                at /opt/rustwide/workdir/src/parser.rs:133:17
[INFO] [stdout]   42:     0x5646ee76c9fa - roadmap::parser::tests::yaml_unknown_status::{{closure}}::h7470505d7f3d6115
[INFO] [stdout]                                at /opt/rustwide/workdir/src/parser.rs:132:5
[INFO] [stdout]   43:     0x5646ee7895ae - core::ops::function::FnOnce::call_once::hebc761a4a5c2aa8b
[INFO] [stdout]                                at /rustc/53fd98ca776cb875bc9e5514f56b52eb74f9e7a9/library/core/src/ops/function.rs:227:5
[INFO] [stdout]   44:     0x5646ee7bf2f3 - core::ops::function::FnOnce::call_once::hbb52c4519d3137b0
[INFO] [stdout]                                at /rustc/53fd98ca776cb875bc9e5514f56b52eb74f9e7a9/library/core/src/ops/function.rs:227:5
[INFO] [stdout]   45:     0x5646ee7bf2f3 - test::__rust_begin_short_backtrace::h86fe3a2a5a5121af
[INFO] [stdout]                                at /rustc/53fd98ca776cb875bc9e5514f56b52eb74f9e7a9/library/test/src/lib.rs:578:5
[INFO] [stdout]   46:     0x5646ee7bdda8 - <alloc::boxed::Box<F,A> as core::ops::function::FnOnce<Args>>::call_once::hfd956bc3d57399be
[INFO] [stdout]                                at /rustc/53fd98ca776cb875bc9e5514f56b52eb74f9e7a9/library/alloc/src/boxed.rs:1572:9
[INFO] [stdout]   47:     0x5646ee7bdda8 - <std::panic::AssertUnwindSafe<F> as core::ops::function::FnOnce<()>>::call_once::h40dc93e0ddb5938a
[INFO] [stdout]                                at /rustc/53fd98ca776cb875bc9e5514f56b52eb74f9e7a9/library/std/src/panic.rs:347:9
[INFO] [stdout]   48:     0x5646ee7bdda8 - std::panicking::try::do_call::h90d07750cb47c562
[INFO] [stdout]                                at /rustc/53fd98ca776cb875bc9e5514f56b52eb74f9e7a9/library/std/src/panicking.rs:401:40
[INFO] [stdout]   49:     0x5646ee7bdda8 - std::panicking::try::h063c84733ad2a629
[INFO] [stdout]                                at /rustc/53fd98ca776cb875bc9e5514f56b52eb74f9e7a9/library/std/src/panicking.rs:365:19
[INFO] [stdout]   50:     0x5646ee7bdda8 - std::panic::catch_unwind::h0c464836a84e7c08
[INFO] [stdout]                                at /rustc/53fd98ca776cb875bc9e5514f56b52eb74f9e7a9/library/std/src/panic.rs:434:14
[INFO] [stdout]   51:     0x5646ee7bdda8 - test::run_test_in_process::h5cb06ef620b157fc
[INFO] [stdout]                                at /rustc/53fd98ca776cb875bc9e5514f56b52eb74f9e7a9/library/test/src/lib.rs:601:18
[INFO] [stdout]   52:     0x5646ee7bdda8 - test::run_test::run_test_inner::{{closure}}::h76f677f4b93f9828
[INFO] [stdout]                                at /rustc/53fd98ca776cb875bc9e5514f56b52eb74f9e7a9/library/test/src/lib.rs:493:39
[INFO] [stdout]   53:     0x5646ee78c53d - test::run_test::run_test_inner::{{closure}}::h366d01fe04f4d67a
[INFO] [stdout]                                at /rustc/53fd98ca776cb875bc9e5514f56b52eb74f9e7a9/library/test/src/lib.rs:520:37
[INFO] [stdout]   54:     0x5646ee78c53d - std::sys_common::backtrace::__rust_begin_short_backtrace::h7dfa0de4eb395af2
[INFO] [stdout]                                at /rustc/53fd98ca776cb875bc9e5514f56b52eb74f9e7a9/library/std/src/sys_common/backtrace.rs:125:18
[INFO] [stdout]   55:     0x5646ee790d08 - std::thread::Builder::spawn_unchecked::{{closure}}::{{closure}}::hf0a74bb58798037f
[INFO] [stdout]                                at /rustc/53fd98ca776cb875bc9e5514f56b52eb74f9e7a9/library/std/src/thread/mod.rs:476:17
[INFO] [stdout]   56:     0x5646ee790d08 - <std::panic::AssertUnwindSafe<F> as core::ops::function::FnOnce<()>>::call_once::hb024e854818586ac
[INFO] [stdout]                                at /rustc/53fd98ca776cb875bc9e5514f56b52eb74f9e7a9/library/std/src/panic.rs:347:9
[INFO] [stdout]   57:     0x5646ee790d08 - std::panicking::try::do_call::hb2dd9f1d0d48e41d
[INFO] [stdout]                                at /rustc/53fd98ca776cb875bc9e5514f56b52eb74f9e7a9/library/std/src/panicking.rs:401:40
[INFO] [stdout]   58:     0x5646ee790d08 - std::panicking::try::h4717ae7bac8b2bf3
[INFO] [stdout]                                at /rustc/53fd98ca776cb875bc9e5514f56b52eb74f9e7a9/library/std/src/panicking.rs:365:19
[INFO] [stdout]   59:     0x5646ee790d08 - std::panic::catch_unwind::h0dc8a061326ce8d8
[INFO] [stdout]                                at /rustc/53fd98ca776cb875bc9e5514f56b52eb74f9e7a9/library/std/src/panic.rs:434:14
[INFO] [stdout]   60:     0x5646ee790d08 - std::thread::Builder::spawn_unchecked::{{closure}}::haa369e2d6fd00aa1
[INFO] [stdout]                                at /rustc/53fd98ca776cb875bc9e5514f56b52eb74f9e7a9/library/std/src/thread/mod.rs:475:30
[INFO] [stdout]   61:     0x5646ee790d08 - core::ops::function::FnOnce::call_once{{vtable.shim}}::h36dcf3de8b056f17
[INFO] [stdout]                                at /rustc/53fd98ca776cb875bc9e5514f56b52eb74f9e7a9/library/core/src/ops/function.rs:227:5
[INFO] [stdout]   62:     0x5646ee83c207 - <alloc::boxed::Box<F,A> as core::ops::function::FnOnce<Args>>::call_once::h65c29e4642be2358
[INFO] [stdout]                                at /rustc/53fd98ca776cb875bc9e5514f56b52eb74f9e7a9/library/alloc/src/boxed.rs:1572:9
[INFO] [stdout]   63:     0x5646ee83c207 - <alloc::boxed::Box<F,A> as core::ops::function::FnOnce<Args>>::call_once::hd0f8f7fbbd9fffbf
[INFO] [stdout]                                at /rustc/53fd98ca776cb875bc9e5514f56b52eb74f9e7a9/library/alloc/src/boxed.rs:1572:9
[INFO] [stdout]   64:     0x5646ee83c207 - std::sys::unix::thread::Thread::new::thread_start::h2fd22fee3ca77b65
[INFO] [stdout]                                at /rustc/53fd98ca776cb875bc9e5514f56b52eb74f9e7a9/library/std/src/sys/unix/thread.rs:74:17
[INFO] [stdout]   65:     0x7f67f51ee609 - start_thread
[INFO] [stdout]   66:     0x7f67f4fc0293 - clone
[INFO] [stdout]   67:                0x0 - <unknown>
[INFO] [stdout] 
[INFO] [stdout] ---- parser::tests::yaml_unknown_dep stdout ----
[INFO] [stdout] thread 'parser::tests::yaml_unknown_dep' panicked at 'attempted to leave type `linked_hash_map::Node<value::Value, value::Value>` uninitialized, which is invalid', /rustc/53fd98ca776cb875bc9e5514f56b52eb74f9e7a9/library/core/src/mem/mod.rs:663:9
[INFO] [stdout] stack backtrace:
[INFO] [stdout]    0:     0x5646ee834e50 - std::backtrace_rs::backtrace::libunwind::trace::hff4d1766e93f64f1
[INFO] [stdout]                                at /rustc/53fd98ca776cb875bc9e5514f56b52eb74f9e7a9/library/std/src/../../backtrace/src/backtrace/libunwind.rs:90:5
[INFO] [stdout]    1:     0x5646ee834e50 - std::backtrace_rs::backtrace::trace_unsynchronized::h56bbc8eb78770bcb
[INFO] [stdout]                                at /rustc/53fd98ca776cb875bc9e5514f56b52eb74f9e7a9/library/std/src/../../backtrace/src/backtrace/mod.rs:66:5
[INFO] [stdout]    2:     0x5646ee834e50 - std::sys_common::backtrace::_print_fmt::h5c8e75464faca780
[INFO] [stdout]                                at /rustc/53fd98ca776cb875bc9e5514f56b52eb74f9e7a9/library/std/src/sys_common/backtrace.rs:67:5
[INFO] [stdout]    3:     0x5646ee834e50 - <std::sys_common::backtrace::_print::DisplayBacktrace as core::fmt::Display>::fmt::h48b88277def8b362
[INFO] [stdout]                                at /rustc/53fd98ca776cb875bc9e5514f56b52eb74f9e7a9/library/std/src/sys_common/backtrace.rs:46:22
[INFO] [stdout]    4:     0x5646ee858b5c - core::fmt::write::h3381b3176fe2b3d3
[INFO] [stdout]                                at /rustc/53fd98ca776cb875bc9e5514f56b52eb74f9e7a9/library/core/src/fmt/mod.rs:1115:17
[INFO] [stdout]    5:     0x5646ee831db5 - std::io::Write::write_fmt::h5f34a676f60246b5
[INFO] [stdout]                                at /rustc/53fd98ca776cb875bc9e5514f56b52eb74f9e7a9/library/std/src/io/mod.rs:1665:15
[INFO] [stdout]    6:     0x5646ee836fcb - std::sys_common::backtrace::_print::ha537687d6c17dd0d
[INFO] [stdout]                                at /rustc/53fd98ca776cb875bc9e5514f56b52eb74f9e7a9/library/std/src/sys_common/backtrace.rs:49:5
[INFO] [stdout]    7:     0x5646ee836fcb - std::sys_common::backtrace::print::h61376ae57d131d72
[INFO] [stdout]                                at /rustc/53fd98ca776cb875bc9e5514f56b52eb74f9e7a9/library/std/src/sys_common/backtrace.rs:36:9
[INFO] [stdout]    8:     0x5646ee836fcb - std::panicking::default_hook::{{closure}}::h0f7208c0b9644a54
[INFO] [stdout]                                at /rustc/53fd98ca776cb875bc9e5514f56b52eb74f9e7a9/library/std/src/panicking.rs:208:50
[INFO] [stdout]    9:     0x5646ee836adc - std::panicking::default_hook::hdac7fc06578c14ce
[INFO] [stdout]                                at /rustc/53fd98ca776cb875bc9e5514f56b52eb74f9e7a9/library/std/src/panicking.rs:222:9
[INFO] [stdout]   10:     0x5646ee837694 - std::panicking::rust_panic_with_hook::h72b21c283da3d1ef
[INFO] [stdout]                                at /rustc/53fd98ca776cb875bc9e5514f56b52eb74f9e7a9/library/std/src/panicking.rs:622:17
[INFO] [stdout]   11:     0x5646ee837147 - std::panicking::begin_panic_handler::{{closure}}::he5778f1729cff84a
[INFO] [stdout]                                at /rustc/53fd98ca776cb875bc9e5514f56b52eb74f9e7a9/library/std/src/panicking.rs:517:13
[INFO] [stdout]   12:     0x5646ee83532c - std::sys_common::backtrace::__rust_end_short_backtrace::h2d11ca8b453b4b1d
[INFO] [stdout]                                at /rustc/53fd98ca776cb875bc9e5514f56b52eb74f9e7a9/library/std/src/sys_common/backtrace.rs:141:18
[INFO] [stdout]   13:     0x5646ee8370d9 - rust_begin_unwind
[INFO] [stdout]                                at /rustc/53fd98ca776cb875bc9e5514f56b52eb74f9e7a9/library/std/src/panicking.rs:515:5
[INFO] [stdout]   14:     0x5646ee7623b1 - core::panicking::panic_fmt::hf9de31d4acbce4db
[INFO] [stdout]                                at /rustc/53fd98ca776cb875bc9e5514f56b52eb74f9e7a9/library/core/src/panicking.rs:92:14
[INFO] [stdout]   15:     0x5646ee7622fd - core::panicking::panic::h8a6bc58a21c6c095
[INFO] [stdout]                                at /rustc/53fd98ca776cb875bc9e5514f56b52eb74f9e7a9/library/core/src/panicking.rs:50:5
[INFO] [stdout]   16:     0x5646ee7de7da - core::mem::uninitialized::hd4c69fdcbf9d6cb2
[INFO] [stdout]                                at /rustc/53fd98ca776cb875bc9e5514f56b52eb74f9e7a9/library/core/src/mem/mod.rs:663:9
[INFO] [stdout]   17:     0x5646ee7de7da - linked_hash_map::LinkedHashMap<K,V,S>::ensure_guard_node::hfd54dcd7583b522c
[INFO] [stdout]                                at /opt/rustwide/cargo-home/registry/src/github.com-1ecc6299db9ec823/linked-hash-map-0.5.2/src/lib.rs:174:52
[INFO] [stdout]   18:     0x5646ee7dea7c - linked_hash_map::LinkedHashMap<K,V,S>::insert::h5bbff6db4a9fe682
[INFO] [stdout]                                at /opt/rustwide/cargo-home/registry/src/github.com-1ecc6299db9ec823/linked-hash-map-0.5.2/src/lib.rs:304:9
[INFO] [stdout]   19:     0x5646ee786aad - serde_yaml::mapping::Mapping::insert::hc91559d37e058981
[INFO] [stdout]                                at /opt/rustwide/cargo-home/registry/src/github.com-1ecc6299db9ec823/serde_yaml-0.8.11/src/mapping.rs:53:9
[INFO] [stdout]   20:     0x5646ee788bc7 - <serde_yaml::value::de::<impl serde::de::Deserialize for serde_yaml::value::Value>::deserialize::ValueVisitor as serde::de::Visitor>::visit_map::h356007dc257394c0
[INFO] [stdout]                                at /opt/rustwide/cargo-home/registry/src/github.com-1ecc6299db9ec823/serde_yaml-0.8.11/src/value/de.rs:107:21
[INFO] [stdout]   21:     0x5646ee7798a6 - serde_yaml::de::Deserializer::visit_mapping::{{closure}}::hf9d9df90ca028781
[INFO] [stdout]                                at /opt/rustwide/cargo-home/registry/src/github.com-1ecc6299db9ec823/serde_yaml-0.8.11/src/de.rs:175:25
[INFO] [stdout]   22:     0x5646ee77a09e - serde_yaml::de::Deserializer::recursion_check::h96f68761ea6c631c
[INFO] [stdout]                                at /opt/rustwide/cargo-home/registry/src/github.com-1ecc6299db9ec823/serde_yaml-0.8.11/src/de.rs:239:22
[INFO] [stdout]   23:     0x5646ee77949b - serde_yaml::de::Deserializer::visit_mapping::heddf67d47901031a
[INFO] [stdout]                                at /opt/rustwide/cargo-home/registry/src/github.com-1ecc6299db9ec823/serde_yaml-0.8.11/src/de.rs:169:28
[INFO] [stdout]   24:     0x5646ee77dae3 - <&mut serde_yaml::de::Deserializer as serde::de::Deserializer>::deserialize_any::h053d6a519cc6dec1
[INFO] [stdout]                                at /opt/rustwide/cargo-home/registry/src/github.com-1ecc6299db9ec823/serde_yaml-0.8.11/src/de.rs:657:36
[INFO] [stdout]   25:     0x5646ee76eb36 - serde_yaml::value::de::<impl serde::de::Deserialize for serde_yaml::value::Value>::deserialize::h6a79775393aad18f
[INFO] [stdout]                                at /opt/rustwide/cargo-home/registry/src/github.com-1ecc6299db9ec823/serde_yaml-0.8.11/src/value/de.rs:114:9
[INFO] [stdout]   26:     0x5646ee78acf5 - <core::marker::PhantomData<T> as serde::de::DeserializeSeed>::deserialize::h2c057bf0d6453232
[INFO] [stdout]                                at /opt/rustwide/cargo-home/registry/src/github.com-1ecc6299db9ec823/serde-1.0.101/src/de/mod.rs:786:9
[INFO] [stdout]   27:     0x5646ee77d5c7 - <serde_yaml::de::MapAccess as serde::de::MapAccess>::next_value_seed::h28f746fdf1f03ed7
[INFO] [stdout]                                at /opt/rustwide/cargo-home/registry/src/github.com-1ecc6299db9ec823/serde_yaml-0.8.11/src/de.rs:365:9
[INFO] [stdout]   28:     0x5646ee77cbe7 - serde::de::MapAccess::next_entry_seed::hc6f80753ec484827
[INFO] [stdout]                                at /opt/rustwide/cargo-home/registry/src/github.com-1ecc6299db9ec823/serde-1.0.101/src/de/mod.rs:1813:34
[INFO] [stdout]   29:     0x5646ee77c636 - serde::de::MapAccess::next_entry::h64156a7d8ceb1124
[INFO] [stdout]                                at /opt/rustwide/cargo-home/registry/src/github.com-1ecc6299db9ec823/serde-1.0.101/src/de/mod.rs:1861:9
[INFO] [stdout]   30:     0x5646ee77c579 - <&mut A as serde::de::MapAccess>::next_entry::h214a7a862b7ec8c4
[INFO] [stdout]                                at /opt/rustwide/cargo-home/registry/src/github.com-1ecc6299db9ec823/serde-1.0.101/src/de/mod.rs:1912:9
[INFO] [stdout]   31:     0x5646ee76eccc - <serde::de::impls::<impl serde::de::Deserialize for std::collections::hash::map::HashMap<K,V,S>>::deserialize::MapVisitor<K,V,S> as serde::de::Visitor>::visit_map::hf0d37d5e647ae3cb
[INFO] [stdout]                                at /opt/rustwide/cargo-home/registry/src/github.com-1ecc6299db9ec823/serde-1.0.101/src/de/impls.rs:1222:61
[INFO] [stdout]   32:     0x5646ee779756 - serde_yaml::de::Deserializer::visit_mapping::{{closure}}::h922113ae6de16d97
[INFO] [stdout]                                at /opt/rustwide/cargo-home/registry/src/github.com-1ecc6299db9ec823/serde_yaml-0.8.11/src/de.rs:175:25
[INFO] [stdout]   33:     0x5646ee779ebe - serde_yaml::de::Deserializer::recursion_check::h5d2e3cbbe8f9141f
[INFO] [stdout]                                at /opt/rustwide/cargo-home/registry/src/github.com-1ecc6299db9ec823/serde_yaml-0.8.11/src/de.rs:239:22
[INFO] [stdout]   34:     0x5646ee77925b - serde_yaml::de::Deserializer::visit_mapping::h23950998c10d3cea
[INFO] [stdout]                                at /opt/rustwide/cargo-home/registry/src/github.com-1ecc6299db9ec823/serde_yaml-0.8.11/src/de.rs:169:28
[INFO] [stdout]   35:     0x5646ee77df1d - <&mut serde_yaml::de::Deserializer as serde::de::Deserializer>::deserialize_map::h8e78d7b887c3da01
[INFO] [stdout]                                at /opt/rustwide/cargo-home/registry/src/github.com-1ecc6299db9ec823/serde_yaml-0.8.11/src/de.rs:902:36
[INFO] [stdout]   36:     0x5646ee76fdb5 - serde::de::impls::<impl serde::de::Deserialize for std::collections::hash::map::HashMap<K,V,S>>::deserialize::ha4ad3602f1a2e369
[INFO] [stdout]                                at /opt/rustwide/cargo-home/registry/src/github.com-1ecc6299db9ec823/serde-1.0.101/src/de/impls.rs:1231:17
[INFO] [stdout]   37:     0x5646ee78ad15 - <core::marker::PhantomData<T> as serde::de::DeserializeSeed>::deserialize::ha7db0981d277dc41
[INFO] [stdout]                                at /opt/rustwide/cargo-home/registry/src/github.com-1ecc6299db9ec823/serde-1.0.101/src/de/mod.rs:786:9
[INFO] [stdout]   38:     0x5646ee77ad6f - serde_yaml::de::from_str_seed::h2ecb7ccf5a687cc4
[INFO] [stdout]                                at /opt/rustwide/cargo-home/registry/src/github.com-1ecc6299db9ec823/serde_yaml-0.8.11/src/de.rs:1042:17
[INFO] [stdout]   39:     0x5646ee77c53a - serde_yaml::de::from_str::h391213c6050b4ebf
[INFO] [stdout]                                at /opt/rustwide/cargo-home/registry/src/github.com-1ecc6299db9ec823/serde_yaml-0.8.11/src/de.rs:1012:5
[INFO] [stdout]   40:     0x5646ee78ae0c - roadmap::parser::from_yaml::hf1f8660188bfe766
[INFO] [stdout]                                at /opt/rustwide/workdir/src/parser.rs:14:51
[INFO] [stdout]   41:     0x5646ee76c98a - roadmap::parser::tests::yaml_unknown_dep::h70d21586d73b81c7
[INFO] [stdout]                                at /opt/rustwide/workdir/src/parser.rs:124:17
[INFO] [stdout]   42:     0x5646ee76c95a - roadmap::parser::tests::yaml_unknown_dep::{{closure}}::hb943639eb22dc3cb
[INFO] [stdout]                                at /opt/rustwide/workdir/src/parser.rs:123:5
[INFO] [stdout]   43:     0x5646ee7892ce - core::ops::function::FnOnce::call_once::h6c9e89b8fed49b2b
[INFO] [stdout]                                at /rustc/53fd98ca776cb875bc9e5514f56b52eb74f9e7a9/library/core/src/ops/function.rs:227:5
[INFO] [stdout]   44:     0x5646ee7bf2f3 - core::ops::function::FnOnce::call_once::hbb52c4519d3137b0
[INFO] [stdout]                                at /rustc/53fd98ca776cb875bc9e5514f56b52eb74f9e7a9/library/core/src/ops/function.rs:227:5
[INFO] [stdout]   45:     0x5646ee7bf2f3 - test::__rust_begin_short_backtrace::h86fe3a2a5a5121af
[INFO] [stdout]                                at /rustc/53fd98ca776cb875bc9e5514f56b52eb74f9e7a9/library/test/src/lib.rs:578:5
[INFO] [stdout]   46:     0x5646ee7bdda8 - <alloc::boxed::Box<F,A> as core::ops::function::FnOnce<Args>>::call_once::hfd956bc3d57399be
[INFO] [stdout]                                at /rustc/53fd98ca776cb875bc9e5514f56b52eb74f9e7a9/library/alloc/src/boxed.rs:1572:9
[INFO] [stdout]   47:     0x5646ee7bdda8 - <std::panic::AssertUnwindSafe<F> as core::ops::function::FnOnce<()>>::call_once::h40dc93e0ddb5938a
[INFO] [stdout]                                at /rustc/53fd98ca776cb875bc9e5514f56b52eb74f9e7a9/library/std/src/panic.rs:347:9
[INFO] [stdout]   48:     0x5646ee7bdda8 - std::panicking::try::do_call::h90d07750cb47c562
[INFO] [stdout]                                at /rustc/53fd98ca776cb875bc9e5514f56b52eb74f9e7a9/library/std/src/panicking.rs:401:40
[INFO] [stdout]   49:     0x5646ee7bdda8 - std::panicking::try::h063c84733ad2a629
[INFO] [stdout]                                at /rustc/53fd98ca776cb875bc9e5514f56b52eb74f9e7a9/library/std/src/panicking.rs:365:19
[INFO] [stdout]   50:     0x5646ee7bdda8 - std::panic::catch_unwind::h0c464836a84e7c08
[INFO] [stdout]                                at /rustc/53fd98ca776cb875bc9e5514f56b52eb74f9e7a9/library/std/src/panic.rs:434:14
[INFO] [stdout]   51:     0x5646ee7bdda8 - test::run_test_in_process::h5cb06ef620b157fc
[INFO] [stdout]                                at /rustc/53fd98ca776cb875bc9e5514f56b52eb74f9e7a9/library/test/src/lib.rs:601:18
[INFO] [stdout]   52:     0x5646ee7bdda8 - test::run_test::run_test_inner::{{closure}}::h76f677f4b93f9828
[INFO] [stdout]                                at /rustc/53fd98ca776cb875bc9e5514f56b52eb74f9e7a9/library/test/src/lib.rs:493:39
[INFO] [stdout]   53:     0x5646ee78c53d - test::run_test::run_test_inner::{{closure}}::h366d01fe04f4d67a
[INFO] [stdout]                                at /rustc/53fd98ca776cb875bc9e5514f56b52eb74f9e7a9/library/test/src/lib.rs:520:37
[INFO] [stdout]   54:     0x5646ee78c53d - std::sys_common::backtrace::__rust_begin_short_backtrace::h7dfa0de4eb395af2
[INFO] [stdout]                                at /rustc/53fd98ca776cb875bc9e5514f56b52eb74f9e7a9/library/std/src/sys_common/backtrace.rs:125:18
[INFO] [stdout]   55:     0x5646ee790d08 - std::thread::Builder::spawn_unchecked::{{closure}}::{{closure}}::hf0a74bb58798037f
[INFO] [stdout]                                at /rustc/53fd98ca776cb875bc9e5514f56b52eb74f9e7a9/library/std/src/thread/mod.rs:476:17
[INFO] [stdout]   56:     0x5646ee790d08 - <std::panic::AssertUnwindSafe<F> as core::ops::function::FnOnce<()>>::call_once::hb024e854818586ac
[INFO] [stdout]                                at /rustc/53fd98ca776cb875bc9e5514f56b52eb74f9e7a9/library/std/src/panic.rs:347:9
[INFO] [stdout]   57:     0x5646ee790d08 - std::panicking::try::do_call::hb2dd9f1d0d48e41d
[INFO] [stdout]                                at /rustc/53fd98ca776cb875bc9e5514f56b52eb74f9e7a9/library/std/src/panicking.rs:401:40
[INFO] [stdout]   58:     0x5646ee790d08 - std::panicking::try::h4717ae7bac8b2bf3
[INFO] [stdout]                                at /rustc/53fd98ca776cb875bc9e5514f56b52eb74f9e7a9/library/std/src/panicking.rs:365:19
[INFO] [stdout]   59:     0x5646ee790d08 - std::panic::catch_unwind::h0dc8a061326ce8d8
[INFO] [stdout]                                at /rustc/53fd98ca776cb875bc9e5514f56b52eb74f9e7a9/library/std/src/panic.rs:434:14
[INFO] [stdout]   60:     0x5646ee790d08 - std::thread::Builder::spawn_unchecked::{{closure}}::haa369e2d6fd00aa1
[INFO] [stdout]                                at /rustc/53fd98ca776cb875bc9e5514f56b52eb74f9e7a9/library/std/src/thread/mod.rs:475:30
[INFO] [stdout]   61:     0x5646ee790d08 - core::ops::function::FnOnce::call_once{{vtable.shim}}::h36dcf3de8b056f17
[INFO] [stdout]                                at /rustc/53fd98ca776cb875bc9e5514f56b52eb74f9e7a9/library/core/src/ops/function.rs:227:5
[INFO] [stdout]   62:     0x5646ee83c207 - <alloc::boxed::Box<F,A> as core::ops::function::FnOnce<Args>>::call_once::h65c29e4642be2358
[INFO] [stdout]                                at /rustc/53fd98ca776cb875bc9e5514f56b52eb74f9e7a9/library/alloc/src/boxed.rs:1572:9
[INFO] [stdout]   63:     0x5646ee83c207 - <alloc::boxed::Box<F,A> as core::ops::function::FnOnce<Args>>::call_once::hd0f8f7fbbd9fffbf
[INFO] [stdout]                                at /rustc/53fd98ca776cb875bc9e5514f56b52eb74f9e7a9/library/alloc/src/boxed.rs:1572:9
[INFO] [stdout]   64:     0x5646ee83c207 - std::sys::unix::thread::Thread::new::thread_start::h2fd22fee3ca77b65
[INFO] [stdout]                                at /rustc/53fd98ca776cb875bc9e5514f56b52eb74f9e7a9/library/std/src/sys/unix/thread.rs:74:17
[INFO] [stdout]   65:     0x7f67f51ee609 - start_thread
[INFO] [stdout]   66:     0x7f67f4fc0293 - clone
[INFO] [stdout]   67:                0x0 - <unknown>
[INFO] [stdout] 
[INFO] [stdout] 
[INFO] [stdout] failures:
[INFO] [stdout]     map::tests::set_missing_goal_status
[INFO] [stdout]     parser::tests::yaml_happy
[INFO] [stdout]     parser::tests::yaml_unknown_dep
[INFO] [stdout]     parser::tests::yaml_unknown_status
[INFO] [stdout] 
[INFO] [stdout] test result: FAILED. 13 passed; 4 failed; 0 ignored; 0 measured; 0 filtered out; finished in 0.05s
[INFO] [stdout] 
[INFO] running `Command { std: "docker" "inspect" "aa1e4970c512e1886c82eec295f5526855babf4dca96c23aa1a9f4eac28244b2", kill_on_drop: false }`
[INFO] running `Command { std: "docker" "rm" "-f" "aa1e4970c512e1886c82eec295f5526855babf4dca96c23aa1a9f4eac28244b2", kill_on_drop: false }`
[INFO] [stdout] aa1e4970c512e1886c82eec295f5526855babf4dca96c23aa1a9f4eac28244b2
