[INFO] fetching crate rjdebounce 0.2.1...
[INFO] testing rjdebounce-0.2.1 against 1.54.0 for beta-1.55-1
[INFO] extracting crate rjdebounce 0.2.1 into /workspace/builds/worker-86/source
[INFO] validating manifest of crates.io crate rjdebounce 0.2.1 on toolchain 1.54.0
[INFO] running `Command { std: "/workspace/cargo-home/bin/cargo" "+1.54.0" "metadata" "--manifest-path" "Cargo.toml" "--no-deps", kill_on_drop: false }`
[INFO] started tweaking crates.io crate rjdebounce 0.2.1
[INFO] finished tweaking crates.io crate rjdebounce 0.2.1
[INFO] tweaked toml for crates.io crate rjdebounce 0.2.1 written to /workspace/builds/worker-86/source/Cargo.toml
[INFO] running `Command { std: "/workspace/cargo-home/bin/cargo" "+1.54.0" "generate-lockfile" "--manifest-path" "Cargo.toml" "-Zno-index-update", kill_on_drop: false }`
[INFO] running `Command { std: "/workspace/cargo-home/bin/cargo" "+1.54.0" "fetch" "--manifest-path" "Cargo.toml", kill_on_drop: false }`
[INFO] [stderr]     Blocking waiting for file lock on package cache
[INFO] running `Command { std: "docker" "create" "-v" "/var/lib/crater-agent-workspace/builds/worker-86/target:/opt/rustwide/target:rw,Z" "-v" "/var/lib/crater-agent-workspace/builds/worker-86/source:/opt/rustwide/workdir:ro,Z" "-v" "/var/lib/crater-agent-workspace/cargo-home:/opt/rustwide/cargo-home:ro,Z" "-v" "/var/lib/crater-agent-workspace/rustup-home:/opt/rustwide/rustup-home:ro,Z" "-e" "SOURCE_DIR=/opt/rustwide/workdir" "-e" "CARGO_TARGET_DIR=/opt/rustwide/target" "-e" "CARGO_HOME=/opt/rustwide/cargo-home" "-e" "RUSTUP_HOME=/opt/rustwide/rustup-home" "-w" "/opt/rustwide/workdir" "-m" "1610612736" "--user" "0:0" "--network" "none" "ghcr.io/rust-lang/crates-build-env/linux@sha256:34b6a614d2c27851fe6cbf88fbd1137609cefab8b10d0615aaeb6fd47975d74e" "/opt/rustwide/cargo-home/bin/cargo" "+1.54.0" "metadata" "--no-deps" "--format-version=1", kill_on_drop: false }`
[INFO] [stdout] a89de977f21bd46ca29b9ebb8b711857a52169e815385bce320766c19938a466
[INFO] running `Command { std: "docker" "start" "-a" "a89de977f21bd46ca29b9ebb8b711857a52169e815385bce320766c19938a466", kill_on_drop: false }`
[INFO] running `Command { std: "docker" "inspect" "a89de977f21bd46ca29b9ebb8b711857a52169e815385bce320766c19938a466", kill_on_drop: false }`
[INFO] running `Command { std: "docker" "rm" "-f" "a89de977f21bd46ca29b9ebb8b711857a52169e815385bce320766c19938a466", kill_on_drop: false }`
[INFO] [stdout] a89de977f21bd46ca29b9ebb8b711857a52169e815385bce320766c19938a466
[INFO] running `Command { std: "docker" "create" "-v" "/var/lib/crater-agent-workspace/builds/worker-86/target:/opt/rustwide/target:rw,Z" "-v" "/var/lib/crater-agent-workspace/builds/worker-86/source:/opt/rustwide/workdir:ro,Z" "-v" "/var/lib/crater-agent-workspace/cargo-home:/opt/rustwide/cargo-home:ro,Z" "-v" "/var/lib/crater-agent-workspace/rustup-home:/opt/rustwide/rustup-home:ro,Z" "-e" "SOURCE_DIR=/opt/rustwide/workdir" "-e" "CARGO_TARGET_DIR=/opt/rustwide/target" "-e" "CARGO_INCREMENTAL=0" "-e" "RUST_BACKTRACE=full" "-e" "RUSTFLAGS=--cap-lints=warn" "-e" "CARGO_HOME=/opt/rustwide/cargo-home" "-e" "RUSTUP_HOME=/opt/rustwide/rustup-home" "-w" "/opt/rustwide/workdir" "-m" "1610612736" "--user" "0:0" "--network" "none" "ghcr.io/rust-lang/crates-build-env/linux@sha256:34b6a614d2c27851fe6cbf88fbd1137609cefab8b10d0615aaeb6fd47975d74e" "/opt/rustwide/cargo-home/bin/cargo" "+1.54.0" "build" "--frozen" "--message-format=json", kill_on_drop: false }`
[INFO] [stdout] a95d351d53eff9f947e9509a83a9c34c975f83e24ce11d994e6de2ee0a7e6f1f
[INFO] running `Command { std: "docker" "start" "-a" "a95d351d53eff9f947e9509a83a9c34c975f83e24ce11d994e6de2ee0a7e6f1f", kill_on_drop: false }`
[INFO] [stderr]    Compiling rjdebounce v0.2.1 (/opt/rustwide/workdir)
[INFO] [stderr]     Finished dev [unoptimized + debuginfo] target(s) in 1.21s
[INFO] running `Command { std: "docker" "inspect" "a95d351d53eff9f947e9509a83a9c34c975f83e24ce11d994e6de2ee0a7e6f1f", kill_on_drop: false }`
[INFO] running `Command { std: "docker" "rm" "-f" "a95d351d53eff9f947e9509a83a9c34c975f83e24ce11d994e6de2ee0a7e6f1f", kill_on_drop: false }`
[INFO] [stdout] a95d351d53eff9f947e9509a83a9c34c975f83e24ce11d994e6de2ee0a7e6f1f
[INFO] running `Command { std: "docker" "create" "-v" "/var/lib/crater-agent-workspace/builds/worker-86/target:/opt/rustwide/target:rw,Z" "-v" "/var/lib/crater-agent-workspace/builds/worker-86/source:/opt/rustwide/workdir:ro,Z" "-v" "/var/lib/crater-agent-workspace/cargo-home:/opt/rustwide/cargo-home:ro,Z" "-v" "/var/lib/crater-agent-workspace/rustup-home:/opt/rustwide/rustup-home:ro,Z" "-e" "SOURCE_DIR=/opt/rustwide/workdir" "-e" "CARGO_TARGET_DIR=/opt/rustwide/target" "-e" "CARGO_INCREMENTAL=0" "-e" "RUST_BACKTRACE=full" "-e" "RUSTFLAGS=--cap-lints=warn" "-e" "CARGO_HOME=/opt/rustwide/cargo-home" "-e" "RUSTUP_HOME=/opt/rustwide/rustup-home" "-w" "/opt/rustwide/workdir" "-m" "1610612736" "--user" "0:0" "--network" "none" "ghcr.io/rust-lang/crates-build-env/linux@sha256:34b6a614d2c27851fe6cbf88fbd1137609cefab8b10d0615aaeb6fd47975d74e" "/opt/rustwide/cargo-home/bin/cargo" "+1.54.0" "test" "--frozen" "--no-run" "--message-format=json", kill_on_drop: false }`
[INFO] [stdout] 205e0b96eb4c3f509ae7eaee8313a55006a99a21dee10cf11fcae4aa03e6e999
[INFO] running `Command { std: "docker" "start" "-a" "205e0b96eb4c3f509ae7eaee8313a55006a99a21dee10cf11fcae4aa03e6e999", kill_on_drop: false }`
[INFO] [stderr]    Compiling rjdebounce v0.2.1 (/opt/rustwide/workdir)
[INFO] [stderr]     Finished test [unoptimized + debuginfo] target(s) in 1.46s
[INFO] running `Command { std: "docker" "inspect" "205e0b96eb4c3f509ae7eaee8313a55006a99a21dee10cf11fcae4aa03e6e999", kill_on_drop: false }`
[INFO] running `Command { std: "docker" "rm" "-f" "205e0b96eb4c3f509ae7eaee8313a55006a99a21dee10cf11fcae4aa03e6e999", kill_on_drop: false }`
[INFO] [stdout] 205e0b96eb4c3f509ae7eaee8313a55006a99a21dee10cf11fcae4aa03e6e999
[INFO] running `Command { std: "docker" "create" "-v" "/var/lib/crater-agent-workspace/builds/worker-86/target:/opt/rustwide/target:rw,Z" "-v" "/var/lib/crater-agent-workspace/builds/worker-86/source:/opt/rustwide/workdir:ro,Z" "-v" "/var/lib/crater-agent-workspace/cargo-home:/opt/rustwide/cargo-home:ro,Z" "-v" "/var/lib/crater-agent-workspace/rustup-home:/opt/rustwide/rustup-home:ro,Z" "-e" "SOURCE_DIR=/opt/rustwide/workdir" "-e" "CARGO_TARGET_DIR=/opt/rustwide/target" "-e" "CARGO_INCREMENTAL=0" "-e" "RUST_BACKTRACE=full" "-e" "RUSTFLAGS=--cap-lints=warn" "-e" "CARGO_HOME=/opt/rustwide/cargo-home" "-e" "RUSTUP_HOME=/opt/rustwide/rustup-home" "-w" "/opt/rustwide/workdir" "-m" "1610612736" "--user" "0:0" "--network" "none" "ghcr.io/rust-lang/crates-build-env/linux@sha256:34b6a614d2c27851fe6cbf88fbd1137609cefab8b10d0615aaeb6fd47975d74e" "/opt/rustwide/cargo-home/bin/cargo" "+1.54.0" "test" "--frozen", kill_on_drop: false }`
[INFO] [stdout] 774761abe757703ccd6524f95740eb5d0080dcd02102d15f1e3d3e1f2e81ec14
[INFO] running `Command { std: "docker" "start" "-a" "774761abe757703ccd6524f95740eb5d0080dcd02102d15f1e3d3e1f2e81ec14", kill_on_drop: false }`
[INFO] [stderr]     Finished test [unoptimized + debuginfo] target(s) in 0.01s
[INFO] [stderr]      Running unittests (/opt/rustwide/target/debug/deps/rjdebounce-abae100f4f74090e)
[INFO] [stdout] 
[INFO] [stdout] running 3 tests
[INFO] [stdout] test tests::it_binds_internal_func ... ok
[INFO] [stdout] test tests::it_works ... ok
[INFO] [stdout] test tests::it_debounces ... ok
[INFO] [stdout] 
[INFO] [stdout] test result: ok. 3 passed; 0 failed; 0 ignored; 0 measured; 0 filtered out; finished in 0.10s
[INFO] [stdout] 
[INFO] [stderr]    Doc-tests rjdebounce
[INFO] [stdout] 
[INFO] [stdout] running 2 tests
[INFO] [stdout] test src/lib.rs - Bouncer<T>::with_func (line 40) ... FAILED
[INFO] [stdout] test src/lib.rs - Bouncer<T>::new (line 15) ... FAILED
[INFO] [stdout] 
[INFO] [stdout] failures:
[INFO] [stdout] 
[INFO] [stdout] ---- src/lib.rs - Bouncer<T>::with_func (line 40) stdout ----
[INFO] [stdout] error: cannot find macro `assert_equal` in this scope
[INFO] [stdout]   --> src/lib.rs:50:5
[INFO] [stdout]    |
[INFO] [stdout] 13 |       assert_equal!(result.is_some(), true);
[INFO] [stdout]    |       ^^^^^^^^^^^^ help: a macro with a similar name exists: `assert_eq`
[INFO] [stdout] 
[INFO] [stdout] error: cannot find macro `assert_equal` in this scope
[INFO] [stdout]   --> src/lib.rs:49:5
[INFO] [stdout]    |
[INFO] [stdout] 12 |       assert_equal!(result.is_some(), false);
[INFO] [stdout]    |       ^^^^^^^^^^^^ help: a macro with a similar name exists: `assert_eq`
[INFO] [stdout] 
[INFO] [stdout] error[E0433]: failed to resolve: use of undeclared type `Duration`
[INFO] [stdout]  --> src/lib.rs:43:36
[INFO] [stdout]   |
[INFO] [stdout] 6 |     let mut bouncer = Bouncer::new(Duration::from_secs(1)).with_func(|| 5 + 5);
[INFO] [stdout]   |                                    ^^^^^^^^ not found in this scope
[INFO] [stdout]   |
[INFO] [stdout] help: consider importing one of these items
[INFO] [stdout]   |
[INFO] [stdout] 3 | use core::time::Duration;
[INFO] [stdout]   |
[INFO] [stdout] 3 | use std::time::Duration;
[INFO] [stdout]   |
[INFO] [stdout] 
[INFO] [stdout] error: aborting due to 3 previous errors
[INFO] [stdout] 
[INFO] [stdout] For more information about this error, try `rustc --explain E0433`.
[INFO] [stdout] Couldn't compile the test.
[INFO] [stdout] ---- src/lib.rs - Bouncer<T>::new (line 15) stdout ----
[INFO] [stdout] error: expected `;`, found `assert_eq`
[INFO] [stdout]   --> src/lib.rs:22:7
[INFO] [stdout]    |
[INFO] [stdout] 10 |     })
[INFO] [stdout]    |       ^ help: add `;` here
[INFO] [stdout] 11 |   
[INFO] [stdout] 12 |     assert_eq!(result.is_some(), true);
[INFO] [stdout]    |     --------- unexpected token
[INFO] [stdout] 
[INFO] [stdout] error[E0433]: failed to resolve: use of undeclared type `Duration`
[INFO] [stdout]  --> src/lib.rs:18:36
[INFO] [stdout]   |
[INFO] [stdout] 6 |     let mut bouncer = Bouncer::new(Duration::from_secs(1));
[INFO] [stdout]   |                                    ^^^^^^^^ not found in this scope
[INFO] [stdout]   |
[INFO] [stdout] help: consider importing one of these items
[INFO] [stdout]   |
[INFO] [stdout] 3 | use core::time::Duration;
[INFO] [stdout]   |
[INFO] [stdout] 3 | use std::time::Duration;
[INFO] [stdout]   |
[INFO] [stdout] 
[INFO] [stdout] error: aborting due to 2 previous errors
[INFO] [stdout] 
[INFO] [stdout] For more information about this error, try `rustc --explain E0433`.
[INFO] [stdout] Couldn't compile the test.
[INFO] [stdout] 
[INFO] [stdout] failures:
[INFO] [stdout]     src/lib.rs - Bouncer<T>::new (line 15)
[INFO] [stdout]     src/lib.rs - Bouncer<T>::with_func (line 40)
[INFO] [stdout] 
[INFO] [stdout] test result: FAILED. 0 passed; 2 failed; 0 ignored; 0 measured; 0 filtered out; finished in 0.12s
[INFO] [stdout] 
[INFO] [stderr] error: test failed, to rerun pass '--doc'
[INFO] running `Command { std: "docker" "inspect" "774761abe757703ccd6524f95740eb5d0080dcd02102d15f1e3d3e1f2e81ec14", kill_on_drop: false }`
[INFO] running `Command { std: "docker" "rm" "-f" "774761abe757703ccd6524f95740eb5d0080dcd02102d15f1e3d3e1f2e81ec14", kill_on_drop: false }`
[INFO] [stdout] 774761abe757703ccd6524f95740eb5d0080dcd02102d15f1e3d3e1f2e81ec14
